[INFO] fetching crate zuit-plugins 0.1.0...
[INFO] testing zuit-plugins-0.1.0 against 1.99.0-beta.8+cargoflags=--release for beta-release-1.100-2
[INFO] extracting crate zuit-plugins 0.1.0 into /workspace/builds/worker-6-tc1/source
[INFO] started tweaking crates.io crate zuit-plugins 0.1.0
[INFO] finished tweaking crates.io crate zuit-plugins 0.1.0
[INFO] tweaked toml for crates.io crate zuit-plugins 0.1.0 written to /workspace/builds/worker-6-tc1/source/Cargo.toml
[INFO] validating manifest of crates.io crate zuit-plugins 0.1.0 on toolchain 1.99.0-beta.8
[INFO] running `Command { std: CARGO_HOME="/workspace/cargo-home" RUSTUP_HOME="/workspace/rustup-home" "/workspace/cargo-home/bin/cargo" "+1.99.0-beta.8" "metadata" "--manifest-path" "Cargo.toml" "--no-deps", kill_on_drop: false }`
[INFO] crate crates.io crate zuit-plugins 0.1.0 already has a lockfile, it will not be regenerated
[INFO] running `Command { std: CARGO_HOME="/workspace/cargo-home" RUSTUP_HOME="/workspace/rustup-home" "/workspace/cargo-home/bin/cargo" "+1.99.0-beta.8" "fetch" "--manifest-path" "Cargo.toml", kill_on_drop: false }`
[INFO] [stderr]     Blocking waiting for file lock on package cache
[INFO] [stderr]     Blocking waiting for file lock on package cache
[INFO] running `Command { std: "docker" "create" "-v" "/var/lib/crater-agent-workspace/builds/worker-6-tc1/source:/opt/rustwide/workdir:ro,Z" "-v" "/var/lib/crater-agent-workspace/builds/worker-6-tc1/target:/opt/rustwide/target:rw,Z" "-v" "/var/lib/crater-agent-workspace/cargo-home:/opt/rustwide/cargo-home:ro,Z" "-v" "/var/lib/crater-agent-workspace/rustup-home:/opt/rustwide/rustup-home:ro,Z" "-m" "1610612736" "--network" "none" "ghcr.io/rust-lang/crates-build-env/linux@sha256:77db811e55d90add9212f6832c23229e3de5f1c1f9905e8cb07319ea15df73ac" "sleep" "infinity", kill_on_drop: false }`
[INFO] [stdout] 0090458e2260d296509429e9bdf62843c5fc62231d90431314d30eb8c945edd5
[INFO] running `Command { std: "docker" "start" "0090458e2260d296509429e9bdf62843c5fc62231d90431314d30eb8c945edd5", kill_on_drop: false }`
[INFO] running `Command { std: "docker" "inspect" "0090458e2260d296509429e9bdf62843c5fc62231d90431314d30eb8c945edd5", kill_on_drop: false }`
[INFO] running `Command { std: "docker" "exec" "-e" "SOURCE_DIR=/opt/rustwide/workdir" "-e" "CARGO_HOME=/opt/rustwide/cargo-home" "-e" "RUSTUP_HOME=/opt/rustwide/rustup-home" "-e" "CARGO_TARGET_DIR=/opt/rustwide/target" "-w" "/opt/rustwide/workdir" "--user" "0:0" "0090458e2260d296509429e9bdf62843c5fc62231d90431314d30eb8c945edd5" "/opt/rustwide/cargo-home/bin/cargo" "+1.99.0-beta.8" "metadata" "--no-deps" "--format-version=1", kill_on_drop: false }`
[INFO] running `Command { std: "docker" "inspect" "0090458e2260d296509429e9bdf62843c5fc62231d90431314d30eb8c945edd5", kill_on_drop: false }`
[INFO] running `Command { std: "docker" "exec" "-e" "SOURCE_DIR=/opt/rustwide/workdir" "-e" "CARGO_HOME=/opt/rustwide/cargo-home" "-e" "RUSTUP_HOME=/opt/rustwide/rustup-home" "-e" "CARGO_TARGET_DIR=/opt/rustwide/target" "-e" "CARGO_INCREMENTAL=0" "-e" "RUST_BACKTRACE=full" "-e" "RUSTFLAGS=--cap-lints=warn" "-e" "RUSTDOCFLAGS=--cap-lints=warn" "-w" "/opt/rustwide/workdir" "--user" "0:0" "0090458e2260d296509429e9bdf62843c5fc62231d90431314d30eb8c945edd5" "/opt/rustwide/cargo-home/bin/cargo" "+1.99.0-beta.8" "build" "--frozen" "--message-format=json" "--release", kill_on_drop: false }`
[INFO] [stderr]    Compiling regex-automata v0.4.14
[INFO] [stderr]    Compiling blake3 v1.8.5
[INFO] [stderr]    Compiling bstr v1.12.1
[INFO] [stderr]    Compiling winnow v1.0.2
[INFO] [stderr]    Compiling either v1.15.0
[INFO] [stderr]    Compiling serde_json v1.0.149
[INFO] [stderr]    Compiling hashbrown v0.17.0
[INFO] [stderr]    Compiling serde v1.0.228
[INFO] [stderr]    Compiling toml_datetime v1.1.1+spec-1.1.0
[INFO] [stderr]    Compiling serde_spanned v1.1.1
[INFO] [stderr]    Compiling thiserror-impl v2.0.18
[INFO] [stderr]    Compiling num-conv v0.2.1
[INFO] [stderr]    Compiling toml_writer v1.1.1+spec-1.1.0
[INFO] [stderr]    Compiling rustix v0.38.44
[INFO] [stderr]    Compiling tracing v0.1.44
[INFO] [stderr]    Compiling fs2 v0.4.3
[INFO] [stderr]    Compiling time-macros v0.2.27
[INFO] [stderr]    Compiling rayon v1.12.0
[INFO] [stderr]    Compiling toml_parser v1.1.2+spec-1.1.0
[INFO] [stderr]    Compiling smallvec v1.15.1
[INFO] [stderr]    Compiling indexmap v2.14.0
[INFO] [stderr]    Compiling thiserror v2.0.18
[INFO] [stderr]    Compiling time v0.3.47
[INFO] [stderr]    Compiling toml v1.1.2+spec-1.1.0
[INFO] [stderr]    Compiling which v4.4.2
[INFO] [stderr]    Compiling globset v0.4.18
[INFO] [stderr]    Compiling ignore v0.4.25
[INFO] [stderr]    Compiling zuit-core v0.1.0
[INFO] [stderr]    Compiling zuit-plugins v0.1.0 (/opt/rustwide/workdir)
[INFO] [stderr]     Finished `release` profile [optimized] target(s) in 43.15s
[INFO] running `Command { std: "docker" "inspect" "0090458e2260d296509429e9bdf62843c5fc62231d90431314d30eb8c945edd5", kill_on_drop: false }`
[INFO] running `Command { std: "docker" "exec" "-e" "SOURCE_DIR=/opt/rustwide/workdir" "-e" "CARGO_HOME=/opt/rustwide/cargo-home" "-e" "RUSTUP_HOME=/opt/rustwide/rustup-home" "-e" "CARGO_TARGET_DIR=/opt/rustwide/target" "-e" "CARGO_INCREMENTAL=0" "-e" "RUST_BACKTRACE=full" "-e" "RUSTFLAGS=--cap-lints=warn" "-e" "RUSTDOCFLAGS=--cap-lints=warn" "-w" "/opt/rustwide/workdir" "--user" "0:0" "0090458e2260d296509429e9bdf62843c5fc62231d90431314d30eb8c945edd5" "/opt/rustwide/cargo-home/bin/cargo" "+1.99.0-beta.8" "test" "--frozen" "--no-run" "--message-format=json" "--release", kill_on_drop: false }`
[INFO] [stderr]    Compiling tempfile v3.27.0
[INFO] [stderr]    Compiling zuit-plugins v0.1.0 (/opt/rustwide/workdir)
[INFO] [stderr]     Finished `release` profile [optimized] target(s) in 6.99s
[INFO] running `Command { std: "docker" "inspect" "0090458e2260d296509429e9bdf62843c5fc62231d90431314d30eb8c945edd5", kill_on_drop: false }`
[INFO] running `Command { std: "docker" "exec" "-e" "SOURCE_DIR=/opt/rustwide/workdir" "-e" "CARGO_HOME=/opt/rustwide/cargo-home" "-e" "RUSTUP_HOME=/opt/rustwide/rustup-home" "-e" "CARGO_TARGET_DIR=/opt/rustwide/target" "-e" "CARGO_INCREMENTAL=0" "-e" "RUST_BACKTRACE=full" "-e" "RUSTFLAGS=--cap-lints=warn" "-e" "RUSTDOCFLAGS=--cap-lints=warn" "-w" "/opt/rustwide/workdir" "--user" "0:0" "0090458e2260d296509429e9bdf62843c5fc62231d90431314d30eb8c945edd5" "/opt/rustwide/cargo-home/bin/cargo" "+1.99.0-beta.8" "test" "--frozen" "--release", kill_on_drop: false }`
[INFO] [stderr]     Finished `release` profile [optimized] target(s) in 0.10s
[INFO] [stderr]      Running unittests src/lib.rs (/opt/rustwide/target/release/deps/zuit_plugins-30dcf4e86225b617)
[INFO] [stdout] 
[INFO] [stdout] running 57 tests
[INFO] [stdout] test install::tests::derive_name_trailing_slash_returns_none ... ok
[INFO] [stdout] test analyzer::tests::binary_missing_emits_info_finding ... ok
[INFO] [stdout] test install::tests::looks_like_git_dot_git_suffix ... ok
[INFO] [stdout] test install::tests::install_local_rejects_duplicate_name ... ok
[INFO] [stdout] test install::tests::looks_like_git_http ... ok
[INFO] [stdout] test install::tests::derive_name_empty_returns_none ... ok
[INFO] [stdout] test install::tests::derive_name_https_with_git_suffix ... ok
[INFO] [stdout] test install::tests::derive_name_no_separators ... ok
[INFO] [stdout] test install::tests::derive_name_ssh_url ... ok
[INFO] [stdout] test install::tests::derive_name_scp_style ... ok
[INFO] [stdout] test analyzer::tests::timeout_emits_warning ... FAILED
[INFO] [stdout] test install::tests::looks_like_git_https ... ok
[INFO] [stdout] test install::tests::looks_like_git_ssh_protocol ... ok
[INFO] [stdout] test install::tests::not_git_url_abs_path ... ok
[INFO] [stdout] test install::tests::not_git_url_plain_name ... ok
[INFO] [stdout] test install::tests::not_git_url_relative ... ok
[INFO] [stdout] test manifest::tests::default_rule_id_prefix_uses_name ... ok
[INFO] [stdout] test manifest::tests::reject_empty_command ... ok
[INFO] [stdout] test manifest::tests::reject_invalid_name ... ok
[INFO] [stdout] test install::tests::looks_like_git_scp ... ok
[INFO] [stdout] test manifest::tests::parse_minimal_ok ... ok
[INFO] [stdout] test manifest::tests::reject_unknown_output_format ... ok
[INFO] [stdout] test parse_sarif::tests::parse_minimal_run_ok ... ok
[INFO] [stdout] test manifest::tests::parse_full_ok ... ok
[INFO] [stdout] test manifest::tests::reject_zero_timeout ... ok
[INFO] [stdout] test parse_sarif::tests::level_mapping ... ok
[INFO] [stdout] test parse_sarif::tests::rejects_missing_runs ... ok
[INFO] [stdout] test parse_sarif::tests::multiple_results_ok ... ok
[INFO] [stdout] test parse_zuit::tests::parse_multiple_lines_ok ... ok
[INFO] [stdout] test parse_sarif::tests::rule_id_prefix_applied ... ok
[INFO] [stdout] test parse_sarif::tests::tolerates_missing_locations ... ok
[INFO] [stdout] test parse_zuit::tests::byte_offsets_authoritative_when_present ... ok
[INFO] [stdout] test parse_zuit::tests::parse_one_finding_ok ... ok
[INFO] [stdout] test parse_zuit::tests::rejects_missing_required_field ... ok
[INFO] [stdout] test parse_zuit::tests::rule_id_prefix_applied ... ok
[INFO] [stdout] test parse_zuit::tests::tolerates_blank_lines ... ok
[INFO] [stdout] test remove::tests::remove_unknown_name_is_ok ... ok
[INFO] [stdout] test store::tests::plugins_dir_falls_back_to_home ... ok
[INFO] [stdout] test parse_zuit::tests::unknown_dimension_becomes_custom ... ok
[INFO] [stdout] test store::tests::plugins_dir_uses_zuit_home_when_set ... ok
[INFO] [stdout] test store::tests::acquire_install_lock_excludes_concurrent ... ok
[INFO] [stdout] test store::tests::enumerate_returns_installed_plugins ... ok
[INFO] [stdout] test store::tests::enumerate_skips_dirs_without_manifest ... ok
[INFO] [stdout] test store::tests::source_sidecar_round_trip ... ok
[INFO] [stdout] test tests::discover_returns_one_per_installed_plugin ... ok
[INFO] [stdout] test tests::discover_skips_broken_manifests ... ok
[INFO] [stdout] test analyzer::tests::runs_fixture_emits_finding ... ok
[INFO] [stdout] Initialized empty Git repository in /tmp/.tmp6L3v1t/update-test.git/
[INFO] [stderr] hint: Using 'master' as the name for the initial branch. This default branch name
[INFO] [stdout] Initialized empty Git repository in /tmp/.tmpELJqfH/remove-test.git/
[INFO] [stderr] hint: will change to "main" in Git 3.0. To configure the initial branch name
[INFO] [stdout] Initialized empty Git repository in /tmp/.tmpYzNtqe/override.git/
[INFO] [stderr] hint: to use in all of your new repositories, which will suppress this warning,
[INFO] [stderr] hint: call:
[INFO] [stderr] hint:
[INFO] [stderr] hint: 	git config --global init.defaultBranch <name>
[INFO] [stderr] hint:
[INFO] [stderr] hint: Names commonly chosen instead of 'master' are 'main', 'trunk' and
[INFO] [stderr] hint: 'development'. The just-created branch can be renamed via this command:
[INFO] [stderr] hint:
[INFO] [stderr] hint: 	git branch -m <name>
[INFO] [stderr] hint:
[INFO] [stderr] hint: Disable this message with "git config set advice.defaultBranchName false"
[INFO] [stderr] hint: Using 'master' as the name for the initial branch. This default branch name
[INFO] [stderr] hint: will change to "main" in Git 3.0. To configure the initial branch name
[INFO] [stderr] hint: to use in all of your new repositories, which will suppress this warning,
[INFO] [stderr] hint: call:
[INFO] [stderr] hint:
[INFO] [stderr] hint: 	git config --global init.defaultBranch <name>
[INFO] [stderr] hint:
[INFO] [stderr] hint: Names commonly chosen instead of 'master' are 'main', 'trunk' and
[INFO] [stderr] hint: 'development'. The just-created branch can be renamed via this command:
[INFO] [stderr] hint:
[INFO] [stderr] hint: 	git branch -m <name>
[INFO] [stderr] hint:
[INFO] [stderr] hint: Disable this message with "git config set advice.defaultBranchName false"
[INFO] [stderr] hint: Using 'master' as the name for the initial branch. This default branch name
[INFO] [stderr] hint: will change to "main" in Git 3.0. To configure the initial branch name
[INFO] [stderr] hint: to use in all of your new repositories, which will suppress this warning,
[INFO] [stderr] hint: call:
[INFO] [stderr] hint:
[INFO] [stderr] hint: 	git config --global init.defaultBranch <name>
[INFO] [stderr] hint:
[INFO] [stderr] hint: Names commonly chosen instead of 'master' are 'main', 'trunk' and
[INFO] [stderr] hint: 'development'. The just-created branch can be renamed via this command:
[INFO] [stderr] hint:
[INFO] [stderr] hint: 	git branch -m <name>
[INFO] [stderr] hint:
[INFO] [stderr] hint: Disable this message with "git config set advice.defaultBranchName false"
[INFO] [stderr] Cloning into '/tmp/.tmpELJqfH/work'...
[INFO] [stderr] Cloning into '/tmp/.tmpYzNtqe/override-work'...
[INFO] [stderr] Cloning into '/tmp/.tmp6L3v1t/work'...
[INFO] [stderr] warning: You appear to have cloned an empty repository.
[INFO] [stderr] warning: You appear to have cloned an empty repository.
[INFO] [stderr] warning: You appear to have cloned an empty repository.
[INFO] [stderr] done.
[INFO] [stderr] done.
[INFO] [stderr] done.
[INFO] [stdout] [master (root-commit) 30a6afc] init
[INFO] [stdout]  2 files changed, 6 insertions(+)
[INFO] [stdout]  create mode 100755 run.sh
[INFO] [stdout]  create mode 100644 zuit-plugin.toml
[INFO] [stdout] [master (root-commit) 30a6afc] init
[INFO] [stdout]  2 files changed, 6 insertions(+)
[INFO] [stdout]  create mode 100755 run.sh
[INFO] [stdout]  create mode 100644 zuit-plugin.toml
[INFO] [stdout] [master (root-commit) 30a6afc] init
[INFO] [stdout]  2 files changed, 6 insertions(+)
[INFO] [stdout]  create mode 100755 run.sh
[INFO] [stdout]  create mode 100644 zuit-plugin.toml
[INFO] [stderr] To /tmp/.tmp6L3v1t/update-test.git
[INFO] [stderr]  * [new branch]      HEAD -> master
[INFO] [stderr] To /tmp/.tmpYzNtqe/override.git
[INFO] [stderr]  * [new branch]      HEAD -> master
[INFO] [stderr] To /tmp/.tmpELJqfH/remove-test.git
[INFO] [stderr]  * [new branch]      HEAD -> master
[INFO] [stdout] test install::tests::install_local_symlinks_into_plugins_dir ... ok
[INFO] [stdout] test install::tests::install_git_in_uses_name_override ... ok
[INFO] [stdout] test install::tests::install_local_uses_name_override ... ok
[INFO] [stdout] [master 2fc3945] second commit
[INFO] [stdout]  1 file changed, 1 insertion(+)
[INFO] [stdout]  create mode 100644 EXTRA.txt
[INFO] [stderr] hint: Using 'master' as the name for the initial branch. This default branch name
[INFO] [stderr] hint: will change to "main" in Git 3.0. To configure the initial branch name
[INFO] [stdout] Initialized empty Git repository in /tmp/.tmp1gtjRS/source.git/
[INFO] [stderr] hint: to use in all of your new repositories, which will suppress this warning,
[INFO] [stderr] hint: call:
[INFO] [stderr] hint:
[INFO] [stderr] hint: 	git config --global init.defaultBranch <name>
[INFO] [stderr] hint:
[INFO] [stderr] hint: Names commonly chosen instead of 'master' are 'main', 'trunk' and
[INFO] [stderr] hint: 'development'. The just-created branch can be renamed via this command:
[INFO] [stderr] hint:
[INFO] [stderr] hint: 	git branch -m <name>
[INFO] [stderr] hint:
[INFO] [stderr] hint: Disable this message with "git config set advice.defaultBranchName false"
[INFO] [stderr] Cloning into '/tmp/.tmp1gtjRS/work'...
[INFO] [stdout] test remove::tests::remove_git_plugin_deletes_clone_dir ... ok
[INFO] [stdout] test remove::tests::remove_deletes_directory_and_is_idempotent ... ok
[INFO] [stderr] warning: You appear to have cloned an empty repository.
[INFO] [stderr] done.
[INFO] [stdout] [master (root-commit) 30a6afc] init
[INFO] [stdout]  2 files changed, 6 insertions(+)
[INFO] [stdout]  create mode 100755 run.sh
[INFO] [stdout]  create mode 100644 zuit-plugin.toml
[INFO] [stderr] To /tmp/.tmp6L3v1t/update-test.git
[INFO] [stderr]    30a6afc..2fc3945  HEAD -> master
[INFO] [stderr] To /tmp/.tmp1gtjRS/source.git
[INFO] [stderr]  * [new branch]      HEAD -> master
[INFO] [stdout] test update::tests::update_git_runs_pull ... ok
[INFO] [stdout] test update::tests::update_local_symlink_is_no_op ... ok
[INFO] [stdout] test install::tests::install_git_in_clones_local_bare_repo ... ok
[INFO] [stdout] test install::tests::install_local_rejects_missing_manifest ... ok
[INFO] [stderr] hint: Using 'master' as the name for the initial branch. This default branch name
[INFO] [stderr] hint: will change to "main" in Git 3.0. To configure the initial branch name
[INFO] [stderr] hint: to use in all of your new repositories, which will suppress this warning,
[INFO] [stderr] hint: call:
[INFO] [stderr] hint:
[INFO] [stderr] hint: 	git config --global init.defaultBranch <name>
[INFO] [stderr] hint:
[INFO] [stderr] hint: Names commonly chosen instead of 'master' are 'main', 'trunk' and
[INFO] [stderr] hint: 'development'. The just-created branch can be renamed via this command:
[INFO] [stderr] hint:
[INFO] [stderr] hint: 	git branch -m <name>
[INFO] [stderr] hint:
[INFO] [stderr] hint: Disable this message with "git config set advice.defaultBranchName false"
[INFO] [stdout] Initialized empty Git repository in /tmp/.tmpYiAhe3/dup.git/
[INFO] [stderr] Cloning into '/tmp/.tmpYiAhe3/dup-work'...
[INFO] [stderr] warning: You appear to have cloned an empty repository.
[INFO] [stderr] done.
[INFO] [stdout] [master (root-commit) 880b23c] init
[INFO] [stdout]  2 files changed, 6 insertions(+)
[INFO] [stdout]  create mode 100755 run.sh
[INFO] [stdout]  create mode 100644 zuit-plugin.toml
[INFO] [stderr] To /tmp/.tmpYiAhe3/dup.git
[INFO] [stderr]  * [new branch]      HEAD -> master
[INFO] [stderr] error: test failed, to rerun pass `--lib`
[INFO] [stdout] test install::tests::install_git_in_rejects_duplicate ... ok
[INFO] [stdout] 
[INFO] [stdout] failures:
[INFO] [stdout] 
[INFO] [stdout] ---- analyzer::tests::timeout_emits_warning stdout ----
[INFO] [stdout] 
[INFO] [stdout] thread 'analyzer::tests::timeout_emits_warning' (799) panicked at src/analyzer.rs:428:9:
[INFO] [stdout] assertion `left == right` failed
[INFO] [stdout]   left: "PLUGIN/timeout-test-spawn-failed"
[INFO] [stdout]  right: "PLUGIN/timeout-test-timeout"
[INFO] [stdout] stack backtrace:
[INFO] [stdout]    0:     0x588c802a0381 - <<std[70759c8f55707aa4]::sys::backtrace::BacktraceLock>::print::DisplayBacktrace as core[df12db4294e9bfd3]::fmt::Display>::fmt
[INFO] [stdout]    1:     0x588c802b62ea - core[df12db4294e9bfd3]::fmt::write
[INFO] [stdout]    2:     0x588c802a4bcc - <alloc[2182bb758b4b3781]::vec::Vec<u8> as core[df12db4294e9bfd3]::io::write::Write>::write_fmt
[INFO] [stdout]    3:     0x588c802789f6 - std[70759c8f55707aa4]::panicking::default_hook::{closure#0}
[INFO] [stdout]    4:     0x588c802965b9 - std[70759c8f55707aa4]::panicking::default_hook
[INFO] [stdout]    5:     0x588c8020c6e0 - test[9d35eded1c95d3be]::test_main_inner::<test[9d35eded1c95d3be]::test_main_static::{closure#0}>::{closure#0}
[INFO] [stdout]    6:     0x588c80296772 - std[70759c8f55707aa4]::panicking::panic_with_hook
[INFO] [stdout]    7:     0x588c80278aa2 - std[70759c8f55707aa4]::panicking::panic_handler::{closure#0}
[INFO] [stdout]    8:     0x588c80271419 - std[70759c8f55707aa4]::sys::backtrace::__rust_end_short_backtrace::<std[70759c8f55707aa4]::panicking::panic_handler::{closure#0}, !>
[INFO] [stdout]    9:     0x588c8027993d - __rustc[8fa7c3cbc660c2b3]::rust_begin_unwind
[INFO] [stdout]   10:     0x588c802b6a8c - core[df12db4294e9bfd3]::panicking::panic_fmt
[INFO] [stdout]   11:     0x588c802b69a3 - core[df12db4294e9bfd3]::panicking::assert_failed_inner
[INFO] [stdout]   12:     0x588c801ed191 - core[df12db4294e9bfd3]::panicking::assert_failed::<alloc[2182bb758b4b3781]::string::String, &str>
[INFO] [stdout]   13:     0x588c801f6b7b - zuit_plugins[5975f2db62f8e99e]::analyzer::tests::timeout_emits_warning
[INFO] [stdout]   14:     0x588c801f4de9 - <zuit_plugins[5975f2db62f8e99e]::analyzer::tests::timeout_emits_warning::{closure#0} as core[df12db4294e9bfd3]::ops::function::FnOnce<()>>::call_once
[INFO] [stdout]   15:     0x588c801ff9cb - test[9d35eded1c95d3be]::__rust_begin_short_backtrace::<core[df12db4294e9bfd3]::result::Result<(), alloc[2182bb758b4b3781]::string::String>, fn() -> core[df12db4294e9bfd3]::result::Result<(), alloc[2182bb758b4b3781]::string::String>>
[INFO] [stdout]   16:     0x588c8020d035 - test[9d35eded1c95d3be]::run_test::{closure#0}
[INFO] [stdout]   17:     0x588c802068f4 - std[70759c8f55707aa4]::sys::backtrace::__rust_begin_short_backtrace::<test[9d35eded1c95d3be]::run_test::{closure#1}, ()>
[INFO] [stdout]   18:     0x588c80210192 - <std[70759c8f55707aa4]::thread::lifecycle::spawn_unchecked<test[9d35eded1c95d3be]::run_test::{closure#1}, ()>::{closure#1} as core[df12db4294e9bfd3]::ops::function::FnOnce<()>>::call_once::{shim:vtable#0}
[INFO] [stdout]   19:     0x588c8029f609 - <std[70759c8f55707aa4]::sys::thread::unix::Thread>::new::thread_start
[INFO] [stdout]   20:     0x7cc14036fdfa - <unknown>
[INFO] [stdout]   21:     0x7cc1404033d4 - clone
[INFO] [stdout]   22:                0x0 - <unknown>
[INFO] [stdout] 
[INFO] [stdout] 
[INFO] [stdout] failures:
[INFO] [stdout]     analyzer::tests::timeout_emits_warning
[INFO] [stdout] 
[INFO] [stdout] test result: FAILED. 56 passed; 1 failed; 0 ignored; 0 measured; 0 filtered out; finished in 0.76s
[INFO] [stdout] 
[INFO] running `Command { std: "docker" "inspect" "0090458e2260d296509429e9bdf62843c5fc62231d90431314d30eb8c945edd5", kill_on_drop: false }`
[INFO] running `Command { std: "docker" "rm" "-f" "0090458e2260d296509429e9bdf62843c5fc62231d90431314d30eb8c945edd5", kill_on_drop: false }`
[INFO] [stdout] 0090458e2260d296509429e9bdf62843c5fc62231d90431314d30eb8c945edd5
