[INFO] fetching crate zudb-common 0.0.2...
[INFO] testing zudb-common-0.0.2 against 1.100.0-beta.1+cargoflags=--release for beta-release-1.100-2
[INFO] extracting crate zudb-common 0.0.2 into /workspace/builds/worker-1-tc2/source
[INFO] started tweaking crates.io crate zudb-common 0.0.2
[INFO] removed 0 missing tests
[INFO] finished tweaking crates.io crate zudb-common 0.0.2
[INFO] tweaked toml for crates.io crate zudb-common 0.0.2 written to /workspace/builds/worker-1-tc2/source/Cargo.toml
[INFO] validating manifest of crates.io crate zudb-common 0.0.2 on toolchain 1.100.0-beta.1
[INFO] running `Command { std: CARGO_HOME="/workspace/cargo-home" RUSTUP_HOME="/workspace/rustup-home" "/workspace/cargo-home/bin/cargo" "+1.100.0-beta.1" "metadata" "--manifest-path" "Cargo.toml" "--no-deps", kill_on_drop: false }`
[INFO] crate crates.io crate zudb-common 0.0.2 already has a lockfile, it will not be regenerated
[INFO] running `Command { std: CARGO_HOME="/workspace/cargo-home" RUSTUP_HOME="/workspace/rustup-home" "/workspace/cargo-home/bin/cargo" "+1.100.0-beta.1" "fetch" "--manifest-path" "Cargo.toml", kill_on_drop: false }`
[INFO] running `Command { std: "docker" "create" "-v" "/var/lib/crater-agent-workspace/builds/worker-1-tc2/source:/opt/rustwide/workdir:ro,Z" "-v" "/var/lib/crater-agent-workspace/builds/worker-1-tc2/target:/opt/rustwide/target:rw,Z" "-v" "/var/lib/crater-agent-workspace/cargo-home:/opt/rustwide/cargo-home:ro,Z" "-v" "/var/lib/crater-agent-workspace/rustup-home:/opt/rustwide/rustup-home:ro,Z" "-m" "1610612736" "--network" "none" "ghcr.io/rust-lang/crates-build-env/linux@sha256:77db811e55d90add9212f6832c23229e3de5f1c1f9905e8cb07319ea15df73ac" "sleep" "infinity", kill_on_drop: false }`
[INFO] [stdout] 75d4bed92cee41ee9cc2991cdb66a297e4f5e0bcf3c89c7daabad7a07930e612
[INFO] running `Command { std: "docker" "start" "75d4bed92cee41ee9cc2991cdb66a297e4f5e0bcf3c89c7daabad7a07930e612", kill_on_drop: false }`
[INFO] running `Command { std: "docker" "inspect" "75d4bed92cee41ee9cc2991cdb66a297e4f5e0bcf3c89c7daabad7a07930e612", kill_on_drop: false }`
[INFO] running `Command { std: "docker" "exec" "-e" "SOURCE_DIR=/opt/rustwide/workdir" "-e" "CARGO_HOME=/opt/rustwide/cargo-home" "-e" "RUSTUP_HOME=/opt/rustwide/rustup-home" "-e" "CARGO_TARGET_DIR=/opt/rustwide/target" "-w" "/opt/rustwide/workdir" "--user" "0:0" "75d4bed92cee41ee9cc2991cdb66a297e4f5e0bcf3c89c7daabad7a07930e612" "/opt/rustwide/cargo-home/bin/cargo" "+1.100.0-beta.1" "metadata" "--no-deps" "--format-version=1", kill_on_drop: false }`
[INFO] running `Command { std: "docker" "inspect" "75d4bed92cee41ee9cc2991cdb66a297e4f5e0bcf3c89c7daabad7a07930e612", kill_on_drop: false }`
[INFO] running `Command { std: "docker" "exec" "-e" "SOURCE_DIR=/opt/rustwide/workdir" "-e" "CARGO_HOME=/opt/rustwide/cargo-home" "-e" "RUSTUP_HOME=/opt/rustwide/rustup-home" "-e" "CARGO_TARGET_DIR=/opt/rustwide/target" "-e" "CARGO_INCREMENTAL=0" "-e" "RUST_BACKTRACE=full" "-e" "RUSTFLAGS=--cap-lints=warn" "-e" "RUSTDOCFLAGS=--cap-lints=warn" "-w" "/opt/rustwide/workdir" "--user" "0:0" "75d4bed92cee41ee9cc2991cdb66a297e4f5e0bcf3c89c7daabad7a07930e612" "/opt/rustwide/cargo-home/bin/cargo" "+1.100.0-beta.1" "build" "--frozen" "--message-format=json" "--release", kill_on_drop: false }`
[INFO] [stderr]    Compiling zudb-common v0.0.2 (/opt/rustwide/workdir)
[INFO] [stderr]     Finished `release` profile [optimized] target(s) in 2.55s
[INFO] running `Command { std: "docker" "inspect" "75d4bed92cee41ee9cc2991cdb66a297e4f5e0bcf3c89c7daabad7a07930e612", kill_on_drop: false }`
[INFO] running `Command { std: "docker" "exec" "-e" "SOURCE_DIR=/opt/rustwide/workdir" "-e" "CARGO_HOME=/opt/rustwide/cargo-home" "-e" "RUSTUP_HOME=/opt/rustwide/rustup-home" "-e" "CARGO_TARGET_DIR=/opt/rustwide/target" "-e" "CARGO_INCREMENTAL=0" "-e" "RUST_BACKTRACE=full" "-e" "RUSTFLAGS=--cap-lints=warn" "-e" "RUSTDOCFLAGS=--cap-lints=warn" "-w" "/opt/rustwide/workdir" "--user" "0:0" "75d4bed92cee41ee9cc2991cdb66a297e4f5e0bcf3c89c7daabad7a07930e612" "/opt/rustwide/cargo-home/bin/cargo" "+1.100.0-beta.1" "test" "--frozen" "--no-run" "--message-format=json" "--release", kill_on_drop: false }`
[INFO] [stderr]    Compiling zudb-common v0.0.2 (/opt/rustwide/workdir)
[INFO] [stderr]     Finished `release` profile [optimized] target(s) in 11.50s
[INFO] running `Command { std: "docker" "inspect" "75d4bed92cee41ee9cc2991cdb66a297e4f5e0bcf3c89c7daabad7a07930e612", kill_on_drop: false }`
[INFO] running `Command { std: "docker" "exec" "-e" "SOURCE_DIR=/opt/rustwide/workdir" "-e" "CARGO_HOME=/opt/rustwide/cargo-home" "-e" "RUSTUP_HOME=/opt/rustwide/rustup-home" "-e" "CARGO_TARGET_DIR=/opt/rustwide/target" "-e" "CARGO_INCREMENTAL=0" "-e" "RUST_BACKTRACE=full" "-e" "RUSTFLAGS=--cap-lints=warn" "-e" "RUSTDOCFLAGS=--cap-lints=warn" "-w" "/opt/rustwide/workdir" "--user" "0:0" "75d4bed92cee41ee9cc2991cdb66a297e4f5e0bcf3c89c7daabad7a07930e612" "/opt/rustwide/cargo-home/bin/cargo" "+1.100.0-beta.1" "test" "--frozen" "--release", kill_on_drop: false }`
[INFO] [stderr]     Finished `release` profile [optimized] target(s) in 0.03s
[INFO] [stderr]      Running unittests src/lib.rs (/opt/rustwide/target/release/build/zudb-common/a4c8cf50692ddbee/out/zu_common-a4c8cf50692ddbee)
[INFO] [stdout] 
[INFO] [stdout] running 84 tests
[INFO] [stdout] test decimal::tests::a_ceiling_and_a_floor_lean_the_same_way_for_both_signs ... ok
[INFO] [stdout] test bytes::tests::the_spelling_reads_back_as_what_was_written ... ok
[INFO] [stdout] test bytes::tests::either_case_of_hexit_reads_and_space_is_dropped ... ok
[INFO] [stdout] test bytes::tests::a_byte_string_writes_two_hexits_a_byte ... ok
[INFO] [stdout] test decimal::tests::a_rescale_that_would_not_be_exact_is_refused ... ok
[INFO] [stdout] test decimal::tests::arithmetic_answers_at_the_scale_the_units_give ... ok
[INFO] [stdout] test decimal::tests::a_tenth_and_two_tenths_are_three_tenths ... ok
[INFO] [stdout] test decimal::tests::halves_go_away_from_nought_on_both_sides_of_it ... ok
[INFO] [stdout] test decimal::tests::ordering_holds_where_the_scales_cannot_be_aligned ... ok
[INFO] [stdout] test decimal::tests::the_digit_count_is_of_the_number_and_not_of_the_declaration ... ok
[INFO] [stdout] test decimal::tests::rounding_stops_at_the_place_it_was_asked_for ... ok
[INFO] [stdout] test decimal::tests::a_quotient_is_carried_as_far_as_the_operands_knew ... ok
[INFO] [stdout] test bytes::tests::half_a_byte_and_a_digit_that_is_not_a_hexit_are_not_byte_strings ... ok
[INFO] [stdout] test error::tests::a_gql_error_keeps_its_code_and_reads_as_our_detail ... ok
[INFO] [stdout] test error::tests::only_the_failures_worth_repeating_say_so ... ok
[INFO] [stdout] test decimal::tests::a_negative_digit_count_rounds_to_the_left_of_the_point ... ok
[INFO] [stdout] test decimal::tests::text_is_read_at_the_scale_it_is_wanted_at ... ok
[INFO] [stdout] test error::tests::an_error_raised_in_a_statement_carries_the_line_it_was_raised_on ... ok
[INFO] [stdout] test decimal::tests::two_spellings_of_one_number_are_one_value ... ok
[INFO] [stdout] test error::tests::an_engine_error_has_no_code_rather_than_a_guessed_one ... ok
[INFO] [stdout] test gqlstatus::tests::a_position_reads_the_same_way_it_did_when_it_was_only_prose ... ok
[INFO] [stdout] test gqlstatus::tests::a_column_counts_characters_and_not_the_bytes_they_took ... ok
[INFO] [stdout] test gqlstatus::tests::a_condition_says_where_it_is_written_up_and_whether_to_try_again ... ok
[INFO] [stdout] test gqlstatus::tests::a_line_nobody_would_read_is_left_out_rather_than_cut ... ok
[INFO] [stdout] test gqlstatus::tests::an_excerpt_is_the_line_the_column_counts_into ... ok
[INFO] [stdout] test decimal::tests::a_decimal_prints_at_the_scale_it_was_written_with ... ok
[INFO] [stdout] test gqlstatus::tests::severity_follows_the_class_letter ... ok
[INFO] [stdout] test gqlstatus::tests::lookup_round_trips_and_rejects_inventions ... ok
[INFO] [stdout] test gqlstatus::tests::a_record_prefers_our_detail_but_never_loses_the_code ... ok
[INFO] [stdout] test gqlstatus::tests::standard_text_is_the_standards_words ... ok
[INFO] [stdout] test gqlstatus::tests::an_offset_lands_on_the_line_and_column_a_reader_would_count ... ok
[INFO] [stdout] test gqlstatus::tests::codes_are_unique_and_sorted ... ok
[INFO] [stdout] test id::tests::pack_extremes ... ok
[INFO] [stdout] test gqlstatus::tests::the_table_is_the_standard_table ... ok
[INFO] [stdout] test id::tests::ordering_follows_physical_layout ... ok
[INFO] [stdout] test id::tests::pack_roundtrip ... ok
[INFO] [stdout] test gqlstatus::tests::a_statement_that_did_nothing_notable_has_a_code_for_that ... ok
[INFO] [stdout] test ids::tests::a_key_written_as_bytes_still_separates ... ok
[INFO] [stdout] test id::tests::reserved_bits_are_zero ... ok
[INFO] [stdout] test ids::tests::a_map_keyed_by_an_id_reads_back_what_was_put_in_it ... ok
[INFO] [stdout] test ids::tests::the_ids_a_catalog_hands_out_do_not_land_on_one_another ... ok
[INFO] [stdout] test ids::tests::both_ends_of_the_word_move_with_the_key ... ok
[INFO] [stdout] test ids::tests::two_ids_in_a_pair_are_not_the_same_pair_swapped ... ok
[INFO] [stdout] test interrupt::tests::every_clone_is_the_same_word ... ok
[INFO] [stdout] test interrupt::tests::a_default_handle_counts_nothing_and_answers_nothing ... ok
[INFO] [stdout] test interrupt::tests::an_armed_handle_stops_and_a_default_one_never_does ... ok
[INFO] [stdout] test keywords::tests::the_shape_mask_never_says_no_where_the_table_says_yes ... ok
[INFO] [stdout] test keywords::tests::a_reserved_word_is_one_in_any_case ... ok
[INFO] [stdout] test keywords::tests::a_name_no_keyword_could_be_is_answered_cheaply ... ok
[INFO] [stdout] test keywords::tests::the_pre_reserved_are_reserved_and_the_non_reserved_are_names ... ok
[INFO] [stdout] test temporal::tests::a_duration_is_one_kind_or_the_other_and_never_both ... ok
[INFO] [stdout] test temporal::tests::a_session_zone_is_a_displacement_and_not_a_name ... ok
[INFO] [stdout] test temporal::tests::a_datetime_stops_where_the_word_does_and_not_where_the_calendar_does ... ok
[INFO] [stdout] test temporal::tests::a_sql_interval_is_read_by_the_fields_its_qualifier_names ... ok
[INFO] [stdout] test order::tests::int_keys_sort_the_way_the_integers_do ... ok
[INFO] [stdout] test temporal::tests::a_date_is_a_day_count_and_prints_back_as_it_was_written ... ok
[INFO] [stdout] test temporal::tests::a_field_of_a_duration_carries_its_own_sign ... ok
[INFO] [stdout] test temporal::tests::a_written_value_reads_back_without_being_told_its_type ... ok
[INFO] [stdout] test temporal::tests::adding_months_clamps_to_the_length_of_the_month_it_lands_in ... ok
[INFO] [stdout] test temporal::tests::a_zoned_datetime_stores_the_instant_and_remembers_the_offset ... ok
[INFO] [stdout] test temporal::tests::a_time_takes_its_seconds_and_its_fraction_or_leaves_them_out ... ok
[INFO] [stdout] test temporal::tests::an_interval_precision_bounds_the_digits_that_were_written ... ok
[INFO] [stdout] test temporal::tests::only_the_leading_field_of_an_interval_runs_past_its_own_size ... ok
[INFO] [stdout] test temporal::tests::a_round_trip_holds_across_the_whole_calendar ... ok
[INFO] [stdout] test types::tests::a_fixed_stride_knows_its_width_and_the_others_admit_they_do_not ... ok
[INFO] [stdout] test types::tests::a_parenthesised_argument_is_a_count_and_not_a_width ... ok
[INFO] [stdout] test types::tests::a_type_prints_the_way_a_diagnostic_needs_to_name_it ... ok
[INFO] [stdout] test types::tests::every_temporal_type_has_the_layout_the_plan_names ... ok
[INFO] [stdout] test types::tests::every_name_the_table_resolves_prints_back_to_a_name_it_resolves ... ok
[INFO] [stdout] test types::tests::nullability_is_a_wrapper_that_does_not_stack_or_change_the_layout ... ok
[INFO] [stdout] test types::tests::the_two_duration_kinds_are_two_types_and_two_layouts ... ok
[INFO] [stdout] test unicode::tests::a_blocked_mark_does_not_reach_the_starter ... ok
[INFO] [stdout] test types::tests::a_record_carries_open_closed_and_nesting_in_one_type ... ok
[INFO] [stdout] test types::tests::the_integer_tower_is_one_implementation_with_a_width_on_it ... ok
[INFO] [stdout] test unicode::tests::a_hangul_syllable_is_arithmetic_in_both_directions ... ok
[INFO] [stdout] test types::tests::the_immaterial_types_have_no_layout ... ok
[INFO] [stdout] test types::tests::the_spellings_resolve_to_the_types_they_name ... ok
[INFO] [stdout] test unicode::tests::marks_sort_by_combining_class_and_keep_their_order_inside_a_class ... ok
[INFO] [stdout] test unicode::tests::compatibility_is_the_only_form_that_loses_the_formatting ... ok
[INFO] [stdout] test unicode::tests::every_form_has_a_name_and_answers_to_it ... ok
[INFO] [stdout] test unicode::tests::a_letter_and_its_accent_are_one_character_composed_and_two_decomposed ... ok
[INFO] [stdout] test unicode::tests::an_excluded_composition_stays_apart ... ok
[INFO] [stdout] test unicode::tests::ascii_is_already_in_every_form ... ok
[INFO] [stdout] test types::tests::a_declared_digit_count_picks_the_narrowest_width_that_holds_it ... ok
[INFO] [stdout] 
[INFO] [stdout] test result: ok. 84 passed; 0 failed; 0 ignored; 0 measured; 0 filtered out; finished in 0.03s
[INFO] [stdout] 
[INFO] [stderr]      Running tests/gqlstatus_table.rs (/opt/rustwide/target/release/build/zudb-common/7ce5cab54f6e0564/out/gqlstatus_table-7ce5cab54f6e0564)
[INFO] [stdout] 
[INFO] [stdout] running 3 tests
[INFO] [stdout] test self_closing_classes_do_not_steal_the_next_classs_subclasses ... ok
[INFO] [stdout] test the_artifact_has_the_shape_the_denominator_assumes ... ok
[INFO] [stderr] error: 'rustfmt' is not installed for the toolchain '1.100.0-beta.1-x86_64-unknown-linux-gnu'.
[INFO] [stderr] help: run `rustup component add --toolchain 1.100.0-beta.1-x86_64-unknown-linux-gnu rustfmt` to install it
[INFO] [stdout] test generated_table_matches_the_artifact ... FAILED
[INFO] [stderr] error: test failed, to rerun pass `--test gqlstatus_table`
[INFO] [stdout] 
[INFO] [stdout] failures:
[INFO] [stdout] 
[INFO] [stdout] ---- generated_table_matches_the_artifact stdout ----
[INFO] [stdout] 
[INFO] [stdout] thread 'generated_table_matches_the_artifact' (366) panicked at tests/gqlstatus_table.rs:241:5:
[INFO] [stdout] rustfmt rejected the generated table
[INFO] [stdout] stack backtrace:
[INFO] [stdout]    0:     0x56a4f08a56c1 - <<std[617be2ca0a6fd877]::sys::backtrace::BacktraceLock>::print::DisplayBacktrace as core[a373ad73a504971]::fmt::Display>::fmt
[INFO] [stdout]    1:     0x56a4f08b979a - core[a373ad73a504971]::fmt::write
[INFO] [stdout]    2:     0x56a4f08a994c - <alloc[2e1b2a31b91974c5]::vec::Vec<u8> as core[a373ad73a504971]::io::write::Write>::write_fmt
[INFO] [stdout]    3:     0x56a4f0880796 - std[617be2ca0a6fd877]::panicking::default_hook::{closure#0}
[INFO] [stdout]    4:     0x56a4f089d819 - std[617be2ca0a6fd877]::panicking::default_hook
[INFO] [stdout]    5:     0x56a4f08389b0 - test[aada8e7e76ba119b]::test_main_inner::{closure#0}
[INFO] [stdout]    6:     0x56a4f089d9d2 - std[617be2ca0a6fd877]::panicking::panic_with_hook
[INFO] [stdout]    7:     0x56a4f0880874 - std[617be2ca0a6fd877]::panicking::panic_handler::{closure#0}
[INFO] [stdout]    8:     0x56a4f08792a9 - std[617be2ca0a6fd877]::sys::backtrace::__rust_end_short_backtrace::<std[617be2ca0a6fd877]::panicking::panic_handler::{closure#0}, !>
[INFO] [stdout]    9:     0x56a4f088144d - __rustc[ea4f61d10b84890b]::rust_begin_unwind
[INFO] [stdout]   10:     0x56a4f08b9ecc - core[a373ad73a504971]::panicking::panic_fmt
[INFO] [stdout]   11:     0x56a4f0827755 - <gqlstatus_table[b97ab1949689f793]::generated_table_matches_the_artifact::{closure#0} as core[a373ad73a504971]::ops::function::FnOnce<()>>::call_once
[INFO] [stdout]   12:     0x56a4f082bdfb - test[aada8e7e76ba119b]::__rust_begin_short_backtrace::<core[a373ad73a504971]::result::Result<(), alloc[2e1b2a31b91974c5]::string::String>, fn() -> core[a373ad73a504971]::result::Result<(), alloc[2e1b2a31b91974c5]::string::String>>
[INFO] [stdout]   13:     0x56a4f0838fd5 - test[aada8e7e76ba119b]::run_test::{closure#0}
[INFO] [stdout]   14:     0x56a4f08328c4 - std[617be2ca0a6fd877]::sys::backtrace::__rust_begin_short_backtrace::<test[aada8e7e76ba119b]::run_test::{closure#1}, ()>
[INFO] [stdout]   15:     0x56a4f083c062 - <std[617be2ca0a6fd877]::thread::lifecycle::spawn_unchecked<test[aada8e7e76ba119b]::run_test::{closure#1}, ()>::{closure#1} as core[a373ad73a504971]::ops::function::FnOnce<()>>::call_once::{shim:vtable#0}
[INFO] [stdout]   16:     0x56a4f08a49df - <std[617be2ca0a6fd877]::sys::thread::unix::Thread>::new::thread_start
[INFO] [stdout]   17:     0x7dfa5fd74dfa - <unknown>
[INFO] [stdout]   18:     0x7dfa5fe083d4 - clone
[INFO] [stdout]   19:                0x0 - <unknown>
[INFO] [stdout] 
[INFO] [stdout] 
[INFO] [stdout] failures:
[INFO] [stdout]     generated_table_matches_the_artifact
[INFO] [stdout] 
[INFO] [stdout] test result: FAILED. 2 passed; 1 failed; 0 ignored; 0 measured; 0 filtered out; finished in 0.34s
[INFO] [stdout] 
[INFO] running `Command { std: "docker" "inspect" "75d4bed92cee41ee9cc2991cdb66a297e4f5e0bcf3c89c7daabad7a07930e612", kill_on_drop: false }`
[INFO] running `Command { std: "docker" "rm" "-f" "75d4bed92cee41ee9cc2991cdb66a297e4f5e0bcf3c89c7daabad7a07930e612", kill_on_drop: false }`
[INFO] [stdout] 75d4bed92cee41ee9cc2991cdb66a297e4f5e0bcf3c89c7daabad7a07930e612
