[INFO] fetching crate zucchini 0.1.0...
[INFO] testing zucchini-0.1.0 against 1.100.0-beta.1+cargoflags=--release for beta-release-1.100-2
[INFO] extracting crate zucchini 0.1.0 into /workspace/builds/worker-6-tc2/source
[INFO] started tweaking crates.io crate zucchini 0.1.0
[INFO] removed 0 missing examples
[INFO] removed 0 missing tests
[INFO] finished tweaking crates.io crate zucchini 0.1.0
[INFO] tweaked toml for crates.io crate zucchini 0.1.0 written to /workspace/builds/worker-6-tc2/source/Cargo.toml
[INFO] validating manifest of crates.io crate zucchini 0.1.0 on toolchain 1.100.0-beta.1
[INFO] running `Command { std: CARGO_HOME="/workspace/cargo-home" RUSTUP_HOME="/workspace/rustup-home" "/workspace/cargo-home/bin/cargo" "+1.100.0-beta.1" "metadata" "--manifest-path" "Cargo.toml" "--no-deps", kill_on_drop: false }`
[INFO] crate crates.io crate zucchini 0.1.0 already has a lockfile, it will not be regenerated
[INFO] running `Command { std: CARGO_HOME="/workspace/cargo-home" RUSTUP_HOME="/workspace/rustup-home" "/workspace/cargo-home/bin/cargo" "+1.100.0-beta.1" "fetch" "--manifest-path" "Cargo.toml", kill_on_drop: false }`
[INFO] running `Command { std: "docker" "create" "-v" "/var/lib/crater-agent-workspace/builds/worker-6-tc2/source:/opt/rustwide/workdir:ro,Z" "-v" "/var/lib/crater-agent-workspace/builds/worker-6-tc2/target:/opt/rustwide/target:rw,Z" "-v" "/var/lib/crater-agent-workspace/cargo-home:/opt/rustwide/cargo-home:ro,Z" "-v" "/var/lib/crater-agent-workspace/rustup-home:/opt/rustwide/rustup-home:ro,Z" "-m" "1610612736" "--network" "none" "ghcr.io/rust-lang/crates-build-env/linux@sha256:77db811e55d90add9212f6832c23229e3de5f1c1f9905e8cb07319ea15df73ac" "sleep" "infinity", kill_on_drop: false }`
[INFO] [stdout] 668d666a0066962fba215ea0dd58ccf89228e2039c49a0d95866e3e574fb618e
[INFO] running `Command { std: "docker" "start" "668d666a0066962fba215ea0dd58ccf89228e2039c49a0d95866e3e574fb618e", kill_on_drop: false }`
[INFO] running `Command { std: "docker" "inspect" "668d666a0066962fba215ea0dd58ccf89228e2039c49a0d95866e3e574fb618e", kill_on_drop: false }`
[INFO] running `Command { std: "docker" "exec" "-e" "SOURCE_DIR=/opt/rustwide/workdir" "-e" "CARGO_HOME=/opt/rustwide/cargo-home" "-e" "RUSTUP_HOME=/opt/rustwide/rustup-home" "-e" "CARGO_TARGET_DIR=/opt/rustwide/target" "-w" "/opt/rustwide/workdir" "--user" "0:0" "668d666a0066962fba215ea0dd58ccf89228e2039c49a0d95866e3e574fb618e" "/opt/rustwide/cargo-home/bin/cargo" "+1.100.0-beta.1" "metadata" "--no-deps" "--format-version=1", kill_on_drop: false }`
[INFO] running `Command { std: "docker" "inspect" "668d666a0066962fba215ea0dd58ccf89228e2039c49a0d95866e3e574fb618e", kill_on_drop: false }`
[INFO] running `Command { std: "docker" "exec" "-e" "SOURCE_DIR=/opt/rustwide/workdir" "-e" "CARGO_HOME=/opt/rustwide/cargo-home" "-e" "RUSTUP_HOME=/opt/rustwide/rustup-home" "-e" "CARGO_TARGET_DIR=/opt/rustwide/target" "-e" "CARGO_INCREMENTAL=0" "-e" "RUST_BACKTRACE=full" "-e" "RUSTFLAGS=--cap-lints=warn" "-e" "RUSTDOCFLAGS=--cap-lints=warn" "-w" "/opt/rustwide/workdir" "--user" "0:0" "668d666a0066962fba215ea0dd58ccf89228e2039c49a0d95866e3e574fb618e" "/opt/rustwide/cargo-home/bin/cargo" "+1.100.0-beta.1" "build" "--frozen" "--message-format=json" "--release", kill_on_drop: false }`
[INFO] [stderr]    Compiling find-msvc-tools v0.1.12
[INFO] [stderr]    Compiling cc v1.4.6
[INFO] [stderr]    Compiling zucchini-sys v0.1.0
[INFO] [stderr]    Compiling zucchini v0.1.0 (/opt/rustwide/workdir)
[INFO] [stderr]     Finished `release` profile [optimized] target(s) in 2m 30s
[INFO] running `Command { std: "docker" "inspect" "668d666a0066962fba215ea0dd58ccf89228e2039c49a0d95866e3e574fb618e", kill_on_drop: false }`
[INFO] running `Command { std: "docker" "exec" "-e" "SOURCE_DIR=/opt/rustwide/workdir" "-e" "CARGO_HOME=/opt/rustwide/cargo-home" "-e" "RUSTUP_HOME=/opt/rustwide/rustup-home" "-e" "CARGO_TARGET_DIR=/opt/rustwide/target" "-e" "CARGO_INCREMENTAL=0" "-e" "RUST_BACKTRACE=full" "-e" "RUSTFLAGS=--cap-lints=warn" "-e" "RUSTDOCFLAGS=--cap-lints=warn" "-w" "/opt/rustwide/workdir" "--user" "0:0" "668d666a0066962fba215ea0dd58ccf89228e2039c49a0d95866e3e574fb618e" "/opt/rustwide/cargo-home/bin/cargo" "+1.100.0-beta.1" "test" "--frozen" "--no-run" "--message-format=json" "--release", kill_on_drop: false }`
[INFO] [stderr]    Compiling zucchini v0.1.0 (/opt/rustwide/workdir)
[INFO] [stderr]     Finished `release` profile [optimized] target(s) in 1.42s
[INFO] running `Command { std: "docker" "inspect" "668d666a0066962fba215ea0dd58ccf89228e2039c49a0d95866e3e574fb618e", kill_on_drop: false }`
[INFO] running `Command { std: "docker" "exec" "-e" "SOURCE_DIR=/opt/rustwide/workdir" "-e" "CARGO_HOME=/opt/rustwide/cargo-home" "-e" "RUSTUP_HOME=/opt/rustwide/rustup-home" "-e" "CARGO_TARGET_DIR=/opt/rustwide/target" "-e" "CARGO_INCREMENTAL=0" "-e" "RUST_BACKTRACE=full" "-e" "RUSTFLAGS=--cap-lints=warn" "-e" "RUSTDOCFLAGS=--cap-lints=warn" "-w" "/opt/rustwide/workdir" "--user" "0:0" "668d666a0066962fba215ea0dd58ccf89228e2039c49a0d95866e3e574fb618e" "/opt/rustwide/cargo-home/bin/cargo" "+1.100.0-beta.1" "test" "--frozen" "--release", kill_on_drop: false }`
[INFO] [stderr]     Finished `release` profile [optimized] target(s) in 0.04s
[INFO] [stderr]      Running unittests src/lib.rs (/opt/rustwide/target/release/build/zucchini/3aabcc2189006492/out/zucchini-3aabcc2189006492)
[INFO] [stdout] 
[INFO] [stdout] running 0 tests
[INFO] [stdout] 
[INFO] [stdout] test result: ok. 0 passed; 0 failed; 0 ignored; 0 measured; 0 filtered out; finished in 0.00s
[INFO] [stdout] 
[INFO] [stderr]      Running tests/chromium_testdata.rs (/opt/rustwide/target/release/build/zucchini/93ddb182c6d102b0/out/chromium_testdata-93ddb182c6d102b0)
[INFO] [stdout] 
[INFO] [stdout] running 2 tests
[INFO] [stdout] test setup_exe ... FAILED
[INFO] [stdout] test chrome64_exe ... FAILED
[INFO] [stdout] 
[INFO] [stdout] failures:
[INFO] [stdout] 
[INFO] [stdout] ---- setup_exe stdout ----
[INFO] [stdout] 
[INFO] [stdout] thread 'setup_exe' (296) panicked at tests/chromium_testdata.rs:10:9:
[INFO] [stdout] /opt/rustwide/workdir/../zucchini-sys/chromium/components/zucchini/testdata/setup1.exe: No such file or directory (os error 2)
[INFO] [stdout] Run scripts/chromium.sh to fetch Chromium's test data.
[INFO] [stdout] stack backtrace:
[INFO] [stdout]    0:     0x5631a5fb5281 - <<std[617be2ca0a6fd877]::sys::backtrace::BacktraceLock>::print::DisplayBacktrace as core[a373ad73a504971]::fmt::Display>::fmt
[INFO] [stdout]    1:     0x5631a5fc938a - core[a373ad73a504971]::fmt::write
[INFO] [stdout]    2:     0x5631a5fb94bc - <alloc[2e1b2a31b91974c5]::vec::Vec<u8> as core[a373ad73a504971]::io::write::Write>::write_fmt
[INFO] [stdout]    3:     0x5631a5f91246 - std[617be2ca0a6fd877]::panicking::default_hook::{closure#0}
[INFO] [stdout]    4:     0x5631a5fad609 - std[617be2ca0a6fd877]::panicking::default_hook
[INFO] [stdout]    5:     0x5631a5f495d0 - test[aada8e7e76ba119b]::test_main_inner::{closure#0}
[INFO] [stdout]    6:     0x5631a5fad7c2 - std[617be2ca0a6fd877]::panicking::panic_with_hook
[INFO] [stdout]    7:     0x5631a5f912f2 - std[617be2ca0a6fd877]::panicking::panic_handler::{closure#0}
[INFO] [stdout]    8:     0x5631a5f89e79 - std[617be2ca0a6fd877]::sys::backtrace::__rust_end_short_backtrace::<std[617be2ca0a6fd877]::panicking::panic_handler::{closure#0}, !>
[INFO] [stdout]    9:     0x5631a5f91efd - __rustc[ea4f61d10b84890b]::rust_begin_unwind
[INFO] [stdout]   10:     0x5631a5fc9abc - core[a373ad73a504971]::panicking::panic_fmt
[INFO] [stdout]   11:     0x5631a5f05039 - chromium_testdata[5a1cd4055527d891]::testdata::{closure#0}
[INFO] [stdout]   12:     0x5631a5f05751 - chromium_testdata[5a1cd4055527d891]::testdata
[INFO] [stdout]   13:     0x5631a5f050da - chromium_testdata[5a1cd4055527d891]::check_pair
[INFO] [stdout]   14:     0x5631a5f05ab1 - <chromium_testdata[5a1cd4055527d891]::setup_exe::{closure#0} as core[a373ad73a504971]::ops::function::FnOnce<()>>::call_once
[INFO] [stdout]   15:     0x5631a5f3ca1b - test[aada8e7e76ba119b]::__rust_begin_short_backtrace::<core[a373ad73a504971]::result::Result<(), alloc[2e1b2a31b91974c5]::string::String>, fn() -> core[a373ad73a504971]::result::Result<(), alloc[2e1b2a31b91974c5]::string::String>>
[INFO] [stdout]   16:     0x5631a5f49bf5 - test[aada8e7e76ba119b]::run_test::{closure#0}
[INFO] [stdout]   17:     0x5631a5f434e4 - std[617be2ca0a6fd877]::sys::backtrace::__rust_begin_short_backtrace::<test[aada8e7e76ba119b]::run_test::{closure#1}, ()>
[INFO] [stdout]   18:     0x5631a5f4cc82 - <std[617be2ca0a6fd877]::thread::lifecycle::spawn_unchecked<test[aada8e7e76ba119b]::run_test::{closure#1}, ()>::{closure#1} as core[a373ad73a504971]::ops::function::FnOnce<()>>::call_once::{shim:vtable#0}
[INFO] [stdout]   19:     0x5631a5fb47cf - <std[617be2ca0a6fd877]::sys::thread::unix::Thread>::new::thread_start
[INFO] [stdout]   20:     0x700b511fbdfa - <unknown>
[INFO] [stdout]   21:     0x700b5128f3d4 - clone
[INFO] [stdout]   22:                0x0 - <unknown>
[INFO] [stdout] 
[INFO] [stdout] ---- chrome64_exe stdout ----
[INFO] [stdout] 
[INFO] [stdout] thread 'chrome64_exe' (295) panicked at tests/chromium_testdata.rs:10:9:
[INFO] [stdout] /opt/rustwide/workdir/../zucchini-sys/chromium/components/zucchini/testdata/chrome64_1.exe: No such file or directory (os error 2)
[INFO] [stdout] Run scripts/chromium.sh to fetch Chromium's test data.
[INFO] [stdout] stack backtrace:
[INFO] [stdout]    0:     0x5631a5fb5281 - <<std[617be2ca0a6fd877]::sys::backtrace::BacktraceLock>::print::DisplayBacktrace as core[a373ad73a504971]::fmt::Display>::fmt
[INFO] [stdout]    1:     0x5631a5fc938a - core[a373ad73a504971]::fmt::write
[INFO] [stdout]    2:     0x5631a5fb94bc - <alloc[2e1b2a31b91974c5]::vec::Vec<u8> as core[a373ad73a504971]::io::write::Write>::write_fmt
[INFO] [stdout]    3:     0x5631a5f91246 - std[617be2ca0a6fd877]::panicking::default_hook::{closure#0}
[INFO] [stdout]    4:     0x5631a5fad609 - std[617be2ca0a6fd877]::panicking::default_hook
[INFO] [stdout]    5:     0x5631a5f495d0 - test[aada8e7e76ba119b]::test_main_inner::{closure#0}
[INFO] [stdout]    6:     0x5631a5fad7c2 - std[617be2ca0a6fd877]::panicking::panic_with_hook
[INFO] [stdout]    7:     0x5631a5f912f2 - std[617be2ca0a6fd877]::panicking::panic_handler::{closure#0}
[INFO] [stdout]    8:     0x5631a5f89e79 - std[617be2ca0a6fd877]::sys::backtrace::__rust_end_short_backtrace::<std[617be2ca0a6fd877]::panicking::panic_handler::{closure#0}, !>
[INFO] [stdout]    9:     0x5631a5f91efd - __rustc[ea4f61d10b84890b]::rust_begin_unwind
[INFO] [stdout]   10:     0x5631a5fc9abc - core[a373ad73a504971]::panicking::panic_fmt
[INFO] [stdout]   11:     0x5631a5f05039 - chromium_testdata[5a1cd4055527d891]::testdata::{closure#0}
[INFO] [stdout]   12:     0x5631a5f05751 - chromium_testdata[5a1cd4055527d891]::testdata
[INFO] [stdout]   13:     0x5631a5f050da - chromium_testdata[5a1cd4055527d891]::check_pair
[INFO] [stdout]   14:     0x5631a5f05a81 - <chromium_testdata[5a1cd4055527d891]::chrome64_exe::{closure#0} as core[a373ad73a504971]::ops::function::FnOnce<()>>::call_once
[INFO] [stdout]   15:     0x5631a5f3ca1b - test[aada8e7e76ba119b]::__rust_begin_short_backtrace::<core[a373ad73a504971]::result::Result<(), alloc[2e1b2a31b91974c5]::string::String>, fn() -> core[a373ad73a504971]::result::Result<(), alloc[2e1b2a31b91974c5]::string::String>>
[INFO] [stdout]   16:     0x5631a5f49bf5 - test[aada8e7e76ba119b]::run_test::{closure#0}
[INFO] [stdout]   17:     0x5631a5f434e4 - std[617be2ca0a6fd877]::sys::backtrace::__rust_begin_short_backtrace::<test[aada8e7e76ba119b]::run_test::{closure#1}, ()>
[INFO] [stdout]   18:     0x5631a5f4cc82 - <std[617be2ca0a6fd877]::thread::lifecycle::spawn_unchecked<test[aada8e7e76ba119b]::run_test::{closure#1}, ()>::{closure#1} as core[a373ad73a504971]::ops::function::FnOnce<()>>::call_once::{shim:vtable#0}
[INFO] [stdout]   19:     0x5631a5fb47cf - <std[617be2ca0a6fd877]::sys::thread::unix::Thread>::new::thread_start
[INFO] [stdout]   20:     0x700b511fbdfa - <unknown>
[INFO] [stdout]   21:     0x700b5128f3d4 - clone
[INFO] [stdout]   22:                0x0 - <unknown>
[INFO] [stdout] 
[INFO] [stdout] 
[INFO] [stdout] failures:
[INFO] [stdout]     chrome64_exe
[INFO] [stdout]     setup_exe
[INFO] [stdout] 
[INFO] [stdout] test result: FAILED. 0 passed; 2 failed; 0 ignored; 0 measured; 0 filtered out; finished in 0.01s
[INFO] [stdout] 
[INFO] [stderr] error: test failed, to rerun pass `--test chromium_testdata`
[INFO] running `Command { std: "docker" "inspect" "668d666a0066962fba215ea0dd58ccf89228e2039c49a0d95866e3e574fb618e", kill_on_drop: false }`
[INFO] running `Command { std: "docker" "rm" "-f" "668d666a0066962fba215ea0dd58ccf89228e2039c49a0d95866e3e574fb618e", kill_on_drop: false }`
[INFO] [stdout] 668d666a0066962fba215ea0dd58ccf89228e2039c49a0d95866e3e574fb618e
