[INFO] fetching crate ztk 0.5.2...
[INFO] testing ztk-0.5.2 against 1.100.0-beta.1+cargoflags=--release for beta-release-1.100-2
[INFO] extracting crate ztk 0.5.2 into /workspace/builds/worker-3-tc2/source
[INFO] started tweaking crates.io crate ztk 0.5.2
[INFO] removed 0 missing tests
[INFO] finished tweaking crates.io crate ztk 0.5.2
[INFO] tweaked toml for crates.io crate ztk 0.5.2 written to /workspace/builds/worker-3-tc2/source/Cargo.toml
[INFO] validating manifest of crates.io crate ztk 0.5.2 on toolchain 1.100.0-beta.1
[INFO] running `Command { std: CARGO_HOME="/workspace/cargo-home" RUSTUP_HOME="/workspace/rustup-home" "/workspace/cargo-home/bin/cargo" "+1.100.0-beta.1" "metadata" "--manifest-path" "Cargo.toml" "--no-deps", kill_on_drop: false }`
[INFO] crate crates.io crate ztk 0.5.2 already has a lockfile, it will not be regenerated
[INFO] running `Command { std: CARGO_HOME="/workspace/cargo-home" RUSTUP_HOME="/workspace/rustup-home" "/workspace/cargo-home/bin/cargo" "+1.100.0-beta.1" "fetch" "--manifest-path" "Cargo.toml", kill_on_drop: false }`
[INFO] [stderr] warning: `package.homepage` is redundant with `package.repository`
[INFO] [stderr]   --> Cargo.toml:72:12
[INFO] [stderr]    |
[INFO] [stderr] 72 | homepage = "https://github.com/0x1sma1l/ztk"
[INFO] [stderr]    |            ^^^^^^^^^^^^^^^^^^^^^^^^^^^^^^^^^
[INFO] [stderr] ...
[INFO] [stderr] 77 | repository = "https://github.com/0x1sma1l/ztk"
[INFO] [stderr]    |              ---------------------------------
[INFO] [stderr]    |
[INFO] [stderr]    = note: `cargo::redundant_homepage` is set to `warn` by default
[INFO] [stderr] help: consider removing `package.homepage`
[INFO] [stderr] warning: `ztk` (manifest) generated 1 warning
[INFO] running `Command { std: "docker" "create" "-v" "/var/lib/crater-agent-workspace/builds/worker-3-tc2/source:/opt/rustwide/workdir:ro,Z" "-v" "/var/lib/crater-agent-workspace/builds/worker-3-tc2/target:/opt/rustwide/target:rw,Z" "-v" "/var/lib/crater-agent-workspace/cargo-home:/opt/rustwide/cargo-home:ro,Z" "-v" "/var/lib/crater-agent-workspace/rustup-home:/opt/rustwide/rustup-home:ro,Z" "-m" "1610612736" "--network" "none" "ghcr.io/rust-lang/crates-build-env/linux@sha256:77db811e55d90add9212f6832c23229e3de5f1c1f9905e8cb07319ea15df73ac" "sleep" "infinity", kill_on_drop: false }`
[INFO] [stdout] 7e46a949cf3da373cfd1bb72639a6670135fc79f784ca9645401f2ebe757f0d4
[INFO] running `Command { std: "docker" "start" "7e46a949cf3da373cfd1bb72639a6670135fc79f784ca9645401f2ebe757f0d4", kill_on_drop: false }`
[INFO] running `Command { std: "docker" "inspect" "7e46a949cf3da373cfd1bb72639a6670135fc79f784ca9645401f2ebe757f0d4", kill_on_drop: false }`
[INFO] running `Command { std: "docker" "exec" "-e" "SOURCE_DIR=/opt/rustwide/workdir" "-e" "CARGO_HOME=/opt/rustwide/cargo-home" "-e" "RUSTUP_HOME=/opt/rustwide/rustup-home" "-e" "CARGO_TARGET_DIR=/opt/rustwide/target" "-w" "/opt/rustwide/workdir" "--user" "0:0" "7e46a949cf3da373cfd1bb72639a6670135fc79f784ca9645401f2ebe757f0d4" "/opt/rustwide/cargo-home/bin/cargo" "+1.100.0-beta.1" "metadata" "--no-deps" "--format-version=1", kill_on_drop: false }`
[INFO] running `Command { std: "docker" "inspect" "7e46a949cf3da373cfd1bb72639a6670135fc79f784ca9645401f2ebe757f0d4", kill_on_drop: false }`
[INFO] running `Command { std: "docker" "exec" "-e" "SOURCE_DIR=/opt/rustwide/workdir" "-e" "CARGO_HOME=/opt/rustwide/cargo-home" "-e" "RUSTUP_HOME=/opt/rustwide/rustup-home" "-e" "CARGO_TARGET_DIR=/opt/rustwide/target" "-e" "CARGO_INCREMENTAL=0" "-e" "RUST_BACKTRACE=full" "-e" "RUSTFLAGS=--cap-lints=warn" "-e" "RUSTDOCFLAGS=--cap-lints=warn" "-w" "/opt/rustwide/workdir" "--user" "0:0" "7e46a949cf3da373cfd1bb72639a6670135fc79f784ca9645401f2ebe757f0d4" "/opt/rustwide/cargo-home/bin/cargo" "+1.100.0-beta.1" "build" "--frozen" "--message-format=json" "--release", kill_on_drop: false }`
[INFO] [stderr] warning: `package.homepage` is redundant with `package.repository`
[INFO] [stderr]   --> Cargo.toml:72:12
[INFO] [stderr]    |
[INFO] [stderr] 72 | homepage = "https://github.com/0x1sma1l/ztk"
[INFO] [stderr]    |            ^^^^^^^^^^^^^^^^^^^^^^^^^^^^^^^^^
[INFO] [stderr] ...
[INFO] [stderr] 77 | repository = "https://github.com/0x1sma1l/ztk"
[INFO] [stderr]    |              ---------------------------------
[INFO] [stderr]    |
[INFO] [stderr]    = note: `cargo::redundant_homepage` is set to `warn` by default
[INFO] [stderr] help: consider removing `package.homepage`
[INFO] [stderr] warning: `ztk` (manifest) generated 1 warning
[INFO] [stderr]    Compiling proc-macro2 v1.0.106
[INFO] [stderr]    Compiling unicode-ident v1.0.24
[INFO] [stderr]    Compiling quote v1.0.44
[INFO] [stderr]    Compiling libc v0.2.182
[INFO] [stderr]    Compiling cfg-if v1.0.4
[INFO] [stderr]    Compiling log v0.4.29
[INFO] [stderr]    Compiling once_cell v1.21.3
[INFO] [stderr]    Compiling signal-hook v0.3.18
[INFO] [stderr]    Compiling parking_lot_core v0.9.12
[INFO] [stderr]    Compiling autocfg v1.5.0
[INFO] [stderr]    Compiling scopeguard v1.2.0
[INFO] [stderr]    Compiling smallvec v1.15.1
[INFO] [stderr]    Compiling memchr v2.8.0
[INFO] [stderr]    Compiling rustversion v1.0.22
[INFO] [stderr]    Compiling crossbeam-utils v0.8.21
[INFO] [stderr]    Compiling lock_api v0.4.14
[INFO] [stderr]    Compiling serde_core v1.0.228
[INFO] [stderr]    Compiling utf8parse v0.2.2
[INFO] [stderr]    Compiling bitflags v2.11.0
[INFO] [stderr]    Compiling heck v0.5.0
[INFO] [stderr]    Compiling strsim v0.11.1
[INFO] [stderr]    Compiling ident_case v1.0.1
[INFO] [stderr]    Compiling fnv v1.0.7
[INFO] [stderr]    Compiling equivalent v1.0.2
[INFO] [stderr]    Compiling tracing-core v0.1.36
[INFO] [stderr]    Compiling itoa v1.0.17
[INFO] [stderr]    Compiling unicode-width v0.1.14
[INFO] [stderr]    Compiling bitflags v1.3.2
[INFO] [stderr]    Compiling syn v2.0.117
[INFO] [stderr]    Compiling aho-corasick v1.1.4
[INFO] [stderr]    Compiling regex-syntax v0.8.10
[INFO] [stderr]    Compiling thiserror v1.0.69
[INFO] [stderr]    Compiling lazy_static v1.5.0
[INFO] [stderr]    Compiling rustix v0.38.44
[INFO] [stderr]    Compiling sharded-slab v0.1.7
[INFO] [stderr]    Compiling memoffset v0.6.5
[INFO] [stderr]    Compiling thread_local v1.1.9
[INFO] [stderr]    Compiling errno v0.3.14
[INFO] [stderr]    Compiling signal-hook-registry v1.4.8
[INFO] [stderr]    Compiling mio v0.8.11
[INFO] [stderr]    Compiling mio v1.1.1
[INFO] [stderr]    Compiling parking_lot v0.12.5
[INFO] [stderr]    Compiling foldhash v0.1.5
[INFO] [stderr]    Compiling signal-hook-mio v0.2.5
[INFO] [stderr]    Compiling regex-automata v0.4.14
[INFO] [stderr]    Compiling allocator-api2 v0.2.21
[INFO] [stderr]    Compiling serde v1.0.228
[INFO] [stderr]    Compiling linux-raw-sys v0.4.15
[INFO] [stderr]    Compiling either v1.15.0
[INFO] [stderr]    Compiling rustix v1.1.4
[INFO] [stderr]    Compiling owo-colors v4.3.0
[INFO] [stderr]    Compiling ryu v1.0.23
[INFO] [stderr]    Compiling object v0.37.3
[INFO] [stderr]    Compiling unicode-segmentation v1.12.0
[INFO] [stderr]    Compiling paste v1.0.15
[INFO] [stderr]    Compiling pin-project-lite v0.2.17
[INFO] [stderr]    Compiling tracing v0.1.44
[INFO] [stderr]    Compiling hashbrown v0.15.5
[INFO] [stderr]    Compiling convert_case v0.10.0
[INFO] [stderr]    Compiling itertools v0.13.0
[INFO] [stderr]    Compiling tracing-subscriber v0.3.22
[INFO] [stderr]    Compiling ioctl-rs v0.1.6
[INFO] [stderr]    Compiling darling_core v0.20.11
[INFO] [stderr]    Compiling serial-core v0.4.0
[INFO] [stderr]    Compiling termios v0.2.2
[INFO] [stderr]    Compiling vte_generate_state_changes v0.1.2
[INFO] [stderr]    Compiling crossbeam-epoch v0.9.18
[INFO] [stderr]    Compiling castaway v0.2.4
[INFO] [stderr]    Compiling num-traits v0.2.19
[INFO] [stderr]    Compiling anstyle-parse v0.2.7
[INFO] [stderr]    Compiling regex v1.12.3
[INFO] [stderr]    Compiling colorchoice v1.0.4
[INFO] [stderr]    Compiling is_terminal_polyfill v1.70.2
[INFO] [stderr]    Compiling linux-raw-sys v0.12.1
[INFO] [stderr]    Compiling adler2 v2.0.1
[INFO] [stderr]    Compiling anstyle-query v1.1.5
[INFO] [stderr]    Compiling color-spantrace v0.3.0
[INFO] [stderr]    Compiling anyhow v1.0.102
[INFO] [stderr]    Compiling indoc v2.0.7
[INFO] [stderr]    Compiling static_assertions v1.1.0
[INFO] [stderr]    Compiling gimli v0.32.3
[INFO] [stderr]    Compiling getrandom v0.4.2
[INFO] [stderr]    Compiling thiserror-impl v1.0.69
[INFO] [stderr]    Compiling strum_macros v0.26.4
[INFO] [stderr]    Compiling serde_derive v1.0.228
[INFO] [stderr]    Compiling eyre v0.6.12
[INFO] [stderr]    Compiling anstyle v1.0.13
[INFO] [stderr]    Compiling arrayvec v0.7.8
[INFO] [stderr]    Compiling vte v0.11.1
[INFO] [stderr]    Compiling anstream v0.6.21
[INFO] [stderr]    Compiling lazy-regex-proc_macros v3.6.0
[INFO] [stderr]    Compiling derive_more-impl v2.1.1
[INFO] [stderr]    Compiling darling_macro v0.20.11
[INFO] [stderr]    Compiling strum v0.26.3
[INFO] [stderr]    Compiling compact_str v0.8.1
[INFO] [stderr]    Compiling unicode-truncate v1.1.0
[INFO] [stderr]    Compiling darling v0.20.11
[INFO] [stderr]    Compiling miniz_oxide v0.8.9
[INFO] [stderr]    Compiling instability v0.3.7
[INFO] [stderr]    Compiling tracing-error v0.2.1
[INFO] [stderr]    Compiling crossbeam-deque v0.8.6
[INFO] [stderr]    Compiling serial-unix v0.4.0
[INFO] [stderr]    Compiling lru v0.12.5
[INFO] [stderr]    Compiling crossterm v0.28.1
[INFO] [stderr]    Compiling addr2line v0.25.1
[INFO] [stderr]    Compiling crossterm v0.23.2
[INFO] [stderr]    Compiling crossbeam-channel v0.5.15
[INFO] [stderr]    Compiling crossbeam-queue v0.3.12
[INFO] [stderr]    Compiling unicode-width v0.2.0
[INFO] [stderr]    Compiling cassowary v0.3.0
[INFO] [stderr]    Compiling litrs v1.0.0
[INFO] [stderr]    Compiling hashbrown v0.16.1
[INFO] [stderr]    Compiling pin-utils v0.1.0
[INFO] [stderr]    Compiling winnow v1.0.4
[INFO] [stderr]    Compiling clap_lex v1.0.0
[INFO] [stderr]    Compiling thiserror v2.0.18
[INFO] [stderr]    Compiling rustc-demangle v0.1.27
[INFO] [stderr]    Compiling indenter v0.3.4
[INFO] [stderr]    Compiling toml_parser v1.1.2+spec-1.1.0
[INFO] [stderr]    Compiling indexmap v2.13.0
[INFO] [stderr]    Compiling clap_builder v4.5.60
[INFO] [stderr]    Compiling document-features v0.2.12
[INFO] [stderr]    Compiling nix v0.25.1
[INFO] [stderr]    Compiling ratatui v0.29.0
[INFO] [stderr]    Compiling coolor v0.8.0
[INFO] [stderr]    Compiling crossbeam v0.8.4
[INFO] [stderr]    Compiling lazy-regex v3.6.0
[INFO] [stderr]    Compiling serial v0.4.0
[INFO] [stderr]    Compiling derive_more v2.1.1
[INFO] [stderr]    Compiling vt100 v0.15.2
[INFO] [stderr]    Compiling filedescriptor v0.8.3
[INFO] [stderr]    Compiling thiserror-impl v2.0.18
[INFO] [stderr]    Compiling clap_derive v4.5.55
[INFO] [stderr]    Compiling toml_datetime v0.7.5+spec-1.1.0
[INFO] [stderr]    Compiling serde_spanned v1.1.1
[INFO] [stderr]    Compiling minimad v0.13.1
[INFO] [stderr]    Compiling unsafe-libyaml v0.2.11
[INFO] [stderr]    Compiling toml_writer v1.1.2+spec-1.1.0
[INFO] [stderr]    Compiling backtrace v0.3.76
[INFO] [stderr]    Compiling winnow v0.7.15
[INFO] [stderr]    Compiling iana-time-zone v0.1.65
[INFO] [stderr]    Compiling fastrand v2.3.0
[INFO] [stderr]    Compiling downcast-rs v1.2.1
[INFO] [stderr]    Compiling shell-words v1.1.1
[INFO] [stderr]    Compiling tempfile v3.27.0
[INFO] [stderr]    Compiling color-eyre v0.6.5
[INFO] [stderr]    Compiling clap v4.5.60
[INFO] [stderr]    Compiling tui-term v0.2.0
[INFO] [stderr]    Compiling serde_yaml v0.9.34+deprecated
[INFO] [stderr]    Compiling chrono v0.4.44
[INFO] [stderr]    Compiling portable-pty v0.8.1
[INFO] [stderr]    Compiling toml v0.9.12+spec-1.1.0
[INFO] [stderr]    Compiling termimad v0.25.7
[INFO] [stderr]    Compiling crossterm v0.29.0
[INFO] [stderr]    Compiling shlex v1.3.0
[INFO] [stderr]    Compiling colored v3.1.1
[INFO] [stderr]    Compiling ztk v0.5.2 (/opt/rustwide/workdir)
[INFO] [stderr]     Finished `release` profile [optimized] target(s) in 2m 02s
[INFO] running `Command { std: "docker" "inspect" "7e46a949cf3da373cfd1bb72639a6670135fc79f784ca9645401f2ebe757f0d4", kill_on_drop: false }`
[INFO] running `Command { std: "docker" "exec" "-e" "SOURCE_DIR=/opt/rustwide/workdir" "-e" "CARGO_HOME=/opt/rustwide/cargo-home" "-e" "RUSTUP_HOME=/opt/rustwide/rustup-home" "-e" "CARGO_TARGET_DIR=/opt/rustwide/target" "-e" "CARGO_INCREMENTAL=0" "-e" "RUST_BACKTRACE=full" "-e" "RUSTFLAGS=--cap-lints=warn" "-e" "RUSTDOCFLAGS=--cap-lints=warn" "-w" "/opt/rustwide/workdir" "--user" "0:0" "7e46a949cf3da373cfd1bb72639a6670135fc79f784ca9645401f2ebe757f0d4" "/opt/rustwide/cargo-home/bin/cargo" "+1.100.0-beta.1" "test" "--frozen" "--no-run" "--message-format=json" "--release", kill_on_drop: false }`
[INFO] [stderr] warning: `package.homepage` is redundant with `package.repository`
[INFO] [stderr]   --> Cargo.toml:72:12
[INFO] [stderr]    |
[INFO] [stderr] 72 | homepage = "https://github.com/0x1sma1l/ztk"
[INFO] [stderr]    |            ^^^^^^^^^^^^^^^^^^^^^^^^^^^^^^^^^
[INFO] [stderr] ...
[INFO] [stderr] 77 | repository = "https://github.com/0x1sma1l/ztk"
[INFO] [stderr]    |              ---------------------------------
[INFO] [stderr]    |
[INFO] [stderr]    = note: `cargo::redundant_homepage` is set to `warn` by default
[INFO] [stderr] help: consider removing `package.homepage`
[INFO] [stderr] warning: `ztk` (manifest) generated 1 warning
[INFO] [stderr]    Compiling ztk v0.5.2 (/opt/rustwide/workdir)
[INFO] [stderr]     Finished `release` profile [optimized] target(s) in 1m 47s
[INFO] running `Command { std: "docker" "inspect" "7e46a949cf3da373cfd1bb72639a6670135fc79f784ca9645401f2ebe757f0d4", kill_on_drop: false }`
[INFO] running `Command { std: "docker" "exec" "-e" "SOURCE_DIR=/opt/rustwide/workdir" "-e" "CARGO_HOME=/opt/rustwide/cargo-home" "-e" "RUSTUP_HOME=/opt/rustwide/rustup-home" "-e" "CARGO_TARGET_DIR=/opt/rustwide/target" "-e" "CARGO_INCREMENTAL=0" "-e" "RUST_BACKTRACE=full" "-e" "RUSTFLAGS=--cap-lints=warn" "-e" "RUSTDOCFLAGS=--cap-lints=warn" "-w" "/opt/rustwide/workdir" "--user" "0:0" "7e46a949cf3da373cfd1bb72639a6670135fc79f784ca9645401f2ebe757f0d4" "/opt/rustwide/cargo-home/bin/cargo" "+1.100.0-beta.1" "test" "--frozen" "--release", kill_on_drop: false }`
[INFO] [stderr] warning: `package.homepage` is redundant with `package.repository`
[INFO] [stderr]   --> Cargo.toml:72:12
[INFO] [stderr]    |
[INFO] [stderr] 72 | homepage = "https://github.com/0x1sma1l/ztk"
[INFO] [stderr]    |            ^^^^^^^^^^^^^^^^^^^^^^^^^^^^^^^^^
[INFO] [stderr] ...
[INFO] [stderr] 77 | repository = "https://github.com/0x1sma1l/ztk"
[INFO] [stderr]    |              ---------------------------------
[INFO] [stderr]    |
[INFO] [stderr]    = note: `cargo::redundant_homepage` is set to `warn` by default
[INFO] [stderr] help: consider removing `package.homepage`
[INFO] [stderr] warning: `ztk` (manifest) generated 1 warning
[INFO] [stderr]     Finished `release` profile [optimized] target(s) in 0.19s
[INFO] [stderr]      Running unittests src/lib.rs (/opt/rustwide/target/release/build/ztk/85f97bb395543805/out/ztk-85f97bb395543805)
[INFO] [stdout] 
[INFO] [stdout] running 42 tests
[INFO] [stdout] test core::usecases::create::tests::create_validates_builds_and_saves_a_note ... ok
[INFO] [stdout] test core::usecases::create::tests::create_propagates_repository_errors ... ok
[INFO] [stdout] test core::usecases::create::tests::create_rejects_an_empty_title_before_saving ... ok
[INFO] [stdout] test core::usecases::create::tests::create_uses_the_first_available_slug_suffix ... ok
[INFO] [stdout] test core::note::tests::note_date_serializes_as_a_plain_iso_string ... ok
[INFO] [stdout] test core::note::tests::note_date_rejects_invalid_calendar_values_and_noncanonical_shapes ... ok
[INFO] [stdout] test core::note::tests::today_uses_the_local_calendar_day ... ok
[INFO] [stdout] test core::usecases::edit::tests::invalid_changes_do_not_write ... ok
[INFO] [stdout] test core::usecases::edit::tests::update_does_not_save_when_read_fails ... ok
[INFO] [stdout] test core::usecases::delete::tests::delete_note_moves_existing_note_to_trash ... ok
[INFO] [stdout] test core::note::tests::note_date_accepts_real_iso_dates_and_orders_chronologically ... ok
[INFO] [stdout] test core::usecases::edit::tests::update_supports_each_field_independently ... ok
[INFO] [stdout] test core::usecases::delete::tests::delete_note_returns_not_found_when_missing ... ok
[INFO] [stdout] test core::usecases::edit::tests::no_op_does_not_save_or_change_updated_at ... ok
[INFO] [stdout] test core::usecases::edit::tests::update_propagates_save_failure ... ok
[INFO] [stdout] test core::usecases::lint::tests::lint_turns_a_read_failure_into_a_file_issue ... ok
[INFO] [stdout] test core::usecases::edit::tests::update_can_change_each_structured_field_together ... ok
[INFO] [stdout] test core::usecases::lint::tests::lint_fix_deduplicates_tags_case_insensitively ... ok
[INFO] [stdout] test core::usecases::lint::tests::lint_propagates_save_failure_during_fix ... ok
[INFO] [stdout] test core::usecases::lint::tests::lint_reports_policy_issues_without_writing_when_fix_is_disabled ... ok
[INFO] [stdout] test core::validators::tests::slugify_is_deterministic ... ok
[INFO] [stdout] test core::validators::tests::validate_tags_accepts_valid_tags ... ok
[INFO] [stdout] test core::validators::tests::slugify_edge_cases_are_stable ... ok
[INFO] [stdout] test core::validators::tests::validate_tags_rejects_invalid_tags ... ok
[INFO] [stdout] test core::usecases::read::tests::read_propagates_repository_errors ... ok
[INFO] [stdout] test core::usecases::read::tests::read_rejects_an_invalid_slug_before_calling_repository ... ok
[INFO] [stdout] test core::usecases::read::tests::read_returns_an_existing_note ... ok
[INFO] [stdout] test core::validators::tests::duplicate_tag_detection_and_dedup_are_case_insensitive ... ok
[INFO] [stdout] test core::validators::tests::tag_value_validation_does_not_split_programmatic_values ... ok
[INFO] [stdout] test storage::frontmatter::tests::delimiter_must_be_exactly_three_dashes_on_its_own_line ... ok
[INFO] [stdout] test storage::frontmatter::tests::explicit_updated_at_is_preserved ... ok
[INFO] [stdout] test storage::frontmatter::tests::horizontal_rules_in_body_are_preserved ... ok
[INFO] [stdout] test storage::frontmatter::tests::missing_updated_at_uses_date_as_fallback ... ok
[INFO] [stdout] test storage::frontmatter::tests::parse_frontmatter_returns_error_for_invalid_yaml ... ok
[INFO] [stdout] test storage::frontmatter::tests::parser_accepts_a_closing_delimiter_at_end_of_file ... ok
[INFO] [stdout] test storage::frontmatter::tests::null_updated_at_uses_date_as_fallback ... ok
[INFO] [stdout] test storage::frontmatter::tests::parse_frontmatter_returns_error_for_missing_frontmatter ... ok
[INFO] [stdout] test storage::frontmatter::tests::parser_reports_a_missing_closing_delimiter ... ok
[INFO] [stdout] test storage::frontmatter::tests::frontmatter_roundtrip_preserves_data ... ok
[INFO] [stdout] test storage::frontmatter::tests::parser_supports_crlf_without_changing_body_line_endings ... ok
[INFO] [stdout] test storage::frontmatter::tests::parser_requires_frontmatter_to_start_on_the_first_line ... ok
[INFO] [stdout] test storage::frontmatter::tests::explicitly_empty_updated_at_is_not_silently_repaired ... ok
[INFO] [stdout] 
[INFO] [stdout] test result: ok. 42 passed; 0 failed; 0 ignored; 0 measured; 0 filtered out; finished in 0.01s
[INFO] [stdout] 
[INFO] [stderr]      Running unittests src/main.rs (/opt/rustwide/target/release/build/ztk/0ef18b96670568d4/out/ztk-0ef18b96670568d4)
[INFO] [stdout] 
[INFO] [stdout] running 56 tests
[INFO] [stdout] test args::tests::every_cli_v1_command_has_help_text ... ok
[INFO] [stdout] test args::tests::lint_help_describes_lint_only ... ok
[INFO] [stdout] test cli::delete::tests::confirmation_defaults_to_no ... ok
[INFO] [stdout] test cli::delete::tests::confirmation_reprompts_after_invalid_input ... ok
[INFO] [stdout] test args::tests::version_matches_the_package_version ... ok
[INFO] [stdout] test cli::edit::tests::empty_configured_editor_is_actionable_error ... ok
[INFO] [stdout] test cli::delete::tests::confirmation_accepts_yes_case_insensitively ... ok
[INFO] [stdout] test args::tests::cli_v1_command_set_is_explicit ... ok
[INFO] [stdout] test cli::edit::tests::missing_editor_variables_use_the_first_available_terminal_editor ... ok
[INFO] [stdout] test cli::edit::tests::missing_editor_variables_report_when_no_terminal_editor_is_available ... ok
[INFO] [stdout] test cli::edit::tests::parser_preserves_quoted_executable_and_arguments ... ok
[INFO] [stdout] test cli::trash::tests::purge_confirmation_accepts_yes ... ok
[INFO] [stdout] test cli::trash::tests::purge_confirmation_defaults_to_no ... ok
[INFO] [stdout] test cli::edit::tests::parser_rejects_unclosed_quotes ... ok
[INFO] [stdout] test cli::edit::tests::vi_vim_and_neovim_enable_absolute_and_relative_line_numbers ... ok
[INFO] [stdout] test cli::edit::tests::vim_family_detection_supports_paths_and_ignores_other_editors ... ok
[INFO] [stdout] test cli::edit::tests::visual_takes_precedence_over_editor ... ok
[INFO] [stdout] test cli::trash::tests::purge_confirmation_reprompts ... ok
[INFO] [stdout] test cli::tui::tests::restore_guard_runs_cleanup_during_unwind ... ok
[INFO] [stdout] test cli::tui::tests::restore_guard_runs_cleanup_when_dropped ... ok
[INFO] [stdout] test config::tests::absolute_and_space_containing_paths_are_preserved ... ok
[INFO] [stdout] test config::tests::platform_config_precedence_is_deterministic ... ok
[INFO] [stdout] test config::tests::platform_data_directory_precedence_is_deterministic ... ok
[INFO] [stdout] test fuzzy::tests::candidate_fields_cannot_inject_rows_or_columns ... ok
[INFO] [stdout] test fuzzy::tests::selection_extracts_only_the_slug_column ... ok
[INFO] [stdout] test tui::app::tests::help_toggle_updates_mode_consistently ... ok
[INFO] [stdout] test tui::app::tests::preview_scroll_is_bounded_and_page_aware ... ok
[INFO] [stdout] test tui::app::tests::resize_updates_status_message ... ok
[INFO] [stdout] test config::tests::precedence_is_explicit_then_environment_then_config_then_default ... ok
[INFO] [stdout] test tui::app::tests::set_notes_selects_first_note_by_default ... ok
[INFO] [stdout] test tui::app::tests::resized_preview_clamps_existing_scroll ... ok
[INFO] [stdout] test tui::app::tests::selection_change_resets_preview_scroll ... ok
[INFO] [stdout] test tui::app::tests::selection_wraps_around_in_both_directions ... ok
[INFO] [stdout] test config::tests::malformed_and_unknown_config_fields_are_rejected ... ok
[INFO] [stdout] test tui::app::tests::validation_error_preserves_mode_and_typed_input ... ok
[INFO] [stdout] test tui::app::tests::set_notes_empty_clears_selection ... ok
[INFO] [stdout] test tui::app::tests::resize_does_not_overwrite_meaningful_status_message ... ok
[INFO] [stdout] test tui::app::tests::tui_actions_create_search_and_delete_through_core_use_cases ... ok
[INFO] [stdout] test tui::events::tests::navigation_keys_update_selection ... ok
[INFO] [stdout] test tui::events::tests::help_keys_toggle_help_and_escape_closes_it ... ok
[INFO] [stdout] test tui::events::tests::only_enter_opens_read_mode_and_metadata_shortcuts_are_unbound ... ok
[INFO] [stdout] test tui::events::tests::deletion_requires_explicit_confirmation ... ok
[INFO] [stdout] test tui::events::tests::input_modes_capture_text_and_escape_cancels ... ok
[INFO] [stdout] test tui::events::tests::preview_scroll_keys_respect_bounds ... ok
[INFO] [stdout] test tui::ui::tests::editor_footer_distinguishes_applying_changes_from_detaching ... ok
[INFO] [stdout] test tui::events::tests::help_mode_blocks_navigation_and_scrolling ... ok
[INFO] [stdout] test tui::editor::tests::editor_key_encoding_supports_text_control_and_navigation ... ok
[INFO] [stdout] test tui::ui::tests::narrow_terminal_render_does_not_panic ... ok
[INFO] [stdout] test tui::events::tests::read_mode_keeps_navigation_inside_the_note_surface ... ok
[INFO] [stdout] test tui::ui::tests::action_modes_render_prompts_and_confirmation ... ok
[INFO] [stdout] test tui::events::tests::slash_opens_embedded_fuzzy_search ... ok
[INFO] [stdout] test tui::ui::tests::empty_and_short_previews_have_no_scroll_range ... ok
[INFO] [stdout] test tui::ui::tests::theme_uses_one_accent_and_preserves_the_terminal_background ... ok
[INFO] [stdout] test tui::ui::tests::wrapped_unicode_preview_is_scrollable_to_the_end ... ok
[INFO] [stdout] test tui::ui::tests::footer_renders_current_status_message ... ok
[INFO] [stdout] test tui::ui::tests::footer_renders_ready_when_status_is_empty ... ok
[INFO] [stdout] 
[INFO] [stdout] test result: ok. 56 passed; 0 failed; 0 ignored; 0 measured; 0 filtered out; finished in 0.02s
[INFO] [stdout] 
[INFO] [stderr]      Running tests/cli_contract_integration.rs (/opt/rustwide/target/release/build/ztk/7c5ad058e60417b4/out/cli_contract_integration-7c5ad058e60417b4)
[INFO] [stdout] 
[INFO] [stdout] running 4 tests
[INFO] [stdout] test version_reports_the_package_version ... ok
[INFO] [stdout] test runtime_errors_use_exit_one_and_stderr ... ok
[INFO] [stdout] test help_lists_the_complete_cli_v1_command_set ... ok
[INFO] [stdout] test clap_contract_errors_use_exit_two_and_stderr ... ok
[INFO] [stdout] 
[INFO] [stdout] test result: ok. 4 passed; 0 failed; 0 ignored; 0 measured; 0 filtered out; finished in 0.01s
[INFO] [stdout] 
[INFO] [stderr]      Running tests/config_cli_integration.rs (/opt/rustwide/target/release/build/ztk/8a5ab4d3b30f8024/out/config_cli_integration-8a5ab4d3b30f8024)
[INFO] [stdout] 
[INFO] [stdout] running 7 tests
[INFO] [stdout] test configured_path_that_is_a_file_fails_as_a_repository ... ok
[INFO] [stdout] test read_only_repository_reports_write_failure ... FAILED
[INFO] [stdout] test relative_config_path_is_resolved_beside_the_config_file ... ok
[INFO] [stdout] test malformed_or_missing_explicit_config_is_actionable ... ok
[INFO] [stdout] test environment_wins_over_config_and_resolves_from_working_directory ... ok
[INFO] [stdout] test explicit_notes_dir_wins_and_supports_spaces_and_missing_directories ... ok
[INFO] [stdout] test default_notes_directory_is_stable_and_created_automatically ... ok
[INFO] [stdout] 
[INFO] [stdout] failures:
[INFO] [stdout] 
[INFO] [stderr] error: test failed, to rerun pass `--test config_cli_integration`
[INFO] [stdout] ---- read_only_repository_reports_write_failure stdout ----
[INFO] [stdout] 
[INFO] [stdout] thread 'read_only_repository_reports_write_failure' (4125) panicked at tests/config_cli_integration.rs:158:5:
[INFO] [stdout] assertion `left == right` failed
[INFO] [stdout]   left: Some(0)
[INFO] [stdout]  right: Some(1)
[INFO] [stdout] stack backtrace:
[INFO] [stdout]    0:     0x59e19c5b9936 - <unknown>
[INFO] [stdout]    1:     0x59e19c56afea - <unknown>
[INFO] [stdout]    2:     0x59e19c5bf0ac - <unknown>
[INFO] [stdout]    3:     0x59e19c594bb2 - <unknown>
[INFO] [stdout]    4:     0x59e19c5b14c1 - <unknown>
[INFO] [stdout]    5:     0x59e19c5b16a2 - <unknown>
[INFO] [stdout]    6:     0x59e19c594c62 - <unknown>
[INFO] [stdout]    7:     0x59e19c58d839 - <unknown>
[INFO] [stdout]    8:     0x59e19c59590d - <unknown>
[INFO] [stdout]    9:     0x59e19c56b6dc - <unknown>
[INFO] [stdout]   10:     0x59e19c56b5f3 - <unknown>
[INFO] [stdout]   11:     0x59e19c564043 - <unknown>
[INFO] [stdout]   12:     0x59e19c565991 - <unknown>
[INFO] [stdout]   13:     0x59e19c5c174b - <unknown>
[INFO] [stdout]   14:     0x59e19c5cf5f4 - <unknown>
[INFO] [stdout]   15:     0x59e19c5c8d24 - <unknown>
[INFO] [stdout]   16:     0x59e19c5d33b2 - <unknown>
[INFO] [stdout]   17:     0x59e19c5b87e4 - <unknown>
[INFO] [stdout]   18:     0x722633a21dfa - <unknown>
[INFO] [stdout]   19:     0x722633ab53d4 - clone
[INFO] [stdout]   20:                0x0 - <unknown>
[INFO] [stdout] 
[INFO] [stdout] 
[INFO] [stdout] failures:
[INFO] [stdout]     read_only_repository_reports_write_failure
[INFO] [stdout] 
[INFO] [stdout] test result: FAILED. 6 passed; 1 failed; 0 ignored; 0 measured; 0 filtered out; finished in 0.03s
[INFO] [stdout] 
[INFO] running `Command { std: "docker" "inspect" "7e46a949cf3da373cfd1bb72639a6670135fc79f784ca9645401f2ebe757f0d4", kill_on_drop: false }`
[INFO] running `Command { std: "docker" "rm" "-f" "7e46a949cf3da373cfd1bb72639a6670135fc79f784ca9645401f2ebe757f0d4", kill_on_drop: false }`
[INFO] [stdout] 7e46a949cf3da373cfd1bb72639a6670135fc79f784ca9645401f2ebe757f0d4
