[INFO] fetching crate ztimer 0.1.2...
[INFO] testing ztimer-0.1.2 against 1.99.0-beta.8+cargoflags=--release for beta-release-1.100-2
[INFO] extracting crate ztimer 0.1.2 into /workspace/builds/worker-5-tc1/source
[INFO] started tweaking crates.io crate ztimer 0.1.2
[INFO] finished tweaking crates.io crate ztimer 0.1.2
[INFO] tweaked toml for crates.io crate ztimer 0.1.2 written to /workspace/builds/worker-5-tc1/source/Cargo.toml
[INFO] validating manifest of crates.io crate ztimer 0.1.2 on toolchain 1.99.0-beta.8
[INFO] running `Command { std: CARGO_HOME="/workspace/cargo-home" RUSTUP_HOME="/workspace/rustup-home" "/workspace/cargo-home/bin/cargo" "+1.99.0-beta.8" "metadata" "--manifest-path" "Cargo.toml" "--no-deps", kill_on_drop: false }`
[INFO] running `Command { std: CARGO_HOME="/workspace/cargo-home" RUSTUP_HOME="/workspace/rustup-home" "/workspace/cargo-home/bin/cargo" "+1.99.0-beta.8" "generate-lockfile" "--manifest-path" "Cargo.toml", kill_on_drop: false }`
[INFO] [stderr]     Updating crates.io index
[INFO] [stderr]      Locking 114 packages to highest compatible versions
[INFO] [stderr]       Adding thiserror v1.0.69 (available: v2.0.21)
[INFO] [stderr]       Adding thread-priority v0.16.0 (available: v3.1.1)
[INFO] running `Command { std: CARGO_HOME="/workspace/cargo-home" RUSTUP_HOME="/workspace/rustup-home" "/workspace/cargo-home/bin/cargo" "+1.99.0-beta.8" "fetch" "--manifest-path" "Cargo.toml", kill_on_drop: false }`
[INFO] [stderr]  Downloading crates ...
[INFO] [stderr]   Downloaded rblist v0.1.0
[INFO] [stderr]   Downloaded thread-priority v0.16.0
[INFO] [stderr]   Downloaded taskchain v0.1.4
[INFO] running `Command { std: "docker" "create" "-v" "/var/lib/crater-agent-workspace/builds/worker-5-tc1/source:/opt/rustwide/workdir:ro,Z" "-v" "/var/lib/crater-agent-workspace/builds/worker-5-tc1/target:/opt/rustwide/target:rw,Z" "-v" "/var/lib/crater-agent-workspace/cargo-home:/opt/rustwide/cargo-home:ro,Z" "-v" "/var/lib/crater-agent-workspace/rustup-home:/opt/rustwide/rustup-home:ro,Z" "-m" "1610612736" "--network" "none" "ghcr.io/rust-lang/crates-build-env/linux@sha256:77db811e55d90add9212f6832c23229e3de5f1c1f9905e8cb07319ea15df73ac" "sleep" "infinity", kill_on_drop: false }`
[INFO] [stdout] cb73b5bd8e0333df452d4213de6bc25fbf6b16398ce8ef0c9bfd71af2f476b8b
[INFO] running `Command { std: "docker" "start" "cb73b5bd8e0333df452d4213de6bc25fbf6b16398ce8ef0c9bfd71af2f476b8b", kill_on_drop: false }`
[INFO] running `Command { std: "docker" "inspect" "cb73b5bd8e0333df452d4213de6bc25fbf6b16398ce8ef0c9bfd71af2f476b8b", kill_on_drop: false }`
[INFO] running `Command { std: "docker" "exec" "-e" "SOURCE_DIR=/opt/rustwide/workdir" "-e" "CARGO_HOME=/opt/rustwide/cargo-home" "-e" "RUSTUP_HOME=/opt/rustwide/rustup-home" "-e" "CARGO_TARGET_DIR=/opt/rustwide/target" "-w" "/opt/rustwide/workdir" "--user" "0:0" "cb73b5bd8e0333df452d4213de6bc25fbf6b16398ce8ef0c9bfd71af2f476b8b" "/opt/rustwide/cargo-home/bin/cargo" "+1.99.0-beta.8" "metadata" "--no-deps" "--format-version=1", kill_on_drop: false }`
[INFO] running `Command { std: "docker" "inspect" "cb73b5bd8e0333df452d4213de6bc25fbf6b16398ce8ef0c9bfd71af2f476b8b", kill_on_drop: false }`
[INFO] running `Command { std: "docker" "exec" "-e" "SOURCE_DIR=/opt/rustwide/workdir" "-e" "CARGO_HOME=/opt/rustwide/cargo-home" "-e" "RUSTUP_HOME=/opt/rustwide/rustup-home" "-e" "CARGO_TARGET_DIR=/opt/rustwide/target" "-e" "CARGO_INCREMENTAL=0" "-e" "RUST_BACKTRACE=full" "-e" "RUSTFLAGS=--cap-lints=warn" "-e" "RUSTDOCFLAGS=--cap-lints=warn" "-w" "/opt/rustwide/workdir" "--user" "0:0" "cb73b5bd8e0333df452d4213de6bc25fbf6b16398ce8ef0c9bfd71af2f476b8b" "/opt/rustwide/cargo-home/bin/cargo" "+1.99.0-beta.8" "build" "--frozen" "--message-format=json" "--release", kill_on_drop: false }`
[INFO] [stderr]    Compiling libc v0.2.191
[INFO] [stderr]    Compiling crossbeam-deque v0.8.8
[INFO] [stderr]    Compiling crossbeam-utils v0.8.23
[INFO] [stderr]    Compiling crossbeam-epoch v0.9.21
[INFO] [stderr]    Compiling thiserror v1.0.69
[INFO] [stderr]    Compiling syn v2.0.119
[INFO] [stderr]    Compiling log v0.4.34
[INFO] [stderr]    Compiling bitflags v2.13.2
[INFO] [stderr]    Compiling strum v0.28.0
[INFO] [stderr]    Compiling crossbeam-queue v0.3.14
[INFO] [stderr]    Compiling crossbeam-channel v0.5.17
[INFO] [stderr]    Compiling crossbeam v0.8.5
[INFO] [stderr]    Compiling num_cpus v1.17.0
[INFO] [stderr]    Compiling thread-priority v0.16.0
[INFO] [stderr]    Compiling thiserror-impl v1.0.69
[INFO] [stderr]    Compiling strum_macros v0.28.0
[INFO] [stderr]    Compiling rblist v0.1.0
[INFO] [stderr]    Compiling ztimer v0.1.2 (/opt/rustwide/workdir)
[INFO] [stdout] warning: creating a shared reference to mutable static
[INFO] [stdout]   --> src/inner/clock.rs:51:26
[INFO] [stdout]    |
[INFO] [stdout] 51 |             id: unsafe { CLOCK_ID.fetch_add(1, Ordering::Relaxed) },
[INFO] [stdout]    |                          ^^^^^^^^^^^^^^^^^^^^^^^^^^^^^^^^^^^^^^^^ shared reference to mutable static
[INFO] [stdout]    |
[INFO] [stdout]    = note: shared references to mutable statics are dangerous; it's undefined behavior if the static is mutated or if a mutable reference is created for it while the shared reference lives
[INFO] [stdout]    = note: for more information, see <https://doc.rust-lang.org/edition-guide/rust-2024/static-mut-references.html>
[INFO] [stdout]    = note: `#[warn(static_mut_refs)]` (part of `#[warn(rust_2024_compatibility)]`) on by default
[INFO] [stdout] help: this type already provides "interior mutability", so its binding doesn't need to be declared as mutable when borrowed with a shared reference
[INFO] [stdout]    |
[INFO] [stdout] 30 - static mut CLOCK_ID: AtomicUsize = AtomicUsize::new(1);
[INFO] [stdout] 30 + static CLOCK_ID: AtomicUsize = AtomicUsize::new(1);
[INFO] [stdout]    |
[INFO] [stdout] 
[INFO] [stdout] 
[INFO] [stdout] warning: creating a shared reference to mutable static
[INFO] [stdout]    --> src/inner/clock.rs:117:26
[INFO] [stdout]     |
[INFO] [stdout] 117 |             id: unsafe { CLOCK_ID.fetch_add(1, Ordering::Relaxed) },
[INFO] [stdout]     |                          ^^^^^^^^^^^^^^^^^^^^^^^^^^^^^^^^^^^^^^^^ shared reference to mutable static
[INFO] [stdout]     |
[INFO] [stdout]     = note: shared references to mutable statics are dangerous; it's undefined behavior if the static is mutated or if a mutable reference is created for it while the shared reference lives
[INFO] [stdout]     = note: for more information, see <https://doc.rust-lang.org/edition-guide/rust-2024/static-mut-references.html>
[INFO] [stdout] help: this type already provides "interior mutability", so its binding doesn't need to be declared as mutable when borrowed with a shared reference
[INFO] [stdout]     |
[INFO] [stdout]  30 - static mut CLOCK_ID: AtomicUsize = AtomicUsize::new(1);
[INFO] [stdout]  30 + static CLOCK_ID: AtomicUsize = AtomicUsize::new(1);
[INFO] [stdout]     |
[INFO] [stdout] 
[INFO] [stdout] 
[INFO] [stderr]     Finished `release` profile [optimized] target(s) in 16.92s
[INFO] running `Command { std: "docker" "inspect" "cb73b5bd8e0333df452d4213de6bc25fbf6b16398ce8ef0c9bfd71af2f476b8b", kill_on_drop: false }`
[INFO] running `Command { std: "docker" "exec" "-e" "SOURCE_DIR=/opt/rustwide/workdir" "-e" "CARGO_HOME=/opt/rustwide/cargo-home" "-e" "RUSTUP_HOME=/opt/rustwide/rustup-home" "-e" "CARGO_TARGET_DIR=/opt/rustwide/target" "-e" "CARGO_INCREMENTAL=0" "-e" "RUST_BACKTRACE=full" "-e" "RUSTFLAGS=--cap-lints=warn" "-e" "RUSTDOCFLAGS=--cap-lints=warn" "-w" "/opt/rustwide/workdir" "--user" "0:0" "cb73b5bd8e0333df452d4213de6bc25fbf6b16398ce8ef0c9bfd71af2f476b8b" "/opt/rustwide/cargo-home/bin/cargo" "+1.99.0-beta.8" "test" "--frozen" "--no-run" "--message-format=json" "--release", kill_on_drop: false }`
[INFO] [stderr]    Compiling syn v2.0.119
[INFO] [stderr]    Compiling crossbeam-deque v0.8.8
[INFO] [stderr]    Compiling log v0.4.34
[INFO] [stderr]    Compiling zerocopy v0.8.63
[INFO] [stderr]    Compiling aho-corasick v1.1.5
[INFO] [stderr]    Compiling anstyle v1.0.14
[INFO] [stderr]    Compiling num-traits v0.2.19
[INFO] [stderr]    Compiling either v1.19.0
[INFO] [stderr]    Compiling serde v1.0.229
[INFO] [stderr]    Compiling alloca v0.4.0
[INFO] [stderr]    Compiling clap_lex v1.1.1
[INFO] [stderr]    Compiling ciborium-io v0.2.2
[INFO] [stderr]    Compiling plotters-backend v0.3.7
[INFO] [stderr]    Compiling rayon-core v1.13.0
[INFO] [stderr]    Compiling itertools v0.13.0
[INFO] [stderr]    Compiling clap_builder v4.6.7
[INFO] [stderr]    Compiling plotters-svg v0.3.7
[INFO] [stderr]    Compiling anstyle-parse v1.0.0
[INFO] [stderr]    Compiling serde_json v1.0.154
[INFO] [stderr]    Compiling jiff-core v0.1.1
[INFO] [stderr]    Compiling regex-automata v0.4.18
[INFO] [stderr]    Compiling colorchoice v1.0.5
[INFO] [stderr]    Compiling cast v0.3.0
[INFO] [stderr]    Compiling criterion-plot v0.8.2
[INFO] [stderr]    Compiling jiff v0.2.38
[INFO] [stderr]    Compiling clap v4.6.7
[INFO] [stderr]    Compiling anstream v1.0.0
[INFO] [stderr]    Compiling thread-priority v0.16.0
[INFO] [stderr]    Compiling tinytemplate v1.2.1
[INFO] [stderr]    Compiling plotters v0.3.7
[INFO] [stderr]    Compiling crossbeam v0.8.5
[INFO] [stderr]    Compiling rayon v1.12.0
[INFO] [stderr]    Compiling zerocopy-derive v0.8.63
[INFO] [stderr]    Compiling thiserror-impl v1.0.69
[INFO] [stderr]    Compiling regex v1.13.1
[INFO] [stderr]    Compiling thiserror v1.0.69
[INFO] [stderr]    Compiling strum_macros v0.28.0
[INFO] [stderr]    Compiling env_filter v2.0.0
[INFO] [stderr]    Compiling page_size v0.6.0
[INFO] [stderr]    Compiling diff v0.1.13
[INFO] [stderr]    Compiling anes v0.1.6
[INFO] [stderr]    Compiling oorandom v11.1.5
[INFO] [stderr]    Compiling yansi v1.0.1
[INFO] [stderr]    Compiling env_logger v0.11.11
[INFO] [stderr]    Compiling pretty_assertions v1.4.1
[INFO] [stderr]    Compiling rblist v0.1.0
[INFO] [stderr]    Compiling taskchain v0.1.4
[INFO] [stderr]    Compiling ztimer v0.1.2 (/opt/rustwide/workdir)
[INFO] [stdout] warning: creating a shared reference to mutable static
[INFO] [stdout]   --> src/inner/clock.rs:51:26
[INFO] [stdout]    |
[INFO] [stdout] 51 |             id: unsafe { CLOCK_ID.fetch_add(1, Ordering::Relaxed) },
[INFO] [stdout]    |                          ^^^^^^^^^^^^^^^^^^^^^^^^^^^^^^^^^^^^^^^^ shared reference to mutable static
[INFO] [stdout]    |
[INFO] [stdout]    = note: shared references to mutable statics are dangerous; it's undefined behavior if the static is mutated or if a mutable reference is created for it while the shared reference lives
[INFO] [stdout]    = note: for more information, see <https://doc.rust-lang.org/edition-guide/rust-2024/static-mut-references.html>
[INFO] [stdout]    = note: `#[warn(static_mut_refs)]` (part of `#[warn(rust_2024_compatibility)]`) on by default
[INFO] [stdout] help: this type already provides "interior mutability", so its binding doesn't need to be declared as mutable when borrowed with a shared reference
[INFO] [stdout]    |
[INFO] [stdout] 30 - static mut CLOCK_ID: AtomicUsize = AtomicUsize::new(1);
[INFO] [stdout] 30 + static CLOCK_ID: AtomicUsize = AtomicUsize::new(1);
[INFO] [stdout]    |
[INFO] [stdout] 
[INFO] [stdout] 
[INFO] [stdout] warning: creating a shared reference to mutable static
[INFO] [stdout]    --> src/inner/clock.rs:117:26
[INFO] [stdout]     |
[INFO] [stdout] 117 |             id: unsafe { CLOCK_ID.fetch_add(1, Ordering::Relaxed) },
[INFO] [stdout]     |                          ^^^^^^^^^^^^^^^^^^^^^^^^^^^^^^^^^^^^^^^^ shared reference to mutable static
[INFO] [stdout]     |
[INFO] [stdout]     = note: shared references to mutable statics are dangerous; it's undefined behavior if the static is mutated or if a mutable reference is created for it while the shared reference lives
[INFO] [stdout]     = note: for more information, see <https://doc.rust-lang.org/edition-guide/rust-2024/static-mut-references.html>
[INFO] [stdout] help: this type already provides "interior mutability", so its binding doesn't need to be declared as mutable when borrowed with a shared reference
[INFO] [stdout]     |
[INFO] [stdout]  30 - static mut CLOCK_ID: AtomicUsize = AtomicUsize::new(1);
[INFO] [stdout]  30 + static CLOCK_ID: AtomicUsize = AtomicUsize::new(1);
[INFO] [stdout]     |
[INFO] [stdout] 
[INFO] [stdout] 
[INFO] [stderr]    Compiling half v2.7.1
[INFO] [stderr]    Compiling ciborium-ll v0.2.2
[INFO] [stderr]    Compiling ciborium v0.2.2
[INFO] [stderr]    Compiling criterion v0.8.2
[INFO] [stdout] warning: creating a shared reference to mutable static
[INFO] [stdout]   --> src/inner/clock.rs:51:26
[INFO] [stdout]    |
[INFO] [stdout] 51 |             id: unsafe { CLOCK_ID.fetch_add(1, Ordering::Relaxed) },
[INFO] [stdout]    |                          ^^^^^^^^^^^^^^^^^^^^^^^^^^^^^^^^^^^^^^^^ shared reference to mutable static
[INFO] [stdout]    |
[INFO] [stdout]    = note: shared references to mutable statics are dangerous; it's undefined behavior if the static is mutated or if a mutable reference is created for it while the shared reference lives
[INFO] [stdout]    = note: for more information, see <https://doc.rust-lang.org/edition-guide/rust-2024/static-mut-references.html>
[INFO] [stdout]    = note: `#[warn(static_mut_refs)]` (part of `#[warn(rust_2024_compatibility)]`) on by default
[INFO] [stdout] help: this type already provides "interior mutability", so its binding doesn't need to be declared as mutable when borrowed with a shared reference
[INFO] [stdout]    |
[INFO] [stdout] 30 - static mut CLOCK_ID: AtomicUsize = AtomicUsize::new(1);
[INFO] [stdout] 30 + static CLOCK_ID: AtomicUsize = AtomicUsize::new(1);
[INFO] [stdout]    |
[INFO] [stdout] 
[INFO] [stdout] 
[INFO] [stdout] warning: creating a shared reference to mutable static
[INFO] [stdout]    --> src/inner/clock.rs:117:26
[INFO] [stdout]     |
[INFO] [stdout] 117 |             id: unsafe { CLOCK_ID.fetch_add(1, Ordering::Relaxed) },
[INFO] [stdout]     |                          ^^^^^^^^^^^^^^^^^^^^^^^^^^^^^^^^^^^^^^^^ shared reference to mutable static
[INFO] [stdout]     |
[INFO] [stdout]     = note: shared references to mutable statics are dangerous; it's undefined behavior if the static is mutated or if a mutable reference is created for it while the shared reference lives
[INFO] [stdout]     = note: for more information, see <https://doc.rust-lang.org/edition-guide/rust-2024/static-mut-references.html>
[INFO] [stdout] help: this type already provides "interior mutability", so its binding doesn't need to be declared as mutable when borrowed with a shared reference
[INFO] [stdout]     |
[INFO] [stdout]  30 - static mut CLOCK_ID: AtomicUsize = AtomicUsize::new(1);
[INFO] [stdout]  30 + static CLOCK_ID: AtomicUsize = AtomicUsize::new(1);
[INFO] [stdout]     |
[INFO] [stdout] 
[INFO] [stdout] 
[INFO] [stdout] warning: creating a shared reference to mutable static
[INFO] [stdout]    --> src/lib.rs:352:13
[INFO] [stdout]     |
[INFO] [stdout] 352 |             SEQ.fetch_add(1, Ordering::Relaxed)
[INFO] [stdout]     |             ^^^^^^^^^^^^^^^^^^^^^^^^^^^^^^^^^^^ shared reference to mutable static
[INFO] [stdout]     |
[INFO] [stdout]     = note: shared references to mutable statics are dangerous; it's undefined behavior if the static is mutated or if a mutable reference is created for it while the shared reference lives
[INFO] [stdout]     = note: for more information, see <https://doc.rust-lang.org/edition-guide/rust-2024/static-mut-references.html>
[INFO] [stdout] help: this type already provides "interior mutability", so its binding doesn't need to be declared as mutable when borrowed with a shared reference
[INFO] [stdout]     |
[INFO] [stdout] 333 -     static mut SEQ: AtomicUsize = AtomicUsize::new(1);
[INFO] [stdout] 333 +     static SEQ: AtomicUsize = AtomicUsize::new(1);
[INFO] [stdout]     |
[INFO] [stdout] 
[INFO] [stdout] 
[INFO] [stdout] warning: creating a shared reference to mutable static
[INFO] [stdout]    --> src/lib.rs:396:13
[INFO] [stdout]     |
[INFO] [stdout] 396 |             SEQ.fetch_add(1, Ordering::Relaxed)
[INFO] [stdout]     |             ^^^^^^^^^^^^^^^^^^^^^^^^^^^^^^^^^^^ shared reference to mutable static
[INFO] [stdout]     |
[INFO] [stdout]     = note: shared references to mutable statics are dangerous; it's undefined behavior if the static is mutated or if a mutable reference is created for it while the shared reference lives
[INFO] [stdout]     = note: for more information, see <https://doc.rust-lang.org/edition-guide/rust-2024/static-mut-references.html>
[INFO] [stdout] help: this type already provides "interior mutability", so its binding doesn't need to be declared as mutable when borrowed with a shared reference
[INFO] [stdout]     |
[INFO] [stdout] 333 -     static mut SEQ: AtomicUsize = AtomicUsize::new(1);
[INFO] [stdout] 333 +     static SEQ: AtomicUsize = AtomicUsize::new(1);
[INFO] [stdout]     |
[INFO] [stdout] 
[INFO] [stdout] 
[INFO] [stdout] warning: creating a shared reference to mutable static
[INFO] [stdout]    --> src/lib.rs:441:13
[INFO] [stdout]     |
[INFO] [stdout] 441 |             SEQ.fetch_add(1, Ordering::Relaxed)
[INFO] [stdout]     |             ^^^^^^^^^^^^^^^^^^^^^^^^^^^^^^^^^^^ shared reference to mutable static
[INFO] [stdout]     |
[INFO] [stdout]     = note: shared references to mutable statics are dangerous; it's undefined behavior if the static is mutated or if a mutable reference is created for it while the shared reference lives
[INFO] [stdout]     = note: for more information, see <https://doc.rust-lang.org/edition-guide/rust-2024/static-mut-references.html>
[INFO] [stdout] help: this type already provides "interior mutability", so its binding doesn't need to be declared as mutable when borrowed with a shared reference
[INFO] [stdout]     |
[INFO] [stdout] 333 -     static mut SEQ: AtomicUsize = AtomicUsize::new(1);
[INFO] [stdout] 333 +     static SEQ: AtomicUsize = AtomicUsize::new(1);
[INFO] [stdout]     |
[INFO] [stdout] 
[INFO] [stdout] 
[INFO] [stdout] warning: creating a shared reference to mutable static
[INFO] [stdout]    --> src/lib.rs:704:25
[INFO] [stdout]     |
[INFO] [stdout] 704 |                         SEQ.fetch_add(1, Ordering::Relaxed)
[INFO] [stdout]     |                         ^^^^^^^^^^^^^^^^^^^^^^^^^^^^^^^^^^^ shared reference to mutable static
[INFO] [stdout]     |
[INFO] [stdout]     = note: shared references to mutable statics are dangerous; it's undefined behavior if the static is mutated or if a mutable reference is created for it while the shared reference lives
[INFO] [stdout]     = note: for more information, see <https://doc.rust-lang.org/edition-guide/rust-2024/static-mut-references.html>
[INFO] [stdout] help: this type already provides "interior mutability", so its binding doesn't need to be declared as mutable when borrowed with a shared reference
[INFO] [stdout]     |
[INFO] [stdout] 333 -     static mut SEQ: AtomicUsize = AtomicUsize::new(1);
[INFO] [stdout] 333 +     static SEQ: AtomicUsize = AtomicUsize::new(1);
[INFO] [stdout]     |
[INFO] [stdout] 
[INFO] [stdout] 
[INFO] [stdout] warning: creating a shared reference to mutable static
[INFO] [stdout]    --> src/lib.rs:711:33
[INFO] [stdout]     |
[INFO] [stdout] 711 | ...                   SEQ.fetch_add(1, Ordering::Relaxed)
[INFO] [stdout]     |                       ^^^^^^^^^^^^^^^^^^^^^^^^^^^^^^^^^^^ shared reference to mutable static
[INFO] [stdout]     |
[INFO] [stdout]     = note: shared references to mutable statics are dangerous; it's undefined behavior if the static is mutated or if a mutable reference is created for it while the shared reference lives
[INFO] [stdout]     = note: for more information, see <https://doc.rust-lang.org/edition-guide/rust-2024/static-mut-references.html>
[INFO] [stdout] help: this type already provides "interior mutability", so its binding doesn't need to be declared as mutable when borrowed with a shared reference
[INFO] [stdout]     |
[INFO] [stdout] 333 -     static mut SEQ: AtomicUsize = AtomicUsize::new(1);
[INFO] [stdout] 333 +     static SEQ: AtomicUsize = AtomicUsize::new(1);
[INFO] [stdout]     |
[INFO] [stdout] 
[INFO] [stdout] 
[INFO] [stderr]     Finished `release` profile [optimized] target(s) in 1m 51s
[INFO] running `Command { std: "docker" "inspect" "cb73b5bd8e0333df452d4213de6bc25fbf6b16398ce8ef0c9bfd71af2f476b8b", kill_on_drop: false }`
[INFO] running `Command { std: "docker" "exec" "-e" "SOURCE_DIR=/opt/rustwide/workdir" "-e" "CARGO_HOME=/opt/rustwide/cargo-home" "-e" "RUSTUP_HOME=/opt/rustwide/rustup-home" "-e" "CARGO_TARGET_DIR=/opt/rustwide/target" "-e" "CARGO_INCREMENTAL=0" "-e" "RUST_BACKTRACE=full" "-e" "RUSTFLAGS=--cap-lints=warn" "-e" "RUSTDOCFLAGS=--cap-lints=warn" "-w" "/opt/rustwide/workdir" "--user" "0:0" "cb73b5bd8e0333df452d4213de6bc25fbf6b16398ce8ef0c9bfd71af2f476b8b" "/opt/rustwide/cargo-home/bin/cargo" "+1.99.0-beta.8" "test" "--frozen" "--release", kill_on_drop: false }`
[INFO] [stderr] warning: creating a shared reference to mutable static
[INFO] [stderr]   --> src/inner/clock.rs:51:26
[INFO] [stderr]    |
[INFO] [stderr] 51 |             id: unsafe { CLOCK_ID.fetch_add(1, Ordering::Relaxed) },
[INFO] [stderr]    |                          ^^^^^^^^^^^^^^^^^^^^^^^^^^^^^^^^^^^^^^^^ shared reference to mutable static
[INFO] [stderr]    |
[INFO] [stderr]    = note: shared references to mutable statics are dangerous; it's undefined behavior if the static is mutated or if a mutable reference is created for it while the shared reference lives
[INFO] [stderr]    = note: for more information, see <https://doc.rust-lang.org/edition-guide/rust-2024/static-mut-references.html>
[INFO] [stderr]    = note: `#[warn(static_mut_refs)]` (part of `#[warn(rust_2024_compatibility)]`) on by default
[INFO] [stderr] help: this type already provides "interior mutability", so its binding doesn't need to be declared as mutable when borrowed with a shared reference
[INFO] [stderr]    |
[INFO] [stderr] 30 - static mut CLOCK_ID: AtomicUsize = AtomicUsize::new(1);
[INFO] [stderr] 30 + static CLOCK_ID: AtomicUsize = AtomicUsize::new(1);
[INFO] [stderr]    |
[INFO] [stderr] 
[INFO] [stderr] warning: creating a shared reference to mutable static
[INFO] [stderr]    --> src/inner/clock.rs:117:26
[INFO] [stderr]     |
[INFO] [stderr] 117 |             id: unsafe { CLOCK_ID.fetch_add(1, Ordering::Relaxed) },
[INFO] [stderr]     |                          ^^^^^^^^^^^^^^^^^^^^^^^^^^^^^^^^^^^^^^^^ shared reference to mutable static
[INFO] [stderr]     |
[INFO] [stderr]     = note: shared references to mutable statics are dangerous; it's undefined behavior if the static is mutated or if a mutable reference is created for it while the shared reference lives
[INFO] [stderr]     = note: for more information, see <https://doc.rust-lang.org/edition-guide/rust-2024/static-mut-references.html>
[INFO] [stderr] help: this type already provides "interior mutability", so its binding doesn't need to be declared as mutable when borrowed with a shared reference
[INFO] [stderr]     |
[INFO] [stderr]  30 - static mut CLOCK_ID: AtomicUsize = AtomicUsize::new(1);
[INFO] [stderr]  30 + static CLOCK_ID: AtomicUsize = AtomicUsize::new(1);
[INFO] [stderr]     |
[INFO] [stderr] 
[INFO] [stderr] warning: `ztimer` (lib) generated 2 warnings
[INFO] [stderr] warning: creating a shared reference to mutable static
[INFO] [stderr]    --> src/lib.rs:352:13
[INFO] [stderr]     |
[INFO] [stderr] 352 |             SEQ.fetch_add(1, Ordering::Relaxed)
[INFO] [stderr]     |             ^^^^^^^^^^^^^^^^^^^^^^^^^^^^^^^^^^^ shared reference to mutable static
[INFO] [stderr]     |
[INFO] [stderr]     = note: shared references to mutable statics are dangerous; it's undefined behavior if the static is mutated or if a mutable reference is created for it while the shared reference lives
[INFO] [stderr]     = note: for more information, see <https://doc.rust-lang.org/edition-guide/rust-2024/static-mut-references.html>
[INFO] [stderr] help: this type already provides "interior mutability", so its binding doesn't need to be declared as mutable when borrowed with a shared reference
[INFO] [stderr]     |
[INFO] [stderr] 333 -     static mut SEQ: AtomicUsize = AtomicUsize::new(1);
[INFO] [stderr] 333 +     static SEQ: AtomicUsize = AtomicUsize::new(1);
[INFO] [stderr]     |
[INFO] [stderr] 
[INFO] [stderr] warning: creating a shared reference to mutable static
[INFO] [stderr]    --> src/lib.rs:396:13
[INFO] [stderr]     |
[INFO] [stderr] 396 |             SEQ.fetch_add(1, Ordering::Relaxed)
[INFO] [stderr]     |             ^^^^^^^^^^^^^^^^^^^^^^^^^^^^^^^^^^^ shared reference to mutable static
[INFO] [stderr]     |
[INFO] [stderr]     = note: shared references to mutable statics are dangerous; it's undefined behavior if the static is mutated or if a mutable reference is created for it while the shared reference lives
[INFO] [stderr]     = note: for more information, see <https://doc.rust-lang.org/edition-guide/rust-2024/static-mut-references.html>
[INFO] [stderr] help: this type already provides "interior mutability", so its binding doesn't need to be declared as mutable when borrowed with a shared reference
[INFO] [stderr]     |
[INFO] [stderr] 333 -     static mut SEQ: AtomicUsize = AtomicUsize::new(1);
[INFO] [stderr] 333 +     static SEQ: AtomicUsize = AtomicUsize::new(1);
[INFO] [stderr]     |
[INFO] [stderr] 
[INFO] [stderr] warning: creating a shared reference to mutable static
[INFO] [stderr]    --> src/lib.rs:441:13
[INFO] [stderr]     |
[INFO] [stderr] 441 |             SEQ.fetch_add(1, Ordering::Relaxed)
[INFO] [stderr]     |             ^^^^^^^^^^^^^^^^^^^^^^^^^^^^^^^^^^^ shared reference to mutable static
[INFO] [stderr]     |
[INFO] [stderr]     = note: shared references to mutable statics are dangerous; it's undefined behavior if the static is mutated or if a mutable reference is created for it while the shared reference lives
[INFO] [stderr]     = note: for more information, see <https://doc.rust-lang.org/edition-guide/rust-2024/static-mut-references.html>
[INFO] [stderr] help: this type already provides "interior mutability", so its binding doesn't need to be declared as mutable when borrowed with a shared reference
[INFO] [stderr]     |
[INFO] [stderr] 333 -     static mut SEQ: AtomicUsize = AtomicUsize::new(1);
[INFO] [stderr] 333 +     static SEQ: AtomicUsize = AtomicUsize::new(1);
[INFO] [stderr]     |
[INFO] [stderr] 
[INFO] [stderr] warning: creating a shared reference to mutable static
[INFO] [stderr]    --> src/lib.rs:704:25
[INFO] [stderr]     |
[INFO] [stderr] 704 |                         SEQ.fetch_add(1, Ordering::Relaxed)
[INFO] [stderr]     |                         ^^^^^^^^^^^^^^^^^^^^^^^^^^^^^^^^^^^ shared reference to mutable static
[INFO] [stderr]     |
[INFO] [stderr]     = note: shared references to mutable statics are dangerous; it's undefined behavior if the static is mutated or if a mutable reference is created for it while the shared reference lives
[INFO] [stderr]     = note: for more information, see <https://doc.rust-lang.org/edition-guide/rust-2024/static-mut-references.html>
[INFO] [stderr] help: this type already provides "interior mutability", so its binding doesn't need to be declared as mutable when borrowed with a shared reference
[INFO] [stderr]     |
[INFO] [stderr] 333 -     static mut SEQ: AtomicUsize = AtomicUsize::new(1);
[INFO] [stderr] 333 +     static SEQ: AtomicUsize = AtomicUsize::new(1);
[INFO] [stderr]     |
[INFO] [stderr] 
[INFO] [stderr] warning: creating a shared reference to mutable static
[INFO] [stderr]    --> src/lib.rs:711:33
[INFO] [stderr]     |
[INFO] [stderr] 711 | ...                   SEQ.fetch_add(1, Ordering::Relaxed)
[INFO] [stderr]     |                       ^^^^^^^^^^^^^^^^^^^^^^^^^^^^^^^^^^^ shared reference to mutable static
[INFO] [stderr]     |
[INFO] [stderr]     = note: shared references to mutable statics are dangerous; it's undefined behavior if the static is mutated or if a mutable reference is created for it while the shared reference lives
[INFO] [stderr]     = note: for more information, see <https://doc.rust-lang.org/edition-guide/rust-2024/static-mut-references.html>
[INFO] [stderr] help: this type already provides "interior mutability", so its binding doesn't need to be declared as mutable when borrowed with a shared reference
[INFO] [stderr]     |
[INFO] [stderr] 333 -     static mut SEQ: AtomicUsize = AtomicUsize::new(1);
[INFO] [stderr] 333 +     static SEQ: AtomicUsize = AtomicUsize::new(1);
[INFO] [stderr]     |
[INFO] [stderr] 
[INFO] [stderr] warning: `ztimer` (lib test) generated 7 warnings (2 duplicates)
[INFO] [stderr]     Finished `release` profile [optimized] target(s) in 0.10s
[INFO] [stderr]      Running unittests src/lib.rs (/opt/rustwide/target/release/deps/ztimer-fbb2774f6aebcc10)
[INFO] [stdout] 
[INFO] [stdout] running 50 tests
[INFO] [stdout] test inner::clock::tests::test_this ... ok
[INFO] [stdout] test inner::clock::tests::test_timer_expire_1 ... ok
[INFO] [stdout] test inner::clock::tests::test_timer_combined ... ok
[INFO] [stdout] test inner::clock::tests::test_new_timer ... ok
[INFO] [stdout] test inner::clock::tests::test_cancel_timer ... ok
[INFO] [stderr] [2026-10-18T20:40:26Z WARN  ztimer::inner::clock::tests] test_timer_expire_3_4_5_helper with n=1
[INFO] [stderr] [2026-10-18T20:40:26Z WARN  ztimer::inner::clock::tests] test_timer_expire_3_4_5_helper with n=3
[INFO] [stderr] [2026-10-18T20:40:26Z WARN  ztimer::inner::clock::tests] test_timer_expire_3_4_5_helper with n=32
[INFO] [stderr] [2026-10-18T20:40:26Z WARN  ztimer::inner::clock::tests] test_timer_expire_3_4_5_helper with n=33
[INFO] [stderr] [2026-10-18T20:40:26Z WARN  ztimer::inner::clock::tests] test_timer_expire_3_4_5_helper with n=34
[INFO] [stderr] [2026-10-18T20:40:26Z WARN  ztimer::inner::clock::tests] test_timer_expire_3_4_5_helper with n=49
[INFO] [stderr] [2026-10-18T20:40:26Z WARN  ztimer::inner::clock::tests] test_timer_expire_3_4_5_helper with n=50
[INFO] [stderr] [2026-10-18T20:40:26Z WARN  ztimer::inner::clock::tests] test_timer_expire_3_4_5_helper with n=51
[INFO] [stderr] [2026-10-18T20:40:26Z WARN  ztimer::inner::clock::tests] test_timer_expire_3_4_5_helper with n=66
[INFO] [stderr] [2026-10-18T20:40:26Z WARN  ztimer::inner::clock::tests] test_timer_expire_3_4_5_helper with n=67
[INFO] [stderr] [2026-10-18T20:40:26Z WARN  ztimer::inner::clock::tests] test_timer_expire_3_4_5_helper with n=68
[INFO] [stderr] [2026-10-18T20:40:26Z WARN  ztimer::inner::clock::tests] test_timer_expire_3_4_5_helper with n=100
[INFO] [stderr] [2026-10-18T20:40:26Z WARN  ztimer::inner::clock::tests] test_timer_expire_3_4_5_helper with n=101
[INFO] [stderr] [2026-10-18T20:40:27Z WARN  ztimer::inner::clock::tests] test_timer_expire_3_4_5_helper with n=102
[INFO] [stdout] test inner::clock::tests::test_timer_expire_4 ... ok
[INFO] [stderr] [2026-10-18T20:40:27Z WARN  ztimer::inner::clock::tests] test_timer_expire_3_4_5_recreate_helper with n=10006
[INFO] [stdout] test inner::clock::tests::test_clock_initialization ... ok
[INFO] [stderr] [2026-10-18T20:40:30Z WARN  ztimer::inner::clock] Too many timers 10101 is processed in one tick, the limit is 10007
[INFO] [stderr] [2026-10-18T20:40:31Z WARN  ztimer::inner::clock] Too many timers 10101 is processed in one tick, the limit is 10007
[INFO] [stderr] [2026-10-18T20:40:36Z WARN  ztimer::inner::clock] Too many timers 10007 is processed in one tick, the limit is 10007
[INFO] [stderr] [2026-10-18T20:40:37Z WARN  ztimer::inner::clock] Too many timers 10100 is processed in one tick, the limit is 10007
[INFO] [stderr] [2026-10-18T20:40:38Z WARN  ztimer::inner::clock::tests] test_timer_expire_3_4_5_recreate_helper with n=10007
[INFO] [stderr] [2026-10-18T20:40:41Z WARN  ztimer::inner::clock] Too many timers 10101 is processed in one tick, the limit is 10007
[INFO] [stderr] [2026-10-18T20:40:42Z WARN  ztimer::inner::clock] Too many timers 10101 is processed in one tick, the limit is 10007
[INFO] [stderr] [2026-10-18T20:40:44Z WARN  ztimer::inner::clock] Too many timers 10007 is processed in one tick, the limit is 10007
[INFO] [stderr] [2026-10-18T20:40:45Z WARN  ztimer::inner::clock] Too many timers 10007 is processed in one tick, the limit is 10007
[INFO] [stderr] [2026-10-18T20:40:47Z WARN  ztimer::inner::clock] Too many timers 10008 is processed in one tick, the limit is 10007
[INFO] [stderr] [2026-10-18T20:40:48Z WARN  ztimer::inner::clock] Too many timers 10100 is processed in one tick, the limit is 10007
[INFO] [stderr] [2026-10-18T20:40:49Z WARN  ztimer::inner::clock::tests] test_timer_expire_3_4_5_recreate_helper with n=10008
[INFO] [stderr] [2026-10-18T20:40:52Z WARN  ztimer::inner::clock] Too many timers 10101 is processed in one tick, the limit is 10007
[INFO] [stderr] [2026-10-18T20:40:53Z WARN  ztimer::inner::clock] Too many timers 10101 is processed in one tick, the limit is 10007
[INFO] [stderr] [2026-10-18T20:40:55Z WARN  ztimer::inner::clock] Too many timers 10008 is processed in one tick, the limit is 10007
[INFO] [stderr] [2026-10-18T20:40:56Z WARN  ztimer::inner::clock] Too many timers 10008 is processed in one tick, the limit is 10007
[INFO] [stderr] [2026-10-18T20:40:58Z WARN  ztimer::inner::clock] Too many timers 10009 is processed in one tick, the limit is 10007
[INFO] [stderr] [2026-10-18T20:40:59Z WARN  ztimer::inner::clock] Too many timers 10100 is processed in one tick, the limit is 10007
[INFO] [stdout] test inner::clock::tests::test_timer_expire_5_recreate ... ok
[INFO] [stderr] [2026-10-18T20:41:00Z WARN  ztimer::inner::clock::tests] test_timer_expire_3_4_5_recreate_helper with n=1
[INFO] [stdout] test inner::clock::tests::test_schedule_and_deschedule_tpl ... ok
[INFO] [stdout] test inner::stats::tests::test_in_and_out_merge_separate ... ok
[INFO] [stderr] [2026-10-18T20:41:00Z WARN  ztimer::inner::clock::tests] test_timer_expire_3_4_5_recreate_helper with n=3
[INFO] [stdout] test inner::clock::tests::test_timer_expire_2 ... ok
[INFO] [stdout] test inner::stats::tests::test_in_and_out_reset ... ok
[INFO] [stderr] [2026-10-18T20:41:00Z WARN  ztimer::inner::clock::tests] test_timer_expire_3_4_5_recreate_helper with n=32
[INFO] [stdout] test inner::stats::tests::test_rate_monitor_counter_collection ... ok
[INFO] [stdout] test inner::stats::tests::test_rate_monitor_new ... ok
[INFO] [stdout] test inner::stats::tests::test_rate_monitor_on_tick ... ok
[INFO] [stdout] test inner::stats::tests::test_rate_monitor_reset ... ok
[INFO] [stdout] test inner::stats::tests::test_ring_array_iter ... ok
[INFO] [stdout] test inner::stats::tests::test_ring_array_push_and_get ... ok
[INFO] [stdout] test inner::stats::tests::test_ring_array_push_overflow ... ok
[INFO] [stdout] test inner::stats::tests::test_stats_new ... ok
[INFO] [stdout] test inner::stats::tests::test_stats_on_tick ... ok
[INFO] [stdout] test inner::stats::tests::test_rate_monitor_overload ... ok
[INFO] [stdout] test inner::stats::tests::test_stats_push_inspect ... ok
[INFO] [stdout] test inner::stats::tests::test_stats_reset ... ok
[INFO] [stdout] test inner::stats::tests::test_stats_overload_stats ... ok
[INFO] [stdout] test inner::stats::tests::test_stats_push_counter ... ok
[INFO] [stdout] test inner::stats::tests::test_stats_total ... ok
[INFO] [stdout] test inner::tick::tests::test_interval_add ... ok
[INFO] [stdout] test inner::tick::tests::test_interval_from_duration ... ok
[INFO] [stdout] test inner::tick::tests::test_interval_from_i64 ... ok
[INFO] [stdout] test inner::tick::tests::test_interval_sub ... ok
[INFO] [stdout] test inner::stats::tests::test_step_forward ... ok
[INFO] [stdout] test inner::tick::tests::test_tick_from_u64 ... ok
[INFO] [stdout] test inner::tick::tests::test_tick_add_assign ... ok
[INFO] [stdout] test inner::tick::tests::test_tick_since ... ok
[INFO] [stderr] [2026-10-18T20:41:00Z WARN  ztimer::inner::ticker] 8 channels are created
[INFO] [stderr] [2026-10-18T20:41:00Z WARN  ztimer::inner::ticker] Wait for 3 seconds for initial calibration
[INFO] [stdout] test inner::tick::tests::test_tick_since_tick_behind - should panic ... ok
[INFO] [stdout] test inner::tick::tests::test_tick_until ... ok
[INFO] [stdout] test inner::tick::tests::test_tick_until_negative_interval - should panic ... ok
[INFO] [stderr] [2026-10-18T20:41:00Z WARN  ztimer::inner::clock::tests] test_timer_expire_3_4_5_recreate_helper with n=33
[INFO] [stderr] [2026-10-18T20:41:00Z WARN  ztimer::inner::clock::tests] test_timer_expire_3_4_5_recreate_helper with n=34
[INFO] [stderr] [2026-10-18T20:41:00Z WARN  ztimer::inner::clock::tests] test_timer_expire_3_4_5_recreate_helper with n=49
[INFO] [stderr] [2026-10-18T20:41:00Z WARN  ztimer::inner::clock::tests] test_timer_expire_3_4_5_recreate_helper with n=50
[INFO] [stderr] [2026-10-18T20:41:00Z WARN  ztimer::inner::clock::tests] test_timer_expire_3_4_5_recreate_helper with n=51
[INFO] [stderr] [2026-10-18T20:41:00Z WARN  ztimer::inner::clock::tests] test_timer_expire_3_4_5_recreate_helper with n=66
[INFO] [stderr] [2026-10-18T20:41:01Z WARN  ztimer::inner::clock::tests] test_timer_expire_3_4_5_recreate_helper with n=67
[INFO] [stderr] [2026-10-18T20:41:01Z WARN  ztimer::inner::clock::tests] test_timer_expire_3_4_5_recreate_helper with n=68
[INFO] [stderr] [2026-10-18T20:41:01Z WARN  ztimer::inner::clock::tests] test_timer_expire_3_4_5_recreate_helper with n=100
[INFO] [stderr] [2026-10-18T20:41:01Z WARN  ztimer::inner::clock::tests] test_timer_expire_3_4_5_recreate_helper with n=101
[INFO] [stderr] [2026-10-18T20:41:01Z WARN  ztimer::inner::clock::tests] test_timer_expire_3_4_5_recreate_helper with n=102
[INFO] [stderr] [2026-10-18T20:41:01Z WARN  ztimer::inner::clock::tests] test_timer_expire_3_4_5_helper with n=2
[INFO] [stdout] test inner::clock::tests::test_timer_expire_4_recreate ... ok
[INFO] [stderr] [2026-10-18T20:41:01Z WARN  ztimer::inner::clock::tests] test_timer_expire_3_4_5_recreate_helper with n=2
[INFO] [stdout] test inner::clock::tests::test_timer_expire_3 ... ok
[INFO] [stdout] test inner::clock::tests::test_timer_expire_3_recreate ... ok
[INFO] [stderr] [2026-10-18T20:41:01Z WARN  ztimer::inner::clock::tests] test_timer_expire_3_4_5_helper with n=10006
[INFO] [stdout] test inner::clock::tests::test_new_multi_timer ... ok
[INFO] [stdout] test test::test_autodrop_timer ... ok
[INFO] [stderr] [2026-10-18T20:41:03Z WARN  ztimer::test] Application started
[INFO] [stderr] [2026-10-18T20:41:03Z WARN  ztimer::test] Repeat 10 times
[INFO] [stderr] [2026-10-18T20:41:05Z WARN  ztimer::inner::clock] Too many timers 10101 is processed in one tick, the limit is 10007
[INFO] [stderr] [2026-10-18T20:41:06Z WARN  ztimer::inner::clock] Too many timers 10101 is processed in one tick, the limit is 10007
[INFO] [stderr] [2026-10-18T20:41:10Z WARN  ztimer::inner::clock::tests] test_timer_expire_3_4_5_helper with n=10007
[INFO] [stderr] [2026-10-18T20:41:13Z WARN  ztimer::inner::clock] Too many timers 10101 is processed in one tick, the limit is 10007
[INFO] [stderr] [2026-10-18T20:41:14Z WARN  ztimer::inner::clock] Too many timers 10101 is processed in one tick, the limit is 10007
[INFO] [stderr] [2026-10-18T20:41:17Z WARN  ztimer::inner::clock] Too many timers 10007 is processed in one tick, the limit is 10007
[INFO] [stderr] [2026-10-18T20:41:19Z WARN  ztimer::inner::clock] Too many timers 10007 is processed in one tick, the limit is 10007
[INFO] [stderr] [2026-10-18T20:41:21Z WARN  ztimer::inner::clock] Too many timers 10007 is processed in one tick, the limit is 10007
[INFO] [stderr] [2026-10-18T20:41:21Z WARN  ztimer::inner::clock::tests] test_timer_expire_3_4_5_helper with n=10008
[INFO] [stderr] [2026-10-18T20:41:24Z WARN  ztimer::inner::clock] Too many timers 10101 is processed in one tick, the limit is 10007
[INFO] [stderr] [2026-10-18T20:41:26Z WARN  ztimer::inner::clock] Too many timers 10101 is processed in one tick, the limit is 10007
[INFO] [stdout] test inner::clock::tests::test_timer_expire_5 has been running for over 60 seconds
[INFO] [stderr] [2026-10-18T20:41:27Z ERROR ztimer::inner::ticker] Failed to send tick notification to 2 with error Err("Full(..)"), it could be an error or end of process.
[INFO] [stderr] [2026-10-18T20:41:27Z ERROR ztimer::inner::ticker] Failed to send tick notification to 6 with error Err("Full(..)"), it could be an error or end of process.
[INFO] [stderr] [2026-10-18T20:41:27Z ERROR ztimer::inner::ticker] Failed to send tick notification to 7 with error Err("Full(..)"), it could be an error or end of process.
[INFO] [stderr] [2026-10-18T20:41:27Z ERROR ztimer::inner::ticker] Failed to send tick notification to 2 with error Err("Full(..)"), it could be an error or end of process.
[INFO] [stderr] [2026-10-18T20:41:27Z ERROR ztimer::inner::ticker] Failed to send tick notification to 6 with error Err("Full(..)"), it could be an error or end of process.
[INFO] [stderr] [2026-10-18T20:41:27Z ERROR ztimer::inner::ticker] Failed to send tick notification to 7 with error Err("Full(..)"), it could be an error or end of process.
[INFO] [stderr] [2026-10-18T20:41:27Z ERROR ztimer::inner::ticker] Failed to send tick notification to 2 with error Err("Full(..)"), it could be an error or end of process.
[INFO] [stderr] [2026-10-18T20:41:27Z ERROR ztimer::inner::ticker] Failed to send tick notification to 6 with error Err("Full(..)"), it could be an error or end of process.
[INFO] [stderr] [2026-10-18T20:41:27Z ERROR ztimer::inner::ticker] Failed to send tick notification to 7 with error Err("Full(..)"), it could be an error or end of process.
[INFO] [stderr] [2026-10-18T20:41:27Z ERROR ztimer::inner::ticker] Failed to send tick notification to 2 with error Err("Full(..)"), it could be an error or end of process.
[INFO] [stderr] [2026-10-18T20:41:27Z ERROR ztimer::inner::ticker] Failed to send tick notification to 6 with error Err("Full(..)"), it could be an error or end of process.
[INFO] [stderr] [2026-10-18T20:41:27Z ERROR ztimer::inner::ticker] Failed to send tick notification to 7 with error Err("Full(..)"), it could be an error or end of process.
[INFO] [stderr] [2026-10-18T20:41:27Z ERROR ztimer::inner::ticker] Failed to send tick notification to 2 with error Err("Full(..)"), it could be an error or end of process.
[INFO] [stderr] [2026-10-18T20:41:27Z ERROR ztimer::inner::ticker] Failed to send tick notification to 6 with error Err("Full(..)"), it could be an error or end of process.
[INFO] [stderr] [2026-10-18T20:41:27Z ERROR ztimer::inner::ticker] Failed to send tick notification to 7 with error Err("Full(..)"), it could be an error or end of process.
[INFO] [stderr] [2026-10-18T20:41:27Z ERROR ztimer::inner::ticker] Failed to send tick notification to 2 with error Err("Full(..)"), it could be an error or end of process.
[INFO] [stderr] [2026-10-18T20:41:27Z ERROR ztimer::inner::ticker] Failed to send tick notification to 6 with error Err("Full(..)"), it could be an error or end of process.
[INFO] [stderr] [2026-10-18T20:41:27Z ERROR ztimer::inner::ticker] Failed to send tick notification to 7 with error Err("Full(..)"), it could be an error or end of process.
[INFO] [stderr] [2026-10-18T20:41:27Z ERROR ztimer::inner::ticker] Failed to send tick notification to 2 with error Err("Full(..)"), it could be an error or end of process.
[INFO] [stderr] [2026-10-18T20:41:27Z ERROR ztimer::inner::ticker] Failed to send tick notification to 6 with error Err("Full(..)"), it could be an error or end of process.
[INFO] [stderr] [2026-10-18T20:41:27Z ERROR ztimer::inner::ticker] Failed to send tick notification to 7 with error Err("Full(..)"), it could be an error or end of process.
[INFO] [stderr] [2026-10-18T20:41:27Z ERROR ztimer::inner::ticker] Failed to send tick notification to 2 with error Err("Full(..)"), it could be an error or end of process.
[INFO] [stderr] [2026-10-18T20:41:27Z ERROR ztimer::inner::ticker] Failed to send tick notification to 6 with error Err("Full(..)"), it could be an error or end of process.
[INFO] [stderr] [2026-10-18T20:41:27Z ERROR ztimer::inner::ticker] Failed to send tick notification to 7 with error Err("Full(..)"), it could be an error or end of process.
[INFO] [stderr] [2026-10-18T20:41:27Z ERROR ztimer::inner::ticker] Failed to send tick notification to 2 with error Err("Full(..)"), it could be an error or end of process.
[INFO] [stderr] [2026-10-18T20:41:27Z ERROR ztimer::inner::ticker] Failed to send tick notification to 6 with error Err("Full(..)"), it could be an error or end of process.
[INFO] [stderr] [2026-10-18T20:41:27Z ERROR ztimer::inner::ticker] Failed to send tick notification to 7 with error Err("Full(..)"), it could be an error or end of process.
[INFO] [stderr] [2026-10-18T20:41:27Z ERROR ztimer::inner::ticker] Failed to send tick notification to 2 with error Err("Full(..)"), it could be an error or end of process.
[INFO] [stderr] [2026-10-18T20:41:27Z ERROR ztimer::inner::ticker] Failed to send tick notification to 6 with error Err("Full(..)"), it could be an error or end of process.
[INFO] [stderr] [2026-10-18T20:41:27Z ERROR ztimer::inner::ticker] Failed to send tick notification to 7 with error Err("Full(..)"), it could be an error or end of process.
[INFO] [stderr] [2026-10-18T20:41:27Z ERROR ztimer::inner::ticker] Failed to send tick notification to 2 with error Err("Full(..)"), it could be an error or end of process.
[INFO] [stderr] [2026-10-18T20:41:27Z ERROR ztimer::inner::ticker] Failed to send tick notification to 6 with error Err("Full(..)"), it could be an error or end of process.
[INFO] [stderr] [2026-10-18T20:41:27Z ERROR ztimer::inner::ticker] Failed to send tick notification to 7 with error Err("Full(..)"), it could be an error or end of process.
[INFO] [stderr] [2026-10-18T20:41:27Z ERROR ztimer::inner::ticker] Failed to send tick notification to 2 with error Err("Full(..)"), it could be an error or end of process.
[INFO] [stderr] [2026-10-18T20:41:27Z ERROR ztimer::inner::ticker] Failed to send tick notification to 6 with error Err("Full(..)"), it could be an error or end of process.
[INFO] [stderr] [2026-10-18T20:41:27Z ERROR ztimer::inner::ticker] Failed to send tick notification to 7 with error Err("Full(..)"), it could be an error or end of process.
[INFO] [stderr] [2026-10-18T20:41:27Z ERROR ztimer::inner::ticker] Failed to send tick notification to 2 with error Err("Full(..)"), it could be an error or end of process.
[INFO] [stderr] [2026-10-18T20:41:27Z ERROR ztimer::inner::ticker] Failed to send tick notification to 6 with error Err("Full(..)"), it could be an error or end of process.
[INFO] [stderr] [2026-10-18T20:41:27Z ERROR ztimer::inner::ticker] Failed to send tick notification to 7 with error Err("Full(..)"), it could be an error or end of process.
[INFO] [stderr] [2026-10-18T20:41:29Z WARN  ztimer::inner::clock] Too many timers 10008 is processed in one tick, the limit is 10007
[INFO] [stderr] [2026-10-18T20:41:30Z WARN  ztimer::inner::clock] Too many timers 10008 is processed in one tick, the limit is 10007
[INFO] [stderr] [2026-10-18T20:41:32Z WARN  ztimer::inner::clock] Too many timers 10008 is processed in one tick, the limit is 10007
[INFO] [stdout] test inner::clock::tests::test_timer_expire_5 ... ok
[INFO] [stderr] [2026-10-18T20:41:33Z WARN  ztimer::inner::ticker] All processors have been initiated, exit the controller after having run for 33.339722068s. 252112 messages were dropped in controller
[INFO] [stderr] [2026-10-18T20:41:38Z WARN  ztimer::inner::clock] A replacement clock is returned.
[INFO] [stderr] [2026-10-18T20:41:43Z WARN  ztimer::inner::clock] A replacement clock is returned.
[INFO] [stderr] [2026-10-18T20:41:48Z WARN  ztimer::inner::clock] A replacement clock is returned.
[INFO] [stdout] test test::test_cancel ... FAILED
[INFO] [stderr] [2026-10-18T20:41:53Z WARN  ztimer::test] Application started
[INFO] [stderr] [2026-10-18T20:41:53Z WARN  ztimer::test] Repeat 10 times
[INFO] [stderr] [2026-10-18T20:41:53Z WARN  ztimer::inner::clock] A replacement clock is returned.
[INFO] [stderr] [2026-10-18T20:41:58Z WARN  ztimer::inner::clock] A replacement clock is returned.
[INFO] [stdout] test test::test_combination has been running for over 60 seconds
[INFO] [stdout] test test::test_combination_collocated has been running for over 60 seconds
[INFO] [stdout] test test::test_drop has been running for over 60 seconds
[INFO] [stdout] test test::test_precision has been running for over 60 seconds
[INFO] [stdout] test test::test_time_out has been running for over 60 seconds
[INFO] [stderr] [2026-10-18T20:42:04Z WARN  ztimer::inner::clock] A replacement clock is returned.
[INFO] [stderr] [2026-10-18T20:42:09Z WARN  ztimer::inner::clock] A replacement clock is returned.
[INFO] [stderr] [2026-10-18T20:42:14Z WARN  ztimer::inner::clock] A replacement clock is returned.
[INFO] [stderr] [2026-10-18T20:42:19Z WARN  ztimer::inner::clock] A replacement clock is returned.
[INFO] [stderr] [2026-10-18T20:42:24Z WARN  ztimer::inner::clock] A replacement clock is returned.
[INFO] [stderr] [2026-10-18T20:42:29Z WARN  ztimer::inner::clock] A replacement clock is returned.
[INFO] [stderr] [2026-10-18T20:42:34Z WARN  ztimer::inner::clock] A replacement clock is returned.
[INFO] [stderr] [2026-10-18T20:42:39Z WARN  ztimer::inner::clock] A replacement clock is returned.
[INFO] [stderr] [2026-10-18T20:42:54Z WARN  ztimer::test] Application started
[INFO] [stdout] test test::test_combination ... ok
[INFO] [stderr] [2026-10-18T20:42:54Z WARN  ztimer::test] Repeat 10 times
[INFO] [stderr] [2026-10-18T20:43:18Z WARN  ztimer::test] timer of 10s not triggered in 10.100073695s, num of timers:10
[INFO] [stderr] [2026-10-18T20:43:18Z WARN  ztimer::test] timer of 10s not triggered in 10.100066765s, num of timers:10
[INFO] [stderr] [2026-10-18T20:43:18Z WARN  ztimer::test] timer of 10s not triggered in 10.100271265s, num of timers:10
[INFO] [stderr] [2026-10-18T20:43:18Z WARN  ztimer::test] timer of 10s not triggered in 10.100779165s, num of timers:10
[INFO] [stderr] [2026-10-18T20:43:18Z WARN  ztimer::test] timer of 10s not triggered in 10.100108975s, num of timers:10
[INFO] [stderr] [2026-10-18T20:43:18Z WARN  ztimer::test] timer of 10s not triggered in 10.100280755s, num of timers:10
[INFO] [stderr] [2026-10-18T20:43:18Z WARN  ztimer::test] timer of 10s not triggered in 10.100072665s, num of timers:10
[INFO] [stderr] [2026-10-18T20:43:18Z WARN  ztimer::test] timer of 10s not triggered in 10.100124165s, num of timers:10
[INFO] [stderr] [2026-10-18T20:43:18Z WARN  ztimer::test] timer of 10s not triggered in 10.100264105s, num of timers:10
[INFO] [stdout] test test::test_combination_collocated ... FAILED
[INFO] [stderr] [2026-10-18T20:43:44Z WARN  ztimer::test] Application started
[INFO] [stderr] [2026-10-18T20:43:44Z WARN  ztimer::test] Repeat 10 times
[INFO] [stderr] [2026-10-18T20:43:44Z WARN  ztimer::inner::clock] A replacement clock is returned.
[INFO] [stderr] [2026-10-18T20:43:49Z WARN  ztimer::inner::clock] A replacement clock is returned.
[INFO] [stderr] [2026-10-18T20:43:52Z ERROR ztimer::inner::ticker] Failed to send tick notification to 0 with error Err("Full(..)"), it could be an error or end of process.
[INFO] [stderr] [2026-10-18T20:43:52Z ERROR ztimer::inner::ticker] Failed to send tick notification to 0 with error Err("Full(..)"), it could be an error or end of process.
[INFO] [stderr] [2026-10-18T20:43:52Z ERROR ztimer::inner::ticker] Failed to send tick notification to 0 with error Err("Full(..)"), it could be an error or end of process.
[INFO] [stderr] [2026-10-18T20:43:52Z ERROR ztimer::inner::ticker] Failed to send tick notification to 0 with error Err("Full(..)"), it could be an error or end of process.
[INFO] [stderr] [2026-10-18T20:43:52Z ERROR ztimer::inner::ticker] Failed to send tick notification to 0 with error Err("Full(..)"), it could be an error or end of process.
[INFO] [stderr] [2026-10-18T20:43:52Z ERROR ztimer::inner::ticker] Failed to send tick notification to 0 with error Err("Full(..)"), it could be an error or end of process.
[INFO] [stderr] [2026-10-18T20:43:52Z ERROR ztimer::inner::ticker] Failed to send tick notification to 0 with error Err("Full(..)"), it could be an error or end of process.
[INFO] [stderr] [2026-10-18T20:43:52Z ERROR ztimer::inner::ticker] Failed to send tick notification to 0 with error Err("Full(..)"), it could be an error or end of process.
[INFO] [stderr] [2026-10-18T20:43:52Z ERROR ztimer::inner::ticker] Failed to send tick notification to 0 with error Err("Full(..)"), it could be an error or end of process.
[INFO] [stderr] [2026-10-18T20:43:54Z WARN  ztimer::inner::clock] A replacement clock is returned.
[INFO] [stderr] [2026-10-18T20:43:59Z WARN  ztimer::inner::clock] A replacement clock is returned.
[INFO] [stderr] [2026-10-18T20:44:04Z WARN  ztimer::inner::clock] A replacement clock is returned.
[INFO] [stderr] [2026-10-18T20:44:09Z WARN  ztimer::inner::clock] A replacement clock is returned.
[INFO] [stderr] [2026-10-18T20:44:14Z WARN  ztimer::inner::clock] A replacement clock is returned.
[INFO] [stderr] [2026-10-18T20:44:19Z WARN  ztimer::inner::clock] A replacement clock is returned.
[INFO] [stderr] [2026-10-18T20:44:24Z WARN  ztimer::inner::clock] A replacement clock is returned.
[INFO] [stderr] [2026-10-18T20:44:29Z WARN  ztimer::inner::clock] A replacement clock is returned.
[INFO] [stderr] [2026-10-18T20:44:36Z ERROR ztimer::inner::ticker] Failed to send tick notification to 4 with error Err("Full(..)"), it could be an error or end of process.
[INFO] [stderr] [2026-10-18T20:44:36Z ERROR ztimer::inner::ticker] Failed to send tick notification to 4 with error Err("Full(..)"), it could be an error or end of process.
[INFO] [stderr] [2026-10-18T20:44:36Z ERROR ztimer::inner::ticker] Failed to send tick notification to 4 with error Err("Full(..)"), it could be an error or end of process.
[INFO] [stderr] [2026-10-18T20:44:36Z ERROR ztimer::inner::ticker] Failed to send tick notification to 4 with error Err("Full(..)"), it could be an error or end of process.
[INFO] [stderr] [2026-10-18T20:44:36Z ERROR ztimer::inner::ticker] Failed to send tick notification to 4 with error Err("Full(..)"), it could be an error or end of process.
[INFO] [stderr] [2026-10-18T20:44:36Z ERROR ztimer::inner::ticker] Failed to send tick notification to 4 with error Err("Full(..)"), it could be an error or end of process.
[INFO] [stderr] [2026-10-18T20:44:36Z ERROR ztimer::inner::ticker] Failed to send tick notification to 4 with error Err("Full(..)"), it could be an error or end of process.
[INFO] [stderr] [2026-10-18T20:44:36Z ERROR ztimer::inner::ticker] Failed to send tick notification to 4 with error Err("Full(..)"), it could be an error or end of process.
[INFO] [stderr] [2026-10-18T20:44:36Z ERROR ztimer::inner::ticker] Failed to send tick notification to 4 with error Err("Full(..)"), it could be an error or end of process.
[INFO] [stderr] [2026-10-18T20:44:36Z ERROR ztimer::inner::ticker] Failed to send tick notification to 4 with error Err("Full(..)"), it could be an error or end of process.
[INFO] [stderr] [2026-10-18T20:44:36Z ERROR ztimer::inner::ticker] Failed to send tick notification to 4 with error Err("Full(..)"), it could be an error or end of process.
[INFO] [stderr] [2026-10-18T20:44:36Z ERROR ztimer::inner::ticker] Failed to send tick notification to 4 with error Err("Full(..)"), it could be an error or end of process.
[INFO] [stderr] [2026-10-18T20:44:36Z ERROR ztimer::inner::ticker] Failed to send tick notification to 4 with error Err("Full(..)"), it could be an error or end of process.
[INFO] [stderr] [2026-10-18T20:44:36Z ERROR ztimer::inner::ticker] Failed to send tick notification to 4 with error Err("Full(..)"), it could be an error or end of process.
[INFO] [stderr] [2026-10-18T20:44:36Z ERROR ztimer::inner::ticker] Failed to send tick notification to 4 with error Err("Full(..)"), it could be an error or end of process.
[INFO] [stderr] [2026-10-18T20:44:36Z ERROR ztimer::inner::ticker] Failed to send tick notification to 4 with error Err("Full(..)"), it could be an error or end of process.
[INFO] [stderr] [2026-10-18T20:44:36Z ERROR ztimer::inner::ticker] Failed to send tick notification to 4 with error Err("Full(..)"), it could be an error or end of process.
[INFO] [stderr] [2026-10-18T20:44:36Z ERROR ztimer::inner::ticker] Failed to send tick notification to 4 with error Err("Full(..)"), it could be an error or end of process.
[INFO] [stderr] [2026-10-18T20:44:36Z ERROR ztimer::inner::ticker] Failed to send tick notification to 4 with error Err("Full(..)"), it could be an error or end of process.
[INFO] [stderr] [2026-10-18T20:44:36Z ERROR ztimer::inner::ticker] Failed to send tick notification to 4 with error Err("Full(..)"), it could be an error or end of process.
[INFO] [stderr] [2026-10-18T20:44:36Z ERROR ztimer::inner::ticker] Failed to send tick notification to 4 with error Err("Full(..)"), it could be an error or end of process.
[INFO] [stderr] [2026-10-18T20:44:36Z ERROR ztimer::inner::ticker] Failed to send tick notification to 4 with error Err("Full(..)"), it could be an error or end of process.
[INFO] [stderr] [2026-10-18T20:44:36Z ERROR ztimer::inner::ticker] Failed to send tick notification to 4 with error Err("Full(..)"), it could be an error or end of process.
[INFO] [stderr] [2026-10-18T20:44:36Z ERROR ztimer::inner::ticker] Failed to send tick notification to 4 with error Err("Full(..)"), it could be an error or end of process.
[INFO] [stderr] [2026-10-18T20:44:43Z ERROR ztimer::inner::ticker] Failed to send tick notification to 1 with error Err("Full(..)"), it could be an error or end of process.
[INFO] [stderr] [2026-10-18T20:44:43Z ERROR ztimer::inner::ticker] Failed to send tick notification to 1 with error Err("Full(..)"), it could be an error or end of process.
[INFO] [stderr] [2026-10-18T20:44:43Z ERROR ztimer::inner::ticker] Failed to send tick notification to 1 with error Err("Full(..)"), it could be an error or end of process.
[INFO] [stderr] [2026-10-18T20:44:43Z ERROR ztimer::inner::ticker] Failed to send tick notification to 1 with error Err("Full(..)"), it could be an error or end of process.
[INFO] [stderr] [2026-10-18T20:44:43Z ERROR ztimer::inner::ticker] Failed to send tick notification to 1 with error Err("Full(..)"), it could be an error or end of process.
[INFO] [stderr] [2026-10-18T20:44:43Z ERROR ztimer::inner::ticker] Failed to send tick notification to 1 with error Err("Full(..)"), it could be an error or end of process.
[INFO] [stderr] [2026-10-18T20:44:43Z ERROR ztimer::inner::ticker] Failed to send tick notification to 1 with error Err("Full(..)"), it could be an error or end of process.
[INFO] [stderr] [2026-10-18T20:44:43Z ERROR ztimer::inner::ticker] Failed to send tick notification to 1 with error Err("Full(..)"), it could be an error or end of process.
[INFO] [stderr] [2026-10-18T20:44:43Z ERROR ztimer::inner::ticker] Failed to send tick notification to 1 with error Err("Full(..)"), it could be an error or end of process.
[INFO] [stderr] [2026-10-18T20:44:43Z ERROR ztimer::inner::ticker] Failed to send tick notification to 1 with error Err("Full(..)"), it could be an error or end of process.
[INFO] [stderr] [2026-10-18T20:44:43Z ERROR ztimer::inner::ticker] Failed to send tick notification to 1 with error Err("Full(..)"), it could be an error or end of process.
[INFO] [stderr] [2026-10-18T20:44:43Z ERROR ztimer::inner::ticker] Failed to send tick notification to 1 with error Err("Full(..)"), it could be an error or end of process.
[INFO] [stderr] [2026-10-18T20:44:43Z ERROR ztimer::inner::ticker] Failed to send tick notification to 1 with error Err("Full(..)"), it could be an error or end of process.
[INFO] [stderr] [2026-10-18T20:44:44Z WARN  ztimer::inner::clock] A replacement clock is returned.
[INFO] [stdout] test test::test_drop ... ok
[INFO] [stderr] [2026-10-18T20:44:44Z WARN  ztimer::inner::clock] A replacement clock is returned.
[INFO] [stderr] [2026-10-18T20:44:44Z WARN  ztimer::inner::clock] A replacement clock is returned.
[INFO] [stderr] [2026-10-18T20:44:44Z WARN  ztimer::inner::clock] A replacement clock is returned.
[INFO] [stderr] [2026-10-18T20:44:44Z WARN  ztimer::inner::clock] A replacement clock is returned.
[INFO] [stderr] [2026-10-18T20:44:44Z WARN  ztimer::inner::clock] A replacement clock is returned.
[INFO] [stderr] [2026-10-18T20:44:44Z WARN  ztimer::inner::clock] A replacement clock is returned.
[INFO] [stderr] [2026-10-18T20:44:44Z WARN  ztimer::inner::clock] A replacement clock is returned.
[INFO] [stderr] [2026-10-18T20:44:54Z WARN  ztimer::test] Derivations: std:13ms, mean:-8ms, min:-31ms, max:12ms
[INFO] [stdout] test test::test_precision ... ok
[INFO] [stderr] [2026-10-18T20:44:54Z WARN  ztimer::test] Application started
[INFO] [stderr] [2026-10-18T20:44:54Z WARN  ztimer::test] Repeat 10 times
[INFO] [stderr] [2026-10-18T20:44:54Z WARN  ztimer::inner::clock] A replacement clock is returned.
[INFO] [stderr] [2026-10-18T20:44:59Z WARN  ztimer::inner::clock] A replacement clock is returned.
[INFO] [stderr] [2026-10-18T20:45:01Z ERROR ztimer::inner::ticker] Failed to send tick notification to 2 with error Err("Full(..)"), it could be an error or end of process.
[INFO] [stderr] [2026-10-18T20:45:01Z ERROR ztimer::inner::ticker] Failed to send tick notification to 2 with error Err("Full(..)"), it could be an error or end of process.
[INFO] [stderr] [2026-10-18T20:45:04Z WARN  ztimer::inner::clock] A replacement clock is returned.
[INFO] [stderr] [2026-10-18T20:45:07Z ERROR ztimer::inner::ticker] Failed to send tick notification to 1 with error Err("Full(..)"), it could be an error or end of process.
[INFO] [stderr] [2026-10-18T20:45:07Z ERROR ztimer::inner::ticker] Failed to send tick notification to 1 with error Err("Full(..)"), it could be an error or end of process.
[INFO] [stderr] [2026-10-18T20:45:07Z ERROR ztimer::inner::ticker] Failed to send tick notification to 1 with error Err("Full(..)"), it could be an error or end of process.
[INFO] [stderr] [2026-10-18T20:45:07Z ERROR ztimer::inner::ticker] Failed to send tick notification to 1 with error Err("Full(..)"), it could be an error or end of process.
[INFO] [stderr] [2026-10-18T20:45:07Z ERROR ztimer::inner::ticker] Failed to send tick notification to 1 with error Err("Full(..)"), it could be an error or end of process.
[INFO] [stderr] [2026-10-18T20:45:07Z ERROR ztimer::inner::ticker] Failed to send tick notification to 1 with error Err("Full(..)"), it could be an error or end of process.
[INFO] [stderr] [2026-10-18T20:45:07Z ERROR ztimer::inner::ticker] Failed to send tick notification to 1 with error Err("Full(..)"), it could be an error or end of process.
[INFO] [stderr] [2026-10-18T20:45:07Z ERROR ztimer::inner::ticker] Failed to send tick notification to 1 with error Err("Full(..)"), it could be an error or end of process.
[INFO] [stderr] [2026-10-18T20:45:07Z ERROR ztimer::inner::ticker] Failed to send tick notification to 1 with error Err("Full(..)"), it could be an error or end of process.
[INFO] [stderr] [2026-10-18T20:45:07Z ERROR ztimer::inner::ticker] Failed to send tick notification to 1 with error Err("Full(..)"), it could be an error or end of process.
[INFO] [stderr] [2026-10-18T20:45:07Z ERROR ztimer::inner::ticker] Failed to send tick notification to 1 with error Err("Full(..)"), it could be an error or end of process.
[INFO] [stderr] [2026-10-18T20:45:09Z WARN  ztimer::inner::clock] A replacement clock is returned.
[INFO] [stderr] [2026-10-18T20:45:14Z WARN  ztimer::inner::clock] A replacement clock is returned.
[INFO] [stderr] [2026-10-18T20:45:19Z WARN  ztimer::inner::clock] A replacement clock is returned.
[INFO] [stderr] [2026-10-18T20:45:24Z WARN  ztimer::inner::clock] A replacement clock is returned.
[INFO] [stderr] [2026-10-18T20:45:28Z ERROR ztimer::inner::ticker] Failed to send tick notification to 2 with error Err("Full(..)"), it could be an error or end of process.
[INFO] [stderr] [2026-10-18T20:45:28Z ERROR ztimer::inner::ticker] Failed to send tick notification to 2 with error Err("Full(..)"), it could be an error or end of process.
[INFO] [stderr] [2026-10-18T20:45:28Z ERROR ztimer::inner::ticker] Failed to send tick notification to 2 with error Err("Full(..)"), it could be an error or end of process.
[INFO] [stderr] [2026-10-18T20:45:28Z ERROR ztimer::inner::ticker] Failed to send tick notification to 2 with error Err("Full(..)"), it could be an error or end of process.
[INFO] [stderr] [2026-10-18T20:45:28Z ERROR ztimer::inner::ticker] Failed to send tick notification to 2 with error Err("Full(..)"), it could be an error or end of process.
[INFO] [stderr] [2026-10-18T20:45:28Z ERROR ztimer::inner::ticker] Failed to send tick notification to 2 with error Err("Full(..)"), it could be an error or end of process.
[INFO] [stderr] [2026-10-18T20:45:28Z ERROR ztimer::inner::ticker] Failed to send tick notification to 2 with error Err("Full(..)"), it could be an error or end of process.
[INFO] [stderr] [2026-10-18T20:45:28Z ERROR ztimer::inner::ticker] Failed to send tick notification to 2 with error Err("Full(..)"), it could be an error or end of process.
[INFO] [stderr] [2026-10-18T20:45:28Z ERROR ztimer::inner::ticker] Failed to send tick notification to 2 with error Err("Full(..)"), it could be an error or end of process.
[INFO] [stderr] [2026-10-18T20:45:28Z ERROR ztimer::inner::ticker] Failed to send tick notification to 2 with error Err("Full(..)"), it could be an error or end of process.
[INFO] [stderr] [2026-10-18T20:45:28Z ERROR ztimer::inner::ticker] Failed to send tick notification to 2 with error Err("Full(..)"), it could be an error or end of process.
[INFO] [stderr] [2026-10-18T20:45:28Z ERROR ztimer::inner::ticker] Failed to send tick notification to 2 with error Err("Full(..)"), it could be an error or end of process.
[INFO] [stderr] [2026-10-18T20:45:28Z ERROR ztimer::inner::ticker] Failed to send tick notification to 2 with error Err("Full(..)"), it could be an error or end of process.
[INFO] [stderr] [2026-10-18T20:45:28Z ERROR ztimer::inner::ticker] Failed to send tick notification to 2 with error Err("Full(..)"), it could be an error or end of process.
[INFO] [stderr] [2026-10-18T20:45:28Z ERROR ztimer::inner::ticker] Failed to send tick notification to 2 with error Err("Full(..)"), it could be an error or end of process.
[INFO] [stderr] [2026-10-18T20:45:28Z ERROR ztimer::inner::ticker] Failed to send tick notification to 2 with error Err("Full(..)"), it could be an error or end of process.
[INFO] [stderr] [2026-10-18T20:45:28Z ERROR ztimer::inner::ticker] Failed to send tick notification to 2 with error Err("Full(..)"), it could be an error or end of process.
[INFO] [stderr] [2026-10-18T20:45:28Z ERROR ztimer::inner::ticker] Failed to send tick notification to 2 with error Err("Full(..)"), it could be an error or end of process.
[INFO] [stderr] [2026-10-18T20:45:28Z ERROR ztimer::inner::ticker] Failed to send tick notification to 2 with error Err("Full(..)"), it could be an error or end of process.
[INFO] [stderr] [2026-10-18T20:45:28Z ERROR ztimer::inner::ticker] Failed to send tick notification to 2 with error Err("Full(..)"), it could be an error or end of process.
[INFO] [stderr] [2026-10-18T20:45:28Z ERROR ztimer::inner::ticker] Failed to send tick notification to 2 with error Err("Full(..)"), it could be an error or end of process.
[INFO] [stderr] [2026-10-18T20:45:28Z ERROR ztimer::inner::ticker] Failed to send tick notification to 2 with error Err("Full(..)"), it could be an error or end of process.
[INFO] [stderr] [2026-10-18T20:45:28Z ERROR ztimer::inner::ticker] Failed to send tick notification to 2 with error Err("Full(..)"), it could be an error or end of process.
[INFO] [stderr] [2026-10-18T20:45:28Z ERROR ztimer::inner::ticker] Failed to send tick notification to 2 with error Err("Full(..)"), it could be an error or end of process.
[INFO] [stderr] [2026-10-18T20:45:28Z ERROR ztimer::inner::ticker] Failed to send tick notification to 2 with error Err("Full(..)"), it could be an error or end of process.
[INFO] [stderr] [2026-10-18T20:45:28Z ERROR ztimer::inner::ticker] Failed to send tick notification to 2 with error Err("Full(..)"), it could be an error or end of process.
[INFO] [stderr] [2026-10-18T20:45:28Z ERROR ztimer::inner::ticker] Failed to send tick notification to 2 with error Err("Full(..)"), it could be an error or end of process.
[INFO] [stderr] [2026-10-18T20:45:28Z ERROR ztimer::inner::ticker] Failed to send tick notification to 2 with error Err("Full(..)"), it could be an error or end of process.
[INFO] [stderr] [2026-10-18T20:45:28Z ERROR ztimer::inner::ticker] Failed to send tick notification to 2 with error Err("Full(..)"), it could be an error or end of process.
[INFO] [stderr] [2026-10-18T20:45:28Z ERROR ztimer::inner::ticker] Failed to send tick notification to 2 with error Err("Full(..)"), it could be an error or end of process.
[INFO] [stderr] [2026-10-18T20:45:28Z ERROR ztimer::inner::ticker] Failed to send tick notification to 2 with error Err("Full(..)"), it could be an error or end of process.
[INFO] [stderr] [2026-10-18T20:45:28Z ERROR ztimer::inner::ticker] Failed to send tick notification to 2 with error Err("Full(..)"), it could be an error or end of process.
[INFO] [stderr] [2026-10-18T20:45:28Z ERROR ztimer::inner::ticker] Failed to send tick notification to 2 with error Err("Full(..)"), it could be an error or end of process.
[INFO] [stderr] [2026-10-18T20:45:28Z ERROR ztimer::inner::ticker] Failed to send tick notification to 2 with error Err("Full(..)"), it could be an error or end of process.
[INFO] [stderr] [2026-10-18T20:45:28Z ERROR ztimer::inner::ticker] Failed to send tick notification to 2 with error Err("Full(..)"), it could be an error or end of process.
[INFO] [stderr] [2026-10-18T20:45:28Z ERROR ztimer::inner::ticker] Failed to send tick notification to 2 with error Err("Full(..)"), it could be an error or end of process.
[INFO] [stderr] [2026-10-18T20:45:28Z ERROR ztimer::inner::ticker] Failed to send tick notification to 2 with error Err("Full(..)"), it could be an error or end of process.
[INFO] [stderr] [2026-10-18T20:45:28Z ERROR ztimer::inner::ticker] Failed to send tick notification to 2 with error Err("Full(..)"), it could be an error or end of process.
[INFO] [stderr] [2026-10-18T20:45:28Z ERROR ztimer::inner::ticker] Failed to send tick notification to 2 with error Err("Full(..)"), it could be an error or end of process.
[INFO] [stderr] [2026-10-18T20:45:28Z ERROR ztimer::inner::ticker] Failed to send tick notification to 2 with error Err("Full(..)"), it could be an error or end of process.
[INFO] [stderr] [2026-10-18T20:45:28Z ERROR ztimer::inner::ticker] Failed to send tick notification to 2 with error Err("Full(..)"), it could be an error or end of process.
[INFO] [stderr] [2026-10-18T20:45:28Z ERROR ztimer::inner::ticker] Failed to send tick notification to 2 with error Err("Full(..)"), it could be an error or end of process.
[INFO] [stderr] [2026-10-18T20:45:28Z ERROR ztimer::inner::ticker] Failed to send tick notification to 2 with error Err("Full(..)"), it could be an error or end of process.
[INFO] [stderr] [2026-10-18T20:45:28Z ERROR ztimer::inner::ticker] Failed to send tick notification to 2 with error Err("Full(..)"), it could be an error or end of process.
[INFO] [stderr] [2026-10-18T20:45:28Z ERROR ztimer::inner::ticker] Failed to send tick notification to 2 with error Err("Full(..)"), it could be an error or end of process.
[INFO] [stderr] [2026-10-18T20:45:28Z ERROR ztimer::inner::ticker] Failed to send tick notification to 2 with error Err("Full(..)"), it could be an error or end of process.
[INFO] [stderr] [2026-10-18T20:45:28Z ERROR ztimer::inner::ticker] Failed to send tick notification to 2 with error Err("Full(..)"), it could be an error or end of process.
[INFO] [stderr] [2026-10-18T20:45:28Z ERROR ztimer::inner::ticker] Failed to send tick notification to 2 with error Err("Full(..)"), it could be an error or end of process.
[INFO] [stderr] [2026-10-18T20:45:28Z ERROR ztimer::inner::ticker] Failed to send tick notification to 2 with error Err("Full(..)"), it could be an error or end of process.
[INFO] [stderr] [2026-10-18T20:45:28Z ERROR ztimer::inner::ticker] Failed to send tick notification to 2 with error Err("Full(..)"), it could be an error or end of process.
[INFO] [stderr] [2026-10-18T20:45:28Z ERROR ztimer::inner::ticker] Failed to send tick notification to 2 with error Err("Full(..)"), it could be an error or end of process.
[INFO] [stderr] [2026-10-18T20:45:28Z ERROR ztimer::inner::ticker] Failed to send tick notification to 2 with error Err("Full(..)"), it could be an error or end of process.
[INFO] [stderr] [2026-10-18T20:45:28Z ERROR ztimer::inner::ticker] Failed to send tick notification to 2 with error Err("Full(..)"), it could be an error or end of process.
[INFO] [stderr] [2026-10-18T20:45:28Z ERROR ztimer::inner::ticker] Failed to send tick notification to 2 with error Err("Full(..)"), it could be an error or end of process.
[INFO] [stderr] [2026-10-18T20:45:28Z ERROR ztimer::inner::ticker] Failed to send tick notification to 2 with error Err("Full(..)"), it could be an error or end of process.
[INFO] [stderr] [2026-10-18T20:45:28Z ERROR ztimer::inner::ticker] Failed to send tick notification to 2 with error Err("Full(..)"), it could be an error or end of process.
[INFO] [stderr] [2026-10-18T20:45:28Z ERROR ztimer::inner::ticker] Failed to send tick notification to 2 with error Err("Full(..)"), it could be an error or end of process.
[INFO] [stderr] [2026-10-18T20:45:28Z ERROR ztimer::inner::ticker] Failed to send tick notification to 2 with error Err("Full(..)"), it could be an error or end of process.
[INFO] [stderr] [2026-10-18T20:45:28Z ERROR ztimer::inner::ticker] Failed to send tick notification to 2 with error Err("Full(..)"), it could be an error or end of process.
[INFO] [stderr] [2026-10-18T20:45:28Z ERROR ztimer::inner::ticker] Failed to send tick notification to 2 with error Err("Full(..)"), it could be an error or end of process.
[INFO] [stderr] [2026-10-18T20:45:28Z ERROR ztimer::inner::ticker] Failed to send tick notification to 2 with error Err("Full(..)"), it could be an error or end of process.
[INFO] [stderr] [2026-10-18T20:45:28Z ERROR ztimer::inner::ticker] Failed to send tick notification to 2 with error Err("Full(..)"), it could be an error or end of process.
[INFO] [stderr] [2026-10-18T20:45:28Z ERROR ztimer::inner::ticker] Failed to send tick notification to 2 with error Err("Full(..)"), it could be an error or end of process.
[INFO] [stderr] [2026-10-18T20:45:28Z ERROR ztimer::inner::ticker] Failed to send tick notification to 2 with error Err("Full(..)"), it could be an error or end of process.
[INFO] [stderr] [2026-10-18T20:45:28Z ERROR ztimer::inner::ticker] Failed to send tick notification to 2 with error Err("Full(..)"), it could be an error or end of process.
[INFO] [stderr] [2026-10-18T20:45:28Z ERROR ztimer::inner::ticker] Failed to send tick notification to 2 with error Err("Full(..)"), it could be an error or end of process.
[INFO] [stderr] [2026-10-18T20:45:28Z ERROR ztimer::inner::ticker] Failed to send tick notification to 2 with error Err("Full(..)"), it could be an error or end of process.
[INFO] [stderr] [2026-10-18T20:45:28Z ERROR ztimer::inner::ticker] Failed to send tick notification to 2 with error Err("Full(..)"), it could be an error or end of process.
[INFO] [stderr] [2026-10-18T20:45:28Z ERROR ztimer::inner::ticker] Failed to send tick notification to 2 with error Err("Full(..)"), it could be an error or end of process.
[INFO] [stderr] [2026-10-18T20:45:28Z ERROR ztimer::inner::ticker] Failed to send tick notification to 2 with error Err("Full(..)"), it could be an error or end of process.
[INFO] [stderr] [2026-10-18T20:45:28Z ERROR ztimer::inner::ticker] Failed to send tick notification to 2 with error Err("Full(..)"), it could be an error or end of process.
[INFO] [stderr] [2026-10-18T20:45:28Z ERROR ztimer::inner::ticker] Failed to send tick notification to 2 with error Err("Full(..)"), it could be an error or end of process.
[INFO] [stderr] [2026-10-18T20:45:28Z ERROR ztimer::inner::ticker] Failed to send tick notification to 2 with error Err("Full(..)"), it could be an error or end of process.
[INFO] [stderr] [2026-10-18T20:45:28Z ERROR ztimer::inner::ticker] Failed to send tick notification to 2 with error Err("Full(..)"), it could be an error or end of process.
[INFO] [stderr] [2026-10-18T20:45:28Z ERROR ztimer::inner::ticker] Failed to send tick notification to 2 with error Err("Full(..)"), it could be an error or end of process.
[INFO] [stderr] [2026-10-18T20:45:28Z ERROR ztimer::inner::ticker] Failed to send tick notification to 2 with error Err("Full(..)"), it could be an error or end of process.
[INFO] [stderr] [2026-10-18T20:45:28Z ERROR ztimer::inner::ticker] Failed to send tick notification to 2 with error Err("Full(..)"), it could be an error or end of process.
[INFO] [stderr] [2026-10-18T20:45:28Z ERROR ztimer::inner::ticker] Failed to send tick notification to 2 with error Err("Full(..)"), it could be an error or end of process.
[INFO] [stderr] [2026-10-18T20:45:28Z ERROR ztimer::inner::ticker] Failed to send tick notification to 2 with error Err("Full(..)"), it could be an error or end of process.
[INFO] [stderr] [2026-10-18T20:45:28Z ERROR ztimer::inner::ticker] Failed to send tick notification to 2 with error Err("Full(..)"), it could be an error or end of process.
[INFO] [stderr] [2026-10-18T20:45:28Z ERROR ztimer::inner::ticker] Failed to send tick notification to 2 with error Err("Full(..)"), it could be an error or end of process.
[INFO] [stderr] [2026-10-18T20:45:28Z ERROR ztimer::inner::ticker] Failed to send tick notification to 2 with error Err("Full(..)"), it could be an error or end of process.
[INFO] [stderr] [2026-10-18T20:45:28Z ERROR ztimer::inner::ticker] Failed to send tick notification to 2 with error Err("Full(..)"), it could be an error or end of process.
[INFO] [stderr] [2026-10-18T20:45:28Z ERROR ztimer::inner::ticker] Failed to send tick notification to 2 with error Err("Full(..)"), it could be an error or end of process.
[INFO] [stderr] [2026-10-18T20:45:28Z ERROR ztimer::inner::ticker] Failed to send tick notification to 2 with error Err("Full(..)"), it could be an error or end of process.
[INFO] [stderr] [2026-10-18T20:45:28Z ERROR ztimer::inner::ticker] Failed to send tick notification to 2 with error Err("Full(..)"), it could be an error or end of process.
[INFO] [stderr] [2026-10-18T20:45:28Z ERROR ztimer::inner::ticker] Failed to send tick notification to 2 with error Err("Full(..)"), it could be an error or end of process.
[INFO] [stderr] [2026-10-18T20:45:28Z ERROR ztimer::inner::ticker] Failed to send tick notification to 2 with error Err("Full(..)"), it could be an error or end of process.
[INFO] [stderr] [2026-10-18T20:45:28Z ERROR ztimer::inner::ticker] Failed to send tick notification to 2 with error Err("Full(..)"), it could be an error or end of process.
[INFO] [stderr] [2026-10-18T20:45:28Z ERROR ztimer::inner::ticker] Failed to send tick notification to 2 with error Err("Full(..)"), it could be an error or end of process.
[INFO] [stderr] [2026-10-18T20:45:28Z ERROR ztimer::inner::ticker] Failed to send tick notification to 2 with error Err("Full(..)"), it could be an error or end of process.
[INFO] [stderr] [2026-10-18T20:45:28Z ERROR ztimer::inner::ticker] Failed to send tick notification to 2 with error Err("Full(..)"), it could be an error or end of process.
[INFO] [stderr] [2026-10-18T20:45:28Z ERROR ztimer::inner::ticker] Failed to send tick notification to 2 with error Err("Full(..)"), it could be an error or end of process.
[INFO] [stderr] [2026-10-18T20:45:28Z ERROR ztimer::inner::ticker] Failed to send tick notification to 2 with error Err("Full(..)"), it could be an error or end of process.
[INFO] [stderr] [2026-10-18T20:45:28Z ERROR ztimer::inner::ticker] Failed to send tick notification to 2 with error Err("Full(..)"), it could be an error or end of process.
[INFO] [stderr] [2026-10-18T20:45:28Z ERROR ztimer::inner::ticker] Failed to send tick notification to 2 with error Err("Full(..)"), it could be an error or end of process.
[INFO] [stderr] [2026-10-18T20:45:28Z ERROR ztimer::inner::ticker] Failed to send tick notification to 2 with error Err("Full(..)"), it could be an error or end of process.
[INFO] [stderr] [2026-10-18T20:45:28Z ERROR ztimer::inner::ticker] Failed to send tick notification to 2 with error Err("Full(..)"), it could be an error or end of process.
[INFO] [stderr] [2026-10-18T20:45:28Z ERROR ztimer::inner::ticker] Failed to send tick notification to 2 with error Err("Full(..)"), it could be an error or end of process.
[INFO] [stderr] [2026-10-18T20:45:28Z ERROR ztimer::inner::ticker] Failed to send tick notification to 2 with error Err("Full(..)"), it could be an error or end of process.
[INFO] [stderr] [2026-10-18T20:45:28Z ERROR ztimer::inner::ticker] Failed to send tick notification to 2 with error Err("Full(..)"), it could be an error or end of process.
[INFO] [stderr] [2026-10-18T20:45:28Z ERROR ztimer::inner::ticker] Failed to send tick notification to 2 with error Err("Full(..)"), it could be an error or end of process.
[INFO] [stderr] [2026-10-18T20:45:28Z ERROR ztimer::inner::ticker] Failed to send tick notification to 2 with error Err("Full(..)"), it could be an error or end of process.
[INFO] [stderr] [2026-10-18T20:45:28Z ERROR ztimer::inner::ticker] Failed to send tick notification to 2 with error Err("Full(..)"), it could be an error or end of process.
[INFO] [stderr] [2026-10-18T20:45:28Z ERROR ztimer::inner::ticker] Failed to send tick notification to 2 with error Err("Full(..)"), it could be an error or end of process.
[INFO] [stderr] [2026-10-18T20:45:28Z ERROR ztimer::inner::ticker] Failed to send tick notification to 2 with error Err("Full(..)"), it could be an error or end of process.
[INFO] [stderr] [2026-10-18T20:45:28Z ERROR ztimer::inner::ticker] Failed to send tick notification to 2 with error Err("Full(..)"), it could be an error or end of process.
[INFO] [stderr] [2026-10-18T20:45:28Z ERROR ztimer::inner::ticker] Failed to send tick notification to 2 with error Err("Full(..)"), it could be an error or end of process.
[INFO] [stderr] [2026-10-18T20:45:28Z ERROR ztimer::inner::ticker] Failed to send tick notification to 2 with error Err("Full(..)"), it could be an error or end of process.
[INFO] [stderr] [2026-10-18T20:45:28Z ERROR ztimer::inner::ticker] Failed to send tick notification to 2 with error Err("Full(..)"), it could be an error or end of process.
[INFO] [stderr] [2026-10-18T20:45:28Z ERROR ztimer::inner::ticker] Failed to send tick notification to 2 with error Err("Full(..)"), it could be an error or end of process.
[INFO] [stderr] [2026-10-18T20:45:28Z ERROR ztimer::inner::ticker] Failed to send tick notification to 2 with error Err("Full(..)"), it could be an error or end of process.
[INFO] [stderr] [2026-10-18T20:45:28Z ERROR ztimer::inner::ticker] Failed to send tick notification to 2 with error Err("Full(..)"), it could be an error or end of process.
[INFO] [stderr] [2026-10-18T20:45:28Z ERROR ztimer::inner::ticker] Failed to send tick notification to 2 with error Err("Full(..)"), it could be an error or end of process.
[INFO] [stderr] [2026-10-18T20:45:28Z ERROR ztimer::inner::ticker] Failed to send tick notification to 2 with error Err("Full(..)"), it could be an error or end of process.
[INFO] [stderr] [2026-10-18T20:45:28Z ERROR ztimer::inner::ticker] Failed to send tick notification to 2 with error Err("Full(..)"), it could be an error or end of process.
[INFO] [stderr] [2026-10-18T20:45:28Z ERROR ztimer::inner::ticker] Failed to send tick notification to 2 with error Err("Full(..)"), it could be an error or end of process.
[INFO] [stderr] [2026-10-18T20:45:28Z ERROR ztimer::inner::ticker] Failed to send tick notification to 2 with error Err("Full(..)"), it could be an error or end of process.
[INFO] [stderr] [2026-10-18T20:45:28Z ERROR ztimer::inner::ticker] Failed to send tick notification to 2 with error Err("Full(..)"), it could be an error or end of process.
[INFO] [stderr] [2026-10-18T20:45:28Z ERROR ztimer::inner::ticker] Failed to send tick notification to 2 with error Err("Full(..)"), it could be an error or end of process.
[INFO] [stderr] [2026-10-18T20:45:28Z ERROR ztimer::inner::ticker] Failed to send tick notification to 2 with error Err("Full(..)"), it could be an error or end of process.
[INFO] [stderr] [2026-10-18T20:45:28Z ERROR ztimer::inner::ticker] Failed to send tick notification to 2 with error Err("Full(..)"), it could be an error or end of process.
[INFO] [stderr] [2026-10-18T20:45:28Z ERROR ztimer::inner::ticker] Failed to send tick notification to 2 with error Err("Full(..)"), it could be an error or end of process.
[INFO] [stderr] [2026-10-18T20:45:28Z ERROR ztimer::inner::ticker] Failed to send tick notification to 2 with error Err("Full(..)"), it could be an error or end of process.
[INFO] [stderr] [2026-10-18T20:45:28Z ERROR ztimer::inner::ticker] Failed to send tick notification to 2 with error Err("Full(..)"), it could be an error or end of process.
[INFO] [stderr] [2026-10-18T20:45:28Z ERROR ztimer::inner::ticker] Failed to send tick notification to 2 with error Err("Full(..)"), it could be an error or end of process.
[INFO] [stderr] [2026-10-18T20:45:28Z ERROR ztimer::inner::ticker] Failed to send tick notification to 2 with error Err("Full(..)"), it could be an error or end of process.
[INFO] [stderr] [2026-10-18T20:45:28Z ERROR ztimer::inner::ticker] Failed to send tick notification to 2 with error Err("Full(..)"), it could be an error or end of process.
[INFO] [stderr] [2026-10-18T20:45:28Z ERROR ztimer::inner::ticker] Failed to send tick notification to 2 with error Err("Full(..)"), it could be an error or end of process.
[INFO] [stderr] [2026-10-18T20:45:28Z ERROR ztimer::inner::ticker] Failed to send tick notification to 2 with error Err("Full(..)"), it could be an error or end of process.
[INFO] [stderr] [2026-10-18T20:45:28Z ERROR ztimer::inner::ticker] Failed to send tick notification to 2 with error Err("Full(..)"), it could be an error or end of process.
[INFO] [stderr] [2026-10-18T20:45:28Z ERROR ztimer::inner::ticker] Failed to send tick notification to 2 with error Err("Full(..)"), it could be an error or end of process.
[INFO] [stderr] [2026-10-18T20:45:28Z ERROR ztimer::inner::ticker] Failed to send tick notification to 2 with error Err("Full(..)"), it could be an error or end of process.
[INFO] [stderr] [2026-10-18T20:45:28Z ERROR ztimer::inner::ticker] Failed to send tick notification to 2 with error Err("Full(..)"), it could be an error or end of process.
[INFO] [stderr] [2026-10-18T20:45:28Z ERROR ztimer::inner::ticker] Failed to send tick notification to 2 with error Err("Full(..)"), it could be an error or end of process.
[INFO] [stderr] [2026-10-18T20:45:28Z ERROR ztimer::inner::ticker] Failed to send tick notification to 2 with error Err("Full(..)"), it could be an error or end of process.
[INFO] [stderr] [2026-10-18T20:45:28Z ERROR ztimer::inner::ticker] Failed to send tick notification to 2 with error Err("Full(..)"), it could be an error or end of process.
[INFO] [stderr] [2026-10-18T20:45:28Z ERROR ztimer::inner::ticker] Failed to send tick notification to 2 with error Err("Full(..)"), it could be an error or end of process.
[INFO] [stderr] [2026-10-18T20:45:28Z ERROR ztimer::inner::ticker] Failed to send tick notification to 2 with error Err("Full(..)"), it could be an error or end of process.
[INFO] [stderr] [2026-10-18T20:45:28Z ERROR ztimer::inner::ticker] Failed to send tick notification to 2 with error Err("Full(..)"), it could be an error or end of process.
[INFO] [stderr] [2026-10-18T20:45:28Z ERROR ztimer::inner::ticker] Failed to send tick notification to 2 with error Err("Full(..)"), it could be an error or end of process.
[INFO] [stderr] [2026-10-18T20:45:28Z ERROR ztimer::inner::ticker] Failed to send tick notification to 2 with error Err("Full(..)"), it could be an error or end of process.
[INFO] [stderr] [2026-10-18T20:45:28Z ERROR ztimer::inner::ticker] Failed to send tick notification to 2 with error Err("Full(..)"), it could be an error or end of process.
[INFO] [stderr] [2026-10-18T20:45:28Z ERROR ztimer::inner::ticker] Failed to send tick notification to 2 with error Err("Full(..)"), it could be an error or end of process.
[INFO] [stderr] [2026-10-18T20:45:28Z ERROR ztimer::inner::ticker] Failed to send tick notification to 2 with error Err("Full(..)"), it could be an error or end of process.
[INFO] [stderr] [2026-10-18T20:45:28Z ERROR ztimer::inner::ticker] Failed to send tick notification to 2 with error Err("Full(..)"), it could be an error or end of process.
[INFO] [stderr] [2026-10-18T20:45:28Z ERROR ztimer::inner::ticker] Failed to send tick notification to 2 with error Err("Full(..)"), it could be an error or end of process.
[INFO] [stderr] [2026-10-18T20:45:28Z ERROR ztimer::inner::ticker] Failed to send tick notification to 2 with error Err("Full(..)"), it could be an error or end of process.
[INFO] [stderr] [2026-10-18T20:45:28Z ERROR ztimer::inner::ticker] Failed to send tick notification to 2 with error Err("Full(..)"), it could be an error or end of process.
[INFO] [stderr] [2026-10-18T20:45:28Z ERROR ztimer::inner::ticker] Failed to send tick notification to 2 with error Err("Full(..)"), it could be an error or end of process.
[INFO] [stderr] [2026-10-18T20:45:28Z ERROR ztimer::inner::ticker] Failed to send tick notification to 2 with error Err("Full(..)"), it could be an error or end of process.
[INFO] [stderr] [2026-10-18T20:45:28Z ERROR ztimer::inner::ticker] Failed to send tick notification to 2 with error Err("Full(..)"), it could be an error or end of process.
[INFO] [stderr] [2026-10-18T20:45:28Z ERROR ztimer::inner::ticker] Failed to send tick notification to 2 with error Err("Full(..)"), it could be an error or end of process.
[INFO] [stderr] [2026-10-18T20:45:28Z ERROR ztimer::inner::ticker] Failed to send tick notification to 2 with error Err("Full(..)"), it could be an error or end of process.
[INFO] [stderr] [2026-10-18T20:45:28Z ERROR ztimer::inner::ticker] Failed to send tick notification to 2 with error Err("Full(..)"), it could be an error or end of process.
[INFO] [stderr] [2026-10-18T20:45:28Z ERROR ztimer::inner::ticker] Failed to send tick notification to 2 with error Err("Full(..)"), it could be an error or end of process.
[INFO] [stderr] [2026-10-18T20:45:28Z ERROR ztimer::inner::ticker] Failed to send tick notification to 2 with error Err("Full(..)"), it could be an error or end of process.
[INFO] [stderr] [2026-10-18T20:45:28Z ERROR ztimer::inner::ticker] Failed to send tick notification to 2 with error Err("Full(..)"), it could be an error or end of process.
[INFO] [stderr] [2026-10-18T20:45:28Z ERROR ztimer::inner::ticker] Failed to send tick notification to 2 with error Err("Full(..)"), it could be an error or end of process.
[INFO] [stderr] [2026-10-18T20:45:28Z ERROR ztimer::inner::ticker] Failed to send tick notification to 2 with error Err("Full(..)"), it could be an error or end of process.
[INFO] [stderr] [2026-10-18T20:45:28Z ERROR ztimer::inner::ticker] Failed to send tick notification to 2 with error Err("Full(..)"), it could be an error or end of process.
[INFO] [stderr] [2026-10-18T20:45:28Z ERROR ztimer::inner::ticker] Failed to send tick notification to 2 with error Err("Full(..)"), it could be an error or end of process.
[INFO] [stderr] [2026-10-18T20:45:28Z ERROR ztimer::inner::ticker] Failed to send tick notification to 2 with error Err("Full(..)"), it could be an error or end of process.
[INFO] [stderr] [2026-10-18T20:45:28Z ERROR ztimer::inner::ticker] Failed to send tick notification to 2 with error Err("Full(..)"), it could be an error or end of process.
[INFO] [stderr] [2026-10-18T20:45:28Z ERROR ztimer::inner::ticker] Failed to send tick notification to 2 with error Err("Full(..)"), it could be an error or end of process.
[INFO] [stderr] [2026-10-18T20:45:28Z ERROR ztimer::inner::ticker] Failed to send tick notification to 2 with error Err("Full(..)"), it could be an error or end of process.
[INFO] [stderr] [2026-10-18T20:45:28Z ERROR ztimer::inner::ticker] Failed to send tick notification to 2 with error Err("Full(..)"), it could be an error or end of process.
[INFO] [stderr] [2026-10-18T20:45:28Z ERROR ztimer::inner::ticker] Failed to send tick notification to 2 with error Err("Full(..)"), it could be an error or end of process.
[INFO] [stderr] [2026-10-18T20:45:28Z ERROR ztimer::inner::ticker] Failed to send tick notification to 2 with error Err("Full(..)"), it could be an error or end of process.
[INFO] [stderr] [2026-10-18T20:45:28Z ERROR ztimer::inner::ticker] Failed to send tick notification to 2 with error Err("Full(..)"), it could be an error or end of process.
[INFO] [stderr] [2026-10-18T20:45:28Z ERROR ztimer::inner::ticker] Failed to send tick notification to 2 with error Err("Full(..)"), it could be an error or end of process.
[INFO] [stderr] [2026-10-18T20:45:28Z ERROR ztimer::inner::ticker] Failed to send tick notification to 2 with error Err("Full(..)"), it could be an error or end of process.
[INFO] [stderr] [2026-10-18T20:45:28Z ERROR ztimer::inner::ticker] Failed to send tick notification to 2 with error Err("Full(..)"), it could be an error or end of process.
[INFO] [stderr] [2026-10-18T20:45:28Z ERROR ztimer::inner::ticker] Failed to send tick notification to 2 with error Err("Full(..)"), it could be an error or end of process.
[INFO] [stderr] [2026-10-18T20:45:28Z ERROR ztimer::inner::ticker] Failed to send tick notification to 2 with error Err("Full(..)"), it could be an error or end of process.
[INFO] [stderr] [2026-10-18T20:45:28Z ERROR ztimer::inner::ticker] Failed to send tick notification to 2 with error Err("Full(..)"), it could be an error or end of process.
[INFO] [stderr] [2026-10-18T20:45:28Z ERROR ztimer::inner::ticker] Failed to send tick notification to 2 with error Err("Full(..)"), it could be an error or end of process.
[INFO] [stderr] [2026-10-18T20:45:28Z ERROR ztimer::inner::ticker] Failed to send tick notification to 2 with error Err("Full(..)"), it could be an error or end of process.
[INFO] [stderr] [2026-10-18T20:45:28Z ERROR ztimer::inner::ticker] Failed to send tick notification to 2 with error Err("Full(..)"), it could be an error or end of process.
[INFO] [stderr] [2026-10-18T20:45:28Z ERROR ztimer::inner::ticker] Failed to send tick notification to 2 with error Err("Full(..)"), it could be an error or end of process.
[INFO] [stderr] [2026-10-18T20:45:28Z ERROR ztimer::inner::ticker] Failed to send tick notification to 2 with error Err("Full(..)"), it could be an error or end of process.
[INFO] [stderr] [2026-10-18T20:45:28Z ERROR ztimer::inner::ticker] Failed to send tick notification to 2 with error Err("Full(..)"), it could be an error or end of process.
[INFO] [stderr] [2026-10-18T20:45:28Z ERROR ztimer::inner::ticker] Failed to send tick notification to 2 with error Err("Full(..)"), it could be an error or end of process.
[INFO] [stderr] [2026-10-18T20:45:28Z ERROR ztimer::inner::ticker] Failed to send tick notification to 2 with error Err("Full(..)"), it could be an error or end of process.
[INFO] [stderr] [2026-10-18T20:45:28Z ERROR ztimer::inner::ticker] Failed to send tick notification to 2 with error Err("Full(..)"), it could be an error or end of process.
[INFO] [stderr] [2026-10-18T20:45:28Z ERROR ztimer::inner::ticker] Failed to send tick notification to 2 with error Err("Full(..)"), it could be an error or end of process.
[INFO] [stderr] [2026-10-18T20:45:28Z ERROR ztimer::inner::ticker] Failed to send tick notification to 2 with error Err("Full(..)"), it could be an error or end of process.
[INFO] [stderr] [2026-10-18T20:45:28Z ERROR ztimer::inner::ticker] Failed to send tick notification to 2 with error Err("Full(..)"), it could be an error or end of process.
[INFO] [stderr] [2026-10-18T20:45:28Z ERROR ztimer::inner::ticker] Failed to send tick notification to 2 with error Err("Full(..)"), it could be an error or end of process.
[INFO] [stderr] [2026-10-18T20:45:28Z ERROR ztimer::inner::ticker] Failed to send tick notification to 2 with error Err("Full(..)"), it could be an error or end of process.
[INFO] [stderr] [2026-10-18T20:45:28Z ERROR ztimer::inner::ticker] Failed to send tick notification to 2 with error Err("Full(..)"), it could be an error or end of process.
[INFO] [stderr] [2026-10-18T20:45:28Z ERROR ztimer::inner::ticker] Failed to send tick notification to 2 with error Err("Full(..)"), it could be an error or end of process.
[INFO] [stderr] [2026-10-18T20:45:28Z ERROR ztimer::inner::ticker] Failed to send tick notification to 2 with error Err("Full(..)"), it could be an error or end of process.
[INFO] [stderr] [2026-10-18T20:45:28Z ERROR ztimer::inner::ticker] Failed to send tick notification to 2 with error Err("Full(..)"), it could be an error or end of process.
[INFO] [stderr] [2026-10-18T20:45:28Z ERROR ztimer::inner::ticker] Failed to send tick notification to 2 with error Err("Full(..)"), it could be an error or end of process.
[INFO] [stderr] [2026-10-18T20:45:28Z ERROR ztimer::inner::ticker] Failed to send tick notification to 2 with error Err("Full(..)"), it could be an error or end of process.
[INFO] [stderr] [2026-10-18T20:45:28Z ERROR ztimer::inner::ticker] Failed to send tick notification to 2 with error Err("Full(..)"), it could be an error or end of process.
[INFO] [stderr] [2026-10-18T20:45:28Z ERROR ztimer::inner::ticker] Failed to send tick notification to 2 with error Err("Full(..)"), it could be an error or end of process.
[INFO] [stderr] [2026-10-18T20:45:28Z ERROR ztimer::inner::ticker] Failed to send tick notification to 2 with error Err("Full(..)"), it could be an error or end of process.
[INFO] [stderr] [2026-10-18T20:45:28Z ERROR ztimer::inner::ticker] Failed to send tick notification to 2 with error Err("Full(..)"), it could be an error or end of process.
[INFO] [stderr] [2026-10-18T20:45:28Z ERROR ztimer::inner::ticker] Failed to send tick notification to 2 with error Err("Full(..)"), it could be an error or end of process.
[INFO] [stderr] [2026-10-18T20:45:28Z ERROR ztimer::inner::ticker] Failed to send tick notification to 2 with error Err("Full(..)"), it could be an error or end of process.
[INFO] [stderr] [2026-10-18T20:45:28Z ERROR ztimer::inner::ticker] Failed to send tick notification to 2 with error Err("Full(..)"), it could be an error or end of process.
[INFO] [stderr] [2026-10-18T20:45:28Z ERROR ztimer::inner::ticker] Failed to send tick notification to 2 with error Err("Full(..)"), it could be an error or end of process.
[INFO] [stderr] [2026-10-18T20:45:28Z ERROR ztimer::inner::ticker] Failed to send tick notification to 2 with error Err("Full(..)"), it could be an error or end of process.
[INFO] [stderr] [2026-10-18T20:45:28Z ERROR ztimer::inner::ticker] Failed to send tick notification to 2 with error Err("Full(..)"), it could be an error or end of process.
[INFO] [stderr] [2026-10-18T20:45:28Z ERROR ztimer::inner::ticker] Failed to send tick notification to 2 with error Err("Full(..)"), it could be an error or end of process.
[INFO] [stderr] [2026-10-18T20:45:28Z ERROR ztimer::inner::ticker] Failed to send tick notification to 2 with error Err("Full(..)"), it could be an error or end of process.
[INFO] [stderr] [2026-10-18T20:45:28Z ERROR ztimer::inner::ticker] Failed to send tick notification to 2 with error Err("Full(..)"), it could be an error or end of process.
[INFO] [stderr] [2026-10-18T20:45:28Z ERROR ztimer::inner::ticker] Failed to send tick notification to 2 with error Err("Full(..)"), it could be an error or end of process.
[INFO] [stderr] [2026-10-18T20:45:28Z ERROR ztimer::inner::ticker] Failed to send tick notification to 2 with error Err("Full(..)"), it could be an error or end of process.
[INFO] [stderr] [2026-10-18T20:45:28Z ERROR ztimer::inner::ticker] Failed to send tick notification to 2 with error Err("Full(..)"), it could be an error or end of process.
[INFO] [stderr] [2026-10-18T20:45:28Z ERROR ztimer::inner::ticker] Failed to send tick notification to 2 with error Err("Full(..)"), it could be an error or end of process.
[INFO] [stderr] [2026-10-18T20:45:28Z ERROR ztimer::inner::ticker] Failed to send tick notification to 2 with error Err("Full(..)"), it could be an error or end of process.
[INFO] [stderr] [2026-10-18T20:45:28Z ERROR ztimer::inner::ticker] Failed to send tick notification to 2 with error Err("Full(..)"), it could be an error or end of process.
[INFO] [stderr] [2026-10-18T20:45:28Z ERROR ztimer::inner::ticker] Failed to send tick notification to 2 with error Err("Full(..)"), it could be an error or end of process.
[INFO] [stderr] [2026-10-18T20:45:28Z ERROR ztimer::inner::ticker] Failed to send tick notification to 2 with error Err("Full(..)"), it could be an error or end of process.
[INFO] [stderr] [2026-10-18T20:45:28Z ERROR ztimer::inner::ticker] Failed to send tick notification to 2 with error Err("Full(..)"), it could be an error or end of process.
[INFO] [stderr] [2026-10-18T20:45:28Z ERROR ztimer::inner::ticker] Failed to send tick notification to 2 with error Err("Full(..)"), it could be an error or end of process.
[INFO] [stderr] [2026-10-18T20:45:28Z ERROR ztimer::inner::ticker] Failed to send tick notification to 2 with error Err("Full(..)"), it could be an error or end of process.
[INFO] [stderr] [2026-10-18T20:45:28Z ERROR ztimer::inner::ticker] Failed to send tick notification to 2 with error Err("Full(..)"), it could be an error or end of process.
[INFO] [stderr] [2026-10-18T20:45:28Z ERROR ztimer::inner::ticker] Failed to send tick notification to 2 with error Err("Full(..)"), it could be an error or end of process.
[INFO] [stderr] [2026-10-18T20:45:28Z ERROR ztimer::inner::ticker] Failed to send tick notification to 2 with error Err("Full(..)"), it could be an error or end of process.
[INFO] [stderr] [2026-10-18T20:45:28Z ERROR ztimer::inner::ticker] Failed to send tick notification to 2 with error Err("Full(..)"), it could be an error or end of process.
[INFO] [stderr] [2026-10-18T20:45:28Z ERROR ztimer::inner::ticker] Failed to send tick notification to 2 with error Err("Full(..)"), it could be an error or end of process.
[INFO] [stderr] [2026-10-18T20:45:28Z ERROR ztimer::inner::ticker] Failed to send tick notification to 2 with error Err("Full(..)"), it could be an error or end of process.
[INFO] [stderr] [2026-10-18T20:45:28Z ERROR ztimer::inner::ticker] Failed to send tick notification to 2 with error Err("Full(..)"), it could be an error or end of process.
[INFO] [stderr] [2026-10-18T20:45:28Z ERROR ztimer::inner::ticker] Failed to send tick notification to 2 with error Err("Full(..)"), it could be an error or end of process.
[INFO] [stderr] [2026-10-18T20:45:28Z ERROR ztimer::inner::ticker] Failed to send tick notification to 2 with error Err("Full(..)"), it could be an error or end of process.
[INFO] [stderr] [2026-10-18T20:45:28Z ERROR ztimer::inner::ticker] Failed to send tick notification to 2 with error Err("Full(..)"), it could be an error or end of process.
[INFO] [stderr] [2026-10-18T20:45:28Z ERROR ztimer::inner::ticker] Failed to send tick notification to 2 with error Err("Full(..)"), it could be an error or end of process.
[INFO] [stderr] [2026-10-18T20:45:28Z ERROR ztimer::inner::ticker] Failed to send tick notification to 2 with error Err("Full(..)"), it could be an error or end of process.
[INFO] [stderr] [2026-10-18T20:45:28Z ERROR ztimer::inner::ticker] Failed to send tick notification to 2 with error Err("Full(..)"), it could be an error or end of process.
[INFO] [stderr] [2026-10-18T20:45:28Z ERROR ztimer::inner::ticker] Failed to send tick notification to 2 with error Err("Full(..)"), it could be an error or end of process.
[INFO] [stderr] [2026-10-18T20:45:28Z ERROR ztimer::inner::ticker] Failed to send tick notification to 2 with error Err("Full(..)"), it could be an error or end of process.
[INFO] [stderr] [2026-10-18T20:45:28Z ERROR ztimer::inner::ticker] Failed to send tick notification to 2 with error Err("Full(..)"), it could be an error or end of process.
[INFO] [stderr] [2026-10-18T20:45:28Z ERROR ztimer::inner::ticker] Failed to send tick notification to 2 with error Err("Full(..)"), it could be an error or end of process.
[INFO] [stderr] [2026-10-18T20:45:28Z ERROR ztimer::inner::ticker] Failed to send tick notification to 2 with error Err("Full(..)"), it could be an error or end of process.
[INFO] [stderr] [2026-10-18T20:45:28Z ERROR ztimer::inner::ticker] Failed to send tick notification to 2 with error Err("Full(..)"), it could be an error or end of process.
[INFO] [stderr] [2026-10-18T20:45:28Z ERROR ztimer::inner::ticker] Failed to send tick notification to 2 with error Err("Full(..)"), it could be an error or end of process.
[INFO] [stderr] [2026-10-18T20:45:28Z ERROR ztimer::inner::ticker] Failed to send tick notification to 2 with error Err("Full(..)"), it could be an error or end of process.
[INFO] [stderr] [2026-10-18T20:45:28Z ERROR ztimer::inner::ticker] Failed to send tick notification to 2 with error Err("Full(..)"), it could be an error or end of process.
[INFO] [stderr] [2026-10-18T20:45:28Z ERROR ztimer::inner::ticker] Failed to send tick notification to 2 with error Err("Full(..)"), it could be an error or end of process.
[INFO] [stderr] [2026-10-18T20:45:28Z ERROR ztimer::inner::ticker] Failed to send tick notification to 2 with error Err("Full(..)"), it could be an error or end of process.
[INFO] [stderr] [2026-10-18T20:45:28Z ERROR ztimer::inner::ticker] Failed to send tick notification to 2 with error Err("Full(..)"), it could be an error or end of process.
[INFO] [stderr] [2026-10-18T20:45:28Z ERROR ztimer::inner::ticker] Failed to send tick notification to 2 with error Err("Full(..)"), it could be an error or end of process.
[INFO] [stderr] [2026-10-18T20:45:28Z ERROR ztimer::inner::ticker] Failed to send tick notification to 2 with error Err("Full(..)"), it could be an error or end of process.
[INFO] [stderr] [2026-10-18T20:45:28Z ERROR ztimer::inner::ticker] Failed to send tick notification to 2 with error Err("Full(..)"), it could be an error or end of process.
[INFO] [stderr] [2026-10-18T20:45:28Z ERROR ztimer::inner::ticker] Failed to send tick notification to 2 with error Err("Full(..)"), it could be an error or end of process.
[INFO] [stderr] [2026-10-18T20:45:28Z ERROR ztimer::inner::ticker] Failed to send tick notification to 2 with error Err("Full(..)"), it could be an error or end of process.
[INFO] [stderr] [2026-10-18T20:45:28Z ERROR ztimer::inner::ticker] Failed to send tick notification to 2 with error Err("Full(..)"), it could be an error or end of process.
[INFO] [stderr] [2026-10-18T20:45:28Z ERROR ztimer::inner::ticker] Failed to send tick notification to 2 with error Err("Full(..)"), it could be an error or end of process.
[INFO] [stderr] [2026-10-18T20:45:28Z ERROR ztimer::inner::ticker] Failed to send tick notification to 2 with error Err("Full(..)"), it could be an error or end of process.
[INFO] [stderr] [2026-10-18T20:45:28Z ERROR ztimer::inner::ticker] Failed to send tick notification to 2 with error Err("Full(..)"), it could be an error or end of process.
[INFO] [stderr] [2026-10-18T20:45:28Z ERROR ztimer::inner::ticker] Failed to send tick notification to 2 with error Err("Full(..)"), it could be an error or end of process.
[INFO] [stderr] [2026-10-18T20:45:28Z ERROR ztimer::inner::ticker] Failed to send tick notification to 2 with error Err("Full(..)"), it could be an error or end of process.
[INFO] [stderr] [2026-10-18T20:45:28Z ERROR ztimer::inner::ticker] Failed to send tick notification to 2 with error Err("Full(..)"), it could be an error or end of process.
[INFO] [stderr] [2026-10-18T20:45:28Z ERROR ztimer::inner::ticker] Failed to send tick notification to 2 with error Err("Full(..)"), it could be an error or end of process.
[INFO] [stderr] [2026-10-18T20:45:28Z ERROR ztimer::inner::ticker] Failed to send tick notification to 2 with error Err("Full(..)"), it could be an error or end of process.
[INFO] [stderr] [2026-10-18T20:45:28Z ERROR ztimer::inner::ticker] Failed to send tick notification to 2 with error Err("Full(..)"), it could be an error or end of process.
[INFO] [stderr] [2026-10-18T20:45:28Z ERROR ztimer::inner::ticker] Failed to send tick notification to 2 with error Err("Full(..)"), it could be an error or end of process.
[INFO] [stderr] [2026-10-18T20:45:28Z ERROR ztimer::inner::ticker] Failed to send tick notification to 2 with error Err("Full(..)"), it could be an error or end of process.
[INFO] [stderr] [2026-10-18T20:45:28Z ERROR ztimer::inner::ticker] Failed to send tick notification to 2 with error Err("Full(..)"), it could be an error or end of process.
[INFO] [stderr] [2026-10-18T20:45:28Z ERROR ztimer::inner::ticker] Failed to send tick notification to 2 with error Err("Full(..)"), it could be an error or end of process.
[INFO] [stderr] [2026-10-18T20:45:28Z ERROR ztimer::inner::ticker] Failed to send tick notification to 2 with error Err("Full(..)"), it could be an error or end of process.
[INFO] [stderr] [2026-10-18T20:45:28Z ERROR ztimer::inner::ticker] Failed to send tick notification to 2 with error Err("Full(..)"), it could be an error or end of process.
[INFO] [stderr] [2026-10-18T20:45:28Z ERROR ztimer::inner::ticker] Failed to send tick notification to 2 with error Err("Full(..)"), it could be an error or end of process.
[INFO] [stderr] [2026-10-18T20:45:28Z ERROR ztimer::inner::ticker] Failed to send tick notification to 2 with error Err("Full(..)"), it could be an error or end of process.
[INFO] [stderr] [2026-10-18T20:45:28Z ERROR ztimer::inner::ticker] Failed to send tick notification to 2 with error Err("Full(..)"), it could be an error or end of process.
[INFO] [stderr] [2026-10-18T20:45:28Z ERROR ztimer::inner::ticker] Failed to send tick notification to 2 with error Err("Full(..)"), it could be an error or end of process.
[INFO] [stderr] [2026-10-18T20:45:28Z ERROR ztimer::inner::ticker] Failed to send tick notification to 2 with error Err("Full(..)"), it could be an error or end of process.
[INFO] [stderr] [2026-10-18T20:45:28Z ERROR ztimer::inner::ticker] Failed to send tick notification to 2 with error Err("Full(..)"), it could be an error or end of process.
[INFO] [stderr] [2026-10-18T20:45:28Z ERROR ztimer::inner::ticker] Failed to send tick notification to 2 with error Err("Full(..)"), it could be an error or end of process.
[INFO] [stderr] [2026-10-18T20:45:28Z ERROR ztimer::inner::ticker] Failed to send tick notification to 2 with error Err("Full(..)"), it could be an error or end of process.
[INFO] [stderr] [2026-10-18T20:45:28Z ERROR ztimer::inner::ticker] Failed to send tick notification to 2 with error Err("Full(..)"), it could be an error or end of process.
[INFO] [stderr] [2026-10-18T20:45:28Z ERROR ztimer::inner::ticker] Failed to send tick notification to 2 with error Err("Full(..)"), it could be an error or end of process.
[INFO] [stderr] [2026-10-18T20:45:28Z ERROR ztimer::inner::ticker] Failed to send tick notification to 2 with error Err("Full(..)"), it could be an error or end of process.
[INFO] [stderr] [2026-10-18T20:45:28Z ERROR ztimer::inner::ticker] Failed to send tick notification to 2 with error Err("Full(..)"), it could be an error or end of process.
[INFO] [stderr] [2026-10-18T20:45:28Z ERROR ztimer::inner::ticker] Failed to send tick notification to 2 with error Err("Full(..)"), it could be an error or end of process.
[INFO] [stderr] [2026-10-18T20:45:28Z WARN  ztimer::inner::clock] The clock is overloaded for 1 seconds
[INFO] [stderr] [2026-10-18T20:45:29Z WARN  ztimer::inner::clock] A replacement clock is returned.
[INFO] [stderr] [2026-10-18T20:45:34Z WARN  ztimer::inner::clock] A replacement clock is returned.
[INFO] [stderr] [2026-10-18T20:45:39Z WARN  ztimer::inner::clock] A replacement clock is returned.
[INFO] [stdout] test test::test_time_out ... ok
[INFO] [stdout] 
[INFO] [stdout] failures:
[INFO] [stdout] 
[INFO] [stdout] ---- test::test_cancel stdout ----
[INFO] [stdout] 
[INFO] [stdout] thread 'TimerForCancel-274' (1669) panicked at src/lib.rs:378:17:
[INFO] [stdout] assertion `left == right` failed
[INFO] [stdout]   left: 1
[INFO] [stdout]  right: 0
[INFO] [stdout] stack backtrace:
[INFO] [stdout]    0:     0x58cc72198971 - <<std[70759c8f55707aa4]::sys::backtrace::BacktraceLock>::print::DisplayBacktrace as core[df12db4294e9bfd3]::fmt::Display>::fmt
[INFO] [stdout]    1:     0x58cc721b046a - core[df12db4294e9bfd3]::fmt::write
[INFO] [stdout]    2:     0x58cc7219eaac - <alloc[2182bb758b4b3781]::vec::Vec<u8> as core[df12db4294e9bfd3]::io::write::Write>::write_fmt
[INFO] [stdout]    3:     0x58cc72173fe6 - std[70759c8f55707aa4]::panicking::default_hook::{closure#0}
[INFO] [stdout]    4:     0x58cc72190ae9 - std[70759c8f55707aa4]::panicking::default_hook
[INFO] [stderr] error: test failed, to rerun pass `--lib`
[INFO] [stdout]    5:     0x58cc72057fd0 - test[9d35eded1c95d3be]::test_main_inner::<test[9d35eded1c95d3be]::test_main_static::{closure#0}>::{closure#0}
[INFO] [stdout]    6:     0x58cc72190e12 - std[70759c8f55707aa4]::panicking::panic_with_hook
[INFO] [stdout]    7:     0x58cc72174092 - std[70759c8f55707aa4]::panicking::panic_handler::{closure#0}
[INFO] [stdout]    8:     0x58cc7216c889 - std[70759c8f55707aa4]::sys::backtrace::__rust_end_short_backtrace::<std[70759c8f55707aa4]::panicking::panic_handler::{closure#0}, !>
[INFO] [stdout]    9:     0x58cc72174d9d - __rustc[8fa7c3cbc660c2b3]::rust_begin_unwind
[INFO] [stdout]   10:     0x58cc721b0c4c - core[df12db4294e9bfd3]::panicking::panic_fmt
[INFO] [stdout]   11:     0x58cc721b0b63 - core[df12db4294e9bfd3]::panicking::assert_failed_inner
[INFO] [stdout]   12:     0x58cc721abefd - core[df12db4294e9bfd3]::panicking::assert_failed::<usize, usize>
[INFO] [stdout]   13:     0x58cc720433dd - std[70759c8f55707aa4]::sys::backtrace::__rust_begin_short_backtrace::<ztimer[5203f0fd2cfa08c0]::test::single_timer_cancel::{closure#1}, ()>
[INFO] [stdout]   14:     0x58cc72041001 - <std[70759c8f55707aa4]::thread::lifecycle::spawn_unchecked<ztimer[5203f0fd2cfa08c0]::test::single_timer_cancel::{closure#1}, ()>::{closure#1} as core[df12db4294e9bfd3]::ops::function::FnOnce<()>>::call_once::{shim:vtable#0}
[INFO] [stdout]   15:     0x58cc72198209 - <std[70759c8f55707aa4]::sys::thread::unix::Thread>::new::thread_start
[INFO] [stdout]   16:     0x73957f157dfa - <unknown>
[INFO] [stdout]   17:     0x73957f1eb3d4 - clone
[INFO] [stdout]   18:                0x0 - <unknown>
[INFO] [stdout] 
[INFO] [stdout] thread 'TimerForCancel-432' (1828) panicked at src/lib.rs:378:17:
[INFO] [stdout] assertion `left == right` failed
[INFO] [stdout]   left: 1
[INFO] [stdout]  right: 0
[INFO] [stdout] stack backtrace:
[INFO] [stdout]    0:     0x58cc72198971 - <<std[70759c8f55707aa4]::sys::backtrace::BacktraceLock>::print::DisplayBacktrace as core[df12db4294e9bfd3]::fmt::Display>::fmt
[INFO] [stdout]    1:     0x58cc721b046a - core[df12db4294e9bfd3]::fmt::write
[INFO] [stdout]    2:     0x58cc7219eaac - <alloc[2182bb758b4b3781]::vec::Vec<u8> as core[df12db4294e9bfd3]::io::write::Write>::write_fmt
[INFO] [stdout]    3:     0x58cc72173fe6 - std[70759c8f55707aa4]::panicking::default_hook::{closure#0}
[INFO] [stdout]    4:     0x58cc72190ae9 - std[70759c8f55707aa4]::panicking::default_hook
[INFO] [stdout]    5:     0x58cc72057fd0 - test[9d35eded1c95d3be]::test_main_inner::<test[9d35eded1c95d3be]::test_main_static::{closure#0}>::{closure#0}
[INFO] [stdout]    6:     0x58cc72190e12 - std[70759c8f55707aa4]::panicking::panic_with_hook
[INFO] [stdout]    7:     0x58cc72174092 - std[70759c8f55707aa4]::panicking::panic_handler::{closure#0}
[INFO] [stdout]    8:     0x58cc7216c889 - std[70759c8f55707aa4]::sys::backtrace::__rust_end_short_backtrace::<std[70759c8f55707aa4]::panicking::panic_handler::{closure#0}, !>
[INFO] [stdout]    9:     0x58cc72174d9d - __rustc[8fa7c3cbc660c2b3]::rust_begin_unwind
[INFO] [stdout]   10:     0x58cc721b0c4c - core[df12db4294e9bfd3]::panicking::panic_fmt
[INFO] [stdout]   11:     0x58cc721b0b63 - core[df12db4294e9bfd3]::panicking::assert_failed_inner
[INFO] [stdout]   12:     0x58cc721abefd - core[df12db4294e9bfd3]::panicking::assert_failed::<usize, usize>
[INFO] [stdout]   13:     0x58cc720433dd - std[70759c8f55707aa4]::sys::backtrace::__rust_begin_short_backtrace::<ztimer[5203f0fd2cfa08c0]::test::single_timer_cancel::{closure#1}, ()>
[INFO] [stdout]   14:     0x58cc72041001 - <std[70759c8f55707aa4]::thread::lifecycle::spawn_unchecked<ztimer[5203f0fd2cfa08c0]::test::single_timer_cancel::{closure#1}, ()>::{closure#1} as core[df12db4294e9bfd3]::ops::function::FnOnce<()>>::call_once::{shim:vtable#0}
[INFO] [stdout]   15:     0x58cc72198209 - <std[70759c8f55707aa4]::sys::thread::unix::Thread>::new::thread_start
[INFO] [stdout]   16:     0x73957f157dfa - <unknown>
[INFO] [stdout]   17:     0x73957f1eb3d4 - clone
[INFO] [stdout]   18:                0x0 - <unknown>
[INFO] [stdout] 
[INFO] [stdout] thread 'test::test_cancel' (1384) panicked at src/lib.rs:518:22:
[INFO] [stdout] called `Result::unwrap()` on an `Err` value: Any { .. }
[INFO] [stdout] stack backtrace:
[INFO] [stdout]    0:     0x58cc72198971 - <<std[70759c8f55707aa4]::sys::backtrace::BacktraceLock>::print::DisplayBacktrace as core[df12db4294e9bfd3]::fmt::Display>::fmt
[INFO] [stdout]    1:     0x58cc721b046a - core[df12db4294e9bfd3]::fmt::write
[INFO] [stdout]    2:     0x58cc7219eaac - <alloc[2182bb758b4b3781]::vec::Vec<u8> as core[df12db4294e9bfd3]::io::write::Write>::write_fmt
[INFO] [stdout]    3:     0x58cc72173fe6 - std[70759c8f55707aa4]::panicking::default_hook::{closure#0}
[INFO] [stdout]    4:     0x58cc72190ae9 - std[70759c8f55707aa4]::panicking::default_hook
[INFO] [stdout]    5:     0x58cc72057fd0 - test[9d35eded1c95d3be]::test_main_inner::<test[9d35eded1c95d3be]::test_main_static::{closure#0}>::{closure#0}
[INFO] [stdout]    6:     0x58cc72190e12 - std[70759c8f55707aa4]::panicking::panic_with_hook
[INFO] [stdout]    7:     0x58cc72174092 - std[70759c8f55707aa4]::panicking::panic_handler::{closure#0}
[INFO] [stdout]    8:     0x58cc7216c889 - std[70759c8f55707aa4]::sys::backtrace::__rust_end_short_backtrace::<std[70759c8f55707aa4]::panicking::panic_handler::{closure#0}, !>
[INFO] [stdout]    9:     0x58cc72174d9d - __rustc[8fa7c3cbc660c2b3]::rust_begin_unwind
[INFO] [stdout]   10:     0x58cc721b0c4c - core[df12db4294e9bfd3]::panicking::panic_fmt
[INFO] [stdout]   11:     0x58cc721b0a22 - core[df12db4294e9bfd3]::result::unwrap_failed
[INFO] [stdout]   12:     0x58cc7200ef56 - ztimer[5203f0fd2cfa08c0]::test::run_tests
[INFO] [stdout]   13:     0x58cc7200f359 - ztimer[5203f0fd2cfa08c0]::test::test_cancel
[INFO] [stdout]   14:     0x58cc7203af79 - <ztimer[5203f0fd2cfa08c0]::test::test_cancel::{closure#0} as core[df12db4294e9bfd3]::ops::function::FnOnce<()>>::call_once
[INFO] [stdout]   15:     0x58cc7204b2bb - test[9d35eded1c95d3be]::__rust_begin_short_backtrace::<core[df12db4294e9bfd3]::result::Result<(), alloc[2182bb758b4b3781]::string::String>, fn() -> core[df12db4294e9bfd3]::result::Result<(), alloc[2182bb758b4b3781]::string::String>>
[INFO] [stdout]   16:     0x58cc72058925 - test[9d35eded1c95d3be]::run_test::{closure#0}
[INFO] [stdout]   17:     0x58cc720521e4 - std[70759c8f55707aa4]::sys::backtrace::__rust_begin_short_backtrace::<test[9d35eded1c95d3be]::run_test::{closure#1}, ()>
[INFO] [stdout]   18:     0x58cc7205ba82 - <std[70759c8f55707aa4]::thread::lifecycle::spawn_unchecked<test[9d35eded1c95d3be]::run_test::{closure#1}, ()>::{closure#1} as core[df12db4294e9bfd3]::ops::function::FnOnce<()>>::call_once::{shim:vtable#0}
[INFO] [stdout]   19:     0x58cc72198209 - <std[70759c8f55707aa4]::sys::thread::unix::Thread>::new::thread_start
[INFO] [stdout]   20:     0x73957f157dfa - <unknown>
[INFO] [stdout]   21:     0x73957f1eb3d4 - clone
[INFO] [stdout]   22:                0x0 - <unknown>
[INFO] [stdout] 
[INFO] [stdout] ---- test::test_combination_collocated stdout ----
[INFO] [stdout] 
[INFO] [stdout] thread 'TimerForCancel-3067' (5327) panicked at src/lib.rs:378:17:
[INFO] [stdout] assertion `left == right` failed
[INFO] [stdout]   left: 1
[INFO] [stdout]  right: 0
[INFO] [stdout] stack backtrace:
[INFO] [stdout]    0:     0x58cc72198971 - <<std[70759c8f55707aa4]::sys::backtrace::BacktraceLock>::print::DisplayBacktrace as core[df12db4294e9bfd3]::fmt::Display>::fmt
[INFO] [stdout]    1:     0x58cc721b046a - core[df12db4294e9bfd3]::fmt::write
[INFO] [stdout]    2:     0x58cc7219eaac - <alloc[2182bb758b4b3781]::vec::Vec<u8> as core[df12db4294e9bfd3]::io::write::Write>::write_fmt
[INFO] [stdout]    3:     0x58cc72173fe6 - std[70759c8f55707aa4]::panicking::default_hook::{closure#0}
[INFO] [stdout]    4:     0x58cc72190ae9 - std[70759c8f55707aa4]::panicking::default_hook
[INFO] [stdout]    5:     0x58cc72057fd0 - test[9d35eded1c95d3be]::test_main_inner::<test[9d35eded1c95d3be]::test_main_static::{closure#0}>::{closure#0}
[INFO] [stdout]    6:     0x58cc72190e12 - std[70759c8f55707aa4]::panicking::panic_with_hook
[INFO] [stdout]    7:     0x58cc72174092 - std[70759c8f55707aa4]::panicking::panic_handler::{closure#0}
[INFO] [stdout]    8:     0x58cc7216c889 - std[70759c8f55707aa4]::sys::backtrace::__rust_end_short_backtrace::<std[70759c8f55707aa4]::panicking::panic_handler::{closure#0}, !>
[INFO] [stdout]    9:     0x58cc72174d9d - __rustc[8fa7c3cbc660c2b3]::rust_begin_unwind
[INFO] [stdout]   10:     0x58cc721b0c4c - core[df12db4294e9bfd3]::panicking::panic_fmt
[INFO] [stdout]   11:     0x58cc721b0b63 - core[df12db4294e9bfd3]::panicking::assert_failed_inner
[INFO] [stdout]   12:     0x58cc721abefd - core[df12db4294e9bfd3]::panicking::assert_failed::<usize, usize>
[INFO] [stdout]   13:     0x58cc720433dd - std[70759c8f55707aa4]::sys::backtrace::__rust_begin_short_backtrace::<ztimer[5203f0fd2cfa08c0]::test::single_timer_cancel::{closure#1}, ()>
[INFO] [stdout]   14:     0x58cc72041001 - <std[70759c8f55707aa4]::thread::lifecycle::spawn_unchecked<ztimer[5203f0fd2cfa08c0]::test::single_timer_cancel::{closure#1}, ()>::{closure#1} as core[df12db4294e9bfd3]::ops::function::FnOnce<()>>::call_once::{shim:vtable#0}
[INFO] [stdout]   15:     0x58cc72198209 - <std[70759c8f55707aa4]::sys::thread::unix::Thread>::new::thread_start
[INFO] [stdout]   16:     0x73957f157dfa - <unknown>
[INFO] [stdout]   17:     0x73957f1eb3d4 - clone
[INFO] [stdout]   18:                0x0 - <unknown>
[INFO] [stdout] 
[INFO] [stdout] thread 'test::test_combination_collocated' (1386) panicked at src/lib.rs:658:22:
[INFO] [stdout] called `Result::unwrap()` on an `Err` value: Any { .. }
[INFO] [stdout] stack backtrace:
[INFO] [stdout]    0:     0x58cc72198971 - <<std[70759c8f55707aa4]::sys::backtrace::BacktraceLock>::print::DisplayBacktrace as core[df12db4294e9bfd3]::fmt::Display>::fmt
[INFO] [stdout]    1:     0x58cc721b046a - core[df12db4294e9bfd3]::fmt::write
[INFO] [stdout]    2:     0x58cc7219eaac - <alloc[2182bb758b4b3781]::vec::Vec<u8> as core[df12db4294e9bfd3]::io::write::Write>::write_fmt
[INFO] [stdout]    3:     0x58cc72173fe6 - std[70759c8f55707aa4]::panicking::default_hook::{closure#0}
[INFO] [stdout]    4:     0x58cc72190ae9 - std[70759c8f55707aa4]::panicking::default_hook
[INFO] [stdout]    5:     0x58cc72057fd0 - test[9d35eded1c95d3be]::test_main_inner::<test[9d35eded1c95d3be]::test_main_static::{closure#0}>::{closure#0}
[INFO] [stdout]    6:     0x58cc72190e12 - std[70759c8f55707aa4]::panicking::panic_with_hook
[INFO] [stdout]    7:     0x58cc72174092 - std[70759c8f55707aa4]::panicking::panic_handler::{closure#0}
[INFO] [stdout]    8:     0x58cc7216c889 - std[70759c8f55707aa4]::sys::backtrace::__rust_end_short_backtrace::<std[70759c8f55707aa4]::panicking::panic_handler::{closure#0}, !>
[INFO] [stdout]    9:     0x58cc72174d9d - __rustc[8fa7c3cbc660c2b3]::rust_begin_unwind
[INFO] [stdout]   10:     0x58cc721b0c4c - core[df12db4294e9bfd3]::panicking::panic_fmt
[INFO] [stdout]   11:     0x58cc721b0a22 - core[df12db4294e9bfd3]::result::unwrap_failed
[INFO] [stdout]   12:     0x58cc72012860 - ztimer[5203f0fd2cfa08c0]::test::test_combination_collocated
[INFO] [stdout]   13:     0x58cc7203b019 - <ztimer[5203f0fd2cfa08c0]::test::test_combination_collocated::{closure#0} as core[df12db4294e9bfd3]::ops::function::FnOnce<()>>::call_once
[INFO] [stdout]   14:     0x58cc7204b2bb - test[9d35eded1c95d3be]::__rust_begin_short_backtrace::<core[df12db4294e9bfd3]::result::Result<(), alloc[2182bb758b4b3781]::string::String>, fn() -> core[df12db4294e9bfd3]::result::Result<(), alloc[2182bb758b4b3781]::string::String>>
[INFO] [stdout]   15:     0x58cc72058925 - test[9d35eded1c95d3be]::run_test::{closure#0}
[INFO] [stdout]   16:     0x58cc720521e4 - std[70759c8f55707aa4]::sys::backtrace::__rust_begin_short_backtrace::<test[9d35eded1c95d3be]::run_test::{closure#1}, ()>
[INFO] [stdout]   17:     0x58cc7205ba82 - <std[70759c8f55707aa4]::thread::lifecycle::spawn_unchecked<test[9d35eded1c95d3be]::run_test::{closure#1}, ()>::{closure#1} as core[df12db4294e9bfd3]::ops::function::FnOnce<()>>::call_once::{shim:vtable#0}
[INFO] [stdout]   18:     0x58cc72198209 - <std[70759c8f55707aa4]::sys::thread::unix::Thread>::new::thread_start
[INFO] [stdout]   19:     0x73957f157dfa - <unknown>
[INFO] [stdout]   20:     0x73957f1eb3d4 - clone
[INFO] [stdout]   21:                0x0 - <unknown>
[INFO] [stdout] 
[INFO] [stdout] 
[INFO] [stdout] failures:
[INFO] [stdout]     test::test_cancel
[INFO] [stdout]     test::test_combination_collocated
[INFO] [stdout] 
[INFO] [stdout] test result: FAILED. 48 passed; 2 failed; 0 ignored; 0 measured; 0 filtered out; finished in 327.48s
[INFO] [stdout] 
[INFO] running `Command { std: "docker" "inspect" "cb73b5bd8e0333df452d4213de6bc25fbf6b16398ce8ef0c9bfd71af2f476b8b", kill_on_drop: false }`
[INFO] running `Command { std: "docker" "rm" "-f" "cb73b5bd8e0333df452d4213de6bc25fbf6b16398ce8ef0c9bfd71af2f476b8b", kill_on_drop: false }`
[INFO] [stdout] cb73b5bd8e0333df452d4213de6bc25fbf6b16398ce8ef0c9bfd71af2f476b8b
