[INFO] fetching crate ztheme 1.8.0...
[INFO] testing ztheme-1.8.0 against 1.100.0-beta.1+cargoflags=--release for beta-release-1.100-2
[INFO] extracting crate ztheme 1.8.0 into /workspace/builds/worker-4-tc2/source
[INFO] started tweaking crates.io crate ztheme 1.8.0
[INFO] removed 0 missing tests
[INFO] finished tweaking crates.io crate ztheme 1.8.0
[INFO] tweaked toml for crates.io crate ztheme 1.8.0 written to /workspace/builds/worker-4-tc2/source/Cargo.toml
[INFO] validating manifest of crates.io crate ztheme 1.8.0 on toolchain 1.100.0-beta.1
[INFO] running `Command { std: CARGO_HOME="/workspace/cargo-home" RUSTUP_HOME="/workspace/rustup-home" "/workspace/cargo-home/bin/cargo" "+1.100.0-beta.1" "metadata" "--manifest-path" "Cargo.toml" "--no-deps", kill_on_drop: false }`
[INFO] crate crates.io crate ztheme 1.8.0 already has a lockfile, it will not be regenerated
[INFO] running `Command { std: CARGO_HOME="/workspace/cargo-home" RUSTUP_HOME="/workspace/rustup-home" "/workspace/cargo-home/bin/cargo" "+1.100.0-beta.1" "fetch" "--manifest-path" "Cargo.toml", kill_on_drop: false }`
[INFO] [stderr] warning: `package.homepage` is redundant with `package.repository`
[INFO] [stderr]   --> Cargo.toml:42:12
[INFO] [stderr]    |
[INFO] [stderr] 42 | homepage = "https://github.com/alexykn/ztheme"
[INFO] [stderr]    |            ^^^^^^^^^^^^^^^^^^^^^^^^^^^^^^^^^^^
[INFO] [stderr] ...
[INFO] [stderr] 47 | repository = "https://github.com/alexykn/ztheme"
[INFO] [stderr]    |              -----------------------------------
[INFO] [stderr]    |
[INFO] [stderr]    = note: `cargo::redundant_homepage` is set to `warn` by default
[INFO] [stderr] help: consider removing `package.homepage`
[INFO] [stderr] warning: `ztheme` (manifest) generated 1 warning
[INFO] running `Command { std: "docker" "create" "-v" "/var/lib/crater-agent-workspace/builds/worker-4-tc2/source:/opt/rustwide/workdir:ro,Z" "-v" "/var/lib/crater-agent-workspace/builds/worker-4-tc2/target:/opt/rustwide/target:rw,Z" "-v" "/var/lib/crater-agent-workspace/cargo-home:/opt/rustwide/cargo-home:ro,Z" "-v" "/var/lib/crater-agent-workspace/rustup-home:/opt/rustwide/rustup-home:ro,Z" "-m" "1610612736" "--network" "none" "ghcr.io/rust-lang/crates-build-env/linux@sha256:77db811e55d90add9212f6832c23229e3de5f1c1f9905e8cb07319ea15df73ac" "sleep" "infinity", kill_on_drop: false }`
[INFO] [stdout] 3aec0cf5634ba3ffc09fdfe3c59adb2ffdb55d9cba11e1c138f8fc3851734013
[INFO] running `Command { std: "docker" "start" "3aec0cf5634ba3ffc09fdfe3c59adb2ffdb55d9cba11e1c138f8fc3851734013", kill_on_drop: false }`
[INFO] running `Command { std: "docker" "inspect" "3aec0cf5634ba3ffc09fdfe3c59adb2ffdb55d9cba11e1c138f8fc3851734013", kill_on_drop: false }`
[INFO] running `Command { std: "docker" "exec" "-e" "SOURCE_DIR=/opt/rustwide/workdir" "-e" "CARGO_HOME=/opt/rustwide/cargo-home" "-e" "RUSTUP_HOME=/opt/rustwide/rustup-home" "-e" "CARGO_TARGET_DIR=/opt/rustwide/target" "-w" "/opt/rustwide/workdir" "--user" "0:0" "3aec0cf5634ba3ffc09fdfe3c59adb2ffdb55d9cba11e1c138f8fc3851734013" "/opt/rustwide/cargo-home/bin/cargo" "+1.100.0-beta.1" "metadata" "--no-deps" "--format-version=1", kill_on_drop: false }`
[INFO] running `Command { std: "docker" "inspect" "3aec0cf5634ba3ffc09fdfe3c59adb2ffdb55d9cba11e1c138f8fc3851734013", kill_on_drop: false }`
[INFO] running `Command { std: "docker" "exec" "-e" "SOURCE_DIR=/opt/rustwide/workdir" "-e" "CARGO_HOME=/opt/rustwide/cargo-home" "-e" "RUSTUP_HOME=/opt/rustwide/rustup-home" "-e" "CARGO_TARGET_DIR=/opt/rustwide/target" "-e" "CARGO_INCREMENTAL=0" "-e" "RUST_BACKTRACE=full" "-e" "RUSTFLAGS=--cap-lints=warn" "-e" "RUSTDOCFLAGS=--cap-lints=warn" "-w" "/opt/rustwide/workdir" "--user" "0:0" "3aec0cf5634ba3ffc09fdfe3c59adb2ffdb55d9cba11e1c138f8fc3851734013" "/opt/rustwide/cargo-home/bin/cargo" "+1.100.0-beta.1" "build" "--frozen" "--message-format=json" "--release", kill_on_drop: false }`
[INFO] [stderr] warning: `package.homepage` is redundant with `package.repository`
[INFO] [stderr]   --> Cargo.toml:42:12
[INFO] [stderr]    |
[INFO] [stderr] 42 | homepage = "https://github.com/alexykn/ztheme"
[INFO] [stderr]    |            ^^^^^^^^^^^^^^^^^^^^^^^^^^^^^^^^^^^
[INFO] [stderr] ...
[INFO] [stderr] 47 | repository = "https://github.com/alexykn/ztheme"
[INFO] [stderr]    |              -----------------------------------
[INFO] [stderr]    |
[INFO] [stderr]    = note: `cargo::redundant_homepage` is set to `warn` by default
[INFO] [stderr] help: consider removing `package.homepage`
[INFO] [stderr] warning: `ztheme` (manifest) generated 1 warning
[INFO] [stderr]    Compiling libc v0.2.189
[INFO] [stderr]    Compiling proc-macro2 v1.0.107
[INFO] [stderr]    Compiling unicode-ident v1.0.24
[INFO] [stderr]    Compiling quote v1.0.47
[INFO] [stderr]    Compiling find-msvc-tools v0.1.9
[INFO] [stderr]    Compiling cfg-if v1.0.4
[INFO] [stderr]    Compiling shlex v2.0.1
[INFO] [stderr]    Compiling serde_core v1.0.229
[INFO] [stderr]    Compiling typenum v1.20.1
[INFO] [stderr]    Compiling zeroize v1.9.0
[INFO] [stderr]    Compiling crc32fast v1.5.0
[INFO] [stderr]    Compiling httparse v1.10.1
[INFO] [stderr]    Compiling bytes v1.12.1
[INFO] [stderr]    Compiling untrusted v0.9.0
[INFO] [stderr]    Compiling utf8parse v0.2.2
[INFO] [stderr]    Compiling anstyle-query v1.1.5
[INFO] [stderr]    Compiling rustls v0.23.45
[INFO] [stderr]    Compiling anstyle-parse v1.0.0
[INFO] [stderr]    Compiling is_terminal_polyfill v1.70.2
[INFO] [stderr]    Compiling simd-adler32 v0.3.10
[INFO] [stderr]    Compiling log v0.4.33
[INFO] [stderr]    Compiling cc v1.4.0
[INFO] [stderr]    Compiling rustls-pki-types v1.15.1
[INFO] [stderr]    Compiling anstyle v1.0.14
[INFO] [stderr]    Compiling colorchoice v1.0.5
[INFO] [stderr]    Compiling adler2 v2.0.1
[INFO] [stderr]    Compiling itoa v1.0.18
[INFO] [stderr]    Compiling serde v1.0.229
[INFO] [stderr]    Compiling subtle v2.6.1
[INFO] [stderr]    Compiling miniz_oxide v0.8.9
[INFO] [stderr]    Compiling base64 v0.23.1
[INFO] [stderr]    Compiling anstream v1.0.0
[INFO] [stderr]    Compiling clap_lex v1.1.0
[INFO] [stderr]    Compiling heck v0.5.0
[INFO] [stderr]    Compiling once_cell v1.21.4
[INFO] [stderr]    Compiling const-oid v0.10.2
[INFO] [stderr]    Compiling strsim v0.11.1
[INFO] [stderr]    Compiling winnow v1.0.4
[INFO] [stderr]    Compiling webpki-roots v1.0.9
[INFO] [stderr]    Compiling utf8-zero v0.8.1
[INFO] [stderr]    Compiling toml_writer v1.1.2+spec-1.1.0
[INFO] [stderr]    Compiling cpufeatures v0.3.0
[INFO] [stderr]    Compiling percent-encoding v2.3.2
[INFO] [stderr]    Compiling pin-project-lite v0.2.17
[INFO] [stderr]    Compiling http v1.5.0
[INFO] [stderr]    Compiling clap_builder v4.6.7
[INFO] [stderr]    Compiling shell-words v1.1.1
[INFO] [stderr]    Compiling flate2 v1.1.9
[INFO] [stderr]    Compiling syn v3.0.3
[INFO] [stderr]    Compiling toml_parser v1.1.3+spec-1.1.0
[INFO] [stderr]    Compiling hybrid-array v0.4.14
[INFO] [stderr]    Compiling ring v0.17.14
[INFO] [stderr]    Compiling getrandom v0.2.17
[INFO] [stderr]    Compiling errno v0.3.14
[INFO] [stderr]    Compiling mio v1.2.2
[INFO] [stderr]    Compiling socket2 v0.6.3
[INFO] [stderr]    Compiling signal-hook-registry v1.4.8
[INFO] [stderr]    Compiling ureq-proto v0.6.4
[INFO] [stderr]    Compiling block-buffer v0.12.1
[INFO] [stderr]    Compiling crypto-common v0.2.2
[INFO] [stderr]    Compiling digest v0.11.3
[INFO] [stderr]    Compiling sha2 v0.11.0
[INFO] [stderr]    Compiling serde_spanned v1.1.1
[INFO] [stderr]    Compiling toml_datetime v1.1.1+spec-1.1.0
[INFO] [stderr]    Compiling toml v1.1.6+spec-1.1.0
[INFO] [stderr]    Compiling clap_derive v4.6.7
[INFO] [stderr]    Compiling serde_derive v1.0.229
[INFO] [stderr]    Compiling tokio-macros v2.7.2
[INFO] [stderr]    Compiling tokio v1.53.1
[INFO] [stderr]    Compiling clap v4.6.7
[INFO] [stderr]    Compiling rustls-webpki v0.103.15
[INFO] [stderr]    Compiling ureq v3.4.2
[INFO] [stderr]    Compiling ztheme v1.8.0 (/opt/rustwide/workdir)
[INFO] [stderr]     Finished `release` profile [optimized] target(s) in 35.92s
[INFO] running `Command { std: "docker" "inspect" "3aec0cf5634ba3ffc09fdfe3c59adb2ffdb55d9cba11e1c138f8fc3851734013", kill_on_drop: false }`
[INFO] running `Command { std: "docker" "exec" "-e" "SOURCE_DIR=/opt/rustwide/workdir" "-e" "CARGO_HOME=/opt/rustwide/cargo-home" "-e" "RUSTUP_HOME=/opt/rustwide/rustup-home" "-e" "CARGO_TARGET_DIR=/opt/rustwide/target" "-e" "CARGO_INCREMENTAL=0" "-e" "RUST_BACKTRACE=full" "-e" "RUSTFLAGS=--cap-lints=warn" "-e" "RUSTDOCFLAGS=--cap-lints=warn" "-w" "/opt/rustwide/workdir" "--user" "0:0" "3aec0cf5634ba3ffc09fdfe3c59adb2ffdb55d9cba11e1c138f8fc3851734013" "/opt/rustwide/cargo-home/bin/cargo" "+1.100.0-beta.1" "test" "--frozen" "--no-run" "--message-format=json" "--release", kill_on_drop: false }`
[INFO] [stderr] warning: `package.homepage` is redundant with `package.repository`
[INFO] [stderr]   --> Cargo.toml:42:12
[INFO] [stderr]    |
[INFO] [stderr] 42 | homepage = "https://github.com/alexykn/ztheme"
[INFO] [stderr]    |            ^^^^^^^^^^^^^^^^^^^^^^^^^^^^^^^^^^^
[INFO] [stderr] ...
[INFO] [stderr] 47 | repository = "https://github.com/alexykn/ztheme"
[INFO] [stderr]    |              -----------------------------------
[INFO] [stderr]    |
[INFO] [stderr]    = note: `cargo::redundant_homepage` is set to `warn` by default
[INFO] [stderr] help: consider removing `package.homepage`
[INFO] [stderr] warning: `ztheme` (manifest) generated 1 warning
[INFO] [stderr]    Compiling cfg-if v1.0.4
[INFO] [stderr]    Compiling zeroize v1.9.0
[INFO] [stderr]    Compiling typenum v1.20.1
[INFO] [stderr]    Compiling libc v0.2.189
[INFO] [stderr]    Compiling utf8parse v0.2.2
[INFO] [stderr]    Compiling bytes v1.12.1
[INFO] [stderr]    Compiling serde_core v1.0.229
[INFO] [stderr]    Compiling untrusted v0.9.0
[INFO] [stderr]    Compiling is_terminal_polyfill v1.70.2
[INFO] [stderr]    Compiling itoa v1.0.18
[INFO] [stderr]    Compiling anstyle v1.0.14
[INFO] [stderr]    Compiling colorchoice v1.0.5
[INFO] [stderr]    Compiling adler2 v2.0.1
[INFO] [stderr]    Compiling anstyle-query v1.1.5
[INFO] [stderr]    Compiling simd-adler32 v0.3.10
[INFO] [stderr]    Compiling log v0.4.33
[INFO] [stderr]    Compiling crc32fast v1.5.0
[INFO] [stderr]    Compiling anstyle-parse v1.0.0
[INFO] [stderr]    Compiling httparse v1.10.1
[INFO] [stderr]    Compiling const-oid v0.10.2
[INFO] [stderr]    Compiling clap_lex v1.1.0
[INFO] [stderr]    Compiling winnow v1.0.4
[INFO] [stderr]    Compiling rustls-pki-types v1.15.1
[INFO] [stderr]    Compiling strsim v0.11.1
[INFO] [stderr]    Compiling miniz_oxide v0.8.9
[INFO] [stderr]    Compiling anstream v1.0.0
[INFO] [stderr]    Compiling base64 v0.23.1
[INFO] [stderr]    Compiling subtle v2.6.1
[INFO] [stderr]    Compiling once_cell v1.21.4
[INFO] [stderr]    Compiling toml_writer v1.1.2+spec-1.1.0
[INFO] [stderr]    Compiling utf8-zero v0.8.1
[INFO] [stderr]    Compiling cpufeatures v0.3.0
[INFO] [stderr]    Compiling pin-project-lite v0.2.17
[INFO] [stderr]    Compiling percent-encoding v2.3.2
[INFO] [stderr]    Compiling shell-words v1.1.1
[INFO] [stderr]    Compiling clap_builder v4.6.7
[INFO] [stderr]    Compiling toml_parser v1.1.3+spec-1.1.0
[INFO] [stderr]    Compiling webpki-roots v1.0.9
[INFO] [stderr]    Compiling http v1.5.0
[INFO] [stderr]    Compiling flate2 v1.1.9
[INFO] [stderr]    Compiling hybrid-array v0.4.14
[INFO] [stderr]    Compiling getrandom v0.2.17
[INFO] [stderr]    Compiling errno v0.3.14
[INFO] [stderr]    Compiling socket2 v0.6.3
[INFO] [stderr]    Compiling mio v1.2.2
[INFO] [stderr]    Compiling signal-hook-registry v1.4.8
[INFO] [stderr]    Compiling ring v0.17.14
[INFO] [stderr]    Compiling tokio v1.53.1
[INFO] [stderr]    Compiling ureq-proto v0.6.4
[INFO] [stderr]    Compiling crypto-common v0.2.2
[INFO] [stderr]    Compiling block-buffer v0.12.1
[INFO] [stderr]    Compiling digest v0.11.3
[INFO] [stderr]    Compiling sha2 v0.11.0
[INFO] [stderr]    Compiling rustls-webpki v0.103.15
[INFO] [stderr]    Compiling serde_spanned v1.1.1
[INFO] [stderr]    Compiling toml_datetime v1.1.1+spec-1.1.0
[INFO] [stderr]    Compiling serde v1.0.229
[INFO] [stderr]    Compiling toml v1.1.6+spec-1.1.0
[INFO] [stderr]    Compiling clap v4.6.7
[INFO] [stderr]    Compiling rustls v0.23.45
[INFO] [stderr]    Compiling ureq v3.4.2
[INFO] [stderr]    Compiling ztheme v1.8.0 (/opt/rustwide/workdir)
[INFO] [stderr]     Finished `release` profile [optimized] target(s) in 39.12s
[INFO] running `Command { std: "docker" "inspect" "3aec0cf5634ba3ffc09fdfe3c59adb2ffdb55d9cba11e1c138f8fc3851734013", kill_on_drop: false }`
[INFO] running `Command { std: "docker" "exec" "-e" "SOURCE_DIR=/opt/rustwide/workdir" "-e" "CARGO_HOME=/opt/rustwide/cargo-home" "-e" "RUSTUP_HOME=/opt/rustwide/rustup-home" "-e" "CARGO_TARGET_DIR=/opt/rustwide/target" "-e" "CARGO_INCREMENTAL=0" "-e" "RUST_BACKTRACE=full" "-e" "RUSTFLAGS=--cap-lints=warn" "-e" "RUSTDOCFLAGS=--cap-lints=warn" "-w" "/opt/rustwide/workdir" "--user" "0:0" "3aec0cf5634ba3ffc09fdfe3c59adb2ffdb55d9cba11e1c138f8fc3851734013" "/opt/rustwide/cargo-home/bin/cargo" "+1.100.0-beta.1" "test" "--frozen" "--release", kill_on_drop: false }`
[INFO] [stderr] warning: `package.homepage` is redundant with `package.repository`
[INFO] [stderr]   --> Cargo.toml:42:12
[INFO] [stderr]    |
[INFO] [stderr] 42 | homepage = "https://github.com/alexykn/ztheme"
[INFO] [stderr]    |            ^^^^^^^^^^^^^^^^^^^^^^^^^^^^^^^^^^^
[INFO] [stderr] ...
[INFO] [stderr] 47 | repository = "https://github.com/alexykn/ztheme"
[INFO] [stderr]    |              -----------------------------------
[INFO] [stderr]    |
[INFO] [stderr]    = note: `cargo::redundant_homepage` is set to `warn` by default
[INFO] [stderr] help: consider removing `package.homepage`
[INFO] [stderr] warning: `ztheme` (manifest) generated 1 warning
[INFO] [stderr]     Finished `release` profile [optimized] target(s) in 0.06s
[INFO] [stderr]      Running unittests src/main.rs (/opt/rustwide/target/release/build/ztheme/11f6ce8cdbb1f658/out/ztheme-11f6ce8cdbb1f658)
[INFO] [stdout] 
[INFO] [stdout] running 145 tests
[INFO] [stdout] test cache::disk::tests::future_timestamps_are_rejected ... ok
[INFO] [stdout] test cache::disk::tests::duplicate_cache_keys_are_rejected ... ok
[INFO] [stdout] test cache::disk::tests::old_entries_are_read_without_wall_clock_expiry ... ok
[INFO] [stdout] test cache::disk::tests::malformed_cache_files_are_rejected ... ok
[INFO] [stdout] test cache::tests::concurrent_acquires_have_one_owner ... ok
[INFO] [stdout] test cache::tests::expired_owner_cannot_put_even_before_reclamation_and_wakes_waiters ... ok
[INFO] [stdout] test cache::tests::runtime_cache_inserts_retrieves_and_rejects_oversized_values ... ok
[INFO] [stdout] test cache::tests::lru_recency_preserves_a_revisited_old_entry ... ok
[INFO] [stdout] test cache::tests::warm_hits_leave_expired_lease_reclamation_to_misses ... ok
[INFO] [stdout] test cache::tests::lease_capacity_failure_preserves_hits_and_existing_waiters_and_recovers ... ok
[INFO] [stdout] test cli::tests::command_shapes_are_nested_as_expected ... ok
[INFO] [stdout] test cli::tests::internal_commands_are_hidden_from_public_help ... ok
[INFO] [stdout] test daemon::protocol::tests::git_queries_round_trip_non_utf8_paths ... ok
[INFO] [stdout] test cache::tests::lru_trimming_keeps_the_newest_entries ... ok
[INFO] [stdout] test cli::tests::public_and_internal_commands_parse ... ok
[INFO] [stdout] test daemon::protocol::tests::git_snapshots_and_result_variants_round_trip ... ok
[INFO] [stdout] test cli::tests::invalid_commands_and_duplicate_flags_are_rejected ... ok
[INFO] [stdout] test daemon::protocol::tests::response_versions_are_reported_to_the_client ... ok
[INFO] [stdout] test daemon::tests::daemon_transition_errors_are_classified_explicitly ... ok
[INFO] [stdout] test daemon::protocol::tests::header_distinguishes_protocol_versions ... ok
[INFO] [stdout] test cache::tests::release_and_clear_wake_waiters_without_reviving_old_owners ... ok
[INFO] [stdout] test daemon::tests::development_instances_are_validated_and_isolated ... ok
[INFO] [stdout] test environment::tests::apply_to_command_sets_and_removes_all_controls ... ok
[INFO] [stdout] test gitstatus::process::tests::maps_change_counts_without_double_counting_deletions ... ok
[INFO] [stdout] test cache::tests::unique_misses_reclaim_all_expired_leases_and_notify_waiters ... ok
[INFO] [stdout] test gitstatus::process::tests::maps_conflicted_and_untracked_counts ... ok
[INFO] [stdout] test gitstatus::process::tests::parses_non_repository_and_repository_metadata ... ok
[INFO] [stdout] test gitstatus::process::tests::rejects_malformed_responses ... ok
[INFO] [stdout] test gitstatus::process::tests::response_reading_is_bounded_and_distinguishes_outcomes ... ok
[INFO] [stdout] test gitstatus::tests::environment_values_reject_git_dir_with_worktree ... ok
[INFO] [stdout] test gitstatus::process::tests::oversized_and_unterminated_responses_never_grow_unbounded ... ok
[INFO] [stdout] test gitstatus::tests::environment_values_select_the_correct_query_kind ... ok
[INFO] [stdout] test gitstatus::tests::explicit_git_dir_bypasses_ceiling_and_filesystem_discovery ... ok
[INFO] [stdout] test gitstatus::tests::explicit_worktree_bypasses_ceilings_and_nonexistent_cwd ... ok
[INFO] [stdout] test prompt::client::tests::clean_eof_is_a_normal_stop_but_partial_requests_are_rejected ... ok
[INFO] [stdout] test prompt::client::tests::malformed_requests_are_rejected ... ok
[INFO] [stdout] test prompt::client::tests::new_selector_fields_round_trip_and_empty_values_are_none ... ok
[INFO] [stdout] test daemon::tests::lease_capacity_failure_propagates_and_closes_the_transport ... ok
[INFO] [stdout] test prompt::client::tests::non_utf8_cwd_and_environment_round_trip ... ok
[INFO] [stdout] test prompt::client::tests::non_utf8_selector_values_round_trip_as_os_string ... ok
[INFO] [stdout] test prompt::client::tests::parses_a_complete_request_with_environment ... ok
[INFO] [stdout] test prompt::client::tests::version_three_wire_order_storage_and_child_policy_are_pinned ... ok
[INFO] [stdout] test prompt::client::tests::request_field_limit_accepts_exact_size_and_rejects_excess_without_a_nul ... ok
[INFO] [stdout] test prompt::protocol::tests::prompt_text_escapes_prompt_sequences_and_controls ... ok
[INFO] [stdout] test prompt::protocol::tests::records_have_exact_tab_delimited_framing ... ok
[INFO] [stdout] test daemon::tests::daemon_lock_has_a_single_owner_and_is_reusable ... ok
[INFO] [stdout] test cache::disk::tests::save_load_preserves_entries_lru_and_private_permissions ... ok
[INFO] [stdout] test prompt::tests::runtime_cache_boundary_requires_one_value_with_the_selected_stable_id ... ok
[INFO] [stdout] test prompt::tests::shell_template_carries_the_request_protocol_placeholders ... ok
[INFO] [stdout] test prompt::client::tests::request_frame_budget_includes_terminators_and_resets_for_each_request ... ok
[INFO] [stdout] test daemon::tests::repeated_lock_generations_reuse_one_lock_file ... ok
[INFO] [stdout] test runtime::cache::tests::compiler_falls_back_to_executable_gcc_when_clang_is_missing_or_not_executable ... ok
[INFO] [stdout] test runtime::cache::tests::compiler_path_entries_use_the_request_cwd ... ok
[INFO] [stdout] test prompt::tests::generated_shell_derives_the_request_protocol_from_the_central_definition ... ok
[INFO] [stdout] test runtime::cache::tests::compiler_selects_clang_before_gcc ... ok
[INFO] [stdout] test runtime::cache::tests::ambiguous_pyenv_selection_is_volatile ... ok
[INFO] [stdout] test runtime::cache::tests::direct_julia_and_r_keys_ignore_launcher_only_selectors ... ok
[INFO] [stdout] test runtime::cache::tests::direct_key_changes_when_path_selects_another_executable ... ok
[INFO] [stdout] test runtime::cache::tests::direct_key_changes_when_the_executable_is_replaced ... ok
[INFO] [stdout] test runtime::cache::tests::direct_key_ignores_an_unused_path_suffix ... ok
[INFO] [stdout] test runtime::cache::tests::dotnet_projects_are_volatile_without_contextual_cache_state ... ok
[INFO] [stdout] test runtime::cache::tests::macos_platform_launcher_paths_are_contextual_not_basename_based ... ok
[INFO] [stdout] test runtime::cache::tests::juliaup_launcher_is_volatile_even_when_native ... ok
[INFO] [stdout] test runtime::cache::tests::materializing_a_compiler_value_does_not_resolve_a_compiler ... ok
[INFO] [stdout] test runtime::cache::tests::java_and_dotnet_select_the_first_path_executable ... ok
[INFO] [stdout] test runtime::cache::tests::manager_selected_scripts_are_volatile_and_keep_the_original_shim ... ok
[INFO] [stdout] test runtime::cache::tests::presentation_environment_is_materialized_after_a_cache_hit ... ok
[INFO] [stdout] test runtime::cache::tests::dependency_reads_reject_special_files_and_allow_regular_symlinks ... ok
[INFO] [stdout] test runtime::cache::tests::path_resolution_uses_shell_empty_and_relative_entries ... ok
[INFO] [stdout] test runtime::cache::tests::python_key_ignores_rustup_selection ... ok
[INFO] [stdout] test cache::tests::clear_keeps_concurrent_puts_dirty_until_flushed ... ok
[INFO] [stdout] test runtime::cache::tests::new_runtimes_volatility_and_cacheability ... ok
[INFO] [stdout] test runtime::cache::tests::rustup_selected_scripts_are_volatile_and_keep_the_original_proxy ... ok
[INFO] [stdout] test runtime::cache::tests::relative_manager_directory_is_resolved_from_request_cwd ... ok
[INFO] [stdout] test cache::tests::clear_is_scoped_to_one_persistent_path ... ok
[INFO] [stdout] test runtime::detect::tests::cabal_extension_detects_haskell ... ok
[INFO] [stdout] test runtime::detect::tests::cpp_source_suppresses_the_redundant_c_runtime ... ok
[INFO] [stdout] test runtime::cache::tests::unknown_shims_are_volatile ... ok
[INFO] [stdout] test runtime::detect::tests::detection_is_fresh_without_a_project_fingerprint ... ok
[INFO] [stdout] test runtime::detect::tests::detects_new_volatile_runtime_markers ... ok
[INFO] [stdout] test runtime::detect::tests::detects_parent_markers_until_the_git_root ... ok
[INFO] [stdout] test cli::tests::client_shutdown_returns_while_a_blocking_worker_is_still_running ... ok
[INFO] [stdout] test runtime::cache::tests::standard_pyenv_selection_uses_environment_file_global_and_system_precedence ... ok
[INFO] [stdout] test runtime::cache::tests::rustup_selection_uses_explicit_file_override_and_default ... ok
[INFO] [stdout] test runtime::detect::tests::nearest_javascript_ecosystem_wins ... ok
[INFO] [stdout] test runtime::cache::tests::rustup_selection_prefers_the_closest_selector_and_plain_file ... ok
[INFO] [stdout] test runtime::detect::tests::rproj_extension_detects_the_r_runtime ... ok
[INFO] [stdout] test runtime::tests::parses_supported_runtime_versions ... ok
[INFO] [stdout] test daemon::tests::write_half_closed_git_client_can_acquire_the_owner ... ok
[INFO] [stdout] test runtime::tests::rejects_unparseable_runtime_versions ... ok
[INFO] [stdout] test runtime::tests::runtime_cache_rejects_malformed_records ... ok
[INFO] [stdout] test runtime::tests::runtime_cache_round_trips_and_sorts_values ... ok
[INFO] [stdout] test runtime::tests::runtime_identities_are_unique_and_round_trip ... ok
[INFO] [stdout] test runtime::detect::tests::git_control_reads_reject_special_files_and_allow_regular_symlinks ... ok
[INFO] [stdout] test daemon::tests::disconnected_queued_git_never_acquires_or_starts_the_process ... ok
[INFO] [stdout] test setup::install::tests::download_rejects_non_https_urls ... ok
[INFO] [stdout] test setup::install::tests::checksum_verification_accepts_only_the_expected_digest ... ok
[INFO] [stdout] test setup::install::tests::temporary_install_directories_are_private_and_cleaned_up ... ok
[INFO] [stdout] test theme::async_theme::tests::encoded_theme_preserves_rendering_behavior ... ok
[INFO] [stdout] test theme::async_theme::tests::git_rendering_handles_detached_heads_and_marker_order ... ok
[INFO] [stdout] test setup::install::tests::download_is_bounded_and_leaves_no_partial_destination ... ok
[INFO] [stdout] test theme::async_theme::tests::runtime_rendering_sanitizes_dynamic_values ... ok
[INFO] [stdout] test theme::segments::tests::allowlist_rejects_duplicates_and_invalid_ids ... ok
[INFO] [stdout] test cache::tests::lru_recency_survives_persistence_and_restart ... ok
[INFO] [stdout] test theme::async_theme::tests::malformed_encoded_themes_are_rejected ... ok
[INFO] [stdout] test theme::segments::tests::active_but_disabled_segment_fails ... ok
[INFO] [stdout] test theme::async_theme::tests::missing_executable_renders_the_symbol_and_language_name_without_version ... ok
[INFO] [stdout] test theme::segments::tests::identifier_grammar_accepts_and_rejects ... ok
[INFO] [stdout] test theme::segments::tests::crlf_line_endings_are_tolerated ... ok
[INFO] [stdout] test theme::segments::tests::enabled_active_segment_resolves_with_matching_file_and_header ... ok
[INFO] [stdout] test runtime::process::tests::successful_command_without_descendants_keeps_its_exit_status ... ok
[INFO] [stdout] test theme::segments::tests::enabled_but_inactive_segment_is_not_sourced ... ok
[INFO] [stdout] test theme::segments::tests::headerless_file_fails ... ok
[INFO] [stdout] test theme::segments::tests::missing_active_file_fails ... ok
[INFO] [stdout] test theme::tests::async_lock_defaults_and_parses_overrides ... ok
[INFO] [stdout] test runtime::detect::tests::invalid_git_directory_does_not_allow_a_query_past_the_ceiling ... ok
[INFO] [stdout] test theme::segments::tests::unlisted_random_files_are_ignored ... ok
[INFO] [stdout] test theme::segments::tests::symlink_and_non_regular_files_fail ... ok
[INFO] [stdout] test theme::tests::bundled_catppuccin_mocha_theme_compiles_to_zsh ... ok
[INFO] [stdout] test theme::tests::character_position_restriction_still_holds_with_custom_segments ... ok
[INFO] [stdout] test theme::segments::tests::mismatched_or_unsupported_header_fails ... ok
[INFO] [stdout] test theme::tests::configured_custom_segments_work_on_left_and_right ... ok
[INFO] [stdout] test theme::tests::compiled_theme_reports_whether_git_is_in_the_async_layout ... ok
[INFO] [stdout] test theme::tests::layout_custom_segment_without_configuration_fails ... ok
[INFO] [stdout] test theme::tests::compiled_theme_reports_async_group_presence ... ok
[INFO] [stdout] test theme::tests::unsupported_or_missing_versions_are_rejected_before_merge ... ok
[INFO] [stdout] test theme::tests::overlays_replace_only_explicit_values ... ok
[INFO] [stdout] test runtime::cache::tests::direct_native_platform_tool_names_remain_cacheable ... ok
[INFO] [stdout] test theme::tests::generated_group_clear_is_scoped_to_the_errored_group ... ok
[INFO] [stdout] test theme::tests::invalid_custom_segment_ids_and_layout_duplicates_are_rejected ... ok
[INFO] [stdout] test runtime::detect::tests::discovery_preserves_git_files_and_bare_repositories ... ok
[INFO] [stdout] test utils::tests::namespaces_labels_boundaries_and_optional_values_are_distinct ... ok
[INFO] [stdout] test utils::tests::outputs_are_stable ... ok
[INFO] [stdout] test theme::tests::unused_custom_style_entries_are_allowed ... ok
[INFO] [stdout] test theme::tests::valid_clock_theme_compiles_with_or_without_a_clock_layout_entry ... ok
[INFO] [stdout] test theme::tests::reserved_custom_segment_ids_are_rejected ... ok
[INFO] [stdout] test theme::tests::invalid_theme_contracts_are_rejected ... ok
[INFO] [stdout] test theme::tests::custom_and_clock_segment_theme_contracts_are_validated ... ok
[INFO] [stdout] test runtime::detect::tests::linked_worktree_is_discovered_below_a_ceiling ... ok
[INFO] [stdout] test runtime::detect::tests::repository_ceiling_discovery_matches_git_and_runtime_boundaries ... ok
[INFO] [stdout] test cache::tests::expired_owner_cannot_overwrite_a_replacement ... ok
[INFO] [stdout] test daemon::tests::slow_response_reader_is_bounded_separately_from_framing ... ok
[INFO] [stdout] test daemon::tests::idle_and_partial_frames_expire_without_state_operations ... ok
[INFO] [stdout] test daemon::tests::admission_rejects_excess_tasks_and_recovers_after_frame_cleanup ... ok
[INFO] [stdout] ZTHEME1	1	done
[INFO] [stdout] ZTHEME1	3	done
[INFO] [stdout] test prompt::planning::tests::blocked_planning_keeps_deadlines_and_cancellation_responsive_and_jobs_bounded ... ok
[INFO] [stdout] 
[INFO] [stdout] test result: ok. 145 passed; 0 failed; 0 ignored; 0 measured; 0 filtered out; finished in 1.18s
[INFO] [stdout] 
[INFO] [stderr]      Running tests/integration.rs (/opt/rustwide/target/release/build/ztheme/4309a27e23cea99f/out/integration-4309a27e23cea99f)
[INFO] [stdout] 
[INFO] [stdout] running 77 tests
[INFO] [stdout] test client_exits_when_shell_is_killed ... FAILED
[INFO] [stdout] test bundled_segments_win_over_incidental_custom_redefinitions ... FAILED
[INFO] [stdout] test client_exits_on_normal_shell_exit ... FAILED
[INFO] [stdout] test bundled_only_theme_initializes_without_a_config_directory ... FAILED
[INFO] [stdout] test custom_reload_installs_valid_replacement_without_stealing_other_functions ... FAILED
[INFO] [stdout] test custom_reload_rolls_back_an_earlier_prepared_definition_when_a_later_file_fails ... FAILED
[INFO] [stdout] test custom_reload_rejects_missing_and_failed_definitions_without_teardown ... FAILED
[INFO] [stdout] test client_diagnoses_a_stale_request_version ... ok
[INFO] [stdout] test custom_segment_paths_with_spaces_and_quotes_are_sourced_safely ... FAILED
[INFO] [stdout] test custom_segments_load_and_render_through_the_theme ... FAILED
[INFO] [stdout] test cli_help_version_and_invalid_arguments_have_stable_exit_classes ... ok
[INFO] [stdout] test client_with_wrong_parent_pid_exits_immediately ... ok
[INFO] [stdout] test deferred_plugins_load_once ... FAILED
[INFO] [stdout] test client_exits_after_shell_killed_during_active_request ... FAILED
[INFO] [stdout] test client_death_surfaces_eof_on_the_response_fifo ... FAILED
[INFO] [stdout] test client_daemon_renders_async_segments_through_the_shell_integration ... FAILED
[INFO] [stdout] test client_daemon_round_trips_requests_and_exits_on_eof ... ok
[INFO] [stdout] test failed_custom_segment_discards_partial_output ... FAILED
[INFO] [stdout] test generated_zsh_is_complete_and_syntactically_valid ... FAILED
[INFO] [stdout] test external_child_does_not_keep_client_alive ... FAILED
[INFO] [stdout] test daemon_without_gitstatusd_starts_and_serves_the_runtime_cache ... ok
[INFO] [stdout] test client_daemon_serves_git_requests_with_correct_generation ... ok
[INFO] [stdout] test missing_segment_function_is_reported_during_initialization ... FAILED
[INFO] [stdout] test long_lived_subshell_does_not_keep_client_alive ... FAILED
[INFO] [stdout] test parent_watchdog_terminates_client_when_eof_is_masked ... FAILED
[INFO] [stdout] test gitstatusd_starts_lazily_and_reset_does_not_start_it ... ok
[INFO] [stdout] test many_shells_do_not_accumulate_clients ... FAILED
[INFO] [stdout] test previous_status_reaches_custom_segments_through_the_dispatcher ... FAILED
[INFO] [stdout] Python 3.12.0
[INFO] [stdout] test daemon_enforces_single_ownership_and_restarts_after_version_shutdown ... ok
[INFO] [stdout] test reload_stops_dispatching_a_removed_custom_segment ... FAILED
[INFO] [stdout] test juliaup_selector_environment_reaches_volatile_julia_execution ... ok
[INFO] [stdout] test client_rejects_fifo_rustup_settings_and_serves_new_generations_within_deadline ... ok
[INFO] [stdout] test r_arch_reaches_volatile_r_execution ... ok
[INFO] [stdout] test independent_runtime_cache_acquires_are_in_flight_together ... ok
[INFO] [stdout] test client_git_ceilings_skip_server_queries_and_preserve_explicit_routing ... ok
[INFO] [stdout] test client_daemon_applies_per_request_environment ... ok
[INFO] [stdout] test runtime_only_init_does_not_require_gitstatusd_but_git_themes_still_do ... ok
[INFO] [stdout] test new_project_markers_are_detected_on_the_next_prompt ... ok
[INFO] [stdout] Python unset-3.12.0
[INFO] [stdout] test direct_julia_and_r_survive_launcher_selector_switches ... ok
[INFO] [stdout] test runtime_cache_ignores_irrelevant_environment_and_path_changes ... ok
[INFO] [stdout] test persisted_runtime_entries_survive_a_daemon_restart ... ok
[INFO] [stdout] test runtime_cache_reacquire_transport_failure_falls_back_to_execution ... ok
[INFO] [stdout] test pyenv_selector_switch_is_visible_on_the_first_refresh ... ok
[INFO] [stdout] test runtime_cache_transport_failure_falls_back_to_execution ... ok
[INFO] [stdout] test runtime_child_receives_the_request_environment ... ok
[INFO] [stderr] kill: (2473): No such process
[INFO] [stdout] test failing_runtime_does_not_prevent_sibling_values_from_being_persisted ... ok
[INFO] [stdout] test shell_context_key_tracks_home_and_git_ceilings_without_gating_requests ... FAILED
[INFO] [stderr] kill: (2515): No such process
[INFO] [stdout] Python 3.12.0
[INFO] [stdout] Python 3.12.0
[INFO] [stdout] test concurrent_cold_prompts_execute_one_runtime_command ... ok
[INFO] [stdout] test shell_descriptors_are_closed_in_external_commands ... FAILED
[INFO] [stdout] test shell_runtime_stream_buffers_locked_groups_and_redraws_unlocked_changes ... FAILED
[INFO] [stdout] test sync_segment_output_matches_the_pre_refactor_bytes ... FAILED
[INFO] [stdout] test theme_apply_and_reload_update_the_current_shell ... FAILED
[INFO] [stdout] test theme_apply_preserves_the_custom_segment_allowlist ... FAILED
[INFO] [stdout] test runtime_cache_reuses_direct_values_and_invalidates_replacements ... ok
[INFO] [stdout] test stop_client_is_idempotent ... FAILED
[INFO] [stdout] test theme_edit_uses_visual_and_passes_the_resolved_theme_path ... ok
[INFO] [stdout] test theme_management_lists_and_atomically_persists_valid_themes ... ok
[INFO] [stdout] test theme_apply_rejects_invalid_clock_without_changing_config ... ok
[INFO] [stdout] Python 3.12.0
[INFO] [stdout] test runtime_stream_emits_fast_node_before_delayed_python ... ok
[INFO] [stdout] test runtime_stream_emits_warm_cache_hit_before_volatile_sibling ... ok
[INFO] [stdout] test vesper_renders_the_bundled_clock_in_the_right_prompt ... FAILED
[INFO] [stdout] test zsh_renders_immediate_segments_and_shell_defaults ... FAILED
[INFO] [stdout] test unsupported_shims_are_volatile_and_never_stale ... ok
[INFO] [stdout] test repeatedly_unstable_runtime_selection_does_not_render_or_cache_old_values ... ok
[INFO] [stdout] test transient_runtime_failures_are_not_persisted ... ok
[INFO] [stdout] test runtime_process_group_client_exit_removes_descendant ... FAILED
[INFO] [stdout] test rustup_selector_switch_is_visible_on_the_first_refresh ... ok
[INFO] [stdout] test two_clients_share_one_server_without_environment_contamination ... ok
[INFO] [stdout] test volatile_runtime_commands_use_a_cleared_request_environment ... ok
[INFO] [stdout] test runtime_selection_change_during_execution_retries_only_that_runtime ... ok
[INFO] [stdout] test runtime_process_group_superseding_request_removes_descendant ... FAILED
[INFO] [stderr] kill: (2522): No such process
[INFO] [stderr] kill: (2546): No such process
[INFO] [stdout] test daemon_reclaims_idle_and_partial_connections_and_continues_serving ... ok
[INFO] [stdout] test client_daemon_cancels_in_flight_work_without_emitting_stale_records ... ok
[INFO] [stdout] test daemon_cancels_disconnected_git_queue_but_drains_the_in_flight_owner ... ok
[INFO] [stdout] test runtime_process_group_success_reaps_wrapper_and_removes_background_descendant ... FAILED
[INFO] [stdout] test runtime_process_group_timeout_removes_descendant_after_wrapper_exit ... FAILED
[INFO] [stdout] test runtime_process_group_timeout_removes_wrapper_and_descendant ... FAILED
[INFO] [stdout] 
[INFO] [stdout] failures:
[INFO] [stdout] 
[INFO] [stdout] ---- client_exits_when_shell_is_killed stdout ----
[INFO] [stdout] 
[INFO] [stdout] thread 'client_exits_when_shell_is_killed' (1997) panicked at tests/integration.rs:288:37:
[INFO] [stdout] called `Result::unwrap()` on an `Err` value: Os { code: 2, kind: NotFound, message: "No such file or directory" }
[INFO] [stdout] stack backtrace:
[INFO] [stdout]    0:     0x6149c9caac66 - <unknown>
[INFO] [stdout]    1:     0x6149c9c0793a - <unknown>
[INFO] [stdout]    2:     0x6149c9cb05ec - <unknown>
[INFO] [stdout]    3:     0x6149c9c83e52 - <unknown>
[INFO] [stdout]    4:     0x6149c9ca0f41 - <unknown>
[INFO] [stdout]    5:     0x6149c9ca1122 - <unknown>
[INFO] [stdout]    6:     0x6149c9c83f02 - <unknown>
[INFO] [stdout]    7:     0x6149c9c7c9d9 - <unknown>
[INFO] [stdout]    8:     0x6149c9c84d6d - <unknown>
[INFO] [stdout]    9:     0x6149c9c0802c - <unknown>
[INFO] [stdout]   10:     0x6149c9c07e02 - <unknown>
[INFO] [stdout]   11:     0x6149c9c2303e - <unknown>
[INFO] [stdout]   12:     0x6149c9c38d5e - <unknown>
[INFO] [stdout]   13:     0x6149c9cb1ceb - <unknown>
[INFO] [stdout]   14:     0x6149c9cbfb94 - <unknown>
[INFO] [stdout]   15:     0x6149c9cb92c4 - <unknown>
[INFO] [stdout]   16:     0x6149c9cc3952 - <unknown>
[INFO] [stdout]   17:     0x6149c9ca99c4 - <unknown>
[INFO] [stdout]   18:     0x76eca916edfa - <unknown>
[INFO] [stdout]   19:     0x76eca92023d4 - clone
[INFO] [stdout]   20:                0x0 - <unknown>
[INFO] [stdout] 
[INFO] [stdout] ---- bundled_segments_win_over_incidental_custom_redefinitions stdout ----
[INFO] [stdout] 
[INFO] [stdout] thread 'bundled_segments_win_over_incidental_custom_redefinitions' (1984) panicked at tests/integration.rs:81:60:
[INFO] [stdout] called `Result::unwrap()` on an `Err` value: Os { code: 2, kind: NotFound, message: "No such file or directory" }
[INFO] [stdout] stack backtrace:
[INFO] [stdout]    0:     0x6149c9caac66 - <unknown>
[INFO] [stdout]    1:     0x6149c9c0793a - <unknown>
[INFO] [stdout]    2:     0x6149c9cb05ec - <unknown>
[INFO] [stdout]    3:     0x6149c9c83e52 - <unknown>
[INFO] [stdout]    4:     0x6149c9ca0f41 - <unknown>
[INFO] [stdout]    5:     0x6149c9ca1122 - <unknown>
[INFO] [stdout]    6:     0x6149c9c83f02 - <unknown>
[INFO] [stdout]    7:     0x6149c9c7c9d9 - <unknown>
[INFO] [stdout]    8:     0x6149c9c84d6d - <unknown>
[INFO] [stdout]    9:     0x6149c9c0802c - <unknown>
[INFO] [stdout]   10:     0x6149c9c07e02 - <unknown>
[INFO] [stdout]   11:     0x6149c9c32eea - <unknown>
[INFO] [stdout]   12:     0x6149c9c4ecc5 - <unknown>
[INFO] [stdout]   13:     0x6149c9cb1ceb - <unknown>
[INFO] [stdout]   14:     0x6149c9cbfb94 - <unknown>
[INFO] [stdout]   15:     0x6149c9cb92c4 - <unknown>
[INFO] [stdout]   16:     0x6149c9cc3952 - <unknown>
[INFO] [stdout]   17:     0x6149c9ca99c4 - <unknown>
[INFO] [stdout]   18:     0x76eca916edfa - <unknown>
[INFO] [stdout]   19:     0x76eca92023d4 - clone
[INFO] [stdout]   20:                0x0 - <unknown>
[INFO] [stdout] 
[INFO] [stdout] ---- client_exits_on_normal_shell_exit stdout ----
[INFO] [stdout] 
[INFO] [stdout] thread 'client_exits_on_normal_shell_exit' (1996) panicked at tests/integration.rs:288:37:
[INFO] [stdout] called `Result::unwrap()` on an `Err` value: Os { code: 2, kind: NotFound, message: "No such file or directory" }
[INFO] [stdout] stack backtrace:
[INFO] [stdout]    0:     0x6149c9caac66 - <unknown>
[INFO] [stdout]    1:     0x6149c9c0793a - <unknown>
[INFO] [stdout]    2:     0x6149c9cb05ec - <unknown>
[INFO] [stdout]    3:     0x6149c9c83e52 - <unknown>
[INFO] [stdout]    4:     0x6149c9ca0f41 - <unknown>
[INFO] [stdout]    5:     0x6149c9ca1122 - <unknown>
[INFO] [stdout]    6:     0x6149c9c83f02 - <unknown>
[INFO] [stdout]    7:     0x6149c9c7c9d9 - <unknown>
[INFO] [stdout]    8:     0x6149c9c84d6d - <unknown>
[INFO] [stdout]    9:     0x6149c9c0802c - <unknown>
[INFO] [stdout]   10:     0x6149c9c07e02 - <unknown>
[INFO] [stdout]   11:     0x6149c9c2303e - <unknown>
[INFO] [stdout]   12:     0x6149c9c38a0e - <unknown>
[INFO] [stdout]   13:     0x6149c9cb1ceb - <unknown>
[INFO] [stdout]   14:     0x6149c9cbfb94 - <unknown>
[INFO] [stdout]   15:     0x6149c9cb92c4 - <unknown>
[INFO] [stdout]   16:     0x6149c9cc3952 - <unknown>
[INFO] [stdout]   17:     0x6149c9ca99c4 - <unknown>
[INFO] [stdout]   18:     0x76eca916edfa - <unknown>
[INFO] [stdout]   19:     0x76eca92023d4 - clone
[INFO] [stdout]   20:                0x0 - <unknown>
[INFO] [stdout] 
[INFO] [stdout] ---- bundled_only_theme_initializes_without_a_config_directory stdout ----
[INFO] [stdout] 
[INFO] [stdout] thread 'bundled_only_theme_initializes_without_a_config_directory' (1983) panicked at tests/integration.rs:1074:10:
[INFO] [stdout] called `Result::unwrap()` on an `Err` value: Os { code: 2, kind: NotFound, message: "No such file or directory" }
[INFO] [stdout] stack backtrace:
[INFO] [stdout]    0:     0x6149c9caac66 - <unknown>
[INFO] [stdout]    1:     0x6149c9c0793a - <unknown>
[INFO] [stdout]    2:     0x6149c9cb05ec - <unknown>
[INFO] [stdout]    3:     0x6149c9c83e52 - <unknown>
[INFO] [stdout]    4:     0x6149c9ca0f41 - <unknown>
[INFO] [stdout]    5:     0x6149c9ca1122 - <unknown>
[INFO] [stdout]    6:     0x6149c9c83f02 - <unknown>
[INFO] [stdout]    7:     0x6149c9c7c9d9 - <unknown>
[INFO] [stdout]    8:     0x6149c9c84d6d - <unknown>
[INFO] [stdout]    9:     0x6149c9c0802c - <unknown>
[INFO] [stdout]   10:     0x6149c9c07e02 - <unknown>
[INFO] [stdout]   11:     0x6149c9c4e8b1 - <unknown>
[INFO] [stdout]   12:     0x6149c9cb1ceb - <unknown>
[INFO] [stdout]   13:     0x6149c9cbfb94 - <unknown>
[INFO] [stdout]   14:     0x6149c9cb92c4 - <unknown>
[INFO] [stdout]   15:     0x6149c9cc3952 - <unknown>
[INFO] [stdout]   16:     0x6149c9ca99c4 - <unknown>
[INFO] [stdout]   17:     0x76eca916edfa - <unknown>
[INFO] [stdout]   18:     0x76eca92023d4 - clone
[INFO] [stdout]   19:                0x0 - <unknown>
[INFO] [stdout] 
[INFO] [stdout] ---- custom_reload_installs_valid_replacement_without_stealing_other_functions stdout ----
[INFO] [stdout] 
[INFO] [stdout] thread 'custom_reload_installs_valid_replacement_without_stealing_other_functions' (2021) panicked at tests/integration.rs:81:60:
[INFO] [stdout] called `Result::unwrap()` on an `Err` value: Os { code: 2, kind: NotFound, message: "No such file or directory" }
[INFO] [stdout] stack backtrace:
[INFO] [stdout]    0:     0x6149c9caac66 - <unknown>
[INFO] [stdout]    1:     0x6149c9c0793a - <unknown>
[INFO] [stdout]    2:     0x6149c9cb05ec - <unknown>
[INFO] [stdout]    3:     0x6149c9c83e52 - <unknown>
[INFO] [stdout]    4:     0x6149c9ca0f41 - <unknown>
[INFO] [stdout]    5:     0x6149c9ca1122 - <unknown>
[INFO] [stdout]    6:     0x6149c9c83f02 - <unknown>
[INFO] [stdout]    7:     0x6149c9c7c9d9 - <unknown>
[INFO] [stdout]    8:     0x6149c9c84d6d - <unknown>
[INFO] [stdout]    9:     0x6149c9c0802c - <unknown>
[INFO] [stdout]   10:     0x6149c9c07e02 - <unknown>
[INFO] [stdout]   11:     0x6149c9c32eea - <unknown>
[INFO] [stdout]   12:     0x6149c9c645fb - <unknown>
[INFO] [stdout]   13:     0x6149c9cb1ceb - <unknown>
[INFO] [stdout]   14:     0x6149c9cbfb94 - <unknown>
[INFO] [stdout]   15:     0x6149c9cb92c4 - <unknown>
[INFO] [stdout]   16:     0x6149c9cc3952 - <unknown>
[INFO] [stdout]   17:     0x6149c9ca99c4 - <unknown>
[INFO] [stdout]   18:     0x76eca916edfa - <unknown>
[INFO] [stdout]   19:     0x76eca92023d4 - clone
[INFO] [stdout]   20:                0x0 - <unknown>
[INFO] [stdout] 
[INFO] [stdout] ---- custom_reload_rolls_back_an_earlier_prepared_definition_when_a_later_file_fails stdout ----
[INFO] [stdout] 
[INFO] [stdout] thread 'custom_reload_rolls_back_an_earlier_prepared_definition_when_a_later_file_fails' (2025) panicked at tests/integration.rs:81:60:
[INFO] [stdout] called `Result::unwrap()` on an `Err` value: Os { code: 2, kind: NotFound, message: "No such file or directory" }
[INFO] [stdout] stack backtrace:
[INFO] [stdout]    0:     0x6149c9caac66 - <unknown>
[INFO] [stdout]    1:     0x6149c9c0793a - <unknown>
[INFO] [stdout]    2:     0x6149c9cb05ec - <unknown>
[INFO] [stdout]    3:     0x6149c9c83e52 - <unknown>
[INFO] [stdout]    4:     0x6149c9ca0f41 - <unknown>
[INFO] [stdout]    5:     0x6149c9ca1122 - <unknown>
[INFO] [stdout]    6:     0x6149c9c83f02 - <unknown>
[INFO] [stdout]    7:     0x6149c9c7c9d9 - <unknown>
[INFO] [stdout]    8:     0x6149c9c84d6d - <unknown>
[INFO] [stdout]    9:     0x6149c9c0802c - <unknown>
[INFO] [stdout]   10:     0x6149c9c07e02 - <unknown>
[INFO] [stdout]   11:     0x6149c9c32eea - <unknown>
[INFO] [stdout]   12:     0x6149c9c66706 - <unknown>
[INFO] [stdout]   13:     0x6149c9cb1ceb - <unknown>
[INFO] [stdout]   14:     0x6149c9cbfb94 - <unknown>
[INFO] [stdout]   15:     0x6149c9cb92c4 - <unknown>
[INFO] [stdout]   16:     0x6149c9cc3952 - <unknown>
[INFO] [stdout]   17:     0x6149c9ca99c4 - <unknown>
[INFO] [stdout]   18:     0x76eca916edfa - <unknown>
[INFO] [stdout]   19:     0x76eca92023d4 - clone
[INFO] [stdout]   20:                0x0 - <unknown>
[INFO] [stdout] 
[INFO] [stdout] ---- custom_reload_rejects_missing_and_failed_definitions_without_teardown stdout ----
[INFO] [stdout] 
[INFO] [stdout] thread 'custom_reload_rejects_missing_and_failed_definitions_without_teardown' (2022) panicked at tests/integration.rs:81:60:
[INFO] [stdout] called `Result::unwrap()` on an `Err` value: Os { code: 2, kind: NotFound, message: "No such file or directory" }
[INFO] [stdout] stack backtrace:
[INFO] [stdout]    0:     0x6149c9caac66 - <unknown>
[INFO] [stdout]    1:     0x6149c9c0793a - <unknown>
[INFO] [stdout]    2:     0x6149c9cb05ec - <unknown>
[INFO] [stdout]    3:     0x6149c9c83e52 - <unknown>
[INFO] [stdout]    4:     0x6149c9ca0f41 - <unknown>
[INFO] [stdout]    5:     0x6149c9ca1122 - <unknown>
[INFO] [stdout]    6:     0x6149c9c83f02 - <unknown>
[INFO] [stdout]    7:     0x6149c9c7c9d9 - <unknown>
[INFO] [stdout]    8:     0x6149c9c84d6d - <unknown>
[INFO] [stdout]    9:     0x6149c9c0802c - <unknown>
[INFO] [stdout]   10:     0x6149c9c07e02 - <unknown>
[INFO] [stdout]   11:     0x6149c9c32eea - <unknown>
[INFO] [stdout]   12:     0x6149c9c63892 - <unknown>
[INFO] [stdout]   13:     0x6149c9cb1ceb - <unknown>
[INFO] [stdout]   14:     0x6149c9cbfb94 - <unknown>
[INFO] [stdout]   15:     0x6149c9cb92c4 - <unknown>
[INFO] [stdout]   16:     0x6149c9cc3952 - <unknown>
[INFO] [stdout]   17:     0x6149c9ca99c4 - <unknown>
[INFO] [stdout]   18:     0x76eca916edfa - <unknown>
[INFO] [stdout]   19:     0x76eca92023d4 - clone
[INFO] [stdout]   20:                0x0 - <unknown>
[INFO] [stdout] 
[INFO] [stdout] ---- custom_segment_paths_with_spaces_and_quotes_are_sourced_safely stdout ----
[INFO] [stdout] 
[INFO] [stdout] thread 'custom_segment_paths_with_spaces_and_quotes_are_sourced_safely' (2033) panicked at tests/integration.rs:1013:58:
[INFO] [stdout] called `Result::unwrap()` on an `Err` value: Os { code: 2, kind: NotFound, message: "No such file or directory" }
[INFO] [stdout] stack backtrace:
[INFO] [stdout]    0:     0x6149c9caac66 - <unknown>
[INFO] [stdout]    1:     0x6149c9c0793a - <unknown>
[INFO] [stdout]    2:     0x6149c9cb05ec - <unknown>
[INFO] [stdout]    3:     0x6149c9c83e52 - <unknown>
[INFO] [stdout]    4:     0x6149c9ca0f41 - <unknown>
[INFO] [stdout]    5:     0x6149c9ca1122 - <unknown>
[INFO] [stdout]    6:     0x6149c9c83f02 - <unknown>
[INFO] [stdout]    7:     0x6149c9c7c9d9 - <unknown>
[INFO] [stdout]    8:     0x6149c9c84d6d - <unknown>
[INFO] [stdout]    9:     0x6149c9c0802c - <unknown>
[INFO] [stdout]   10:     0x6149c9c07e02 - <unknown>
[INFO] [stdout]   11:     0x6149c9c5854b - <unknown>
[INFO] [stdout]   12:     0x6149c9cb1ceb - <unknown>
[INFO] [stdout]   13:     0x6149c9cbfb94 - <unknown>
[INFO] [stdout]   14:     0x6149c9cb92c4 - <unknown>
[INFO] [stdout]   15:     0x6149c9cc3952 - <unknown>
[INFO] [stdout]   16:     0x6149c9ca99c4 - <unknown>
[INFO] [stdout]   17:     0x76eca916edfa - <unknown>
[INFO] [stdout]   18:     0x76eca92023d4 - clone
[INFO] [stdout]   19:                0x0 - <unknown>
[INFO] [stdout] 
[INFO] [stdout] ---- custom_segments_load_and_render_through_the_theme stdout ----
[INFO] [stdout] 
[INFO] [stdout] thread 'custom_segments_load_and_render_through_the_theme' (2037) panicked at tests/integration.rs:81:60:
[INFO] [stdout] called `Result::unwrap()` on an `Err` value: Os { code: 2, kind: NotFound, message: "No such file or directory" }
[INFO] [stdout] stack backtrace:
[INFO] [stdout]    0:     0x6149c9caac66 - <unknown>
[INFO] [stdout]    1:     0x6149c9c0793a - <unknown>
[INFO] [stdout]    2:     0x6149c9cb05ec - <unknown>
[INFO] [stdout]    3:     0x6149c9c83e52 - <unknown>
[INFO] [stdout]    4:     0x6149c9ca0f41 - <unknown>
[INFO] [stdout]    5:     0x6149c9ca1122 - <unknown>
[INFO] [stdout]    6:     0x6149c9c83f02 - <unknown>
[INFO] [stdout]    7:     0x6149c9c7c9d9 - <unknown>
[INFO] [stdout]    8:     0x6149c9c84d6d - <unknown>
[INFO] [stdout]    9:     0x6149c9c0802c - <unknown>
[INFO] [stdout]   10:     0x6149c9c07e02 - <unknown>
[INFO] [stdout]   11:     0x6149c9c32eea - <unknown>
[INFO] [stdout]   12:     0x6149c9c4227a - <unknown>
[INFO] [stdout]   13:     0x6149c9cb1ceb - <unknown>
[INFO] [stdout]   14:     0x6149c9cbfb94 - <unknown>
[INFO] [stdout]   15:     0x6149c9cb92c4 - <unknown>
[INFO] [stdout]   16:     0x6149c9cc3952 - <unknown>
[INFO] [stdout]   17:     0x6149c9ca99c4 - <unknown>
[INFO] [stdout]   18:     0x76eca916edfa - <unknown>
[INFO] [stdout]   19:     0x76eca92023d4 - clone
[INFO] [stdout]   20:                0x0 - <unknown>
[INFO] [stdout] 
[INFO] [stdout] ---- deferred_plugins_load_once stdout ----
[INFO] [stdout] 
[INFO] [stdout] thread 'deferred_plugins_load_once' (2053) panicked at tests/integration.rs:81:60:
[INFO] [stdout] called `Result::unwrap()` on an `Err` value: Os { code: 2, kind: NotFound, message: "No such file or directory" }
[INFO] [stdout] stack backtrace:
[INFO] [stdout]    0:     0x6149c9caac66 - <unknown>
[INFO] [stdout]    1:     0x6149c9c0793a - <unknown>
[INFO] [stdout]    2:     0x6149c9cb05ec - <unknown>
[INFO] [stdout]    3:     0x6149c9c83e52 - <unknown>
[INFO] [stdout]    4:     0x6149c9ca0f41 - <unknown>
[INFO] [stdout]    5:     0x6149c9ca1122 - <unknown>
[INFO] [stdout]    6:     0x6149c9c83f02 - <unknown>
[INFO] [stdout]    7:     0x6149c9c7c9d9 - <unknown>
[INFO] [stdout]    8:     0x6149c9c84d6d - <unknown>
[INFO] [stdout]    9:     0x6149c9c0802c - <unknown>
[INFO] [stdout]   10:     0x6149c9c07e02 - <unknown>
[INFO] [stdout]   11:     0x6149c9c32eea - <unknown>
[INFO] [stdout]   12:     0x6149c9c385d9 - <unknown>
[INFO] [stdout]   13:     0x6149c9cb1ceb - <unknown>
[INFO] [stdout]   14:     0x6149c9cbfb94 - <unknown>
[INFO] [stdout]   15:     0x6149c9cb92c4 - <unknown>
[INFO] [stdout]   16:     0x6149c9cc3952 - <unknown>
[INFO] [stdout]   17:     0x6149c9ca99c4 - <unknown>
[INFO] [stdout]   18:     0x76eca916edfa - <unknown>
[INFO] [stderr] error: test failed, to rerun pass `--test integration`
[INFO] [stdout]   19:     0x76eca92023d4 - clone
[INFO] [stdout]   20:                0x0 - <unknown>
[INFO] [stdout] 
[INFO] [stdout] ---- client_exits_after_shell_killed_during_active_request stdout ----
[INFO] [stdout] 
[INFO] [stdout] thread 'client_exits_after_shell_killed_during_active_request' (1993) panicked at tests/integration.rs:288:37:
[INFO] [stdout] called `Result::unwrap()` on an `Err` value: Os { code: 2, kind: NotFound, message: "No such file or directory" }
[INFO] [stdout] stack backtrace:
[INFO] [stdout]    0:     0x6149c9caac66 - <unknown>
[INFO] [stdout]    1:     0x6149c9c0793a - <unknown>
[INFO] [stdout]    2:     0x6149c9cb05ec - <unknown>
[INFO] [stdout]    3:     0x6149c9c83e52 - <unknown>
[INFO] [stdout]    4:     0x6149c9ca0f41 - <unknown>
[INFO] [stdout]    5:     0x6149c9ca1122 - <unknown>
[INFO] [stdout]    6:     0x6149c9c83f02 - <unknown>
[INFO] [stdout]    7:     0x6149c9c7c9d9 - <unknown>
[INFO] [stdout]    8:     0x6149c9c84d6d - <unknown>
[INFO] [stdout]    9:     0x6149c9c0802c - <unknown>
[INFO] [stdout]   10:     0x6149c9c07e02 - <unknown>
[INFO] [stdout]   11:     0x6149c9c2303e - <unknown>
[INFO] [stdout]   12:     0x6149c9c49e86 - <unknown>
[INFO] [stdout]   13:     0x6149c9cb1ceb - <unknown>
[INFO] [stdout]   14:     0x6149c9cbfb94 - <unknown>
[INFO] [stdout]   15:     0x6149c9cb92c4 - <unknown>
[INFO] [stdout]   16:     0x6149c9cc3952 - <unknown>
[INFO] [stdout]   17:     0x6149c9ca99c4 - <unknown>
[INFO] [stdout]   18:     0x76eca916edfa - <unknown>
[INFO] [stdout]   19:     0x76eca92023d4 - clone
[INFO] [stdout]   20:                0x0 - <unknown>
[INFO] [stdout] 
[INFO] [stdout] ---- client_death_surfaces_eof_on_the_response_fifo stdout ----
[INFO] [stdout] 
[INFO] [stdout] thread 'client_death_surfaces_eof_on_the_response_fifo' (1991) panicked at tests/integration.rs:81:60:
[INFO] [stdout] called `Result::unwrap()` on an `Err` value: Os { code: 2, kind: NotFound, message: "No such file or directory" }
[INFO] [stdout] stack backtrace:
[INFO] [stdout]    0:     0x6149c9caac66 - <unknown>
[INFO] [stdout]    1:     0x6149c9c0793a - <unknown>
[INFO] [stdout]    2:     0x6149c9cb05ec - <unknown>
[INFO] [stdout]    3:     0x6149c9c83e52 - <unknown>
[INFO] [stdout]    4:     0x6149c9ca0f41 - <unknown>
[INFO] [stdout]    5:     0x6149c9ca1122 - <unknown>
[INFO] [stdout]    6:     0x6149c9c83f02 - <unknown>
[INFO] [stdout]    7:     0x6149c9c7c9d9 - <unknown>
[INFO] [stdout]    8:     0x6149c9c84d6d - <unknown>
[INFO] [stdout]    9:     0x6149c9c0802c - <unknown>
[INFO] [stdout]   10:     0x6149c9c07e02 - <unknown>
[INFO] [stdout]   11:     0x6149c9c32eea - <unknown>
[INFO] [stdout]   12:     0x6149c9c3e7af - <unknown>
[INFO] [stdout]   13:     0x6149c9cb1ceb - <unknown>
[INFO] [stdout]   14:     0x6149c9cbfb94 - <unknown>
[INFO] [stdout]   15:     0x6149c9cb92c4 - <unknown>
[INFO] [stdout]   16:     0x6149c9cc3952 - <unknown>
[INFO] [stdout]   17:     0x6149c9ca99c4 - <unknown>
[INFO] [stdout]   18:     0x76eca916edfa - <unknown>
[INFO] [stdout]   19:     0x76eca92023d4 - clone
[INFO] [stdout]   20:                0x0 - <unknown>
[INFO] [stdout] 
[INFO] [stdout] ---- client_daemon_renders_async_segments_through_the_shell_integration stdout ----
[INFO] [stdout] 
[INFO] [stdout] thread 'client_daemon_renders_async_segments_through_the_shell_integration' (1988) panicked at tests/integration.rs:81:60:
[INFO] [stdout] called `Result::unwrap()` on an `Err` value: Os { code: 2, kind: NotFound, message: "No such file or directory" }
[INFO] [stdout] stack backtrace:
[INFO] [stdout]    0:     0x6149c9caac66 - <unknown>
[INFO] [stdout]    1:     0x6149c9c0793a - <unknown>
[INFO] [stdout]    2:     0x6149c9cb05ec - <unknown>
[INFO] [stdout]    3:     0x6149c9c83e52 - <unknown>
[INFO] [stdout]    4:     0x6149c9ca0f41 - <unknown>
[INFO] [stdout]    5:     0x6149c9ca1122 - <unknown>
[INFO] [stdout]    6:     0x6149c9c83f02 - <unknown>
[INFO] [stdout]    7:     0x6149c9c7c9d9 - <unknown>
[INFO] [stdout]    8:     0x6149c9c84d6d - <unknown>
[INFO] [stdout]    9:     0x6149c9c0802c - <unknown>
[INFO] [stdout]   10:     0x6149c9c07e02 - <unknown>
[INFO] [stdout]   11:     0x6149c9c32eea - <unknown>
[INFO] [stdout]   12:     0x6149c9c5b9c9 - <unknown>
[INFO] [stdout]   13:     0x6149c9cb1ceb - <unknown>
[INFO] [stdout]   14:     0x6149c9cbfb94 - <unknown>
[INFO] [stdout]   15:     0x6149c9cb92c4 - <unknown>
[INFO] [stdout]   16:     0x6149c9cc3952 - <unknown>
[INFO] [stdout]   17:     0x6149c9ca99c4 - <unknown>
[INFO] [stdout]   18:     0x76eca916edfa - <unknown>
[INFO] [stdout]   19:     0x76eca92023d4 - clone
[INFO] [stdout]   20:                0x0 - <unknown>
[INFO] [stdout] 
[INFO] [stdout] ---- failed_custom_segment_discards_partial_output stdout ----
[INFO] [stdout] 
[INFO] [stdout] thread 'failed_custom_segment_discards_partial_output' (2067) panicked at tests/integration.rs:81:60:
[INFO] [stdout] called `Result::unwrap()` on an `Err` value: Os { code: 2, kind: NotFound, message: "No such file or directory" }
[INFO] [stdout] stack backtrace:
[INFO] [stdout]    0:     0x6149c9caac66 - <unknown>
[INFO] [stdout]    1:     0x6149c9c0793a - <unknown>
[INFO] [stdout]    2:     0x6149c9cb05ec - <unknown>
[INFO] [stdout]    3:     0x6149c9c83e52 - <unknown>
[INFO] [stdout]    4:     0x6149c9ca0f41 - <unknown>
[INFO] [stdout]    5:     0x6149c9ca1122 - <unknown>
[INFO] [stdout]    6:     0x6149c9c83f02 - <unknown>
[INFO] [stdout]    7:     0x6149c9c7c9d9 - <unknown>
[INFO] [stdout]    8:     0x6149c9c84d6d - <unknown>
[INFO] [stdout]    9:     0x6149c9c0802c - <unknown>
[INFO] [stdout]   10:     0x6149c9c07e02 - <unknown>
[INFO] [stdout]   11:     0x6149c9c32eea - <unknown>
[INFO] [stdout]   12:     0x6149c9c3e167 - <unknown>
[INFO] [stdout]   13:     0x6149c9cb1ceb - <unknown>
[INFO] [stdout]   14:     0x6149c9cbfb94 - <unknown>
[INFO] [stdout]   15:     0x6149c9cb92c4 - <unknown>
[INFO] [stdout]   16:     0x6149c9cc3952 - <unknown>
[INFO] [stdout]   17:     0x6149c9ca99c4 - <unknown>
[INFO] [stdout]   18:     0x76eca916edfa - <unknown>
[INFO] [stdout]   19:     0x76eca92023d4 - clone
[INFO] [stdout]   20:                0x0 - <unknown>
[INFO] [stdout] 
[INFO] [stdout] ---- generated_zsh_is_complete_and_syntactically_valid stdout ----
[INFO] [stdout] 
[INFO] [stdout] thread 'generated_zsh_is_complete_and_syntactically_valid' (2069) panicked at tests/integration.rs:531:68:
[INFO] [stdout] called `Result::unwrap()` on an `Err` value: Os { code: 2, kind: NotFound, message: "No such file or directory" }
[INFO] [stdout] stack backtrace:
[INFO] [stdout]    0:     0x6149c9caac66 - <unknown>
[INFO] [stdout]    1:     0x6149c9c0793a - <unknown>
[INFO] [stdout]    2:     0x6149c9cb05ec - <unknown>
[INFO] [stdout]    3:     0x6149c9c83e52 - <unknown>
[INFO] [stdout]    4:     0x6149c9ca0f41 - <unknown>
[INFO] [stdout]    5:     0x6149c9ca1122 - <unknown>
[INFO] [stdout]    6:     0x6149c9c83f02 - <unknown>
[INFO] [stdout]    7:     0x6149c9c7c9d9 - <unknown>
[INFO] [stdout]    8:     0x6149c9c84d6d - <unknown>
[INFO] [stdout]    9:     0x6149c9c0802c - <unknown>
[INFO] [stdout]   10:     0x6149c9c07e02 - <unknown>
[INFO] [stdout]   11:     0x6149c9c42b8a - <unknown>
[INFO] [stdout]   12:     0x6149c9cb1ceb - <unknown>
[INFO] [stdout]   13:     0x6149c9cbfb94 - <unknown>
[INFO] [stdout]   14:     0x6149c9cb92c4 - <unknown>
[INFO] [stdout]   15:     0x6149c9cc3952 - <unknown>
[INFO] [stdout]   16:     0x6149c9ca99c4 - <unknown>
[INFO] [stdout]   17:     0x76eca916edfa - <unknown>
[INFO] [stdout]   18:     0x76eca92023d4 - clone
[INFO] [stdout]   19:                0x0 - <unknown>
[INFO] [stdout] 
[INFO] [stdout] ---- external_child_does_not_keep_client_alive stdout ----
[INFO] [stdout] 
[INFO] [stdout] thread 'external_child_does_not_keep_client_alive' (2066) panicked at tests/integration.rs:288:37:
[INFO] [stdout] called `Result::unwrap()` on an `Err` value: Os { code: 2, kind: NotFound, message: "No such file or directory" }
[INFO] [stdout] stack backtrace:
[INFO] [stdout]    0:     0x6149c9caac66 - <unknown>
[INFO] [stdout]    1:     0x6149c9c0793a - <unknown>
[INFO] [stdout]    2:     0x6149c9cb05ec - <unknown>
[INFO] [stdout]    3:     0x6149c9c83e52 - <unknown>
[INFO] [stdout]    4:     0x6149c9ca0f41 - <unknown>
[INFO] [stdout]    5:     0x6149c9ca1122 - <unknown>
[INFO] [stdout]    6:     0x6149c9c83f02 - <unknown>
[INFO] [stdout]    7:     0x6149c9c7c9d9 - <unknown>
[INFO] [stdout]    8:     0x6149c9c84d6d - <unknown>
[INFO] [stdout]    9:     0x6149c9c0802c - <unknown>
[INFO] [stdout]   10:     0x6149c9c07e02 - <unknown>
[INFO] [stdout]   11:     0x6149c9c2303e - <unknown>
[INFO] [stdout]   12:     0x6149c9c3b57e - <unknown>
[INFO] [stdout]   13:     0x6149c9cb1ceb - <unknown>
[INFO] [stdout]   14:     0x6149c9cbfb94 - <unknown>
[INFO] [stdout]   15:     0x6149c9cb92c4 - <unknown>
[INFO] [stdout]   16:     0x6149c9cc3952 - <unknown>
[INFO] [stdout]   17:     0x6149c9ca99c4 - <unknown>
[INFO] [stdout]   18:     0x76eca916edfa - <unknown>
[INFO] [stdout]   19:     0x76eca92023d4 - clone
[INFO] [stdout]   20:                0x0 - <unknown>
[INFO] [stdout] 
[INFO] [stdout] ---- missing_segment_function_is_reported_during_initialization stdout ----
[INFO] [stdout] 
[INFO] [stdout] thread 'missing_segment_function_is_reported_during_initialization' (2121) panicked at tests/integration.rs:81:60:
[INFO] [stdout] called `Result::unwrap()` on an `Err` value: Os { code: 2, kind: NotFound, message: "No such file or directory" }
[INFO] [stdout] stack backtrace:
[INFO] [stdout]    0:     0x6149c9caac66 - <unknown>
[INFO] [stdout]    1:     0x6149c9c0793a - <unknown>
[INFO] [stdout]    2:     0x6149c9cb05ec - <unknown>
[INFO] [stdout]    3:     0x6149c9c83e52 - <unknown>
[INFO] [stdout]    4:     0x6149c9ca0f41 - <unknown>
[INFO] [stdout]    5:     0x6149c9ca1122 - <unknown>
[INFO] [stdout]    6:     0x6149c9c83f02 - <unknown>
[INFO] [stdout]    7:     0x6149c9c7c9d9 - <unknown>
[INFO] [stdout]    8:     0x6149c9c84d6d - <unknown>
[INFO] [stdout]    9:     0x6149c9c0802c - <unknown>
[INFO] [stdout]   10:     0x6149c9c07e02 - <unknown>
[INFO] [stdout]   11:     0x6149c9c32eea - <unknown>
[INFO] [stdout]   12:     0x6149c9c532d2 - <unknown>
[INFO] [stdout]   13:     0x6149c9cb1ceb - <unknown>
[INFO] [stdout]   14:     0x6149c9cbfb94 - <unknown>
[INFO] [stdout]   15:     0x6149c9cb92c4 - <unknown>
[INFO] [stdout]   16:     0x6149c9cc3952 - <unknown>
[INFO] [stdout]   17:     0x6149c9ca99c4 - <unknown>
[INFO] [stdout]   18:     0x76eca916edfa - <unknown>
[INFO] [stdout]   19:     0x76eca92023d4 - clone
[INFO] [stdout]   20:                0x0 - <unknown>
[INFO] [stdout] 
[INFO] [stdout] ---- long_lived_subshell_does_not_keep_client_alive stdout ----
[INFO] [stdout] 
[INFO] [stdout] thread 'long_lived_subshell_does_not_keep_client_alive' (2105) panicked at tests/integration.rs:288:37:
[INFO] [stdout] called `Result::unwrap()` on an `Err` value: Os { code: 2, kind: NotFound, message: "No such file or directory" }
[INFO] [stdout] stack backtrace:
[INFO] [stdout]    0:     0x6149c9caac66 - <unknown>
[INFO] [stdout]    1:     0x6149c9c0793a - <unknown>
[INFO] [stdout]    2:     0x6149c9cb05ec - <unknown>
[INFO] [stdout]    3:     0x6149c9c83e52 - <unknown>
[INFO] [stdout]    4:     0x6149c9ca0f41 - <unknown>
[INFO] [stdout]    5:     0x6149c9ca1122 - <unknown>
[INFO] [stdout]    6:     0x6149c9c83f02 - <unknown>
[INFO] [stdout]    7:     0x6149c9c7c9d9 - <unknown>
[INFO] [stdout]    8:     0x6149c9c84d6d - <unknown>
[INFO] [stdout]    9:     0x6149c9c0802c - <unknown>
[INFO] [stdout]   10:     0x6149c9c07e02 - <unknown>
[INFO] [stdout]   11:     0x6149c9c2303e - <unknown>
[INFO] [stdout]   12:     0x6149c9c3f1be - <unknown>
[INFO] [stdout]   13:     0x6149c9cb1ceb - <unknown>
[INFO] [stdout]   14:     0x6149c9cbfb94 - <unknown>
[INFO] [stdout]   15:     0x6149c9cb92c4 - <unknown>
[INFO] [stdout]   16:     0x6149c9cc3952 - <unknown>
[INFO] [stdout]   17:     0x6149c9ca99c4 - <unknown>
[INFO] [stdout]   18:     0x76eca916edfa - <unknown>
[INFO] [stdout]   19:     0x76eca92023d4 - clone
[INFO] [stdout]   20:                0x0 - <unknown>
[INFO] [stdout] 
[INFO] [stdout] ---- parent_watchdog_terminates_client_when_eof_is_masked stdout ----
[INFO] [stdout] 
[INFO] [stdout] thread 'parent_watchdog_terminates_client_when_eof_is_masked' (2132) panicked at tests/integration.rs:4440:10:
[INFO] [stdout] called `Result::unwrap()` on an `Err` value: Os { code: 2, kind: NotFound, message: "No such file or directory" }
[INFO] [stdout] stack backtrace:
[INFO] [stdout]    0:     0x6149c9caac66 - <unknown>
[INFO] [stdout]    1:     0x6149c9c0793a - <unknown>
[INFO] [stdout]    2:     0x6149c9cb05ec - <unknown>
[INFO] [stdout]    3:     0x6149c9c83e52 - <unknown>
[INFO] [stdout]    4:     0x6149c9ca0f41 - <unknown>
[INFO] [stdout]    5:     0x6149c9ca1122 - <unknown>
[INFO] [stdout]    6:     0x6149c9c83f02 - <unknown>
[INFO] [stdout]    7:     0x6149c9c7c9d9 - <unknown>
[INFO] [stdout]    8:     0x6149c9c84d6d - <unknown>
[INFO] [stdout]    9:     0x6149c9c0802c - <unknown>
[INFO] [stdout]   10:     0x6149c9c07e02 - <unknown>
[INFO] [stdout]   11:     0x6149c9c49923 - <unknown>
[INFO] [stdout]   12:     0x6149c9cb1ceb - <unknown>
[INFO] [stdout]   13:     0x6149c9cbfb94 - <unknown>
[INFO] [stdout]   14:     0x6149c9cb92c4 - <unknown>
[INFO] [stdout]   15:     0x6149c9cc3952 - <unknown>
[INFO] [stdout]   16:     0x6149c9ca99c4 - <unknown>
[INFO] [stdout]   17:     0x76eca916edfa - <unknown>
[INFO] [stdout]   18:     0x76eca92023d4 - clone
[INFO] [stdout]   19:                0x0 - <unknown>
[INFO] [stdout] 
[INFO] [stdout] ---- many_shells_do_not_accumulate_clients stdout ----
[INFO] [stdout] 
[INFO] [stdout] thread 'many_shells_do_not_accumulate_clients' (2113) panicked at tests/integration.rs:288:37:
[INFO] [stdout] called `Result::unwrap()` on an `Err` value: Os { code: 2, kind: NotFound, message: "No such file or directory" }
[INFO] [stdout] stack backtrace:
[INFO] [stdout]    0:     0x6149c9caac66 - <unknown>
[INFO] [stdout]    1:     0x6149c9c0793a - <unknown>
[INFO] [stdout]    2:     0x6149c9cb05ec - <unknown>
[INFO] [stdout]    3:     0x6149c9c83e52 - <unknown>
[INFO] [stdout]    4:     0x6149c9ca0f41 - <unknown>
[INFO] [stdout]    5:     0x6149c9ca1122 - <unknown>
[INFO] [stdout]    6:     0x6149c9c83f02 - <unknown>
[INFO] [stdout]    7:     0x6149c9c7c9d9 - <unknown>
[INFO] [stdout]    8:     0x6149c9c84d6d - <unknown>
[INFO] [stdout]    9:     0x6149c9c0802c - <unknown>
[INFO] [stdout]   10:     0x6149c9c07e02 - <unknown>
[INFO] [stdout]   11:     0x6149c9c2303e - <unknown>
[INFO] [stdout]   12:     0x6149c9c3a0a7 - <unknown>
[INFO] [stdout]   13:     0x6149c9cb1ceb - <unknown>
[INFO] [stdout]   14:     0x6149c9cbfb94 - <unknown>
[INFO] [stdout]   15:     0x6149c9cb92c4 - <unknown>
[INFO] [stdout]   16:     0x6149c9cc3952 - <unknown>
[INFO] [stdout]   17:     0x6149c9ca99c4 - <unknown>
[INFO] [stdout]   18:     0x76eca916edfa - <unknown>
[INFO] [stdout]   19:     0x76eca92023d4 - clone
[INFO] [stdout]   20:                0x0 - <unknown>
[INFO] [stdout] 
[INFO] [stdout] ---- previous_status_reaches_custom_segments_through_the_dispatcher stdout ----
[INFO] [stdout] 
[INFO] [stdout] thread 'previous_status_reaches_custom_segments_through_the_dispatcher' (2141) panicked at tests/integration.rs:81:60:
[INFO] [stdout] called `Result::unwrap()` on an `Err` value: Os { code: 2, kind: NotFound, message: "No such file or directory" }
[INFO] [stdout] stack backtrace:
[INFO] [stdout]    0:     0x6149c9caac66 - <unknown>
[INFO] [stdout]    1:     0x6149c9c0793a - <unknown>
[INFO] [stdout]    2:     0x6149c9cb05ec - <unknown>
[INFO] [stdout]    3:     0x6149c9c83e52 - <unknown>
[INFO] [stdout]    4:     0x6149c9ca0f41 - <unknown>
[INFO] [stdout]    5:     0x6149c9ca1122 - <unknown>
[INFO] [stdout]    6:     0x6149c9c83f02 - <unknown>
[INFO] [stdout]    7:     0x6149c9c7c9d9 - <unknown>
[INFO] [stdout]    8:     0x6149c9c84d6d - <unknown>
[INFO] [stdout]    9:     0x6149c9c0802c - <unknown>
[INFO] [stdout]   10:     0x6149c9c07e02 - <unknown>
[INFO] [stdout]   11:     0x6149c9c32eea - <unknown>
[INFO] [stdout]   12:     0x6149c9c58898 - <unknown>
[INFO] [stdout]   13:     0x6149c9cb1ceb - <unknown>
[INFO] [stdout]   14:     0x6149c9cbfb94 - <unknown>
[INFO] [stdout]   15:     0x6149c9cb92c4 - <unknown>
[INFO] [stdout]   16:     0x6149c9cc3952 - <unknown>
[INFO] [stdout]   17:     0x6149c9ca99c4 - <unknown>
[INFO] [stdout]   18:     0x76eca916edfa - <unknown>
[INFO] [stdout]   19:     0x76eca92023d4 - clone
[INFO] [stdout]   20:                0x0 - <unknown>
[INFO] [stdout] 
[INFO] [stdout] ---- reload_stops_dispatching_a_removed_custom_segment stdout ----
[INFO] [stdout] 
[INFO] [stdout] thread 'reload_stops_dispatching_a_removed_custom_segment' (2164) panicked at tests/integration.rs:81:60:
[INFO] [stdout] called `Result::unwrap()` on an `Err` value: Os { code: 2, kind: NotFound, message: "No such file or directory" }
[INFO] [stdout] stack backtrace:
[INFO] [stdout]    0:     0x6149c9caac66 - <unknown>
[INFO] [stdout]    1:     0x6149c9c0793a - <unknown>
[INFO] [stdout]    2:     0x6149c9cb05ec - <unknown>
[INFO] [stdout]    3:     0x6149c9c83e52 - <unknown>
[INFO] [stdout]    4:     0x6149c9ca0f41 - <unknown>
[INFO] [stdout]    5:     0x6149c9ca1122 - <unknown>
[INFO] [stdout]    6:     0x6149c9c83f02 - <unknown>
[INFO] [stdout]    7:     0x6149c9c7c9d9 - <unknown>
[INFO] [stdout]    8:     0x6149c9c84d6d - <unknown>
[INFO] [stdout]    9:     0x6149c9c0802c - <unknown>
[INFO] [stdout]   10:     0x6149c9c07e02 - <unknown>
[INFO] [stdout]   11:     0x6149c9c32eea - <unknown>
[INFO] [stdout]   12:     0x6149c9c42f2c - <unknown>
[INFO] [stdout]   13:     0x6149c9cb1ceb - <unknown>
[INFO] [stdout]   14:     0x6149c9cbfb94 - <unknown>
[INFO] [stdout]   15:     0x6149c9cb92c4 - <unknown>
[INFO] [stdout]   16:     0x6149c9cc3952 - <unknown>
[INFO] [stdout]   17:     0x6149c9ca99c4 - <unknown>
[INFO] [stdout]   18:     0x76eca916edfa - <unknown>
[INFO] [stdout]   19:     0x76eca92023d4 - clone
[INFO] [stdout]   20:                0x0 - <unknown>
[INFO] [stdout] 
[INFO] [stdout] ---- shell_context_key_tracks_home_and_git_ceilings_without_gating_requests stdout ----
[INFO] [stdout] 
[INFO] [stdout] thread 'shell_context_key_tracks_home_and_git_ceilings_without_gating_requests' (2490) panicked at tests/integration.rs:81:60:
[INFO] [stdout] called `Result::unwrap()` on an `Err` value: Os { code: 2, kind: NotFound, message: "No such file or directory" }
[INFO] [stdout] stack backtrace:
[INFO] [stdout]    0:     0x6149c9caac66 - <unknown>
[INFO] [stdout]    1:     0x6149c9c0793a - <unknown>
[INFO] [stdout]    2:     0x6149c9cb05ec - <unknown>
[INFO] [stdout]    3:     0x6149c9c83e52 - <unknown>
[INFO] [stdout]    4:     0x6149c9ca0f41 - <unknown>
[INFO] [stdout]    5:     0x6149c9ca1122 - <unknown>
[INFO] [stdout]    6:     0x6149c9c83f02 - <unknown>
[INFO] [stdout]    7:     0x6149c9c7c9d9 - <unknown>
[INFO] [stdout]    8:     0x6149c9c84d6d - <unknown>
[INFO] [stdout]    9:     0x6149c9c0802c - <unknown>
[INFO] [stdout]   10:     0x6149c9c07e02 - <unknown>
[INFO] [stdout]   11:     0x6149c9c32eea - <unknown>
[INFO] [stdout]   12:     0x6149c9c64316 - <unknown>
[INFO] [stdout]   13:     0x6149c9cb1ceb - <unknown>
[INFO] [stdout]   14:     0x6149c9cbfb94 - <unknown>
[INFO] [stdout]   15:     0x6149c9cb92c4 - <unknown>
[INFO] [stdout]   16:     0x6149c9cc3952 - <unknown>
[INFO] [stdout]   17:     0x6149c9ca99c4 - <unknown>
[INFO] [stdout]   18:     0x76eca916edfa - <unknown>
[INFO] [stdout]   19:     0x76eca92023d4 - clone
[INFO] [stdout]   20:                0x0 - <unknown>
[INFO] [stdout] 
[INFO] [stdout] ---- shell_descriptors_are_closed_in_external_commands stdout ----
[INFO] [stdout] 
[INFO] [stdout] thread 'shell_descriptors_are_closed_in_external_commands' (2493) panicked at tests/integration.rs:81:60:
[INFO] [stdout] called `Result::unwrap()` on an `Err` value: Os { code: 2, kind: NotFound, message: "No such file or directory" }
[INFO] [stdout] stack backtrace:
[INFO] [stdout]    0:     0x6149c9caac66 - <unknown>
[INFO] [stdout]    1:     0x6149c9c0793a - <unknown>
[INFO] [stdout]    2:     0x6149c9cb05ec - <unknown>
[INFO] [stdout]    3:     0x6149c9c83e52 - <unknown>
[INFO] [stdout]    4:     0x6149c9ca0f41 - <unknown>
[INFO] [stdout]    5:     0x6149c9ca1122 - <unknown>
[INFO] [stdout]    6:     0x6149c9c83f02 - <unknown>
[INFO] [stdout]    7:     0x6149c9c7c9d9 - <unknown>
[INFO] [stdout]    8:     0x6149c9c84d6d - <unknown>
[INFO] [stdout]    9:     0x6149c9c0802c - <unknown>
[INFO] [stdout]   10:     0x6149c9c07e02 - <unknown>
[INFO] [stdout]   11:     0x6149c9c32eea - <unknown>
[INFO] [stdout]   12:     0x6149c9c43306 - <unknown>
[INFO] [stdout]   13:     0x6149c9cb1ceb - <unknown>
[INFO] [stdout]   14:     0x6149c9cbfb94 - <unknown>
[INFO] [stdout]   15:     0x6149c9cb92c4 - <unknown>
[INFO] [stdout]   16:     0x6149c9cc3952 - <unknown>
[INFO] [stdout]   17:     0x6149c9ca99c4 - <unknown>
[INFO] [stdout]   18:     0x76eca916edfa - <unknown>
[INFO] [stdout]   19:     0x76eca92023d4 - clone
[INFO] [stdout]   20:                0x0 - <unknown>
[INFO] [stdout] 
[INFO] [stdout] ---- shell_runtime_stream_buffers_locked_groups_and_redraws_unlocked_changes stdout ----
[INFO] [stdout] 
[INFO] [stdout] thread 'shell_runtime_stream_buffers_locked_groups_and_redraws_unlocked_changes' (2576) panicked at tests/integration.rs:81:60:
[INFO] [stdout] called `Result::unwrap()` on an `Err` value: Os { code: 2, kind: NotFound, message: "No such file or directory" }
[INFO] [stdout] stack backtrace:
[INFO] [stdout]    0:     0x6149c9caac66 - <unknown>
[INFO] [stdout]    1:     0x6149c9c0793a - <unknown>
[INFO] [stdout]    2:     0x6149c9cb05ec - <unknown>
[INFO] [stdout]    3:     0x6149c9c83e52 - <unknown>
[INFO] [stdout]    4:     0x6149c9ca0f41 - <unknown>
[INFO] [stdout]    5:     0x6149c9ca1122 - <unknown>
[INFO] [stdout]    6:     0x6149c9c83f02 - <unknown>
[INFO] [stdout]    7:     0x6149c9c7c9d9 - <unknown>
[INFO] [stdout]    8:     0x6149c9c84d6d - <unknown>
[INFO] [stdout]    9:     0x6149c9c0802c - <unknown>
[INFO] [stdout]   10:     0x6149c9c07e02 - <unknown>
[INFO] [stdout]   11:     0x6149c9c32eea - <unknown>
[INFO] [stdout]   12:     0x6149c9c64406 - <unknown>
[INFO] [stdout]   13:     0x6149c9cb1ceb - <unknown>
[INFO] [stdout]   14:     0x6149c9cbfb94 - <unknown>
[INFO] [stdout]   15:     0x6149c9cb92c4 - <unknown>
[INFO] [stdout]   16:     0x6149c9cc3952 - <unknown>
[INFO] [stdout]   17:     0x6149c9ca99c4 - <unknown>
[INFO] [stdout]   18:     0x76eca916edfa - <unknown>
[INFO] [stdout]   19:     0x76eca92023d4 - clone
[INFO] [stdout]   20:                0x0 - <unknown>
[INFO] [stdout] 
[INFO] [stdout] ---- sync_segment_output_matches_the_pre_refactor_bytes stdout ----
[INFO] [stdout] 
[INFO] [stdout] thread 'sync_segment_output_matches_the_pre_refactor_bytes' (2581) panicked at tests/integration.rs:81:60:
[INFO] [stdout] called `Result::unwrap()` on an `Err` value: Os { code: 2, kind: NotFound, message: "No such file or directory" }
[INFO] [stdout] stack backtrace:
[INFO] [stdout]    0:     0x6149c9caac66 - <unknown>
[INFO] [stdout]    1:     0x6149c9c0793a - <unknown>
[INFO] [stdout]    2:     0x6149c9cb05ec - <unknown>
[INFO] [stdout]    3:     0x6149c9c83e52 - <unknown>
[INFO] [stdout]    4:     0x6149c9ca0f41 - <unknown>
[INFO] [stdout]    5:     0x6149c9ca1122 - <unknown>
[INFO] [stdout]    6:     0x6149c9c83f02 - <unknown>
[INFO] [stdout]    7:     0x6149c9c7c9d9 - <unknown>
[INFO] [stdout]    8:     0x6149c9c84d6d - <unknown>
[INFO] [stdout]    9:     0x6149c9c0802c - <unknown>
[INFO] [stdout]   10:     0x6149c9c07e02 - <unknown>
[INFO] [stdout]   11:     0x6149c9c32eea - <unknown>
[INFO] [stdout]   12:     0x6149c9c44fe3 - <unknown>
[INFO] [stdout]   13:     0x6149c9cb1ceb - <unknown>
[INFO] [stdout]   14:     0x6149c9cbfb94 - <unknown>
[INFO] [stdout]   15:     0x6149c9cb92c4 - <unknown>
[INFO] [stdout]   16:     0x6149c9cc3952 - <unknown>
[INFO] [stdout]   17:     0x6149c9ca99c4 - <unknown>
[INFO] [stdout]   18:     0x76eca916edfa - <unknown>
[INFO] [stdout]   19:     0x76eca92023d4 - clone
[INFO] [stdout]   20:                0x0 - <unknown>
[INFO] [stdout] 
[INFO] [stdout] ---- theme_apply_and_reload_update_the_current_shell stdout ----
[INFO] [stdout] 
[INFO] [stdout] thread 'theme_apply_and_reload_update_the_current_shell' (2585) panicked at tests/integration.rs:81:60:
[INFO] [stdout] called `Result::unwrap()` on an `Err` value: Os { code: 2, kind: NotFound, message: "No such file or directory" }
[INFO] [stdout] stack backtrace:
[INFO] [stdout]    0:     0x6149c9caac66 - <unknown>
[INFO] [stdout]    1:     0x6149c9c0793a - <unknown>
[INFO] [stdout]    2:     0x6149c9cb05ec - <unknown>
[INFO] [stdout]    3:     0x6149c9c83e52 - <unknown>
[INFO] [stdout]    4:     0x6149c9ca0f41 - <unknown>
[INFO] [stdout]    5:     0x6149c9ca1122 - <unknown>
[INFO] [stdout]    6:     0x6149c9c83f02 - <unknown>
[INFO] [stdout]    7:     0x6149c9c7c9d9 - <unknown>
[INFO] [stdout]    8:     0x6149c9c84d6d - <unknown>
[INFO] [stdout]    9:     0x6149c9c0802c - <unknown>
[INFO] [stdout]   10:     0x6149c9c07e02 - <unknown>
[INFO] [stdout]   11:     0x6149c9c32eea - <unknown>
[INFO] [stdout]   12:     0x6149c9c41dae - <unknown>
[INFO] [stdout]   13:     0x6149c9cb1ceb - <unknown>
[INFO] [stdout]   14:     0x6149c9cbfb94 - <unknown>
[INFO] [stdout]   15:     0x6149c9cb92c4 - <unknown>
[INFO] [stdout]   16:     0x6149c9cc3952 - <unknown>
[INFO] [stdout]   17:     0x6149c9ca99c4 - <unknown>
[INFO] [stdout]   18:     0x76eca916edfa - <unknown>
[INFO] [stdout]   19:     0x76eca92023d4 - clone
[INFO] [stdout]   20:                0x0 - <unknown>
[INFO] [stdout] 
[INFO] [stdout] ---- theme_apply_preserves_the_custom_segment_allowlist stdout ----
[INFO] [stdout] 
[INFO] [stdout] thread 'theme_apply_preserves_the_custom_segment_allowlist' (2588) panicked at tests/integration.rs:81:60:
[INFO] [stdout] called `Result::unwrap()` on an `Err` value: Os { code: 2, kind: NotFound, message: "No such file or directory" }
[INFO] [stdout] stack backtrace:
[INFO] [stdout]    0:     0x6149c9caac66 - <unknown>
[INFO] [stdout]    1:     0x6149c9c0793a - <unknown>
[INFO] [stdout]    2:     0x6149c9cb05ec - <unknown>
[INFO] [stdout]    3:     0x6149c9c83e52 - <unknown>
[INFO] [stdout]    4:     0x6149c9ca0f41 - <unknown>
[INFO] [stdout]    5:     0x6149c9ca1122 - <unknown>
[INFO] [stdout]    6:     0x6149c9c83f02 - <unknown>
[INFO] [stdout]    7:     0x6149c9c7c9d9 - <unknown>
[INFO] [stdout]    8:     0x6149c9c84d6d - <unknown>
[INFO] [stdout]    9:     0x6149c9c0802c - <unknown>
[INFO] [stdout]   10:     0x6149c9c07e02 - <unknown>
[INFO] [stdout]   11:     0x6149c9c32eea - <unknown>
[INFO] [stdout]   12:     0x6149c9c45210 - <unknown>
[INFO] [stdout]   13:     0x6149c9cb1ceb - <unknown>
[INFO] [stdout]   14:     0x6149c9cbfb94 - <unknown>
[INFO] [stdout]   15:     0x6149c9cb92c4 - <unknown>
[INFO] [stdout]   16:     0x6149c9cc3952 - <unknown>
[INFO] [stdout]   17:     0x6149c9ca99c4 - <unknown>
[INFO] [stdout]   18:     0x76eca916edfa - <unknown>
[INFO] [stdout]   19:     0x76eca92023d4 - clone
[INFO] [stdout]   20:                0x0 - <unknown>
[INFO] [stdout] 
[INFO] [stdout] ---- stop_client_is_idempotent stdout ----
[INFO] [stdout] 
[INFO] [stdout] thread 'stop_client_is_idempotent' (2580) panicked at tests/integration.rs:81:60:
[INFO] [stdout] called `Result::unwrap()` on an `Err` value: Os { code: 2, kind: NotFound, message: "No such file or directory" }
[INFO] [stdout] stack backtrace:
[INFO] [stdout]    0:     0x6149c9caac66 - <unknown>
[INFO] [stdout]    1:     0x6149c9c0793a - <unknown>
[INFO] [stdout]    2:     0x6149c9cb05ec - <unknown>
[INFO] [stdout]    3:     0x6149c9c83e52 - <unknown>
[INFO] [stdout]    4:     0x6149c9ca0f41 - <unknown>
[INFO] [stdout]    5:     0x6149c9ca1122 - <unknown>
[INFO] [stdout]    6:     0x6149c9c83f02 - <unknown>
[INFO] [stdout]    7:     0x6149c9c7c9d9 - <unknown>
[INFO] [stdout]    8:     0x6149c9c84d6d - <unknown>
[INFO] [stdout]    9:     0x6149c9c0802c - <unknown>
[INFO] [stdout]   10:     0x6149c9c07e02 - <unknown>
[INFO] [stdout]   11:     0x6149c9c32eea - <unknown>
[INFO] [stdout]   12:     0x6149c9c37e80 - <unknown>
[INFO] [stdout]   13:     0x6149c9cb1ceb - <unknown>
[INFO] [stdout]   14:     0x6149c9cbfb94 - <unknown>
[INFO] [stdout]   15:     0x6149c9cb92c4 - <unknown>
[INFO] [stdout]   16:     0x6149c9cc3952 - <unknown>
[INFO] [stdout]   17:     0x6149c9ca99c4 - <unknown>
[INFO] [stdout]   18:     0x76eca916edfa - <unknown>
[INFO] [stdout]   19:     0x76eca92023d4 - clone
[INFO] [stdout]   20:                0x0 - <unknown>
[INFO] [stdout] 
[INFO] [stdout] ---- vesper_renders_the_bundled_clock_in_the_right_prompt stdout ----
[INFO] [stdout] 
[INFO] [stdout] thread 'vesper_renders_the_bundled_clock_in_the_right_prompt' (2697) panicked at tests/integration.rs:81:60:
[INFO] [stdout] called `Result::unwrap()` on an `Err` value: Os { code: 2, kind: NotFound, message: "No such file or directory" }
[INFO] [stdout] stack backtrace:
[INFO] [stdout]    0:     0x6149c9caac66 - <unknown>
[INFO] [stdout]    1:     0x6149c9c0793a - <unknown>
[INFO] [stdout]    2:     0x6149c9cb05ec - <unknown>
[INFO] [stdout]    3:     0x6149c9c83e52 - <unknown>
[INFO] [stdout]    4:     0x6149c9ca0f41 - <unknown>
[INFO] [stdout]    5:     0x6149c9ca1122 - <unknown>
[INFO] [stdout]    6:     0x6149c9c83f02 - <unknown>
[INFO] [stdout]    7:     0x6149c9c7c9d9 - <unknown>
[INFO] [stdout]    8:     0x6149c9c84d6d - <unknown>
[INFO] [stdout]    9:     0x6149c9c0802c - <unknown>
[INFO] [stdout]   10:     0x6149c9c07e02 - <unknown>
[INFO] [stdout]   11:     0x6149c9c32eea - <unknown>
[INFO] [stdout]   12:     0x6149c9c49abd - <unknown>
[INFO] [stdout]   13:     0x6149c9cb1ceb - <unknown>
[INFO] [stdout]   14:     0x6149c9cbfb94 - <unknown>
[INFO] [stdout]   15:     0x6149c9cb92c4 - <unknown>
[INFO] [stdout]   16:     0x6149c9cc3952 - <unknown>
[INFO] [stdout]   17:     0x6149c9ca99c4 - <unknown>
[INFO] [stdout]   18:     0x76eca916edfa - <unknown>
[INFO] [stdout]   19:     0x76eca92023d4 - clone
[INFO] [stdout]   20:                0x0 - <unknown>
[INFO] [stdout] 
[INFO] [stdout] ---- zsh_renders_immediate_segments_and_shell_defaults stdout ----
[INFO] [stdout] 
[INFO] [stdout] thread 'zsh_renders_immediate_segments_and_shell_defaults' (2701) panicked at tests/integration.rs:81:60:
[INFO] [stdout] called `Result::unwrap()` on an `Err` value: Os { code: 2, kind: NotFound, message: "No such file or directory" }
[INFO] [stdout] stack backtrace:
[INFO] [stdout]    0:     0x6149c9caac66 - <unknown>
[INFO] [stdout]    1:     0x6149c9c0793a - <unknown>
[INFO] [stdout]    2:     0x6149c9cb05ec - <unknown>
[INFO] [stdout]    3:     0x6149c9c83e52 - <unknown>
[INFO] [stdout]    4:     0x6149c9ca0f41 - <unknown>
[INFO] [stdout]    5:     0x6149c9ca1122 - <unknown>
[INFO] [stdout]    6:     0x6149c9c83f02 - <unknown>
[INFO] [stdout]    7:     0x6149c9c7c9d9 - <unknown>
[INFO] [stdout]    8:     0x6149c9c84d6d - <unknown>
[INFO] [stdout]    9:     0x6149c9c0802c - <unknown>
[INFO] [stdout]   10:     0x6149c9c07e02 - <unknown>
[INFO] [stdout]   11:     0x6149c9c32eea - <unknown>
[INFO] [stdout]   12:     0x6149c9c43b8b - <unknown>
[INFO] [stdout]   13:     0x6149c9cb1ceb - <unknown>
[INFO] [stdout]   14:     0x6149c9cbfb94 - <unknown>
[INFO] [stdout]   15:     0x6149c9cb92c4 - <unknown>
[INFO] [stdout]   16:     0x6149c9cc3952 - <unknown>
[INFO] [stdout]   17:     0x6149c9ca99c4 - <unknown>
[INFO] [stdout]   18:     0x76eca916edfa - <unknown>
[INFO] [stdout]   19:     0x76eca92023d4 - clone
[INFO] [stdout]   20:                0x0 - <unknown>
[INFO] [stdout] 
[INFO] [stdout] ---- runtime_process_group_client_exit_removes_descendant stdout ----
[INFO] [stdout] 
[INFO] [stdout] thread 'runtime_process_group_client_exit_removes_descendant' (2269) panicked at tests/integration.rs:4031:9:
[INFO] [stdout] runtime process 2429 survived group cleanup
[INFO] [stdout] stack backtrace:
[INFO] [stdout]    0:     0x6149c9caac66 - <unknown>
[INFO] [stdout]    1:     0x6149c9c0793a - <unknown>
[INFO] [stdout]    2:     0x6149c9cb05ec - <unknown>
[INFO] [stdout]    3:     0x6149c9c83e52 - <unknown>
[INFO] [stdout]    4:     0x6149c9ca0f41 - <unknown>
[INFO] [stdout]    5:     0x6149c9ca1122 - <unknown>
[INFO] [stdout]    6:     0x6149c9c83f02 - <unknown>
[INFO] [stdout]    7:     0x6149c9c7c9d9 - <unknown>
[INFO] [stdout]    8:     0x6149c9c84d6d - <unknown>
[INFO] [stdout]    9:     0x6149c9c0802c - <unknown>
[INFO] [stdout]   10:     0x6149c9c2ac3c - <unknown>
[INFO] [stdout]   11:     0x6149c9c2d651 - <unknown>
[INFO] [stdout]   12:     0x6149c9c49a2b - <unknown>
[INFO] [stdout]   13:     0x6149c9cb1ceb - <unknown>
[INFO] [stdout]   14:     0x6149c9cbfb94 - <unknown>
[INFO] [stdout]   15:     0x6149c9cb92c4 - <unknown>
[INFO] [stdout]   16:     0x6149c9cc3952 - <unknown>
[INFO] [stdout]   17:     0x6149c9ca99c4 - <unknown>
[INFO] [stdout]   18:     0x76eca916edfa - <unknown>
[INFO] [stdout]   19:     0x76eca92023d4 - clone
[INFO] [stdout]   20:                0x0 - <unknown>
[INFO] [stdout] 
[INFO] [stdout] ---- runtime_process_group_superseding_request_removes_descendant stdout ----
[INFO] [stdout] 
[INFO] [stdout] thread 'runtime_process_group_superseding_request_removes_descendant' (2399) panicked at tests/integration.rs:4031:9:
[INFO] [stdout] runtime process 2521 survived group cleanup
[INFO] [stdout] stack backtrace:
[INFO] [stdout]    0:     0x6149c9caac66 - <unknown>
[INFO] [stdout]    1:     0x6149c9c0793a - <unknown>
[INFO] [stdout]    2:     0x6149c9cb05ec - <unknown>
[INFO] [stdout]    3:     0x6149c9c83e52 - <unknown>
[INFO] [stdout]    4:     0x6149c9ca0f41 - <unknown>
[INFO] [stdout]    5:     0x6149c9ca1122 - <unknown>
[INFO] [stdout]    6:     0x6149c9c83f02 - <unknown>
[INFO] [stdout]    7:     0x6149c9c7c9d9 - <unknown>
[INFO] [stdout]    8:     0x6149c9c84d6d - <unknown>
[INFO] [stdout]    9:     0x6149c9c0802c - <unknown>
[INFO] [stdout]   10:     0x6149c9c2ac3c - <unknown>
[INFO] [stdout]   11:     0x6149c9c2d55b - <unknown>
[INFO] [stdout]   12:     0x6149c9c557ee - <unknown>
[INFO] [stdout]   13:     0x6149c9cb1ceb - <unknown>
[INFO] [stdout]   14:     0x6149c9cbfb94 - <unknown>
[INFO] [stdout]   15:     0x6149c9cb92c4 - <unknown>
[INFO] [stdout]   16:     0x6149c9cc3952 - <unknown>
[INFO] [stdout]   17:     0x6149c9ca99c4 - <unknown>
[INFO] [stdout]   18:     0x76eca916edfa - <unknown>
[INFO] [stdout]   19:     0x76eca92023d4 - clone
[INFO] [stdout]   20:                0x0 - <unknown>
[INFO] [stdout] 
[INFO] [stdout] ---- runtime_process_group_success_reaps_wrapper_and_removes_background_descendant stdout ----
[INFO] [stdout] 
[INFO] [stdout] thread 'runtime_process_group_success_reaps_wrapper_and_removes_background_descendant' (2350) panicked at tests/integration.rs:4031:9:
[INFO] [stdout] runtime process 2475 survived group cleanup
[INFO] [stdout] stack backtrace:
[INFO] [stdout]    0:     0x6149c9caac66 - <unknown>
[INFO] [stdout]    1:     0x6149c9c0793a - <unknown>
[INFO] [stdout]    2:     0x6149c9cb05ec - <unknown>
[INFO] [stdout]    3:     0x6149c9c83e52 - <unknown>
[INFO] [stdout]    4:     0x6149c9ca0f41 - <unknown>
[INFO] [stdout]    5:     0x6149c9ca1122 - <unknown>
[INFO] [stdout]    6:     0x6149c9c83f02 - <unknown>
[INFO] [stdout]    7:     0x6149c9c7c9d9 - <unknown>
[INFO] [stdout]    8:     0x6149c9c84d6d - <unknown>
[INFO] [stdout]    9:     0x6149c9c0802c - <unknown>
[INFO] [stdout]   10:     0x6149c9c2ac3c - <unknown>
[INFO] [stdout]   11:     0x6149c9c2ccce - <unknown>
[INFO] [stdout]   12:     0x6149c9c647fa - <unknown>
[INFO] [stdout]   13:     0x6149c9cb1ceb - <unknown>
[INFO] [stdout]   14:     0x6149c9cbfb94 - <unknown>
[INFO] [stdout]   15:     0x6149c9cb92c4 - <unknown>
[INFO] [stdout]   16:     0x6149c9cc3952 - <unknown>
[INFO] [stdout]   17:     0x6149c9ca99c4 - <unknown>
[INFO] [stdout]   18:     0x76eca916edfa - <unknown>
[INFO] [stdout]   19:     0x76eca92023d4 - clone
[INFO] [stdout]   20:                0x0 - <unknown>
[INFO] [stdout] 
[INFO] [stdout] ---- runtime_process_group_timeout_removes_descendant_after_wrapper_exit stdout ----
[INFO] [stdout] 
[INFO] [stdout] thread 'runtime_process_group_timeout_removes_descendant_after_wrapper_exit' (2402) panicked at tests/integration.rs:4031:9:
[INFO] [stdout] runtime process 2524 survived group cleanup
[INFO] [stdout] stack backtrace:
[INFO] [stdout]    0:     0x6149c9caac66 - <unknown>
[INFO] [stdout]    1:     0x6149c9c0793a - <unknown>
[INFO] [stdout]    2:     0x6149c9cb05ec - <unknown>
[INFO] [stdout]    3:     0x6149c9c83e52 - <unknown>
[INFO] [stdout]    4:     0x6149c9ca0f41 - <unknown>
[INFO] [stdout]    5:     0x6149c9ca1122 - <unknown>
[INFO] [stdout]    6:     0x6149c9c83f02 - <unknown>
[INFO] [stdout]    7:     0x6149c9c7c9d9 - <unknown>
[INFO] [stdout]    8:     0x6149c9c84d6d - <unknown>
[INFO] [stdout]    9:     0x6149c9c0802c - <unknown>
[INFO] [stdout]   10:     0x6149c9c2ac3c - <unknown>
[INFO] [stdout]   11:     0x6149c9c2ccce - <unknown>
[INFO] [stdout]   12:     0x6149c9c5d5f7 - <unknown>
[INFO] [stdout]   13:     0x6149c9cb1ceb - <unknown>
[INFO] [stdout]   14:     0x6149c9cbfb94 - <unknown>
[INFO] [stdout]   15:     0x6149c9cb92c4 - <unknown>
[INFO] [stdout]   16:     0x6149c9cc3952 - <unknown>
[INFO] [stdout]   17:     0x6149c9ca99c4 - <unknown>
[INFO] [stdout]   18:     0x76eca916edfa - <unknown>
[INFO] [stdout]   19:     0x76eca92023d4 - clone
[INFO] [stdout]   20:                0x0 - <unknown>
[INFO] [stdout] 
[INFO] [stdout] ---- runtime_process_group_timeout_removes_wrapper_and_descendant stdout ----
[INFO] [stdout] 
[INFO] [stdout] thread 'runtime_process_group_timeout_removes_wrapper_and_descendant' (2419) panicked at tests/integration.rs:4031:9:
[INFO] [stdout] runtime process 2549 survived group cleanup
[INFO] [stdout] stack backtrace:
[INFO] [stdout]    0:     0x6149c9caac66 - <unknown>
[INFO] [stdout]    1:     0x6149c9c0793a - <unknown>
[INFO] [stdout]    2:     0x6149c9cb05ec - <unknown>
[INFO] [stdout]    3:     0x6149c9c83e52 - <unknown>
[INFO] [stdout]    4:     0x6149c9ca0f41 - <unknown>
[INFO] [stdout]    5:     0x6149c9ca1122 - <unknown>
[INFO] [stdout]    6:     0x6149c9c83f02 - <unknown>
[INFO] [stdout]    7:     0x6149c9c7c9d9 - <unknown>
[INFO] [stdout]    8:     0x6149c9c84d6d - <unknown>
[INFO] [stdout]    9:     0x6149c9c0802c - <unknown>
[INFO] [stdout]   10:     0x6149c9c2ac3c - <unknown>
[INFO] [stdout]   11:     0x6149c9c2ccce - <unknown>
[INFO] [stdout]   12:     0x6149c9c55817 - <unknown>
[INFO] [stdout]   13:     0x6149c9cb1ceb - <unknown>
[INFO] [stdout]   14:     0x6149c9cbfb94 - <unknown>
[INFO] [stdout]   15:     0x6149c9cb92c4 - <unknown>
[INFO] [stdout]   16:     0x6149c9cc3952 - <unknown>
[INFO] [stdout]   17:     0x6149c9ca99c4 - <unknown>
[INFO] [stdout]   18:     0x76eca916edfa - <unknown>
[INFO] [stdout]   19:     0x76eca92023d4 - clone
[INFO] [stdout]   20:                0x0 - <unknown>
[INFO] [stdout] 
[INFO] [stdout] 
[INFO] [stdout] failures:
[INFO] [stdout]     bundled_only_theme_initializes_without_a_config_directory
[INFO] [stdout]     bundled_segments_win_over_incidental_custom_redefinitions
[INFO] [stdout]     client_daemon_renders_async_segments_through_the_shell_integration
[INFO] [stdout]     client_death_surfaces_eof_on_the_response_fifo
[INFO] [stdout]     client_exits_after_shell_killed_during_active_request
[INFO] [stdout]     client_exits_on_normal_shell_exit
[INFO] [stdout]     client_exits_when_shell_is_killed
[INFO] [stdout]     custom_reload_installs_valid_replacement_without_stealing_other_functions
[INFO] [stdout]     custom_reload_rejects_missing_and_failed_definitions_without_teardown
[INFO] [stdout]     custom_reload_rolls_back_an_earlier_prepared_definition_when_a_later_file_fails
[INFO] [stdout]     custom_segment_paths_with_spaces_and_quotes_are_sourced_safely
[INFO] [stdout]     custom_segments_load_and_render_through_the_theme
[INFO] [stdout]     deferred_plugins_load_once
[INFO] [stdout]     external_child_does_not_keep_client_alive
[INFO] [stdout]     failed_custom_segment_discards_partial_output
[INFO] [stdout]     generated_zsh_is_complete_and_syntactically_valid
[INFO] [stdout]     long_lived_subshell_does_not_keep_client_alive
[INFO] [stdout]     many_shells_do_not_accumulate_clients
[INFO] [stdout]     missing_segment_function_is_reported_during_initialization
[INFO] [stdout]     parent_watchdog_terminates_client_when_eof_is_masked
[INFO] [stdout]     previous_status_reaches_custom_segments_through_the_dispatcher
[INFO] [stdout]     reload_stops_dispatching_a_removed_custom_segment
[INFO] [stdout]     runtime_process_group_client_exit_removes_descendant
[INFO] [stdout]     runtime_process_group_success_reaps_wrapper_and_removes_background_descendant
[INFO] [stdout]     runtime_process_group_superseding_request_removes_descendant
[INFO] [stdout]     runtime_process_group_timeout_removes_descendant_after_wrapper_exit
[INFO] [stdout]     runtime_process_group_timeout_removes_wrapper_and_descendant
[INFO] [stdout]     shell_context_key_tracks_home_and_git_ceilings_without_gating_requests
[INFO] [stdout]     shell_descriptors_are_closed_in_external_commands
[INFO] [stdout]     shell_runtime_stream_buffers_locked_groups_and_redraws_unlocked_changes
[INFO] [stdout]     stop_client_is_idempotent
[INFO] [stdout]     sync_segment_output_matches_the_pre_refactor_bytes
[INFO] [stdout]     theme_apply_and_reload_update_the_current_shell
[INFO] [stdout]     theme_apply_preserves_the_custom_segment_allowlist
[INFO] [stdout]     vesper_renders_the_bundled_clock_in_the_right_prompt
[INFO] [stdout]     zsh_renders_immediate_segments_and_shell_defaults
[INFO] [stdout] 
[INFO] [stdout] test result: FAILED. 41 passed; 36 failed; 0 ignored; 0 measured; 0 filtered out; finished in 1.54s
[INFO] [stdout] 
[INFO] running `Command { std: "docker" "inspect" "3aec0cf5634ba3ffc09fdfe3c59adb2ffdb55d9cba11e1c138f8fc3851734013", kill_on_drop: false }`
[INFO] running `Command { std: "docker" "rm" "-f" "3aec0cf5634ba3ffc09fdfe3c59adb2ffdb55d9cba11e1c138f8fc3851734013", kill_on_drop: false }`
[INFO] [stdout] 3aec0cf5634ba3ffc09fdfe3c59adb2ffdb55d9cba11e1c138f8fc3851734013
