[INFO] fetching crate ztensor-compat 2.1.1...
[INFO] testing ztensor-compat-2.1.1 against 1.99.0-beta.8+cargoflags=--release for beta-release-1.100-2
[INFO] extracting crate ztensor-compat 2.1.1 into /workspace/builds/worker-5-tc1/source
[INFO] started tweaking crates.io crate ztensor-compat 2.1.1
[INFO] removed 0 missing tests
[INFO] finished tweaking crates.io crate ztensor-compat 2.1.1
[INFO] tweaked toml for crates.io crate ztensor-compat 2.1.1 written to /workspace/builds/worker-5-tc1/source/Cargo.toml
[INFO] validating manifest of crates.io crate ztensor-compat 2.1.1 on toolchain 1.99.0-beta.8
[INFO] running `Command { std: CARGO_HOME="/workspace/cargo-home" RUSTUP_HOME="/workspace/rustup-home" "/workspace/cargo-home/bin/cargo" "+1.99.0-beta.8" "metadata" "--manifest-path" "Cargo.toml" "--no-deps", kill_on_drop: false }`
[INFO] crate crates.io crate ztensor-compat 2.1.1 already has a lockfile, it will not be regenerated
[INFO] running `Command { std: CARGO_HOME="/workspace/cargo-home" RUSTUP_HOME="/workspace/rustup-home" "/workspace/cargo-home/bin/cargo" "+1.99.0-beta.8" "fetch" "--manifest-path" "Cargo.toml", kill_on_drop: false }`
[INFO] [stderr]     Updating crates.io index
[INFO] [stderr]  Downloading crates ...
[INFO] [stderr]   Downloaded ztensor v2.1.1
[INFO] running `Command { std: "docker" "create" "-v" "/var/lib/crater-agent-workspace/builds/worker-5-tc1/source:/opt/rustwide/workdir:ro,Z" "-v" "/var/lib/crater-agent-workspace/builds/worker-5-tc1/target:/opt/rustwide/target:rw,Z" "-v" "/var/lib/crater-agent-workspace/cargo-home:/opt/rustwide/cargo-home:ro,Z" "-v" "/var/lib/crater-agent-workspace/rustup-home:/opt/rustwide/rustup-home:ro,Z" "-m" "1610612736" "--network" "none" "ghcr.io/rust-lang/crates-build-env/linux@sha256:77db811e55d90add9212f6832c23229e3de5f1c1f9905e8cb07319ea15df73ac" "sleep" "infinity", kill_on_drop: false }`
[INFO] [stdout] 27f835074f1c6d7e506c3fdb4d3a1375a9b72fbd026657f3fb3011f68bc14da4
[INFO] running `Command { std: "docker" "start" "27f835074f1c6d7e506c3fdb4d3a1375a9b72fbd026657f3fb3011f68bc14da4", kill_on_drop: false }`
[INFO] running `Command { std: "docker" "inspect" "27f835074f1c6d7e506c3fdb4d3a1375a9b72fbd026657f3fb3011f68bc14da4", kill_on_drop: false }`
[INFO] running `Command { std: "docker" "exec" "-e" "SOURCE_DIR=/opt/rustwide/workdir" "-e" "CARGO_HOME=/opt/rustwide/cargo-home" "-e" "RUSTUP_HOME=/opt/rustwide/rustup-home" "-e" "CARGO_TARGET_DIR=/opt/rustwide/target" "-w" "/opt/rustwide/workdir" "--user" "0:0" "27f835074f1c6d7e506c3fdb4d3a1375a9b72fbd026657f3fb3011f68bc14da4" "/opt/rustwide/cargo-home/bin/cargo" "+1.99.0-beta.8" "metadata" "--no-deps" "--format-version=1", kill_on_drop: false }`
[INFO] running `Command { std: "docker" "inspect" "27f835074f1c6d7e506c3fdb4d3a1375a9b72fbd026657f3fb3011f68bc14da4", kill_on_drop: false }`
[INFO] running `Command { std: "docker" "exec" "-e" "SOURCE_DIR=/opt/rustwide/workdir" "-e" "CARGO_HOME=/opt/rustwide/cargo-home" "-e" "RUSTUP_HOME=/opt/rustwide/rustup-home" "-e" "CARGO_TARGET_DIR=/opt/rustwide/target" "-e" "CARGO_INCREMENTAL=0" "-e" "RUST_BACKTRACE=full" "-e" "RUSTFLAGS=--cap-lints=warn" "-e" "RUSTDOCFLAGS=--cap-lints=warn" "-w" "/opt/rustwide/workdir" "--user" "0:0" "27f835074f1c6d7e506c3fdb4d3a1375a9b72fbd026657f3fb3011f68bc14da4" "/opt/rustwide/cargo-home/bin/cargo" "+1.99.0-beta.8" "build" "--frozen" "--message-format=json" "--release", kill_on_drop: false }`
[INFO] [stderr]    Compiling memmap2 v0.9.11
[INFO] [stderr]    Compiling xxhash-rust v0.8.18
[INFO] [stderr]    Compiling ztensor v2.1.1
[INFO] [stderr]    Compiling ztensor-compat v2.1.1 (/opt/rustwide/workdir)
[INFO] [stdout] warning: method `with_decoder` is never used
[INFO] [stdout]   --> src/project.rs:39:12
[INFO] [stdout]    |
[INFO] [stdout] 25 | impl Projection {
[INFO] [stdout]    | --------------- method in this implementation
[INFO] [stdout] ...
[INFO] [stdout] 39 |     pub fn with_decoder(mut self, decoder: Box<dyn Decode>) -> Self {
[INFO] [stdout]    |            ^^^^^^^^^^^^
[INFO] [stdout]    |
[INFO] [stdout]    = note: `#[warn(dead_code)]` (part of `#[warn(unused)]`) on by default
[INFO] [stdout] 
[INFO] [stdout] 
[INFO] [stdout] warning: function `to_usize` is never used
[INFO] [stdout]   --> src/safe.rs:17:8
[INFO] [stdout]    |
[INFO] [stdout] 17 | pub fn to_usize(what: &str, v: u64) -> Result<usize> {
[INFO] [stdout]    |        ^^^^^^^^
[INFO] [stdout] 
[INFO] [stdout] 
[INFO] [stdout] warning: function `range` is never used
[INFO] [stdout]   --> src/safe.rs:42:8
[INFO] [stdout]    |
[INFO] [stdout] 42 | pub fn range(what: &str, offset: u64, length: u64, len: usize) -> Result<(usize, usize)> {
[INFO] [stdout]    |        ^^^^^
[INFO] [stdout] 
[INFO] [stdout] 
[INFO] [stdout] warning: function `slice` is never used
[INFO] [stdout]   --> src/safe.rs:54:8
[INFO] [stdout]    |
[INFO] [stdout] 54 | pub fn slice<'a>(what: &str, buf: &'a [u8], offset: u64, length: u64) -> Result<&'a [u8]> {
[INFO] [stdout]    |        ^^^^^
[INFO] [stdout] 
[INFO] [stdout] 
[INFO] [stdout] warning: constant `MAX_ALLOC` is never used
[INFO] [stdout]   --> src/safe.rs:68:11
[INFO] [stdout]    |
[INFO] [stdout] 68 | pub const MAX_ALLOC: u64 = 1 << 30;
[INFO] [stdout]    |           ^^^^^^^^^
[INFO] [stdout] 
[INFO] [stdout] 
[INFO] [stdout] warning: function `alloc_size` is never used
[INFO] [stdout]   --> src/safe.rs:71:8
[INFO] [stdout]    |
[INFO] [stdout] 71 | pub fn alloc_size(what: &str, n: u64) -> Result<usize> {
[INFO] [stdout]    |        ^^^^^^^^^^
[INFO] [stdout] 
[INFO] [stdout] 
[INFO] [stderr]     Finished `release` profile [optimized] target(s) in 9.17s
[INFO] running `Command { std: "docker" "inspect" "27f835074f1c6d7e506c3fdb4d3a1375a9b72fbd026657f3fb3011f68bc14da4", kill_on_drop: false }`
[INFO] running `Command { std: "docker" "exec" "-e" "SOURCE_DIR=/opt/rustwide/workdir" "-e" "CARGO_HOME=/opt/rustwide/cargo-home" "-e" "RUSTUP_HOME=/opt/rustwide/rustup-home" "-e" "CARGO_TARGET_DIR=/opt/rustwide/target" "-e" "CARGO_INCREMENTAL=0" "-e" "RUST_BACKTRACE=full" "-e" "RUSTFLAGS=--cap-lints=warn" "-e" "RUSTDOCFLAGS=--cap-lints=warn" "-w" "/opt/rustwide/workdir" "--user" "0:0" "27f835074f1c6d7e506c3fdb4d3a1375a9b72fbd026657f3fb3011f68bc14da4" "/opt/rustwide/cargo-home/bin/cargo" "+1.99.0-beta.8" "test" "--frozen" "--no-run" "--message-format=json" "--release", kill_on_drop: false }`
[INFO] [stderr]    Compiling simd-adler32 v0.3.10
[INFO] [stderr]    Compiling zip v2.4.2
[INFO] [stderr]    Compiling serde_json v1.0.151
[INFO] [stderr]    Compiling displaydoc v0.2.7
[INFO] [stderr]    Compiling thiserror v2.0.19
[INFO] [stderr]    Compiling miniz_oxide v0.8.9
[INFO] [stderr]    Compiling zopfli v0.8.3
[INFO] [stderr]    Compiling flate2 v1.1.9
[INFO] [stderr]    Compiling ztensor-compat v2.1.1 (/opt/rustwide/workdir)
[INFO] [stdout] warning: method `with_decoder` is never used
[INFO] [stdout]   --> src/project.rs:39:12
[INFO] [stdout]    |
[INFO] [stdout] 25 | impl Projection {
[INFO] [stdout]    | --------------- method in this implementation
[INFO] [stdout] ...
[INFO] [stdout] 39 |     pub fn with_decoder(mut self, decoder: Box<dyn Decode>) -> Self {
[INFO] [stdout]    |            ^^^^^^^^^^^^
[INFO] [stdout]    |
[INFO] [stdout]    = note: `#[warn(dead_code)]` (part of `#[warn(unused)]`) on by default
[INFO] [stdout] 
[INFO] [stdout] 
[INFO] [stdout] warning: function `to_usize` is never used
[INFO] [stdout]   --> src/safe.rs:17:8
[INFO] [stdout]    |
[INFO] [stdout] 17 | pub fn to_usize(what: &str, v: u64) -> Result<usize> {
[INFO] [stdout]    |        ^^^^^^^^
[INFO] [stdout] 
[INFO] [stdout] 
[INFO] [stdout] warning: function `range` is never used
[INFO] [stdout]   --> src/safe.rs:42:8
[INFO] [stdout]    |
[INFO] [stdout] 42 | pub fn range(what: &str, offset: u64, length: u64, len: usize) -> Result<(usize, usize)> {
[INFO] [stdout]    |        ^^^^^
[INFO] [stdout] 
[INFO] [stdout] 
[INFO] [stdout] warning: function `slice` is never used
[INFO] [stdout]   --> src/safe.rs:54:8
[INFO] [stdout]    |
[INFO] [stdout] 54 | pub fn slice<'a>(what: &str, buf: &'a [u8], offset: u64, length: u64) -> Result<&'a [u8]> {
[INFO] [stdout]    |        ^^^^^
[INFO] [stdout] 
[INFO] [stdout] 
[INFO] [stdout] warning: constant `MAX_ALLOC` is never used
[INFO] [stdout]   --> src/safe.rs:68:11
[INFO] [stdout]    |
[INFO] [stdout] 68 | pub const MAX_ALLOC: u64 = 1 << 30;
[INFO] [stdout]    |           ^^^^^^^^^
[INFO] [stdout] 
[INFO] [stdout] 
[INFO] [stdout] warning: function `alloc_size` is never used
[INFO] [stdout]   --> src/safe.rs:71:8
[INFO] [stdout]    |
[INFO] [stdout] 71 | pub fn alloc_size(what: &str, n: u64) -> Result<usize> {
[INFO] [stdout]    |        ^^^^^^^^^^
[INFO] [stdout] 
[INFO] [stdout] 
[INFO] [stdout] warning: method `with_decoder` is never used
[INFO] [stdout]   --> src/project.rs:39:12
[INFO] [stdout]    |
[INFO] [stdout] 25 | impl Projection {
[INFO] [stdout]    | --------------- method in this implementation
[INFO] [stdout] ...
[INFO] [stdout] 39 |     pub fn with_decoder(mut self, decoder: Box<dyn Decode>) -> Self {
[INFO] [stdout]    |            ^^^^^^^^^^^^
[INFO] [stdout]    |
[INFO] [stdout]    = note: `#[warn(dead_code)]` (part of `#[warn(unused)]`) on by default
[INFO] [stdout] 
[INFO] [stdout] 
[INFO] [stdout] warning: function `to_usize` is never used
[INFO] [stdout]   --> src/safe.rs:17:8
[INFO] [stdout]    |
[INFO] [stdout] 17 | pub fn to_usize(what: &str, v: u64) -> Result<usize> {
[INFO] [stdout]    |        ^^^^^^^^
[INFO] [stdout] 
[INFO] [stdout] 
[INFO] [stdout] warning: function `range` is never used
[INFO] [stdout]   --> src/safe.rs:42:8
[INFO] [stdout]    |
[INFO] [stdout] 42 | pub fn range(what: &str, offset: u64, length: u64, len: usize) -> Result<(usize, usize)> {
[INFO] [stdout]    |        ^^^^^
[INFO] [stdout] 
[INFO] [stdout] 
[INFO] [stdout] warning: function `slice` is never used
[INFO] [stdout]   --> src/safe.rs:54:8
[INFO] [stdout]    |
[INFO] [stdout] 54 | pub fn slice<'a>(what: &str, buf: &'a [u8], offset: u64, length: u64) -> Result<&'a [u8]> {
[INFO] [stdout]    |        ^^^^^
[INFO] [stdout] 
[INFO] [stdout] 
[INFO] [stdout] warning: constant `MAX_ALLOC` is never used
[INFO] [stdout]   --> src/safe.rs:68:11
[INFO] [stdout]    |
[INFO] [stdout] 68 | pub const MAX_ALLOC: u64 = 1 << 30;
[INFO] [stdout]    |           ^^^^^^^^^
[INFO] [stdout] 
[INFO] [stdout] 
[INFO] [stdout] warning: function `alloc_size` is never used
[INFO] [stdout]   --> src/safe.rs:71:8
[INFO] [stdout]    |
[INFO] [stdout] 71 | pub fn alloc_size(what: &str, n: u64) -> Result<usize> {
[INFO] [stdout]    |        ^^^^^^^^^^
[INFO] [stdout] 
[INFO] [stdout] 
[INFO] [stderr]     Finished `release` profile [optimized] target(s) in 16.19s
[INFO] running `Command { std: "docker" "inspect" "27f835074f1c6d7e506c3fdb4d3a1375a9b72fbd026657f3fb3011f68bc14da4", kill_on_drop: false }`
[INFO] running `Command { std: "docker" "exec" "-e" "SOURCE_DIR=/opt/rustwide/workdir" "-e" "CARGO_HOME=/opt/rustwide/cargo-home" "-e" "RUSTUP_HOME=/opt/rustwide/rustup-home" "-e" "CARGO_TARGET_DIR=/opt/rustwide/target" "-e" "CARGO_INCREMENTAL=0" "-e" "RUST_BACKTRACE=full" "-e" "RUSTFLAGS=--cap-lints=warn" "-e" "RUSTDOCFLAGS=--cap-lints=warn" "-w" "/opt/rustwide/workdir" "--user" "0:0" "27f835074f1c6d7e506c3fdb4d3a1375a9b72fbd026657f3fb3011f68bc14da4" "/opt/rustwide/cargo-home/bin/cargo" "+1.99.0-beta.8" "test" "--frozen" "--release", kill_on_drop: false }`
[INFO] [stderr] warning: method `with_decoder` is never used
[INFO] [stderr]   --> src/project.rs:39:12
[INFO] [stderr]    |
[INFO] [stderr] 25 | impl Projection {
[INFO] [stderr]    | --------------- method in this implementation
[INFO] [stderr] ...
[INFO] [stderr] 39 |     pub fn with_decoder(mut self, decoder: Box<dyn Decode>) -> Self {
[INFO] [stderr]    |            ^^^^^^^^^^^^
[INFO] [stderr]    |
[INFO] [stderr]    = note: `#[warn(dead_code)]` (part of `#[warn(unused)]`) on by default
[INFO] [stderr] 
[INFO] [stderr] warning: function `to_usize` is never used
[INFO] [stderr]   --> src/safe.rs:17:8
[INFO] [stderr]    |
[INFO] [stderr] 17 | pub fn to_usize(what: &str, v: u64) -> Result<usize> {
[INFO] [stderr]    |        ^^^^^^^^
[INFO] [stderr] 
[INFO] [stderr] warning: function `range` is never used
[INFO] [stderr]   --> src/safe.rs:42:8
[INFO] [stderr]    |
[INFO] [stderr] 42 | pub fn range(what: &str, offset: u64, length: u64, len: usize) -> Result<(usize, usize)> {
[INFO] [stderr]    |        ^^^^^
[INFO] [stderr] 
[INFO] [stderr] warning: function `slice` is never used
[INFO] [stderr]   --> src/safe.rs:54:8
[INFO] [stderr]    |
[INFO] [stderr] 54 | pub fn slice<'a>(what: &str, buf: &'a [u8], offset: u64, length: u64) -> Result<&'a [u8]> {
[INFO] [stderr]    |        ^^^^^
[INFO] [stderr] 
[INFO] [stderr] warning: constant `MAX_ALLOC` is never used
[INFO] [stderr]   --> src/safe.rs:68:11
[INFO] [stderr]    |
[INFO] [stderr] 68 | pub const MAX_ALLOC: u64 = 1 << 30;
[INFO] [stderr]    |           ^^^^^^^^^
[INFO] [stderr] 
[INFO] [stderr] warning: function `alloc_size` is never used
[INFO] [stderr]   --> src/safe.rs:71:8
[INFO] [stderr]    |
[INFO] [stderr] 71 | pub fn alloc_size(what: &str, n: u64) -> Result<usize> {
[INFO] [stderr]    |        ^^^^^^^^^^
[INFO] [stderr] 
[INFO] [stderr] warning: `ztensor-compat` (lib) generated 6 warnings
[INFO] [stderr] warning: `ztensor-compat` (lib test) generated 6 warnings (6 duplicates)
[INFO] [stderr]     Finished `release` profile [optimized] target(s) in 0.06s
[INFO] [stderr]      Running unittests src/lib.rs (/opt/rustwide/target/release/deps/ztensor_compat-a622f2b8518de689)
[INFO] [stdout] 
[INFO] [stdout] running 0 tests
[INFO] [stdout] 
[INFO] [stdout] test result: ok. 0 passed; 0 failed; 0 ignored; 0 measured; 0 filtered out; finished in 0.00s
[INFO] [stdout] 
[INFO] [stderr]      Running tests/csr.rs (/opt/rustwide/target/release/deps/csr-ec02d567b250b3a1)
[INFO] [stdout] 
[INFO] [stdout] running 2 tests
[INFO] [stdout] test csr_roundtrip ... ok
[INFO] [stdout] test a_foreign_layout_is_not_assembled_as_csr ... ok
[INFO] [stdout] 
[INFO] [stdout] test result: ok. 2 passed; 0 failed; 0 ignored; 0 measured; 0 filtered out; finished in 0.01s
[INFO] [stdout] 
[INFO] [stderr]      Running tests/formats.rs (/opt/rustwide/target/release/deps/formats-e4a1f9a5fe8a8f16)
[INFO] [stdout] 
[INFO] [stdout] running 5 tests
[INFO] [stdout] test gguf::open_and_read ... ok
[INFO] [stdout] test every_detected_label_is_listed ... ok
[INFO] [stdout] test gguf::unknown_type_id_refused ... ok
[INFO] [stdout] test gguf::ingest_quant_preserves_layout ... ok
[INFO] [stdout] test detect::detects_zt_and_foreign ... ok
[INFO] [stdout] 
[INFO] [stdout] test result: ok. 5 passed; 0 failed; 0 ignored; 0 measured; 0 filtered out; finished in 0.00s
[INFO] [stderr]      Running tests/hostile.rs (/opt/rustwide/target/release/deps/hostile-f281636398ffc39e)
[INFO] [stdout] 
[INFO] [stdout] 
[INFO] [stdout] running 2 tests
[INFO] [stdout] test gguf::lying_counts_do_not_allocate ... ok
[INFO] [stderr]      Running tests/safetensors.rs (/opt/rustwide/target/release/deps/safetensors-c5ae5cd96c80b702)
[INFO] [stdout] test gguf::data_section_past_eof ... ok
[INFO] [stdout] 
[INFO] [stdout] test result: ok. 2 passed; 0 failed; 0 ignored; 0 measured; 0 filtered out; finished in 0.00s
[INFO] [stdout] 
[INFO] [stdout] 
[INFO] [stdout] running 5 tests
[INFO] [stdout] test unknown_dtype_refused ... ok
[INFO] [stdout] test dtype_projections ... ok
[INFO] [stdout] test open_and_read ... ok
[INFO] [stdout] test rejects_bad_geometry ... ok
[INFO] [stdout] test convert_to_canonical_zt ... ok
[INFO] [stdout] 
[INFO] [stdout] test result: ok. 5 passed; 0 failed; 0 ignored; 0 measured; 0 filtered out; finished in 0.01s
[INFO] [stdout] 
[INFO] [stderr]      Running tests/threads.rs (/opt/rustwide/target/release/deps/threads-d25bbc67b687bfee)
[INFO] [stdout] 
[INFO] [stdout] running 4 tests
[INFO] [stdout] test a_source_can_be_moved_to_another_thread ... FAILED
[INFO] [stdout] test mapped_and_opaque_tensors_are_read_side_by_side ... FAILED
[INFO] [stdout] test one_hot_tensor_read_by_everyone_at_once ... FAILED
[INFO] [stdout] test threads_contending_on_an_opaque_reader_all_get_the_right_bytes ... FAILED
[INFO] [stdout] 
[INFO] [stdout] failures:
[INFO] [stdout] 
[INFO] [stdout] ---- a_source_can_be_moved_to_another_thread stdout ----
[INFO] [stdout] 
[INFO] [stdout] thread 'a_source_can_be_moved_to_another_thread' (609) panicked at tests/threads.rs:180:43:
[INFO] [stdout] called `Result::unwrap()` on an `Err` value: Unsupported("zip-container formats (.pt/.npz) are not compiled in")
[INFO] [stdout] stack backtrace:
[INFO] [stdout]    0:     0x63b870f207b1 - <<std[70759c8f55707aa4]::sys::backtrace::BacktraceLock>::print::DisplayBacktrace as core[df12db4294e9bfd3]::fmt::Display>::fmt
[INFO] [stdout]    1:     0x63b870f3553a - core[df12db4294e9bfd3]::fmt::write
[INFO] [stdout]    2:     0x63b870f24d5c - <alloc[2182bb758b4b3781]::vec::Vec<u8> as core[df12db4294e9bfd3]::io::write::Write>::write_fmt
[INFO] [stdout]    3:     0x63b870efc566 - std[70759c8f55707aa4]::panicking::default_hook::{closure#0}
[INFO] [stdout]    4:     0x63b870f18df9 - std[70759c8f55707aa4]::panicking::default_hook
[INFO] [stdout]    5:     0x63b870eb4b60 - test[9d35eded1c95d3be]::test_main_inner::<test[9d35eded1c95d3be]::test_main_static::{closure#0}>::{closure#0}
[INFO] [stdout]    6:     0x63b870f18fb2 - std[70759c8f55707aa4]::panicking::panic_with_hook
[INFO] [stdout]    7:     0x63b870efc612 - std[70759c8f55707aa4]::panicking::panic_handler::{closure#0}
[INFO] [stdout]    8:     0x63b870ef5399 - std[70759c8f55707aa4]::sys::backtrace::__rust_end_short_backtrace::<std[70759c8f55707aa4]::panicking::panic_handler::{closure#0}, !>
[INFO] [stdout]    9:     0x63b870efd20d - __rustc[8fa7c3cbc660c2b3]::rust_begin_unwind
[INFO] [stdout]   10:     0x63b870f35c6c - core[df12db4294e9bfd3]::panicking::panic_fmt
[INFO] [stdout]   11:     0x63b870f35a42 - core[df12db4294e9bfd3]::result::unwrap_failed
[INFO] [stdout]   12:     0x63b870e4fac0 - <threads[a3a74606511fdddf]::a_source_can_be_moved_to_another_thread::{closure#0} as core[df12db4294e9bfd3]::ops::function::FnOnce<()>>::call_once
[INFO] [stdout]   13:     0x63b870ea7e4b - test[9d35eded1c95d3be]::__rust_begin_short_backtrace::<core[df12db4294e9bfd3]::result::Result<(), alloc[2182bb758b4b3781]::string::String>, fn() -> core[df12db4294e9bfd3]::result::Result<(), alloc[2182bb758b4b3781]::string::String>>
[INFO] [stdout]   14:     0x63b870eb54b5 - test[9d35eded1c95d3be]::run_test::{closure#0}
[INFO] [stdout]   15:     0x63b870eaed74 - std[70759c8f55707aa4]::sys::backtrace::__rust_begin_short_backtrace::<test[9d35eded1c95d3be]::run_test::{closure#1}, ()>
[INFO] [stdout]   16:     0x63b870eb8612 - <std[70759c8f55707aa4]::thread::lifecycle::spawn_unchecked<test[9d35eded1c95d3be]::run_test::{closure#1}, ()>::{closure#1} as core[df12db4294e9bfd3]::ops::function::FnOnce<()>>::call_once::{shim:vtable#0}
[INFO] [stdout]   17:     0x63b870f20019 - <std[70759c8f55707aa4]::sys::thread::unix::Thread>::new::thread_start
[INFO] [stdout]   18:     0x77f6ea8a1dfa - <unknown>
[INFO] [stdout]   19:     0x77f6ea9353d4 - clone
[INFO] [stdout]   20:                0x0 - <unknown>
[INFO] [stdout] 
[INFO] [stdout] ---- mapped_and_opaque_tensors_are_read_side_by_side stdout ----
[INFO] [stdout] 
[INFO] [stdout] thread 'mapped_and_opaque_tensors_are_read_side_by_side' (610) panicked at tests/threads.rs:141:52:
[INFO] [stdout] called `Result::unwrap()` on an `Err` value: Unsupported("zip-container formats (.pt/.npz) are not compiled in")
[INFO] [stdout] stack backtrace:
[INFO] [stdout]    0:     0x63b870f207b1 - <<std[70759c8f55707aa4]::sys::backtrace::BacktraceLock>::print::DisplayBacktrace as core[df12db4294e9bfd3]::fmt::Display>::fmt
[INFO] [stdout]    1:     0x63b870f3553a - core[df12db4294e9bfd3]::fmt::write
[INFO] [stdout]    2:     0x63b870f24d5c - <alloc[2182bb758b4b3781]::vec::Vec<u8> as core[df12db4294e9bfd3]::io::write::Write>::write_fmt
[INFO] [stdout]    3:     0x63b870efc566 - std[70759c8f55707aa4]::panicking::default_hook::{closure#0}
[INFO] [stdout]    4:     0x63b870f18df9 - std[70759c8f55707aa4]::panicking::default_hook
[INFO] [stdout]    5:     0x63b870eb4b60 - test[9d35eded1c95d3be]::test_main_inner::<test[9d35eded1c95d3be]::test_main_static::{closure#0}>::{closure#0}
[INFO] [stdout]    6:     0x63b870f18fb2 - std[70759c8f55707aa4]::panicking::panic_with_hook
[INFO] [stdout]    7:     0x63b870efc612 - std[70759c8f55707aa4]::panicking::panic_handler::{closure#0}
[INFO] [stdout]    8:     0x63b870ef5399 - std[70759c8f55707aa4]::sys::backtrace::__rust_end_short_backtrace::<std[70759c8f55707aa4]::panicking::panic_handler::{closure#0}, !>
[INFO] [stdout]    9:     0x63b870efd20d - __rustc[8fa7c3cbc660c2b3]::rust_begin_unwind
[INFO] [stdout]   10:     0x63b870f35c6c - core[df12db4294e9bfd3]::panicking::panic_fmt
[INFO] [stdout]   11:     0x63b870f35a42 - core[df12db4294e9bfd3]::result::unwrap_failed
[INFO] [stdout]   12:     0x63b870e50a26 - <threads[a3a74606511fdddf]::mapped_and_opaque_tensors_are_read_side_by_side::{closure#0} as core[df12db4294e9bfd3]::ops::function::FnOnce<()>>::call_once
[INFO] [stdout]   13:     0x63b870ea7e4b - test[9d35eded1c95d3be]::__rust_begin_short_backtrace::<core[df12db4294e9bfd3]::result::Result<(), alloc[2182bb758b4b3781]::string::String>, fn() -> core[df12db4294e9bfd3]::result::Result<(), alloc[2182bb758b4b3781]::string::String>>
[INFO] [stdout]   14:     0x63b870eb54b5 - test[9d35eded1c95d3be]::run_test::{closure#0}
[INFO] [stdout]   15:     0x63b870eaed74 - std[70759c8f55707aa4]::sys::backtrace::__rust_begin_short_backtrace::<test[9d35eded1c95d3be]::run_test::{closure#1}, ()>
[INFO] [stdout]   16:     0x63b870eb8612 - <std[70759c8f55707aa4]::thread::lifecycle::spawn_unchecked<test[9d35eded1c95d3be]::run_test::{closure#1}, ()>::{closure#1} as core[df12db4294e9bfd3]::ops::function::FnOnce<()>>::call_once::{shim:vtable#0}
[INFO] [stdout]   17:     0x63b870f20019 - <std[70759c8f55707aa4]::sys::thread::unix::Thread>::new::thread_start
[INFO] [stdout]   18:     0x77f6ea8a1dfa - <unknown>
[INFO] [stdout]   19:     0x77f6ea9353d4 - clone
[INFO] [stdout]   20:                0x0 - <unknown>
[INFO] [stdout] 
[INFO] [stdout] ---- one_hot_tensor_read_by_everyone_at_once stdout ----
[INFO] [stdout] 
[INFO] [stdout] thread 'one_hot_tensor_read_by_everyone_at_once' (611) panicked at tests/threads.rs:102:52:
[INFO] [stdout] called `Result::unwrap()` on an `Err` value: Unsupported("zip-container formats (.pt/.npz) are not compiled in")
[INFO] [stdout] stack backtrace:
[INFO] [stdout]    0:     0x63b870f207b1 - <<std[70759c8f55707aa4]::sys::backtrace::BacktraceLock>::print::DisplayBacktrace as core[df12db4294e9bfd3]::fmt::Display>::fmt
[INFO] [stdout]    1:     0x63b870f3553a - core[df12db4294e9bfd3]::fmt::write
[INFO] [stdout]    2:     0x63b870f24d5c - <alloc[2182bb758b4b3781]::vec::Vec<u8> as core[df12db4294e9bfd3]::io::write::Write>::write_fmt
[INFO] [stdout]    3:     0x63b870efc566 - std[70759c8f55707aa4]::panicking::default_hook::{closure#0}
[INFO] [stdout]    4:     0x63b870f18df9 - std[70759c8f55707aa4]::panicking::default_hook
[INFO] [stdout]    5:     0x63b870eb4b60 - test[9d35eded1c95d3be]::test_main_inner::<test[9d35eded1c95d3be]::test_main_static::{closure#0}>::{closure#0}
[INFO] [stdout]    6:     0x63b870f18fb2 - std[70759c8f55707aa4]::panicking::panic_with_hook
[INFO] [stdout]    7:     0x63b870efc612 - std[70759c8f55707aa4]::panicking::panic_handler::{closure#0}
[INFO] [stdout]    8:     0x63b870ef5399 - std[70759c8f55707aa4]::sys::backtrace::__rust_end_short_backtrace::<std[70759c8f55707aa4]::panicking::panic_handler::{closure#0}, !>
[INFO] [stdout]    9:     0x63b870efd20d - __rustc[8fa7c3cbc660c2b3]::rust_begin_unwind
[INFO] [stdout]   10:     0x63b870f35c6c - core[df12db4294e9bfd3]::panicking::panic_fmt
[INFO] [stdout]   11:     0x63b870f35a42 - core[df12db4294e9bfd3]::result::unwrap_failed
[INFO] [stdout]   12:     0x63b870e4ff0f - <threads[a3a74606511fdddf]::one_hot_tensor_read_by_everyone_at_once::{closure#0} as core[df12db4294e9bfd3]::ops::function::FnOnce<()>>::call_once
[INFO] [stdout]   13:     0x63b870ea7e4b - test[9d35eded1c95d3be]::__rust_begin_short_backtrace::<core[df12db4294e9bfd3]::result::Result<(), alloc[2182bb758b4b3781]::string::String>, fn() -> core[df12db4294e9bfd3]::result::Result<(), alloc[2182bb758b4b3781]::string::String>>
[INFO] [stdout]   14:     0x63b870eb54b5 - test[9d35eded1c95d3be]::run_test::{closure#0}
[INFO] [stdout]   15:     0x63b870eaed74 - std[70759c8f55707aa4]::sys::backtrace::__rust_begin_short_backtrace::<test[9d35eded1c95d3be]::run_test::{closure#1}, ()>
[INFO] [stdout]   16:     0x63b870eb8612 - <std[70759c8f55707aa4]::thread::lifecycle::spawn_unchecked<test[9d35eded1c95d3be]::run_test::{closure#1}, ()>::{closure#1} as core[df12db4294e9bfd3]::ops::function::FnOnce<()>>::call_once::{shim:vtable#0}
[INFO] [stdout]   17:     0x63b870f20019 - <std[70759c8f55707aa4]::sys::thread::unix::Thread>::new::thread_start
[INFO] [stdout]   18:     0x77f6ea8a1dfa - <unknown>
[INFO] [stdout]   19:     0x77f6ea9353d4 - clone
[INFO] [stdout]   20:                0x0 - <unknown>
[INFO] [stdout] 
[INFO] [stdout] ---- threads_contending_on_an_opaque_reader_all_get_the_right_bytes stdout ----
[INFO] [stdout] 
[INFO] [stdout] thread 'threads_contending_on_an_opaque_reader_all_get_the_right_bytes' (612) panicked at tests/threads.rs:61:52:
[INFO] [stdout] called `Result::unwrap()` on an `Err` value: Unsupported("zip-container formats (.pt/.npz) are not compiled in")
[INFO] [stdout] stack backtrace:
[INFO] [stdout]    0:     0x63b870f207b1 - <<std[70759c8f55707aa4]::sys::backtrace::BacktraceLock>::print::DisplayBacktrace as core[df12db4294e9bfd3]::fmt::Display>::fmt
[INFO] [stdout]    1:     0x63b870f3553a - core[df12db4294e9bfd3]::fmt::write
[INFO] [stdout]    2:     0x63b870f24d5c - <alloc[2182bb758b4b3781]::vec::Vec<u8> as core[df12db4294e9bfd3]::io::write::Write>::write_fmt
[INFO] [stdout]    3:     0x63b870efc566 - std[70759c8f55707aa4]::panicking::default_hook::{closure#0}
[INFO] [stdout]    4:     0x63b870f18df9 - std[70759c8f55707aa4]::panicking::default_hook
[INFO] [stdout]    5:     0x63b870eb4b60 - test[9d35eded1c95d3be]::test_main_inner::<test[9d35eded1c95d3be]::test_main_static::{closure#0}>::{closure#0}
[INFO] [stdout]    6:     0x63b870f18fb2 - std[70759c8f55707aa4]::panicking::panic_with_hook
[INFO] [stdout]    7:     0x63b870efc612 - std[70759c8f55707aa4]::panicking::panic_handler::{closure#0}
[INFO] [stdout]    8:     0x63b870ef5399 - std[70759c8f55707aa4]::sys::backtrace::__rust_end_short_backtrace::<std[70759c8f55707aa4]::panicking::panic_handler::{closure#0}, !>
[INFO] [stdout]    9:     0x63b870efd20d - __rustc[8fa7c3cbc660c2b3]::rust_begin_unwind
[INFO] [stdout]   10:     0x63b870f35c6c - core[df12db4294e9bfd3]::panicking::panic_fmt
[INFO] [stdout]   11:     0x63b870f35a42 - core[df12db4294e9bfd3]::result::unwrap_failed
[INFO] [stdout]   12:     0x63b870e51797 - <threads[a3a74606511fdddf]::threads_contending_on_an_opaque_reader_all_get_the_right_bytes::{closure#0} as core[df12db4294e9bfd3]::ops::function::FnOnce<()>>::call_once
[INFO] [stdout]   13:     0x63b870ea7e4b - test[9d35eded1c95d3be]::__rust_begin_short_backtrace::<core[df12db4294e9bfd3]::result::Result<(), alloc[2182bb758b4b3781]::string::String>, fn() -> core[df12db4294e9bfd3]::result::Result<(), alloc[2182bb758b4b3781]::string::String>>
[INFO] [stdout]   14:     0x63b870eb54b5 - test[9d35eded1c95d3be]::run_test::{closure#0}
[INFO] [stdout]   15:     0x63b870eaed74 - std[70759c8f55707aa4]::sys::backtrace::__rust_begin_short_backtrace::<test[9d35eded1c95d3be]::run_test::{closure#1}, ()>
[INFO] [stdout]   16:     0x63b870eb8612 - <std[70759c8f55707aa4]::thread::lifecycle::spawn_unchecked<test[9d35eded1c95d3be]::run_test::{closure#1}, ()>::{closure#1} as core[df12db4294e9bfd3]::ops::function::FnOnce<()>>::call_once::{shim:vtable#0}
[INFO] [stdout]   17:     0x63b870f20019 - <std[70759c8f55707aa4]::sys::thread::unix::Thread>::new::thread_start
[INFO] [stdout]   18:     0x77f6ea8a1dfa - <unknown>
[INFO] [stdout]   19:     0x77f6ea9353d4 - clone
[INFO] [stdout]   20:                0x0 - <unknown>
[INFO] [stdout] 
[INFO] [stdout] 
[INFO] [stdout] failures:
[INFO] [stdout]     a_source_can_be_moved_to_another_thread
[INFO] [stdout]     mapped_and_opaque_tensors_are_read_side_by_side
[INFO] [stdout]     one_hot_tensor_read_by_everyone_at_once
[INFO] [stdout]     threads_contending_on_an_opaque_reader_all_get_the_right_bytes
[INFO] [stdout] 
[INFO] [stdout] test result: FAILED. 0 passed; 4 failed; 0 ignored; 0 measured; 0 filtered out; finished in 0.00s
[INFO] [stdout] 
[INFO] [stderr] error: test failed, to rerun pass `--test threads`
[INFO] running `Command { std: "docker" "inspect" "27f835074f1c6d7e506c3fdb4d3a1375a9b72fbd026657f3fb3011f68bc14da4", kill_on_drop: false }`
[INFO] running `Command { std: "docker" "rm" "-f" "27f835074f1c6d7e506c3fdb4d3a1375a9b72fbd026657f3fb3011f68bc14da4", kill_on_drop: false }`
[INFO] [stdout] 27f835074f1c6d7e506c3fdb4d3a1375a9b72fbd026657f3fb3011f68bc14da4
