[INFO] fetching crate zpl_toolchain_spec_compiler 0.4.0...
[INFO] testing zpl_toolchain_spec_compiler-0.4.0 against 1.99.0-beta.8+cargoflags=--release for beta-release-1.100-2
[INFO] extracting crate zpl_toolchain_spec_compiler 0.4.0 into /workspace/builds/worker-4-tc1/source
[INFO] started tweaking crates.io crate zpl_toolchain_spec_compiler 0.4.0
[INFO] finished tweaking crates.io crate zpl_toolchain_spec_compiler 0.4.0
[INFO] tweaked toml for crates.io crate zpl_toolchain_spec_compiler 0.4.0 written to /workspace/builds/worker-4-tc1/source/Cargo.toml
[INFO] validating manifest of crates.io crate zpl_toolchain_spec_compiler 0.4.0 on toolchain 1.99.0-beta.8
[INFO] running `Command { std: CARGO_HOME="/workspace/cargo-home" RUSTUP_HOME="/workspace/rustup-home" "/workspace/cargo-home/bin/cargo" "+1.99.0-beta.8" "metadata" "--manifest-path" "Cargo.toml" "--no-deps", kill_on_drop: false }`
[INFO] crate crates.io crate zpl_toolchain_spec_compiler 0.4.0 already has a lockfile, it will not be regenerated
[INFO] running `Command { std: CARGO_HOME="/workspace/cargo-home" RUSTUP_HOME="/workspace/rustup-home" "/workspace/cargo-home/bin/cargo" "+1.99.0-beta.8" "fetch" "--manifest-path" "Cargo.toml", kill_on_drop: false }`
[INFO] [stderr]     Updating crates.io index
[INFO] [stderr]  Downloading crates ...
[INFO] [stderr]   Downloaded zpl_toolchain_spec_tables v0.6.0
[INFO] [stderr]   Downloaded zpl_toolchain_jsonc_strip v0.1.0
[INFO] [stderr]   Downloaded clap v4.5.50
[INFO] [stderr]   Downloaded clap_builder v4.5.50
[INFO] running `Command { std: "docker" "create" "-v" "/var/lib/crater-agent-workspace/builds/worker-4-tc1/source:/opt/rustwide/workdir:ro,Z" "-v" "/var/lib/crater-agent-workspace/builds/worker-4-tc1/target:/opt/rustwide/target:rw,Z" "-v" "/var/lib/crater-agent-workspace/cargo-home:/opt/rustwide/cargo-home:ro,Z" "-v" "/var/lib/crater-agent-workspace/rustup-home:/opt/rustwide/rustup-home:ro,Z" "-m" "1610612736" "--network" "none" "ghcr.io/rust-lang/crates-build-env/linux@sha256:77db811e55d90add9212f6832c23229e3de5f1c1f9905e8cb07319ea15df73ac" "sleep" "infinity", kill_on_drop: false }`
[INFO] [stdout] 5e7d96af84bbda7d65de66a12c2025b4290acc0f120743b4cfd38d1076af3d65
[INFO] running `Command { std: "docker" "start" "5e7d96af84bbda7d65de66a12c2025b4290acc0f120743b4cfd38d1076af3d65", kill_on_drop: false }`
[INFO] running `Command { std: "docker" "inspect" "5e7d96af84bbda7d65de66a12c2025b4290acc0f120743b4cfd38d1076af3d65", kill_on_drop: false }`
[INFO] running `Command { std: "docker" "exec" "-e" "SOURCE_DIR=/opt/rustwide/workdir" "-e" "CARGO_HOME=/opt/rustwide/cargo-home" "-e" "RUSTUP_HOME=/opt/rustwide/rustup-home" "-e" "CARGO_TARGET_DIR=/opt/rustwide/target" "-w" "/opt/rustwide/workdir" "--user" "0:0" "5e7d96af84bbda7d65de66a12c2025b4290acc0f120743b4cfd38d1076af3d65" "/opt/rustwide/cargo-home/bin/cargo" "+1.99.0-beta.8" "metadata" "--no-deps" "--format-version=1", kill_on_drop: false }`
[INFO] running `Command { std: "docker" "inspect" "5e7d96af84bbda7d65de66a12c2025b4290acc0f120743b4cfd38d1076af3d65", kill_on_drop: false }`
[INFO] running `Command { std: "docker" "exec" "-e" "SOURCE_DIR=/opt/rustwide/workdir" "-e" "CARGO_HOME=/opt/rustwide/cargo-home" "-e" "RUSTUP_HOME=/opt/rustwide/rustup-home" "-e" "CARGO_TARGET_DIR=/opt/rustwide/target" "-e" "CARGO_INCREMENTAL=0" "-e" "RUST_BACKTRACE=full" "-e" "RUSTFLAGS=--cap-lints=warn" "-e" "RUSTDOCFLAGS=--cap-lints=warn" "-w" "/opt/rustwide/workdir" "--user" "0:0" "5e7d96af84bbda7d65de66a12c2025b4290acc0f120743b4cfd38d1076af3d65" "/opt/rustwide/cargo-home/bin/cargo" "+1.99.0-beta.8" "build" "--frozen" "--message-format=json" "--release", kill_on_drop: false }`
[INFO] [stderr]    Compiling quote v1.0.40
[INFO] [stderr]    Compiling anstyle-query v1.1.4
[INFO] [stderr]    Compiling zpl_toolchain_jsonc_strip v0.1.0
[INFO] [stderr]    Compiling anstream v0.6.21
[INFO] [stderr]    Compiling syn v2.0.107
[INFO] [stderr]    Compiling clap_builder v4.5.50
[INFO] [stderr]    Compiling serde_derive v1.0.228
[INFO] [stderr]    Compiling clap_derive v4.5.49
[INFO] [stderr]    Compiling clap v4.5.50
[INFO] [stderr]    Compiling serde v1.0.228
[INFO] [stderr]    Compiling zpl_toolchain_spec_tables v0.6.0
[INFO] [stderr]    Compiling zpl_toolchain_spec_compiler v0.4.0 (/opt/rustwide/workdir)
[INFO] [stderr]     Finished `release` profile [optimized] target(s) in 18.30s
[INFO] running `Command { std: "docker" "inspect" "5e7d96af84bbda7d65de66a12c2025b4290acc0f120743b4cfd38d1076af3d65", kill_on_drop: false }`
[INFO] running `Command { std: "docker" "exec" "-e" "SOURCE_DIR=/opt/rustwide/workdir" "-e" "CARGO_HOME=/opt/rustwide/cargo-home" "-e" "RUSTUP_HOME=/opt/rustwide/rustup-home" "-e" "CARGO_TARGET_DIR=/opt/rustwide/target" "-e" "CARGO_INCREMENTAL=0" "-e" "RUST_BACKTRACE=full" "-e" "RUSTFLAGS=--cap-lints=warn" "-e" "RUSTDOCFLAGS=--cap-lints=warn" "-w" "/opt/rustwide/workdir" "--user" "0:0" "5e7d96af84bbda7d65de66a12c2025b4290acc0f120743b4cfd38d1076af3d65" "/opt/rustwide/cargo-home/bin/cargo" "+1.99.0-beta.8" "test" "--frozen" "--no-run" "--message-format=json" "--release", kill_on_drop: false }`
[INFO] [stderr]    Compiling zpl_toolchain_spec_compiler v0.4.0 (/opt/rustwide/workdir)
[INFO] [stderr]     Finished `release` profile [optimized] target(s) in 7.48s
[INFO] running `Command { std: "docker" "inspect" "5e7d96af84bbda7d65de66a12c2025b4290acc0f120743b4cfd38d1076af3d65", kill_on_drop: false }`
[INFO] running `Command { std: "docker" "exec" "-e" "SOURCE_DIR=/opt/rustwide/workdir" "-e" "CARGO_HOME=/opt/rustwide/cargo-home" "-e" "RUSTUP_HOME=/opt/rustwide/rustup-home" "-e" "CARGO_TARGET_DIR=/opt/rustwide/target" "-e" "CARGO_INCREMENTAL=0" "-e" "RUST_BACKTRACE=full" "-e" "RUSTFLAGS=--cap-lints=warn" "-e" "RUSTDOCFLAGS=--cap-lints=warn" "-w" "/opt/rustwide/workdir" "--user" "0:0" "5e7d96af84bbda7d65de66a12c2025b4290acc0f120743b4cfd38d1076af3d65" "/opt/rustwide/cargo-home/bin/cargo" "+1.99.0-beta.8" "test" "--frozen" "--release", kill_on_drop: false }`
[INFO] [stderr]     Finished `release` profile [optimized] target(s) in 0.04s
[INFO] [stderr]      Running unittests src/lib.rs (/opt/rustwide/target/release/deps/zpl_toolchain_spec_compiler-3a1687b473333901)
[INFO] [stdout] 
[INFO] [stdout] running 29 tests
[INFO] [stdout] test pipeline::tests::format_template_respects_split_rule_without_extra_joiners ... ok
[INFO] [stdout] test pipeline::tests::generate_state_keys_collects_effect_sets ... ok
[INFO] [stdout] test pipeline::tests::note_audit_flags_empty_message ... ok
[INFO] [stdout] test pipeline::tests::note_audit_flags_explanatory_note_without_audience ... ok
[INFO] [stdout] test pipeline::tests::extract_template_placeholders_multiple ... ok
[INFO] [stdout] test pipeline::tests::note_audit_flags_conditional_note_without_expr ... ok
[INFO] [stdout] test pipeline::tests::extract_template_placeholders_empty ... ok
[INFO] [stdout] test pipeline::tests::extract_template_placeholders_single ... ok
[INFO] [stdout] test pipeline::tests::generate_tables_emits_structural_rule_index ... ok
[INFO] [stdout] test pipeline::tests::validate_constraints_reject_audience_on_non_note ... ok
[INFO] [stdout] test pipeline::tests::validate_composites_linkage_placeholder_not_in_exposes_args ... ok
[INFO] [stdout] test pipeline::tests::validate_default_from_with_state_key_passes ... ok
[INFO] [stdout] test pipeline::tests::validate_constraints_require_explicit_scope_for_requires ... ok
[INFO] [stdout] test pipeline::tests::validate_default_from_requires_state_key_even_for_single_effect_value ... ok
[INFO] [stdout] test pipeline::tests::validate_constraints_order_with_scope_passes ... ok
[INFO] [stdout] test pipeline::tests::validate_default_from_always_requires_default_from_state_key ... ok
[INFO] [stdout] test pipeline::tests::constraint_kinds_match_schema ... FAILED
[INFO] [stdout] test pipeline::tests::validate_constraints_require_explicit_scope_for_order ... ok
[INFO] [stdout] test pipeline::tests::validate_composites_linkage_valid_template_exposes_args ... ok
[INFO] [stdout] test pipeline::tests::validate_constraints_reject_unknown_note_expr_prefix ... ok
[INFO] [stdout] test pipeline::tests::extract_template_placeholders_dedupe ... ok
[INFO] [stdout] test pipeline::tests::structural_trigger_index_matches_command_entry_flags ... FAILED
[INFO] [stdout] test pipeline::tests::validate_composites_linkage_exposes_arg_missing_from_template ... ok
[INFO] [stdout] test pipeline::tests::structural_rule_kinds_match_schema ... FAILED
[INFO] [stdout] test pipeline::tests::validate_note_expr_rejects_unknown_when_predicate ... ok
[INFO] [stdout] test pipeline::tests::validate_structural_rules_requires_mapping_for_semantic_commands ... ok
[INFO] [stdout] test pipeline::tests::validate_note_expr_accepts_profile_predicates ... ok
[INFO] [stdout] test pipeline::tests::validate_note_expr_rejects_unknown_target_command_codes ... ok
[INFO] [stdout] test pipeline::tests::validate_structural_rules_rejects_unsupported_rule_for_command ... ok
[INFO] [stdout] 
[INFO] [stdout] failures:
[INFO] [stdout] 
[INFO] [stdout] ---- pipeline::tests::constraint_kinds_match_schema stdout ----
[INFO] [stdout] 
[INFO] [stdout] thread 'pipeline::tests::constraint_kinds_match_schema' (481) panicked at src/pipeline.rs:1785:50:
[INFO] [stdout] failed to read JSONC schema: Os { code: 2, kind: NotFound, message: "No such file or directory" }
[INFO] [stdout] stack backtrace:
[INFO] [stdout]    0:     0x58d665b4c441 - <<std[70759c8f55707aa4]::sys::backtrace::BacktraceLock>::print::DisplayBacktrace as core[df12db4294e9bfd3]::fmt::Display>::fmt
[INFO] [stdout]    1:     0x58d665b618da - core[df12db4294e9bfd3]::fmt::write
[INFO] [stdout]    2:     0x58d665b50dfc - <alloc[2182bb758b4b3781]::vec::Vec<u8> as core[df12db4294e9bfd3]::io::write::Write>::write_fmt
[INFO] [stdout]    3:     0x58d665b27fb6 - std[70759c8f55707aa4]::panicking::default_hook::{closure#0}
[INFO] [stdout]    4:     0x58d665b44819 - std[70759c8f55707aa4]::panicking::default_hook
[INFO] [stdout]    5:     0x58d665ad3860 - test[9d35eded1c95d3be]::test_main_inner::<test[9d35eded1c95d3be]::test_main_static::{closure#0}>::{closure#0}
[INFO] [stdout]    6:     0x58d665b449d2 - std[70759c8f55707aa4]::panicking::panic_with_hook
[INFO] [stdout]    7:     0x58d665b28062 - std[70759c8f55707aa4]::panicking::panic_handler::{closure#0}
[INFO] [stdout]    8:     0x58d665b206c9 - std[70759c8f55707aa4]::sys::backtrace::__rust_end_short_backtrace::<std[70759c8f55707aa4]::panicking::panic_handler::{closure#0}, !>
[INFO] [stdout]    9:     0x58d665b28d6d - __rustc[8fa7c3cbc660c2b3]::rust_begin_unwind
[INFO] [stdout]   10:     0x58d665b6200c - core[df12db4294e9bfd3]::panicking::panic_fmt
[INFO] [stdout]   11:     0x58d665b61de2 - core[df12db4294e9bfd3]::result::unwrap_failed
[INFO] [stdout]   12:     0x58d665a9aa4e - zpl_toolchain_spec_compiler[9fe0ae4a7ff5d970]::pipeline::tests::constraint_kinds_match_schema
[INFO] [stdout]   13:     0x58d665ac6749 - <zpl_toolchain_spec_compiler[9fe0ae4a7ff5d970]::pipeline::tests::constraint_kinds_match_schema::{closure#0} as core[df12db4294e9bfd3]::ops::function::FnOnce<()>>::call_once
[INFO] [stdout]   14:     0x58d665ac6b4b - test[9d35eded1c95d3be]::__rust_begin_short_backtrace::<core[df12db4294e9bfd3]::result::Result<(), alloc[2182bb758b4b3781]::string::String>, fn() -> core[df12db4294e9bfd3]::result::Result<(), alloc[2182bb758b4b3781]::string::String>>
[INFO] [stdout]   15:     0x58d665ad41b5 - test[9d35eded1c95d3be]::run_test::{closure#0}
[INFO] [stdout]   16:     0x58d665acda74 - std[70759c8f55707aa4]::sys::backtrace::__rust_begin_short_backtrace::<test[9d35eded1c95d3be]::run_test::{closure#1}, ()>
[INFO] [stdout]   17:     0x58d665ad7312 - <std[70759c8f55707aa4]::thread::lifecycle::spawn_unchecked<test[9d35eded1c95d3be]::run_test::{closure#1}, ()>::{closure#1} as core[df12db4294e9bfd3]::ops::function::FnOnce<()>>::call_once::{shim:vtable#0}
[INFO] [stdout]   18:     0x58d665b4b9a9 - <std[70759c8f55707aa4]::sys::thread::unix::Thread>::new::thread_start
[INFO] [stdout]   19:     0x7b67b5772dfa - <unknown>
[INFO] [stdout]   20:     0x7b67b58063d4 - clone
[INFO] [stdout]   21:                0x0 - <unknown>
[INFO] [stdout] 
[INFO] [stdout] ---- pipeline::tests::structural_trigger_index_matches_command_entry_flags stdout ----
[INFO] [stdout] 
[INFO] [stdout] thread 'pipeline::tests::structural_trigger_index_matches_command_entry_flags' (493) panicked at src/pipeline.rs:2502:33:
[INFO] [stdout] failed to read /opt/rustwide/workdir/../../generated/parser_tables.json: No such file or directory (os error 2)
[INFO] [stdout] stack backtrace:
[INFO] [stdout]    0:     0x58d665b4c441 - <<std[70759c8f55707aa4]::sys::backtrace::BacktraceLock>::print::DisplayBacktrace as core[df12db4294e9bfd3]::fmt::Display>::fmt
[INFO] [stdout]    1:     0x58d665b618da - core[df12db4294e9bfd3]::fmt::write
[INFO] [stdout]    2:     0x58d665b50dfc - <alloc[2182bb758b4b3781]::vec::Vec<u8> as core[df12db4294e9bfd3]::io::write::Write>::write_fmt
[INFO] [stdout]    3:     0x58d665b27fb6 - std[70759c8f55707aa4]::panicking::default_hook::{closure#0}
[INFO] [stdout]    4:     0x58d665b44819 - std[70759c8f55707aa4]::panicking::default_hook
[INFO] [stdout]    5:     0x58d665ad3860 - test[9d35eded1c95d3be]::test_main_inner::<test[9d35eded1c95d3be]::test_main_static::{closure#0}>::{closure#0}
[INFO] [stdout]    6:     0x58d665b449d2 - std[70759c8f55707aa4]::panicking::panic_with_hook
[INFO] [stdout]    7:     0x58d665b28062 - std[70759c8f55707aa4]::panicking::panic_handler::{closure#0}
[INFO] [stdout]    8:     0x58d665b206c9 - std[70759c8f55707aa4]::sys::backtrace::__rust_end_short_backtrace::<std[70759c8f55707aa4]::panicking::panic_handler::{closure#0}, !>
[INFO] [stdout]    9:     0x58d665b28d6d - __rustc[8fa7c3cbc660c2b3]::rust_begin_unwind
[INFO] [stdout]   10:     0x58d665b6200c - core[df12db4294e9bfd3]::panicking::panic_fmt
[INFO] [stdout]   11:     0x58d665a9a5a9 - zpl_toolchain_spec_compiler[9fe0ae4a7ff5d970]::pipeline::tests::structural_trigger_index_matches_command_entry_flags::{closure#0}
[INFO] [stdout]   12:     0x58d665a9e2fe - zpl_toolchain_spec_compiler[9fe0ae4a7ff5d970]::pipeline::tests::structural_trigger_index_matches_command_entry_flags
[INFO] [stdout]   13:     0x58d665ac6949 - <zpl_toolchain_spec_compiler[9fe0ae4a7ff5d970]::pipeline::tests::structural_trigger_index_matches_command_entry_flags::{closure#0} as core[df12db4294e9bfd3]::ops::function::FnOnce<()>>::call_once
[INFO] [stdout]   14:     0x58d665ac6b4b - test[9d35eded1c95d3be]::__rust_begin_short_backtrace::<core[df12db4294e9bfd3]::result::Result<(), alloc[2182bb758b4b3781]::string::String>, fn() -> core[df12db4294e9bfd3]::result::Result<(), alloc[2182bb758b4b3781]::string::String>>
[INFO] [stdout]   15:     0x58d665ad41b5 - test[9d35eded1c95d3be]::run_test::{closure#0}
[INFO] [stdout]   16:     0x58d665acda74 - std[70759c8f55707aa4]::sys::backtrace::__rust_begin_short_backtrace::<test[9d35eded1c95d3be]::run_test::{closure#1}, ()>
[INFO] [stdout]   17:     0x58d665ad7312 - <std[70759c8f55707aa4]::thread::lifecycle::spawn_unchecked<test[9d35eded1c95d3be]::run_test::{closure#1}, ()>::{closure#1} as core[df12db4294e9bfd3]::ops::function::FnOnce<()>>::call_once::{shim:vtable#0}
[INFO] [stdout]   18:     0x58d665b4b9a9 - <std[70759c8f55707aa4]::sys::thread::unix::Thread>::new::thread_start
[INFO] [stdout]   19:     0x7b67b5772dfa - <unknown>
[INFO] [stdout]   20:     0x7b67b58063d4 - clone
[INFO] [stdout]   21:                0x0 - <unknown>
[INFO] [stdout] 
[INFO] [stdout] ---- pipeline::tests::structural_rule_kinds_match_schema stdout ----
[INFO] [stdout] 
[INFO] [stdout] thread 'pipeline::tests::structural_rule_kinds_match_schema' (492) panicked at src/pipeline.rs:1824:50:
[INFO] [stdout] failed to read JSONC schema: Os { code: 2, kind: NotFound, message: "No such file or directory" }
[INFO] [stdout] stack backtrace:
[INFO] [stdout]    0:     0x58d665b4c441 - <<std[70759c8f55707aa4]::sys::backtrace::BacktraceLock>::print::DisplayBacktrace as core[df12db4294e9bfd3]::fmt::Display>::fmt
[INFO] [stdout]    1:     0x58d665b618da - core[df12db4294e9bfd3]::fmt::write
[INFO] [stdout]    2:     0x58d665b50dfc - <alloc[2182bb758b4b3781]::vec::Vec<u8> as core[df12db4294e9bfd3]::io::write::Write>::write_fmt
[INFO] [stdout]    3:     0x58d665b27fb6 - std[70759c8f55707aa4]::panicking::default_hook::{closure#0}
[INFO] [stdout]    4:     0x58d665b44819 - std[70759c8f55707aa4]::panicking::default_hook
[INFO] [stdout]    5:     0x58d665ad3860 - test[9d35eded1c95d3be]::test_main_inner::<test[9d35eded1c95d3be]::test_main_static::{closure#0}>::{closure#0}
[INFO] [stdout]    6:     0x58d665b449d2 - std[70759c8f55707aa4]::panicking::panic_with_hook
[INFO] [stdout]    7:     0x58d665b28062 - std[70759c8f55707aa4]::panicking::panic_handler::{closure#0}
[INFO] [stdout]    8:     0x58d665b206c9 - std[70759c8f55707aa4]::sys::backtrace::__rust_end_short_backtrace::<std[70759c8f55707aa4]::panicking::panic_handler::{closure#0}, !>
[INFO] [stdout]    9:     0x58d665b28d6d - __rustc[8fa7c3cbc660c2b3]::rust_begin_unwind
[INFO] [stdout]   10:     0x58d665b6200c - core[df12db4294e9bfd3]::panicking::panic_fmt
[INFO] [stdout]   11:     0x58d665b61de2 - core[df12db4294e9bfd3]::result::unwrap_failed
[INFO] [stdout]   12:     0x58d665a9b0da - zpl_toolchain_spec_compiler[9fe0ae4a7ff5d970]::pipeline::tests::structural_rule_kinds_match_schema
[INFO] [stdout]   13:     0x58d665ac6789 - <zpl_toolchain_spec_compiler[9fe0ae4a7ff5d970]::pipeline::tests::structural_rule_kinds_match_schema::{closure#0} as core[df12db4294e9bfd3]::ops::function::FnOnce<()>>::call_once
[INFO] [stdout]   14:     0x58d665ac6b4b - test[9d35eded1c95d3be]::__rust_begin_short_backtrace::<core[df12db4294e9bfd3]::result::Result<(), alloc[2182bb758b4b3781]::string::String>, fn() -> core[df12db4294e9bfd3]::result::Result<(), alloc[2182bb758b4b3781]::string::String>>
[INFO] [stdout]   15:     0x58d665ad41b5 - test[9d35eded1c95d3be]::run_test::{closure#0}
[INFO] [stdout]   16:     0x58d665acda74 - std[70759c8f55707aa4]::sys::backtrace::__rust_begin_short_backtrace::<test[9d35eded1c95d3be]::run_test::{closure#1}, ()>
[INFO] [stdout]   17:     0x58d665ad7312 - <std[70759c8f55707aa4]::thread::lifecycle::spawn_unchecked<test[9d35eded1c95d3be]::run_test::{closure#1}, ()>::{closure#1} as core[df12db4294e9bfd3]::ops::function::FnOnce<()>>::call_once::{shim:vtable#0}
[INFO] [stdout]   18:     0x58d665b4b9a9 - <std[70759c8f55707aa4]::sys::thread::unix::Thread>::new::thread_start
[INFO] [stdout]   19:     0x7b67b5772dfa - <unknown>
[INFO] [stdout]   20:     0x7b67b58063d4 - clone
[INFO] [stdout]   21:                0x0 - <unknown>
[INFO] [stdout] 
[INFO] [stdout] 
[INFO] [stdout] failures:
[INFO] [stdout]     pipeline::tests::constraint_kinds_match_schema
[INFO] [stdout]     pipeline::tests::structural_rule_kinds_match_schema
[INFO] [stdout]     pipeline::tests::structural_trigger_index_matches_command_entry_flags
[INFO] [stdout] 
[INFO] [stdout] test result: FAILED. 26 passed; 3 failed; 0 ignored; 0 measured; 0 filtered out; finished in 0.01s
[INFO] [stdout] 
[INFO] [stderr] error: test failed, to rerun pass `--lib`
[INFO] running `Command { std: "docker" "inspect" "5e7d96af84bbda7d65de66a12c2025b4290acc0f120743b4cfd38d1076af3d65", kill_on_drop: false }`
[INFO] running `Command { std: "docker" "rm" "-f" "5e7d96af84bbda7d65de66a12c2025b4290acc0f120743b4cfd38d1076af3d65", kill_on_drop: false }`
[INFO] [stdout] 5e7d96af84bbda7d65de66a12c2025b4290acc0f120743b4cfd38d1076af3d65
