[INFO] fetching crate zpl_toolchain_print_client 0.1.8...
[INFO] testing zpl_toolchain_print_client-0.1.8 against 1.100.0-beta.1+cargoflags=--release for beta-release-1.100-2
[INFO] extracting crate zpl_toolchain_print_client 0.1.8 into /workspace/builds/worker-1-tc2/source
[INFO] started tweaking crates.io crate zpl_toolchain_print_client 0.1.8
[INFO] removed 0 missing tests
[INFO] finished tweaking crates.io crate zpl_toolchain_print_client 0.1.8
[INFO] tweaked toml for crates.io crate zpl_toolchain_print_client 0.1.8 written to /workspace/builds/worker-1-tc2/source/Cargo.toml
[INFO] validating manifest of crates.io crate zpl_toolchain_print_client 0.1.8 on toolchain 1.100.0-beta.1
[INFO] running `Command { std: CARGO_HOME="/workspace/cargo-home" RUSTUP_HOME="/workspace/rustup-home" "/workspace/cargo-home/bin/cargo" "+1.100.0-beta.1" "metadata" "--manifest-path" "Cargo.toml" "--no-deps", kill_on_drop: false }`
[INFO] crate crates.io crate zpl_toolchain_print_client 0.1.8 already has a lockfile, it will not be regenerated
[INFO] running `Command { std: CARGO_HOME="/workspace/cargo-home" RUSTUP_HOME="/workspace/rustup-home" "/workspace/cargo-home/bin/cargo" "+1.100.0-beta.1" "fetch" "--manifest-path" "Cargo.toml", kill_on_drop: false }`
[INFO] [stderr] warning: `package.homepage` is redundant with `package.repository`
[INFO] [stderr]   --> Cargo.toml:63:12
[INFO] [stderr]    |
[INFO] [stderr] 63 | homepage = "https://github.com/trevordcampbell/zpl-toolchain"
[INFO] [stderr]    |            ^^^^^^^^^^^^^^^^^^^^^^^^^^^^^^^^^^^^^^^^^^^^^^^^^^
[INFO] [stderr] ...
[INFO] [stderr] 68 | repository = "https://github.com/trevordcampbell/zpl-toolchain"
[INFO] [stderr]    |              --------------------------------------------------
[INFO] [stderr]    |
[INFO] [stderr]    = note: `cargo::redundant_homepage` is set to `warn` by default
[INFO] [stderr] help: consider removing `package.homepage`
[INFO] [stderr] warning: `zpl_toolchain_print_client` (manifest) generated 1 warning
[INFO] [stderr]     Blocking waiting for file lock on package cache
[INFO] running `Command { std: "docker" "create" "-v" "/var/lib/crater-agent-workspace/builds/worker-1-tc2/source:/opt/rustwide/workdir:ro,Z" "-v" "/var/lib/crater-agent-workspace/builds/worker-1-tc2/target:/opt/rustwide/target:rw,Z" "-v" "/var/lib/crater-agent-workspace/cargo-home:/opt/rustwide/cargo-home:ro,Z" "-v" "/var/lib/crater-agent-workspace/rustup-home:/opt/rustwide/rustup-home:ro,Z" "-m" "1610612736" "--network" "none" "ghcr.io/rust-lang/crates-build-env/linux@sha256:77db811e55d90add9212f6832c23229e3de5f1c1f9905e8cb07319ea15df73ac" "sleep" "infinity", kill_on_drop: false }`
[INFO] [stdout] 213d9af22ce8494af747d0b5e229c677b3b2bad1b0bc91d615f71dac4de657df
[INFO] running `Command { std: "docker" "start" "213d9af22ce8494af747d0b5e229c677b3b2bad1b0bc91d615f71dac4de657df", kill_on_drop: false }`
[INFO] running `Command { std: "docker" "inspect" "213d9af22ce8494af747d0b5e229c677b3b2bad1b0bc91d615f71dac4de657df", kill_on_drop: false }`
[INFO] running `Command { std: "docker" "exec" "-e" "SOURCE_DIR=/opt/rustwide/workdir" "-e" "CARGO_HOME=/opt/rustwide/cargo-home" "-e" "RUSTUP_HOME=/opt/rustwide/rustup-home" "-e" "CARGO_TARGET_DIR=/opt/rustwide/target" "-w" "/opt/rustwide/workdir" "--user" "0:0" "213d9af22ce8494af747d0b5e229c677b3b2bad1b0bc91d615f71dac4de657df" "/opt/rustwide/cargo-home/bin/cargo" "+1.100.0-beta.1" "metadata" "--no-deps" "--format-version=1", kill_on_drop: false }`
[INFO] running `Command { std: "docker" "inspect" "213d9af22ce8494af747d0b5e229c677b3b2bad1b0bc91d615f71dac4de657df", kill_on_drop: false }`
[INFO] running `Command { std: "docker" "exec" "-e" "SOURCE_DIR=/opt/rustwide/workdir" "-e" "CARGO_HOME=/opt/rustwide/cargo-home" "-e" "RUSTUP_HOME=/opt/rustwide/rustup-home" "-e" "CARGO_TARGET_DIR=/opt/rustwide/target" "-e" "CARGO_INCREMENTAL=0" "-e" "RUST_BACKTRACE=full" "-e" "RUSTFLAGS=--cap-lints=warn" "-e" "RUSTDOCFLAGS=--cap-lints=warn" "-w" "/opt/rustwide/workdir" "--user" "0:0" "213d9af22ce8494af747d0b5e229c677b3b2bad1b0bc91d615f71dac4de657df" "/opt/rustwide/cargo-home/bin/cargo" "+1.100.0-beta.1" "build" "--frozen" "--message-format=json" "--release", kill_on_drop: false }`
[INFO] [stderr] warning: `package.homepage` is redundant with `package.repository`
[INFO] [stderr]   --> Cargo.toml:63:12
[INFO] [stderr]    |
[INFO] [stderr] 63 | homepage = "https://github.com/trevordcampbell/zpl-toolchain"
[INFO] [stderr]    |            ^^^^^^^^^^^^^^^^^^^^^^^^^^^^^^^^^^^^^^^^^^^^^^^^^^
[INFO] [stderr] ...
[INFO] [stderr] 68 | repository = "https://github.com/trevordcampbell/zpl-toolchain"
[INFO] [stderr]    |              --------------------------------------------------
[INFO] [stderr]    |
[INFO] [stderr]    = note: `cargo::redundant_homepage` is set to `warn` by default
[INFO] [stderr] help: consider removing `package.homepage`
[INFO] [stderr] warning: `zpl_toolchain_print_client` (manifest) generated 1 warning
[INFO] [stderr]    Compiling proc-macro2 v1.0.101
[INFO] [stderr]    Compiling libc v0.2.180
[INFO] [stderr]    Compiling quote v1.0.40
[INFO] [stderr]    Compiling syn v2.0.107
[INFO] [stderr]    Compiling socket2 v0.5.10
[INFO] [stderr]    Compiling thiserror-impl v2.0.18
[INFO] [stderr]    Compiling serde_derive v1.0.228
[INFO] [stderr]    Compiling thiserror v2.0.18
[INFO] [stderr]    Compiling serde v1.0.228
[INFO] [stderr]    Compiling zpl_toolchain_print_client v0.1.8 (/opt/rustwide/workdir)
[INFO] [stderr]     Finished `release` profile [optimized] target(s) in 8.40s
[INFO] running `Command { std: "docker" "inspect" "213d9af22ce8494af747d0b5e229c677b3b2bad1b0bc91d615f71dac4de657df", kill_on_drop: false }`
[INFO] running `Command { std: "docker" "exec" "-e" "SOURCE_DIR=/opt/rustwide/workdir" "-e" "CARGO_HOME=/opt/rustwide/cargo-home" "-e" "RUSTUP_HOME=/opt/rustwide/rustup-home" "-e" "CARGO_TARGET_DIR=/opt/rustwide/target" "-e" "CARGO_INCREMENTAL=0" "-e" "RUST_BACKTRACE=full" "-e" "RUSTFLAGS=--cap-lints=warn" "-e" "RUSTDOCFLAGS=--cap-lints=warn" "-w" "/opt/rustwide/workdir" "--user" "0:0" "213d9af22ce8494af747d0b5e229c677b3b2bad1b0bc91d615f71dac4de657df" "/opt/rustwide/cargo-home/bin/cargo" "+1.100.0-beta.1" "test" "--frozen" "--no-run" "--message-format=json" "--release", kill_on_drop: false }`
[INFO] [stderr] warning: `package.homepage` is redundant with `package.repository`
[INFO] [stderr]   --> Cargo.toml:63:12
[INFO] [stderr]    |
[INFO] [stderr] 63 | homepage = "https://github.com/trevordcampbell/zpl-toolchain"
[INFO] [stderr]    |            ^^^^^^^^^^^^^^^^^^^^^^^^^^^^^^^^^^^^^^^^^^^^^^^^^^
[INFO] [stderr] ...
[INFO] [stderr] 68 | repository = "https://github.com/trevordcampbell/zpl-toolchain"
[INFO] [stderr]    |              --------------------------------------------------
[INFO] [stderr]    |
[INFO] [stderr]    = note: `cargo::redundant_homepage` is set to `warn` by default
[INFO] [stderr] help: consider removing `package.homepage`
[INFO] [stderr] warning: `zpl_toolchain_print_client` (manifest) generated 1 warning
[INFO] [stderr]    Compiling serde_json v1.0.145
[INFO] [stderr]    Compiling zpl_toolchain_print_client v0.1.8 (/opt/rustwide/workdir)
[INFO] [stderr]     Finished `release` profile [optimized] target(s) in 4.93s
[INFO] running `Command { std: "docker" "inspect" "213d9af22ce8494af747d0b5e229c677b3b2bad1b0bc91d615f71dac4de657df", kill_on_drop: false }`
[INFO] running `Command { std: "docker" "exec" "-e" "SOURCE_DIR=/opt/rustwide/workdir" "-e" "CARGO_HOME=/opt/rustwide/cargo-home" "-e" "RUSTUP_HOME=/opt/rustwide/rustup-home" "-e" "CARGO_TARGET_DIR=/opt/rustwide/target" "-e" "CARGO_INCREMENTAL=0" "-e" "RUST_BACKTRACE=full" "-e" "RUSTFLAGS=--cap-lints=warn" "-e" "RUSTDOCFLAGS=--cap-lints=warn" "-w" "/opt/rustwide/workdir" "--user" "0:0" "213d9af22ce8494af747d0b5e229c677b3b2bad1b0bc91d615f71dac4de657df" "/opt/rustwide/cargo-home/bin/cargo" "+1.100.0-beta.1" "test" "--frozen" "--release", kill_on_drop: false }`
[INFO] [stderr] warning: `package.homepage` is redundant with `package.repository`
[INFO] [stderr]   --> Cargo.toml:63:12
[INFO] [stderr]    |
[INFO] [stderr] 63 | homepage = "https://github.com/trevordcampbell/zpl-toolchain"
[INFO] [stderr]    |            ^^^^^^^^^^^^^^^^^^^^^^^^^^^^^^^^^^^^^^^^^^^^^^^^^^
[INFO] [stderr] ...
[INFO] [stderr] 68 | repository = "https://github.com/trevordcampbell/zpl-toolchain"
[INFO] [stderr]    |              --------------------------------------------------
[INFO] [stderr]    |
[INFO] [stderr]    = note: `cargo::redundant_homepage` is set to `warn` by default
[INFO] [stderr] help: consider removing `package.homepage`
[INFO] [stderr] warning: `zpl_toolchain_print_client` (manifest) generated 1 warning
[INFO] [stderr]     Finished `release` profile [optimized] target(s) in 0.04s
[INFO] [stderr]      Running unittests src/lib.rs (/opt/rustwide/target/release/build/zpl_toolchain_print_client/993c0bc558ed6e82/out/zpl_toolchain_print_client-993c0bc558ed6e82)
[INFO] [stdout] 
[INFO] [stdout] running 65 tests
[INFO] [stdout] test addr::tests::resolves_ipv6_with_explicit_port ... ok
[INFO] [stdout] test addr::tests::resolves_localhost_with_explicit_port ... ok
[INFO] [stdout] test addr::tests::resolves_ipv4_with_explicit_port ... ok
[INFO] [stdout] test addr::tests::defaults_ipv6_to_port_9100_when_port_missing ... ok
[INFO] [stdout] test addr::tests::returns_no_address_found_for_unresolvable_hostname ... ok
[INFO] [stdout] test addr::tests::resolves_ipv4_with_custom_port ... ok
[INFO] [stdout] test error::tests::retryable_errors ... ok
[INFO] [stdout] test frame::tests::rejects_frame_one_byte_over_max_size ... ok
[INFO] [stdout] test frame::tests::returns_connection_closed_on_empty_input ... ok
[INFO] [stdout] test error::tests::non_retryable_errors ... ok
[INFO] [stdout] test frame::tests::returns_connection_closed_when_no_stx_is_seen ... ok
[INFO] [stdout] test frame::tests::accepts_frame_at_exact_max_size ... ok
[INFO] [stdout] test addr::tests::defaults_ipv4_to_port_9100_when_port_missing ... ok
[INFO] [stdout] test frame::tests::parses_back_to_back_frames_in_single_buffer ... ok
[INFO] [stdout] test frame::tests::allows_empty_frame_between_stx_etx ... ok
[INFO] [stdout] test frame::tests::errors_when_connection_closes_mid_frame ... ok
[INFO] [stdout] test frame::tests::errors_when_frame_exceeds_max_size ... ok
[INFO] [stdout] test retry::tests::max_attempts_one_no_retry ... ok
[INFO] [stdout] test retry::tests::max_attempts_zero_returns_error ... ok
[INFO] [stdout] test frame::tests::returns_immediately_when_expected_count_is_zero ... ok
[INFO] [stdout] test retry::tests::compute_delay_with_jitter_stays_in_range ... ok
[INFO] [stdout] test retry::tests::non_retryable_error_returned_immediately ... ok
[INFO] [stdout] test frame::tests::reads_single_framed_payload ... ok
[INFO] [stdout] test frame::tests::reads_three_frames_for_hs_like_response ... ok
[INFO] [stdout] test retry::tests::compute_delay_respects_max_delay ... ok
[INFO] [stdout] test retry::tests::reconnect_retry_into_inner ... ok
[INFO] [stdout] test retry::tests::reconnect_retry_non_retryable_error_no_reconnect ... ok
[INFO] [stdout] test status::tests::parse_host_status_with_errors ... ok
[INFO] [stdout] test status::tests::parse_host_status_normal ... ok
[INFO] [stdout] test status::tests::parse_host_status_wrong_frame_count ... ok
[INFO] [stdout] test status::tests::parse_host_status_invalid_print_mode ... ok
[INFO] [stdout] test status::tests::parse_printer_info_memory_with_kb_suffix ... ok
[INFO] [stdout] test status::tests::parse_printer_info_malformed_memory ... ok
[INFO] [stdout] test status::tests::parse_printer_info_normal ... ok
[INFO] [stdout] test status::tests::host_status_serializes_to_json ... ok
[INFO] [stdout] test status::tests::printer_info_serializes_to_json ... ok
[INFO] [stdout] test tcp::tests::expected_frame_count_for_commands ... ok
[INFO] [stdout] test status::tests::parse_host_status_missing_fields ... ok
[INFO] [stdout] test status::tests::parse_printer_info_too_few_fields ... ok
[INFO] [stdout] test tests::batch_early_abort ... ok
[INFO] [stdout] test tests::batch_empty ... ok
[INFO] [stdout] test status::tests::parse_host_status_malformed_field ... ok
[INFO] [stdout] test tests::batch_error_propagates ... ok
[INFO] [stdout] test tests::batch_emits_queued_and_aborted_phases ... ok
[INFO] [stdout] test tests::batch_happy_path ... ok
[INFO] [stdout] test tests::batch_with_status_early_abort ... ok
[INFO] [stdout] test tests::batch_with_status_error_propagates ... ok
[INFO] [stdout] test tests::batch_with_status_no_interval ... ok
[INFO] [stdout] test frame::tests::skips_leading_garbage_before_first_stx ... ok
[INFO] [stdout] test tests::batch_emits_failed_phase_before_error ... ok
[INFO] [stdout] test tests::wait_for_completion_immediate ... ok
[INFO] [stdout] test retry::tests::reconnect_retry_calls_reconnect_between_attempts ... ok
[INFO] [stdout] test retry::tests::reconnect_retry_exhausted_reports_all_attempts ... ok
[INFO] [stdout] test retry::tests::succeeds_on_retry ... ok
[INFO] [stdout] test retry::tests::retryable_error_retried_up_to_max_attempts ... ok
[INFO] [stdout] test status::tests::parse_host_status_all_print_modes ... ok
[INFO] [stdout] test status::tests::parse_printer_info_malformed_dpi ... ok
[INFO] [stdout] test status::tests::parse_printer_info_wrong_frame_count ... ok
[INFO] [stdout] test retry::tests::into_inner_returns_wrapped_printer ... ok
[INFO] [stdout] test addr::tests::returns_no_address_found_for_invalid_address_text ... ok
[INFO] [stdout] test tests::batch_with_status_happy_path ... ok
[INFO] [stdout] test addr::tests::resolves_localhost_with_default_port ... ok
[INFO] [stdout] test tests::wait_for_completion_waits_for_formats_in_buffer ... ok
[INFO] [stdout] test tests::wait_for_completion_timeout ... ok
[INFO] [stdout] test tests::wait_for_completion_after_polls ... ok
[INFO] [stdout] 
[INFO] [stderr]      Running tests/contract_job_lifecycle.rs (/opt/rustwide/target/release/build/zpl_toolchain_print_client/710bc33db69bf251/out/contract_job_lifecycle-710bc33db69bf251)
[INFO] [stdout] test result: ok. 65 passed; 0 failed; 0 ignored; 0 measured; 0 filtered out; finished in 0.07s
[INFO] [stdout] 
[INFO] [stdout] 
[INFO] [stdout] running 1 test
[INFO] [stdout] test job_phases_match_contract_fixture ... FAILED
[INFO] [stdout] 
[INFO] [stdout] failures:
[INFO] [stdout] 
[INFO] [stdout] ---- job_phases_match_contract_fixture stdout ----
[INFO] [stdout] 
[INFO] [stdout] thread 'job_phases_match_contract_fixture' (567) panicked at tests/contract_job_lifecycle.rs:19:29:
[INFO] [stdout] failed to read fixture file /opt/rustwide/workdir/../../contracts/fixtures/print-job-lifecycle.v1.json: No such file or directory (os error 2)
[INFO] [stdout] stack backtrace:
[INFO] [stdout]    0:     0x652ad4942a21 - <<std[617be2ca0a6fd877]::sys::backtrace::BacktraceLock>::print::DisplayBacktrace as core[a373ad73a504971]::fmt::Display>::fmt
[INFO] [stdout]    1:     0x652ad49570ba - core[a373ad73a504971]::fmt::write
[INFO] [stdout]    2:     0x652ad4946c3c - <alloc[2e1b2a31b91974c5]::vec::Vec<u8> as core[a373ad73a504971]::io::write::Write>::write_fmt
[INFO] [stdout]    3:     0x652ad491eb26 - std[617be2ca0a6fd877]::panicking::default_hook::{closure#0}
[INFO] [stdout]    4:     0x652ad493ad59 - std[617be2ca0a6fd877]::panicking::default_hook
[INFO] [stdout]    5:     0x652ad48d6a30 - test[aada8e7e76ba119b]::test_main_inner::{closure#0}
[INFO] [stdout]    6:     0x652ad493af12 - std[617be2ca0a6fd877]::panicking::panic_with_hook
[INFO] [stdout]    7:     0x652ad491ebd2 - std[617be2ca0a6fd877]::panicking::panic_handler::{closure#0}
[INFO] [stdout]    8:     0x652ad4917759 - std[617be2ca0a6fd877]::sys::backtrace::__rust_end_short_backtrace::<std[617be2ca0a6fd877]::panicking::panic_handler::{closure#0}, !>
[INFO] [stdout]    9:     0x652ad491f7dd - __rustc[ea4f61d10b84890b]::rust_begin_unwind
[INFO] [stdout]   10:     0x652ad49577ec - core[a373ad73a504971]::panicking::panic_fmt
[INFO] [stdout]   11:     0x652ad48c42ea - contract_job_lifecycle[463fe38873a82ad5]::load_fixture::{closure#0}
[INFO] [stdout]   12:     0x652ad48c4b9c - <contract_job_lifecycle[463fe38873a82ad5]::job_phases_match_contract_fixture::{closure#0} as core[a373ad73a504971]::ops::function::FnOnce<()>>::call_once
[INFO] [stdout]   13:     0x652ad48c9e7b - test[aada8e7e76ba119b]::__rust_begin_short_backtrace::<core[a373ad73a504971]::result::Result<(), alloc[2e1b2a31b91974c5]::string::String>, fn() -> core[a373ad73a504971]::result::Result<(), alloc[2e1b2a31b91974c5]::string::String>>
[INFO] [stdout]   14:     0x652ad48d7055 - test[aada8e7e76ba119b]::run_test::{closure#0}
[INFO] [stdout]   15:     0x652ad48d0944 - std[617be2ca0a6fd877]::sys::backtrace::__rust_begin_short_backtrace::<test[aada8e7e76ba119b]::run_test::{closure#1}, ()>
[INFO] [stdout]   16:     0x652ad48da0e2 - <std[617be2ca0a6fd877]::thread::lifecycle::spawn_unchecked<test[aada8e7e76ba119b]::run_test::{closure#1}, ()>::{closure#1} as core[a373ad73a504971]::ops::function::FnOnce<()>>::call_once::{shim:vtable#0}
[INFO] [stdout]   17:     0x652ad4941f1f - <std[617be2ca0a6fd877]::sys::thread::unix::Thread>::new::thread_start
[INFO] [stdout]   18:     0x7915d5818dfa - <unknown>
[INFO] [stdout]   19:     0x7915d58ac3d4 - clone
[INFO] [stdout]   20:                0x0 - <unknown>
[INFO] [stdout] 
[INFO] [stdout] 
[INFO] [stdout] failures:
[INFO] [stdout]     job_phases_match_contract_fixture
[INFO] [stdout] 
[INFO] [stdout] test result: FAILED. 0 passed; 1 failed; 0 ignored; 0 measured; 0 filtered out; finished in 0.00s
[INFO] [stdout] 
[INFO] [stderr] error: test failed, to rerun pass `--test contract_job_lifecycle`
[INFO] running `Command { std: "docker" "inspect" "213d9af22ce8494af747d0b5e229c677b3b2bad1b0bc91d615f71dac4de657df", kill_on_drop: false }`
[INFO] running `Command { std: "docker" "rm" "-f" "213d9af22ce8494af747d0b5e229c677b3b2bad1b0bc91d615f71dac4de657df", kill_on_drop: false }`
[INFO] [stdout] 213d9af22ce8494af747d0b5e229c677b3b2bad1b0bc91d615f71dac4de657df
