[INFO] fetching crate zpl_toolchain_cli 0.1.16...
[INFO] testing zpl_toolchain_cli-0.1.16 against 1.99.0-beta.8+cargoflags=--release for beta-release-1.100-2
[INFO] extracting crate zpl_toolchain_cli 0.1.16 into /workspace/builds/worker-4-tc1/source
[INFO] started tweaking crates.io crate zpl_toolchain_cli 0.1.16
[INFO] removed 0 missing tests
[INFO] finished tweaking crates.io crate zpl_toolchain_cli 0.1.16
[INFO] tweaked toml for crates.io crate zpl_toolchain_cli 0.1.16 written to /workspace/builds/worker-4-tc1/source/Cargo.toml
[INFO] validating manifest of crates.io crate zpl_toolchain_cli 0.1.16 on toolchain 1.99.0-beta.8
[INFO] running `Command { std: CARGO_HOME="/workspace/cargo-home" RUSTUP_HOME="/workspace/rustup-home" "/workspace/cargo-home/bin/cargo" "+1.99.0-beta.8" "metadata" "--manifest-path" "Cargo.toml" "--no-deps", kill_on_drop: false }`
[INFO] crate crates.io crate zpl_toolchain_cli 0.1.16 already has a lockfile, it will not be regenerated
[INFO] running `Command { std: CARGO_HOME="/workspace/cargo-home" RUSTUP_HOME="/workspace/rustup-home" "/workspace/cargo-home/bin/cargo" "+1.99.0-beta.8" "fetch" "--manifest-path" "Cargo.toml", kill_on_drop: false }`
[INFO] [stderr]     Updating crates.io index
[INFO] [stderr]  Downloading crates ...
[INFO] [stderr]   Downloaded zpl_toolchain_profile v0.1.4
[INFO] [stderr]   Downloaded serialport v4.8.1
[INFO] [stderr]   Downloaded zpl_toolchain_spec_tables v0.6.0
[INFO] [stderr]   Downloaded unescaper v0.1.8
[INFO] [stderr]   Downloaded zpl_toolchain_diagnostics v0.1.10
[INFO] [stderr]   Downloaded zpl_toolchain_jsonc_strip v0.1.0
[INFO] [stderr]   Downloaded zpl_toolchain_print_client v0.1.8
[INFO] [stderr]   Downloaded nusb v0.1.14
[INFO] [stderr]   Downloaded clap v4.5.50
[INFO] [stderr]   Downloaded zpl_toolchain_core v0.4.1
[INFO] [stderr]   Downloaded clap_builder v4.5.50
[INFO] [stderr]   Downloaded syn v2.0.107
[INFO] running `Command { std: "docker" "create" "-v" "/var/lib/crater-agent-workspace/builds/worker-4-tc1/source:/opt/rustwide/workdir:ro,Z" "-v" "/var/lib/crater-agent-workspace/builds/worker-4-tc1/target:/opt/rustwide/target:rw,Z" "-v" "/var/lib/crater-agent-workspace/cargo-home:/opt/rustwide/cargo-home:ro,Z" "-v" "/var/lib/crater-agent-workspace/rustup-home:/opt/rustwide/rustup-home:ro,Z" "-m" "1610612736" "--network" "none" "ghcr.io/rust-lang/crates-build-env/linux@sha256:77db811e55d90add9212f6832c23229e3de5f1c1f9905e8cb07319ea15df73ac" "sleep" "infinity", kill_on_drop: false }`
[INFO] [stdout] 3d241a32eea70e83dfa819257dc501777930f3cdfbf1026f1c7d249147803700
[INFO] running `Command { std: "docker" "start" "3d241a32eea70e83dfa819257dc501777930f3cdfbf1026f1c7d249147803700", kill_on_drop: false }`
[INFO] running `Command { std: "docker" "inspect" "3d241a32eea70e83dfa819257dc501777930f3cdfbf1026f1c7d249147803700", kill_on_drop: false }`
[INFO] running `Command { std: "docker" "exec" "-e" "SOURCE_DIR=/opt/rustwide/workdir" "-e" "CARGO_HOME=/opt/rustwide/cargo-home" "-e" "RUSTUP_HOME=/opt/rustwide/rustup-home" "-e" "CARGO_TARGET_DIR=/opt/rustwide/target" "-w" "/opt/rustwide/workdir" "--user" "0:0" "3d241a32eea70e83dfa819257dc501777930f3cdfbf1026f1c7d249147803700" "/opt/rustwide/cargo-home/bin/cargo" "+1.99.0-beta.8" "metadata" "--no-deps" "--format-version=1", kill_on_drop: false }`
[INFO] running `Command { std: "docker" "inspect" "3d241a32eea70e83dfa819257dc501777930f3cdfbf1026f1c7d249147803700", kill_on_drop: false }`
[INFO] running `Command { std: "docker" "exec" "-e" "SOURCE_DIR=/opt/rustwide/workdir" "-e" "CARGO_HOME=/opt/rustwide/cargo-home" "-e" "RUSTUP_HOME=/opt/rustwide/rustup-home" "-e" "CARGO_TARGET_DIR=/opt/rustwide/target" "-e" "CARGO_INCREMENTAL=0" "-e" "RUST_BACKTRACE=full" "-e" "RUSTFLAGS=--cap-lints=warn" "-e" "RUSTDOCFLAGS=--cap-lints=warn" "-w" "/opt/rustwide/workdir" "--user" "0:0" "3d241a32eea70e83dfa819257dc501777930f3cdfbf1026f1c7d249147803700" "/opt/rustwide/cargo-home/bin/cargo" "+1.99.0-beta.8" "build" "--frozen" "--message-format=json" "--release", kill_on_drop: false }`
[INFO] [stderr]    Compiling proc-macro2 v1.0.101
[INFO] [stderr]    Compiling unicode-ident v1.0.19
[INFO] [stderr]    Compiling libc v0.2.180
[INFO] [stderr]    Compiling serde_core v1.0.228
[INFO] [stderr]    Compiling serde_json v1.0.145
[INFO] [stderr]    Compiling rustix v0.38.44
[INFO] [stderr]    Compiling zpl_toolchain_jsonc_strip v0.1.0
[INFO] [stderr]    Compiling anstyle-parse v0.2.7
[INFO] [stderr]    Compiling anstyle-query v1.1.4
[INFO] [stderr]    Compiling linux-raw-sys v0.4.15
[INFO] [stderr]    Compiling anstream v0.6.21
[INFO] [stderr]    Compiling clap_lex v0.7.6
[INFO] [stderr]    Compiling anyhow v1.0.100
[INFO] [stderr]    Compiling fastrand v2.3.0
[INFO] [stderr]    Compiling quote v1.0.40
[INFO] [stderr]    Compiling futures-lite v2.6.1
[INFO] [stderr]    Compiling syn v2.0.107
[INFO] [stderr]    Compiling clap_builder v4.5.50
[INFO] [stderr]    Compiling nix v0.26.4
[INFO] [stderr]    Compiling socket2 v0.5.10
[INFO] [stderr]    Compiling zpl_toolchain_cli v0.1.16 (/opt/rustwide/workdir)
[INFO] [stderr]    Compiling zpl_toolchain_diagnostics v0.1.10
[INFO] [stderr]    Compiling thiserror-impl v2.0.18
[INFO] [stderr]    Compiling serde_derive v1.0.228
[INFO] [stderr]    Compiling clap_derive v4.5.49
[INFO] [stderr]    Compiling thiserror v2.0.18
[INFO] [stderr]    Compiling unescaper v0.1.8
[INFO] [stderr]    Compiling serialport v4.8.1
[INFO] [stderr]    Compiling nusb v0.1.14
[INFO] [stderr]    Compiling clap v4.5.50
[INFO] [stderr]    Compiling serde v1.0.228
[INFO] [stderr]    Compiling zpl_toolchain_profile v0.1.4
[INFO] [stderr]    Compiling zpl_toolchain_spec_tables v0.6.0
[INFO] [stderr]    Compiling zpl_toolchain_print_client v0.1.8
[INFO] [stderr]    Compiling zpl_toolchain_core v0.4.1
[INFO] [stderr]     Finished `release` profile [optimized] target(s) in 1m 26s
[INFO] running `Command { std: "docker" "inspect" "3d241a32eea70e83dfa819257dc501777930f3cdfbf1026f1c7d249147803700", kill_on_drop: false }`
[INFO] running `Command { std: "docker" "exec" "-e" "SOURCE_DIR=/opt/rustwide/workdir" "-e" "CARGO_HOME=/opt/rustwide/cargo-home" "-e" "RUSTUP_HOME=/opt/rustwide/rustup-home" "-e" "CARGO_TARGET_DIR=/opt/rustwide/target" "-e" "CARGO_INCREMENTAL=0" "-e" "RUST_BACKTRACE=full" "-e" "RUSTFLAGS=--cap-lints=warn" "-e" "RUSTDOCFLAGS=--cap-lints=warn" "-w" "/opt/rustwide/workdir" "--user" "0:0" "3d241a32eea70e83dfa819257dc501777930f3cdfbf1026f1c7d249147803700" "/opt/rustwide/cargo-home/bin/cargo" "+1.99.0-beta.8" "test" "--frozen" "--no-run" "--message-format=json" "--release", kill_on_drop: false }`
[INFO] [stderr]    Compiling predicates-core v1.0.9
[INFO] [stderr]    Compiling futures-lite v2.6.1
[INFO] [stderr]    Compiling termtree v0.5.1
[INFO] [stderr]    Compiling assert_cmd v2.1.2
[INFO] [stderr]    Compiling regex-automata v0.4.14
[INFO] [stderr]    Compiling zpl_toolchain_cli v0.1.16 (/opt/rustwide/workdir)
[INFO] [stderr]    Compiling getrandom v0.3.4
[INFO] [stderr]    Compiling wait-timeout v0.2.1
[INFO] [stderr]    Compiling predicates v3.1.3
[INFO] [stderr]    Compiling tempfile v3.24.0
[INFO] [stderr]    Compiling predicates-tree v1.0.12
[INFO] [stderr]    Compiling bstr v1.12.1
[INFO] [stderr]    Compiling zpl_toolchain_print_client v0.1.8
[INFO] [stderr]     Finished `release` profile [optimized] target(s) in 39.15s
[INFO] running `Command { std: "docker" "inspect" "3d241a32eea70e83dfa819257dc501777930f3cdfbf1026f1c7d249147803700", kill_on_drop: false }`
[INFO] running `Command { std: "docker" "exec" "-e" "SOURCE_DIR=/opt/rustwide/workdir" "-e" "CARGO_HOME=/opt/rustwide/cargo-home" "-e" "RUSTUP_HOME=/opt/rustwide/rustup-home" "-e" "CARGO_TARGET_DIR=/opt/rustwide/target" "-e" "CARGO_INCREMENTAL=0" "-e" "RUST_BACKTRACE=full" "-e" "RUSTFLAGS=--cap-lints=warn" "-e" "RUSTDOCFLAGS=--cap-lints=warn" "-w" "/opt/rustwide/workdir" "--user" "0:0" "3d241a32eea70e83dfa819257dc501777930f3cdfbf1026f1c7d249147803700" "/opt/rustwide/cargo-home/bin/cargo" "+1.99.0-beta.8" "test" "--frozen" "--release", kill_on_drop: false }`
[INFO] [stderr]    Compiling zpl_toolchain_cli v0.1.16 (/opt/rustwide/workdir)
[INFO] [stderr]     Finished `release` profile [optimized] target(s) in 28.91s
[INFO] [stderr]      Running unittests src/main.rs (/opt/rustwide/target/release/deps/zpl-08e00c2c09e8ae24)
[INFO] [stdout] 
[INFO] [stderr]      Running tests/cli_aliases_stdin_and_lint_json.rs (/opt/rustwide/target/release/deps/cli_aliases_stdin_and_lint_json-9448fd2a06882df0)
[INFO] [stdout] running 0 tests
[INFO] [stdout] 
[INFO] [stdout] test result: ok. 0 passed; 0 failed; 0 ignored; 0 measured; 0 filtered out; finished in 0.00s
[INFO] [stdout] 
[INFO] [stdout] 
[INFO] [stdout] running 5 tests
[INFO] [stdout] test check_alias_is_available ... ok
[INFO] [stdout] test lint_note_audience_problem_filters_contextual_notes ... FAILED
[INFO] [stdout] test validate_alias_is_available ... ok
[INFO] [stdout] test lint_json_includes_resolved_labels ... FAILED
[INFO] [stdout] test parse_supports_stdin_dash_path ... ok
[INFO] [stdout] 
[INFO] [stdout] failures:
[INFO] [stdout] 
[INFO] [stdout] ---- lint_note_audience_problem_filters_contextual_notes stdout ----
[INFO] [stdout] 
[INFO] [stdout] thread 'lint_note_audience_problem_filters_contextual_notes' (1567) panicked at tests/cli_aliases_stdin_and_lint_json.rs:140:5:
[INFO] [stdout] lint with all note audiences should succeed, stderr=
[INFO] [stdout] stack backtrace:
[INFO] [stdout]    0:     0x579835ec9b81 - <<std[70759c8f55707aa4]::sys::backtrace::BacktraceLock>::print::DisplayBacktrace as core[df12db4294e9bfd3]::fmt::Display>::fmt
[INFO] [stdout]    1:     0x579835ede86a - core[df12db4294e9bfd3]::fmt::write
[INFO] [stdout]    2:     0x579835ece2ec - <alloc[2182bb758b4b3781]::vec::Vec<u8> as core[df12db4294e9bfd3]::io::write::Write>::write_fmt
[INFO] [stdout]    3:     0x579835ea4756 - std[70759c8f55707aa4]::panicking::default_hook::{closure#0}
[INFO] [stdout]    4:     0x579835ec19e9 - std[70759c8f55707aa4]::panicking::default_hook
[INFO] [stdout]    5:     0x579835e5b980 - test[9d35eded1c95d3be]::test_main_inner::<test[9d35eded1c95d3be]::test_main_static::{closure#0}>::{closure#0}
[INFO] [stdout]    6:     0x579835ec1ba2 - std[70759c8f55707aa4]::panicking::panic_with_hook
[INFO] [stdout]    7:     0x579835ea4802 - std[70759c8f55707aa4]::panicking::panic_handler::{closure#0}
[INFO] [stdout]    8:     0x579835e9d469 - std[70759c8f55707aa4]::sys::backtrace::__rust_end_short_backtrace::<std[70759c8f55707aa4]::panicking::panic_handler::{closure#0}, !>
[INFO] [stdout]    9:     0x579835ea53fd - __rustc[8fa7c3cbc660c2b3]::rust_begin_unwind
[INFO] [stdout]   10:     0x579835edef9c - core[df12db4294e9bfd3]::panicking::panic_fmt
[INFO] [stdout]   11:     0x579835e45818 - <cli_aliases_stdin_and_lint_json[c17323a780c20eeb]::lint_note_audience_problem_filters_contextual_notes::{closure#0} as core[df12db4294e9bfd3]::ops::function::FnOnce<()>>::call_once
[INFO] [stdout]   12:     0x579835e4ec6b - test[9d35eded1c95d3be]::__rust_begin_short_backtrace::<core[df12db4294e9bfd3]::result::Result<(), alloc[2182bb758b4b3781]::string::String>, fn() -> core[df12db4294e9bfd3]::result::Result<(), alloc[2182bb758b4b3781]::string::String>>
[INFO] [stdout]   13:     0x579835e5c2d5 - test[9d35eded1c95d3be]::run_test::{closure#0}
[INFO] [stdout]   14:     0x579835e55b94 - std[70759c8f55707aa4]::sys::backtrace::__rust_begin_short_backtrace::<test[9d35eded1c95d3be]::run_test::{closure#1}, ()>
[INFO] [stdout]   15:     0x579835e5f432 - <std[70759c8f55707aa4]::thread::lifecycle::spawn_unchecked<test[9d35eded1c95d3be]::run_test::{closure#1}, ()>::{closure#1} as core[df12db4294e9bfd3]::ops::function::FnOnce<()>>::call_once::{shim:vtable#0}
[INFO] [stdout]   16:     0x579835ec9269 - <std[70759c8f55707aa4]::sys::thread::unix::Thread>::new::thread_start
[INFO] [stdout]   17:     0x703a3cdfadfa - <unknown>
[INFO] [stdout]   18:     0x703a3ce8e3d4 - clone
[INFO] [stdout]   19:                0x0 - <unknown>
[INFO] [stdout] 
[INFO] [stdout] ---- lint_json_includes_resolved_labels stdout ----
[INFO] [stdout] 
[INFO] [stdout] thread 'lint_json_includes_resolved_labels' (1566) panicked at tests/cli_aliases_stdin_and_lint_json.rs:102:5:
[INFO] [stdout] lint should succeed, stderr=
[INFO] [stdout] stack backtrace:
[INFO] [stdout]    0:     0x579835ec9b81 - <<std[70759c8f55707aa4]::sys::backtrace::BacktraceLock>::print::DisplayBacktrace as core[df12db4294e9bfd3]::fmt::Display>::fmt
[INFO] [stdout]    1:     0x579835ede86a - core[df12db4294e9bfd3]::fmt::write
[INFO] [stdout]    2:     0x579835ece2ec - <alloc[2182bb758b4b3781]::vec::Vec<u8> as core[df12db4294e9bfd3]::io::write::Write>::write_fmt
[INFO] [stdout]    3:     0x579835ea4756 - std[70759c8f55707aa4]::panicking::default_hook::{closure#0}
[INFO] [stdout]    4:     0x579835ec19e9 - std[70759c8f55707aa4]::panicking::default_hook
[INFO] [stdout]    5:     0x579835e5b980 - test[9d35eded1c95d3be]::test_main_inner::<test[9d35eded1c95d3be]::test_main_static::{closure#0}>::{closure#0}
[INFO] [stdout]    6:     0x579835ec1ba2 - std[70759c8f55707aa4]::panicking::panic_with_hook
[INFO] [stdout]    7:     0x579835ea4802 - std[70759c8f55707aa4]::panicking::panic_handler::{closure#0}
[INFO] [stdout]    8:     0x579835e9d469 - std[70759c8f55707aa4]::sys::backtrace::__rust_end_short_backtrace::<std[70759c8f55707aa4]::panicking::panic_handler::{closure#0}, !>
[INFO] [stdout]    9:     0x579835ea53fd - __rustc[8fa7c3cbc660c2b3]::rust_begin_unwind
[INFO] [stdout]   10:     0x579835edef9c - core[df12db4294e9bfd3]::panicking::panic_fmt
[INFO] [stdout]   11:     0x579835e44ece - <cli_aliases_stdin_and_lint_json[c17323a780c20eeb]::lint_json_includes_resolved_labels::{closure#0} as core[df12db4294e9bfd3]::ops::function::FnOnce<()>>::call_once
[INFO] [stdout]   12:     0x579835e4ec6b - test[9d35eded1c95d3be]::__rust_begin_short_backtrace::<core[df12db4294e9bfd3]::result::Result<(), alloc[2182bb758b4b3781]::string::String>, fn() -> core[df12db4294e9bfd3]::result::Result<(), alloc[2182bb758b4b3781]::string::String>>
[INFO] [stdout]   13:     0x579835e5c2d5 - test[9d35eded1c95d3be]::run_test::{closure#0}
[INFO] [stdout]   14:     0x579835e55b94 - std[70759c8f55707aa4]::sys::backtrace::__rust_begin_short_backtrace::<test[9d35eded1c95d3be]::run_test::{closure#1}, ()>
[INFO] [stdout]   15:     0x579835e5f432 - <std[70759c8f55707aa4]::thread::lifecycle::spawn_unchecked<test[9d35eded1c95d3be]::run_test::{closure#1}, ()>::{closure#1} as core[df12db4294e9bfd3]::ops::function::FnOnce<()>>::call_once::{shim:vtable#0}
[INFO] [stdout]   16:     0x579835ec9269 - <std[70759c8f55707aa4]::sys::thread::unix::Thread>::new::thread_start
[INFO] [stdout]   17:     0x703a3cdfadfa - <unknown>
[INFO] [stdout]   18:     0x703a3ce8e3d4 - clone
[INFO] [stdout]   19:                0x0 - <unknown>
[INFO] [stdout] 
[INFO] [stdout] 
[INFO] [stdout] failures:
[INFO] [stdout]     lint_json_includes_resolved_labels
[INFO] [stdout]     lint_note_audience_problem_filters_contextual_notes
[INFO] [stdout] 
[INFO] [stdout] test result: FAILED. 3 passed; 2 failed; 0 ignored; 0 measured; 0 filtered out; finished in 0.02s
[INFO] [stdout] 
[INFO] [stderr] error: test failed, to rerun pass `--test cli_aliases_stdin_and_lint_json`
[INFO] running `Command { std: "docker" "inspect" "3d241a32eea70e83dfa819257dc501777930f3cdfbf1026f1c7d249147803700", kill_on_drop: false }`
[INFO] running `Command { std: "docker" "rm" "-f" "3d241a32eea70e83dfa819257dc501777930f3cdfbf1026f1c7d249147803700", kill_on_drop: false }`
[INFO] [stdout] 3d241a32eea70e83dfa819257dc501777930f3cdfbf1026f1c7d249147803700
