[INFO] fetching crate zotero-rs 0.2.5...
[INFO] testing zotero-rs-0.2.5 against 1.100.0-beta.1+cargoflags=--release for beta-release-1.100-2
[INFO] extracting crate zotero-rs 0.2.5 into /workspace/builds/worker-5-tc2/source
[INFO] started tweaking crates.io crate zotero-rs 0.2.5
[INFO] removed 0 missing tests
[INFO] finished tweaking crates.io crate zotero-rs 0.2.5
[INFO] tweaked toml for crates.io crate zotero-rs 0.2.5 written to /workspace/builds/worker-5-tc2/source/Cargo.toml
[INFO] validating manifest of crates.io crate zotero-rs 0.2.5 on toolchain 1.100.0-beta.1
[INFO] running `Command { std: CARGO_HOME="/workspace/cargo-home" RUSTUP_HOME="/workspace/rustup-home" "/workspace/cargo-home/bin/cargo" "+1.100.0-beta.1" "metadata" "--manifest-path" "Cargo.toml" "--no-deps", kill_on_drop: false }`
[INFO] running `Command { std: CARGO_HOME="/workspace/cargo-home" RUSTUP_HOME="/workspace/rustup-home" "/workspace/cargo-home/bin/cargo" "+1.100.0-beta.1" "generate-lockfile" "--manifest-path" "Cargo.toml", kill_on_drop: false }`
[INFO] [stderr]     Updating crates.io index
[INFO] [stderr]      Locking 252 packages to highest compatible versions
[INFO] [stderr]       Adding httpmock v0.7.0 (available: v0.8.3)
[INFO] [stderr]       Adding reqwest v0.12.28 (available: v0.13.5)
[INFO] running `Command { std: CARGO_HOME="/workspace/cargo-home" RUSTUP_HOME="/workspace/rustup-home" "/workspace/cargo-home/bin/cargo" "+1.100.0-beta.1" "fetch" "--manifest-path" "Cargo.toml", kill_on_drop: false }`
[INFO] running `Command { std: "docker" "create" "-v" "/var/lib/crater-agent-workspace/builds/worker-5-tc2/source:/opt/rustwide/workdir:ro,Z" "-v" "/var/lib/crater-agent-workspace/builds/worker-5-tc2/target:/opt/rustwide/target:rw,Z" "-v" "/var/lib/crater-agent-workspace/cargo-home:/opt/rustwide/cargo-home:ro,Z" "-v" "/var/lib/crater-agent-workspace/rustup-home:/opt/rustwide/rustup-home:ro,Z" "-m" "1610612736" "--network" "none" "ghcr.io/rust-lang/crates-build-env/linux@sha256:77db811e55d90add9212f6832c23229e3de5f1c1f9905e8cb07319ea15df73ac" "sleep" "infinity", kill_on_drop: false }`
[INFO] [stdout] c1a7c82ea0d079e418f32950ea96128cab8601d73e4cabca4c2e1ce02a46763b
[INFO] running `Command { std: "docker" "start" "c1a7c82ea0d079e418f32950ea96128cab8601d73e4cabca4c2e1ce02a46763b", kill_on_drop: false }`
[INFO] running `Command { std: "docker" "inspect" "c1a7c82ea0d079e418f32950ea96128cab8601d73e4cabca4c2e1ce02a46763b", kill_on_drop: false }`
[INFO] running `Command { std: "docker" "exec" "-e" "SOURCE_DIR=/opt/rustwide/workdir" "-e" "CARGO_HOME=/opt/rustwide/cargo-home" "-e" "RUSTUP_HOME=/opt/rustwide/rustup-home" "-e" "CARGO_TARGET_DIR=/opt/rustwide/target" "-w" "/opt/rustwide/workdir" "--user" "0:0" "c1a7c82ea0d079e418f32950ea96128cab8601d73e4cabca4c2e1ce02a46763b" "/opt/rustwide/cargo-home/bin/cargo" "+1.100.0-beta.1" "metadata" "--no-deps" "--format-version=1", kill_on_drop: false }`
[INFO] running `Command { std: "docker" "inspect" "c1a7c82ea0d079e418f32950ea96128cab8601d73e4cabca4c2e1ce02a46763b", kill_on_drop: false }`
[INFO] running `Command { std: "docker" "exec" "-e" "SOURCE_DIR=/opt/rustwide/workdir" "-e" "CARGO_HOME=/opt/rustwide/cargo-home" "-e" "RUSTUP_HOME=/opt/rustwide/rustup-home" "-e" "CARGO_TARGET_DIR=/opt/rustwide/target" "-e" "CARGO_INCREMENTAL=0" "-e" "RUST_BACKTRACE=full" "-e" "RUSTFLAGS=--cap-lints=warn" "-e" "RUSTDOCFLAGS=--cap-lints=warn" "-w" "/opt/rustwide/workdir" "--user" "0:0" "c1a7c82ea0d079e418f32950ea96128cab8601d73e4cabca4c2e1ce02a46763b" "/opt/rustwide/cargo-home/bin/cargo" "+1.100.0-beta.1" "build" "--frozen" "--message-format=json" "--release", kill_on_drop: false }`
[INFO] [stderr]    Compiling smallvec v1.16.3
[INFO] [stderr]    Compiling futures-sink v0.3.34
[INFO] [stderr]    Compiling errno v0.3.14
[INFO] [stderr]    Compiling equivalent v1.0.3
[INFO] [stderr]    Compiling openssl v0.10.81
[INFO] [stderr]    Compiling want v0.3.2
[INFO] [stderr]    Compiling serde v1.0.229
[INFO] [stderr]    Compiling zeroize v1.9.1
[INFO] [stderr]    Compiling serde_json v1.0.154
[INFO] [stderr]    Compiling indexmap v2.14.2
[INFO] [stderr]    Compiling futures-util v0.3.34
[INFO] [stderr]    Compiling futures-channel v0.3.34
[INFO] [stderr]    Compiling parking_lot_core v0.9.12
[INFO] [stderr]    Compiling icu_normalizer v2.3.0
[INFO] [stderr]    Compiling signal-hook-registry v1.4.8
[INFO] [stderr]    Compiling rustls-pki-types v1.15.1
[INFO] [stderr]    Compiling parking_lot v0.12.5
[INFO] [stderr]    Compiling idna_adapter v1.2.2
[INFO] [stderr]    Compiling tokio v1.53.3
[INFO] [stderr]    Compiling idna v1.1.0
[INFO] [stderr]    Compiling url v2.5.8
[INFO] [stderr]    Compiling serde_urlencoded v0.7.1
[INFO] [stderr]    Compiling native-tls v0.2.18
[INFO] [stderr]    Compiling tokio-util v0.7.20
[INFO] [stderr]    Compiling tokio-native-tls v0.3.1
[INFO] [stderr]    Compiling tower v0.5.3
[INFO] [stderr]    Compiling tower-http v0.6.11
[INFO] [stderr]    Compiling h2 v0.4.20
[INFO] [stderr]    Compiling hyper v1.12.0
[INFO] [stderr]    Compiling hyper-util v0.1.21
[INFO] [stderr]    Compiling hyper-tls v0.6.0
[INFO] [stderr]    Compiling reqwest v0.12.28
[INFO] [stderr]    Compiling zotero-rs v0.2.5 (/opt/rustwide/workdir)
[INFO] [stdout] warning: hiding a lifetime that's elided elsewhere is confusing
[INFO] [stdout]    --> src/synchronous/mod.rs:376:31
[INFO] [stdout]     |
[INFO] [stdout] 376 |     pub fn get_items_in_batch(&self, since: usize, batch_size: usize) -> ZoteroItemsBatcher {
[INFO] [stdout]     |                               ^^^^^ the lifetime is elided here          ^^^^^^^^^^^^^^^^^^ the same lifetime is hidden here
[INFO] [stdout]     |
[INFO] [stdout]     = help: the same lifetime is referred to in inconsistent ways, making the signature confusing
[INFO] [stdout]     = note: `#[warn(mismatched_lifetime_syntaxes)]` on by default
[INFO] [stdout] help: use `'_` for type paths
[INFO] [stdout]     |
[INFO] [stdout] 376 |     pub fn get_items_in_batch(&self, since: usize, batch_size: usize) -> ZoteroItemsBatcher<'_> {
[INFO] [stdout]     |                                                                                            ++++
[INFO] [stdout] 
[INFO] [stdout] 
[INFO] [stdout] warning: hiding a lifetime that's elided elsewhere is confusing
[INFO] [stdout]    --> src/synchronous/mod.rs:381:9
[INFO] [stdout]     |
[INFO] [stdout] 381 |         &self,
[INFO] [stdout]     |         ^^^^^ the lifetime is elided here
[INFO] [stdout] ...
[INFO] [stdout] 384 |     ) -> ZoteroItemsBatcher {
[INFO] [stdout]     |          ^^^^^^^^^^^^^^^^^^ the same lifetime is hidden here
[INFO] [stdout]     |
[INFO] [stdout]     = help: the same lifetime is referred to in inconsistent ways, making the signature confusing
[INFO] [stdout] help: use `'_` for type paths
[INFO] [stdout]     |
[INFO] [stdout] 384 |     ) -> ZoteroItemsBatcher<'_> {
[INFO] [stdout]     |                            ++++
[INFO] [stdout] 
[INFO] [stdout] 
[INFO] [stdout] warning: hiding a lifetime that's elided elsewhere is confusing
[INFO] [stdout]    --> src/synchronous/mod.rs:388:37
[INFO] [stdout]     |
[INFO] [stdout] 388 |     pub fn get_collections_in_batch(&self, batch_size: usize) -> ZoteroCollectionBatcher {
[INFO] [stdout]     |                                     ^^^^^                        ^^^^^^^^^^^^^^^^^^^^^^^ the same lifetime is hidden here
[INFO] [stdout]     |                                     |
[INFO] [stdout]     |                                     the lifetime is elided here
[INFO] [stdout]     |
[INFO] [stdout]     = help: the same lifetime is referred to in inconsistent ways, making the signature confusing
[INFO] [stdout] help: use `'_` for type paths
[INFO] [stdout]     |
[INFO] [stdout] 388 |     pub fn get_collections_in_batch(&self, batch_size: usize) -> ZoteroCollectionBatcher<'_> {
[INFO] [stdout]     |                                                                                         ++++
[INFO] [stdout] 
[INFO] [stdout] 
[INFO] [stderr]     Finished `release` profile [optimized] target(s) in 35.18s
[INFO] running `Command { std: "docker" "inspect" "c1a7c82ea0d079e418f32950ea96128cab8601d73e4cabca4c2e1ce02a46763b", kill_on_drop: false }`
[INFO] running `Command { std: "docker" "exec" "-e" "SOURCE_DIR=/opt/rustwide/workdir" "-e" "CARGO_HOME=/opt/rustwide/cargo-home" "-e" "RUSTUP_HOME=/opt/rustwide/rustup-home" "-e" "CARGO_TARGET_DIR=/opt/rustwide/target" "-e" "CARGO_INCREMENTAL=0" "-e" "RUST_BACKTRACE=full" "-e" "RUSTFLAGS=--cap-lints=warn" "-e" "RUSTDOCFLAGS=--cap-lints=warn" "-w" "/opt/rustwide/workdir" "--user" "0:0" "c1a7c82ea0d079e418f32950ea96128cab8601d73e4cabca4c2e1ce02a46763b" "/opt/rustwide/cargo-home/bin/cargo" "+1.100.0-beta.1" "test" "--frozen" "--no-run" "--message-format=json" "--release", kill_on_drop: false }`
[INFO] [stderr]    Compiling libc v0.2.191
[INFO] [stderr]    Compiling tokio-macros v2.7.2
[INFO] [stderr]    Compiling futures-macro v0.3.34
[INFO] [stderr]    Compiling aho-corasick v1.1.5
[INFO] [stderr]    Compiling parking_lot_core v0.9.12
[INFO] [stderr]    Compiling smallvec v1.16.3
[INFO] [stderr]    Compiling regex-syntax v0.8.11
[INFO] [stderr]    Compiling crunchy v0.2.4
[INFO] [stderr]    Compiling lock_api v0.4.14
[INFO] [stderr]    Compiling equivalent v1.0.3
[INFO] [stderr]    Compiling siphasher v1.0.4
[INFO] [stderr]    Compiling tiny-keccak v2.0.2
[INFO] [stderr]    Compiling icu_normalizer v2.3.0
[INFO] [stderr]    Compiling same-file v1.0.6
[INFO] [stderr]    Compiling bit-vec v0.6.3
[INFO] [stderr]    Compiling either v1.19.0
[INFO] [stderr]    Compiling precomputed-hash v0.1.1
[INFO] [stderr]    Compiling indexmap v2.14.2
[INFO] [stderr]    Compiling fixedbitset v0.4.2
[INFO] [stderr]    Compiling new_debug_unreachable v1.0.6
[INFO] [stderr]    Compiling phf_shared v0.11.3
[INFO] [stderr]    Compiling walkdir v2.5.0
[INFO] [stderr]    Compiling ena v0.14.4
[INFO] [stderr]    Compiling pico-args v0.5.0
[INFO] [stderr]    Compiling bit-set v0.5.3
[INFO] [stderr]    Compiling itertools v0.11.0
[INFO] [stderr]    Compiling unicode-xid v0.2.6
[INFO] [stderr]    Compiling regex-automata v0.4.18
[INFO] [stderr]    Compiling native-tls v0.2.18
[INFO] [stderr]    Compiling async-signal v0.2.14
[INFO] [stderr]    Compiling async-attributes v1.1.2
[INFO] [stderr]    Compiling http v0.2.12
[INFO] [stderr]    Compiling serde_urlencoded v0.7.1
[INFO] [stderr]    Compiling thiserror-impl v2.0.21
[INFO] [stderr]    Compiling socket2 v0.5.10
[INFO] [stderr]    Compiling async-process v2.5.0
[INFO] [stderr]    Compiling lalrpop-util v0.20.2
[INFO] [stderr]    Compiling tokio v1.53.3
[INFO] [stderr]    Compiling idna_adapter v1.2.2
[INFO] [stderr]    Compiling futures-util v0.3.34
[INFO] [stderr]    Compiling petgraph v0.6.5
[INFO] [stderr]    Compiling idna v1.1.0
[INFO] [stderr]    Compiling assert-json-diff v2.0.2
[INFO] [stderr]    Compiling url v2.5.8
[INFO] [stderr]    Compiling dirs-sys-next v0.1.2
[INFO] [stderr]    Compiling dirs-next v2.0.0
[INFO] [stderr]    Compiling term v0.7.0
[INFO] [stderr]    Compiling http-body v0.4.6
[INFO] [stderr]    Compiling parking_lot v0.12.5
[INFO] [stderr]    Compiling ascii-canvas v3.0.0
[INFO] [stderr]    Compiling async-std v1.13.2
[INFO] [stderr]    Compiling thiserror v2.0.21
[INFO] [stderr]    Compiling string_cache v0.8.9
[INFO] [stderr]    Compiling async-trait v0.1.92
[INFO] [stderr]    Compiling base64 v0.21.7
[INFO] [stderr]    Compiling levenshtein v1.0.5
[INFO] [stderr]    Compiling similar v2.7.0
[INFO] [stderr]    Compiling dotenv v0.15.0
[INFO] [stderr]    Compiling regex v1.13.1
[INFO] [stderr]    Compiling async-object-pool v0.1.5
[INFO] [stderr]    Compiling serde_regex v1.2.0
[INFO] [stderr]    Compiling lalrpop v0.20.2
[INFO] [stderr]    Compiling tokio-util v0.7.20
[INFO] [stderr]    Compiling tower v0.5.3
[INFO] [stderr]    Compiling tokio-native-tls v0.3.1
[INFO] [stderr]    Compiling hyper v0.14.32
[INFO] [stderr]    Compiling tower-http v0.6.11
[INFO] [stderr]    Compiling h2 v0.4.20
[INFO] [stderr]    Compiling hyper v1.12.0
[INFO] [stderr]    Compiling basic-cookies v0.1.5
[INFO] [stderr]    Compiling httpmock v0.7.0
[INFO] [stderr]    Compiling hyper-util v0.1.21
[INFO] [stderr]    Compiling hyper-tls v0.6.0
[INFO] [stderr]    Compiling reqwest v0.12.28
[INFO] [stderr]    Compiling zotero-rs v0.2.5 (/opt/rustwide/workdir)
[INFO] [stdout] warning: hiding a lifetime that's elided elsewhere is confusing
[INFO] [stdout]    --> src/synchronous/mod.rs:376:31
[INFO] [stdout]     |
[INFO] [stdout] 376 |     pub fn get_items_in_batch(&self, since: usize, batch_size: usize) -> ZoteroItemsBatcher {
[INFO] [stdout]     |                               ^^^^^ the lifetime is elided here          ^^^^^^^^^^^^^^^^^^ the same lifetime is hidden here
[INFO] [stdout]     |
[INFO] [stdout]     = help: the same lifetime is referred to in inconsistent ways, making the signature confusing
[INFO] [stdout]     = note: `#[warn(mismatched_lifetime_syntaxes)]` on by default
[INFO] [stdout] help: use `'_` for type paths
[INFO] [stdout]     |
[INFO] [stdout] 376 |     pub fn get_items_in_batch(&self, since: usize, batch_size: usize) -> ZoteroItemsBatcher<'_> {
[INFO] [stdout]     |                                                                                            ++++
[INFO] [stdout] 
[INFO] [stdout] 
[INFO] [stdout] warning: hiding a lifetime that's elided elsewhere is confusing
[INFO] [stdout]    --> src/synchronous/mod.rs:381:9
[INFO] [stdout]     |
[INFO] [stdout] 381 |         &self,
[INFO] [stdout]     |         ^^^^^ the lifetime is elided here
[INFO] [stdout] ...
[INFO] [stdout] 384 |     ) -> ZoteroItemsBatcher {
[INFO] [stdout]     |          ^^^^^^^^^^^^^^^^^^ the same lifetime is hidden here
[INFO] [stdout]     |
[INFO] [stdout]     = help: the same lifetime is referred to in inconsistent ways, making the signature confusing
[INFO] [stdout] help: use `'_` for type paths
[INFO] [stdout]     |
[INFO] [stdout] 384 |     ) -> ZoteroItemsBatcher<'_> {
[INFO] [stdout]     |                            ++++
[INFO] [stdout] 
[INFO] [stdout] 
[INFO] [stdout] warning: hiding a lifetime that's elided elsewhere is confusing
[INFO] [stdout]    --> src/synchronous/mod.rs:388:37
[INFO] [stdout]     |
[INFO] [stdout] 388 |     pub fn get_collections_in_batch(&self, batch_size: usize) -> ZoteroCollectionBatcher {
[INFO] [stdout]     |                                     ^^^^^                        ^^^^^^^^^^^^^^^^^^^^^^^ the same lifetime is hidden here
[INFO] [stdout]     |                                     |
[INFO] [stdout]     |                                     the lifetime is elided here
[INFO] [stdout]     |
[INFO] [stdout]     = help: the same lifetime is referred to in inconsistent ways, making the signature confusing
[INFO] [stdout] help: use `'_` for type paths
[INFO] [stdout]     |
[INFO] [stdout] 388 |     pub fn get_collections_in_batch(&self, batch_size: usize) -> ZoteroCollectionBatcher<'_> {
[INFO] [stdout]     |                                                                                         ++++
[INFO] [stdout] 
[INFO] [stdout] 
[INFO] [stdout] warning: hiding a lifetime that's elided elsewhere is confusing
[INFO] [stdout]    --> src/synchronous/mod.rs:376:31
[INFO] [stdout]     |
[INFO] [stdout] 376 |     pub fn get_items_in_batch(&self, since: usize, batch_size: usize) -> ZoteroItemsBatcher {
[INFO] [stdout]     |                               ^^^^^ the lifetime is elided here          ^^^^^^^^^^^^^^^^^^ the same lifetime is hidden here
[INFO] [stdout]     |
[INFO] [stdout]     = help: the same lifetime is referred to in inconsistent ways, making the signature confusing
[INFO] [stdout]     = note: `#[warn(mismatched_lifetime_syntaxes)]` on by default
[INFO] [stdout] help: use `'_` for type paths
[INFO] [stdout]     |
[INFO] [stdout] 376 |     pub fn get_items_in_batch(&self, since: usize, batch_size: usize) -> ZoteroItemsBatcher<'_> {
[INFO] [stdout]     |                                                                                            ++++
[INFO] [stdout] 
[INFO] [stdout] 
[INFO] [stdout] warning: hiding a lifetime that's elided elsewhere is confusing
[INFO] [stdout]    --> src/synchronous/mod.rs:381:9
[INFO] [stdout]     |
[INFO] [stdout] 381 |         &self,
[INFO] [stdout]     |         ^^^^^ the lifetime is elided here
[INFO] [stdout] ...
[INFO] [stdout] 384 |     ) -> ZoteroItemsBatcher {
[INFO] [stdout]     |          ^^^^^^^^^^^^^^^^^^ the same lifetime is hidden here
[INFO] [stdout]     |
[INFO] [stdout]     = help: the same lifetime is referred to in inconsistent ways, making the signature confusing
[INFO] [stdout] help: use `'_` for type paths
[INFO] [stdout]     |
[INFO] [stdout] 384 |     ) -> ZoteroItemsBatcher<'_> {
[INFO] [stdout]     |                            ++++
[INFO] [stdout] 
[INFO] [stdout] 
[INFO] [stdout] warning: hiding a lifetime that's elided elsewhere is confusing
[INFO] [stdout]    --> src/synchronous/mod.rs:388:37
[INFO] [stdout]     |
[INFO] [stdout] 388 |     pub fn get_collections_in_batch(&self, batch_size: usize) -> ZoteroCollectionBatcher {
[INFO] [stdout]     |                                     ^^^^^                        ^^^^^^^^^^^^^^^^^^^^^^^ the same lifetime is hidden here
[INFO] [stdout]     |                                     |
[INFO] [stdout]     |                                     the lifetime is elided here
[INFO] [stdout]     |
[INFO] [stdout]     = help: the same lifetime is referred to in inconsistent ways, making the signature confusing
[INFO] [stdout] help: use `'_` for type paths
[INFO] [stdout]     |
[INFO] [stdout] 388 |     pub fn get_collections_in_batch(&self, batch_size: usize) -> ZoteroCollectionBatcher<'_> {
[INFO] [stdout]     |                                                                                         ++++
[INFO] [stdout] 
[INFO] [stdout] 
[INFO] [stderr]     Finished `release` profile [optimized] target(s) in 32.91s
[INFO] running `Command { std: "docker" "inspect" "c1a7c82ea0d079e418f32950ea96128cab8601d73e4cabca4c2e1ce02a46763b", kill_on_drop: false }`
[INFO] running `Command { std: "docker" "exec" "-e" "SOURCE_DIR=/opt/rustwide/workdir" "-e" "CARGO_HOME=/opt/rustwide/cargo-home" "-e" "RUSTUP_HOME=/opt/rustwide/rustup-home" "-e" "CARGO_TARGET_DIR=/opt/rustwide/target" "-e" "CARGO_INCREMENTAL=0" "-e" "RUST_BACKTRACE=full" "-e" "RUSTFLAGS=--cap-lints=warn" "-e" "RUSTDOCFLAGS=--cap-lints=warn" "-w" "/opt/rustwide/workdir" "--user" "0:0" "c1a7c82ea0d079e418f32950ea96128cab8601d73e4cabca4c2e1ce02a46763b" "/opt/rustwide/cargo-home/bin/cargo" "+1.100.0-beta.1" "test" "--frozen" "--release", kill_on_drop: false }`
[INFO] [stderr] warning: hiding a lifetime that's elided elsewhere is confusing
[INFO] [stderr]    --> src/synchronous/mod.rs:376:31
[INFO] [stderr]     |
[INFO] [stderr] 376 |     pub fn get_items_in_batch(&self, since: usize, batch_size: usize) -> ZoteroItemsBatcher {
[INFO] [stderr]     |                               ^^^^^ the lifetime is elided here          ^^^^^^^^^^^^^^^^^^ the same lifetime is hidden here
[INFO] [stderr]     |
[INFO] [stderr]     = help: the same lifetime is referred to in inconsistent ways, making the signature confusing
[INFO] [stderr]     = note: `#[warn(mismatched_lifetime_syntaxes)]` on by default
[INFO] [stderr] help: use `'_` for type paths
[INFO] [stderr]     |
[INFO] [stderr] 376 |     pub fn get_items_in_batch(&self, since: usize, batch_size: usize) -> ZoteroItemsBatcher<'_> {
[INFO] [stderr]     |                                                                                            ++++
[INFO] [stderr] 
[INFO] [stderr] warning: hiding a lifetime that's elided elsewhere is confusing
[INFO] [stderr]    --> src/synchronous/mod.rs:381:9
[INFO] [stderr]     |
[INFO] [stderr] 381 |         &self,
[INFO] [stderr]     |         ^^^^^ the lifetime is elided here
[INFO] [stderr] ...
[INFO] [stderr] 384 |     ) -> ZoteroItemsBatcher {
[INFO] [stderr]     |          ^^^^^^^^^^^^^^^^^^ the same lifetime is hidden here
[INFO] [stderr]     |
[INFO] [stderr]     = help: the same lifetime is referred to in inconsistent ways, making the signature confusing
[INFO] [stderr] help: use `'_` for type paths
[INFO] [stderr]     |
[INFO] [stderr] 384 |     ) -> ZoteroItemsBatcher<'_> {
[INFO] [stderr]     |                            ++++
[INFO] [stderr] 
[INFO] [stderr] warning: hiding a lifetime that's elided elsewhere is confusing
[INFO] [stderr]    --> src/synchronous/mod.rs:388:37
[INFO] [stderr]     |
[INFO] [stderr] 388 |     pub fn get_collections_in_batch(&self, batch_size: usize) -> ZoteroCollectionBatcher {
[INFO] [stderr]     |                                     ^^^^^                        ^^^^^^^^^^^^^^^^^^^^^^^ the same lifetime is hidden here
[INFO] [stderr]     |                                     |
[INFO] [stderr]     |                                     the lifetime is elided here
[INFO] [stderr]     |
[INFO] [stderr]     = help: the same lifetime is referred to in inconsistent ways, making the signature confusing
[INFO] [stderr] help: use `'_` for type paths
[INFO] [stderr]     |
[INFO] [stderr] 388 |     pub fn get_collections_in_batch(&self, batch_size: usize) -> ZoteroCollectionBatcher<'_> {
[INFO] [stderr]     |                                                                                         ++++
[INFO] [stderr] 
[INFO] [stderr] warning: `zotero-rs` (lib) generated 3 warnings (run `cargo fix --lib -p zotero-rs` to apply 3 suggestions)
[INFO] [stderr] warning: `zotero-rs` (lib test) generated 3 warnings (3 duplicates)
[INFO] [stderr]     Finished `release` profile [optimized] target(s) in 0.14s
[INFO] [stderr]      Running unittests src/lib.rs (/opt/rustwide/target/release/build/zotero-rs/25948174e5621d85/out/zotero_rs-25948174e5621d85)
[INFO] [stdout] 
[INFO] [stdout] running 1 test
[INFO] [stdout] test synchronous::test::test ... FAILED
[INFO] [stdout] 
[INFO] [stdout] failures:
[INFO] [stdout] 
[INFO] [stdout] ---- synchronous::test::test stdout ----
[INFO] [stdout] 
[INFO] [stdout] thread 'synchronous::test::test' (1969) panicked at src/synchronous/mod.rs:533:50:
[INFO] [stdout] ZOTERO_API_KEY not found: NotPresent
[INFO] [stdout] stack backtrace:
[INFO] [stdout]    0:     0x57bef589e251 - <<std[617be2ca0a6fd877]::sys::backtrace::BacktraceLock>::print::DisplayBacktrace as core[a373ad73a504971]::fmt::Display>::fmt
[INFO] [stdout]    1:     0x57bef58b498a - core[a373ad73a504971]::fmt::write
[INFO] [stdout]    2:     0x57bef58a2bbc - <alloc[2e1b2a31b91974c5]::vec::Vec<u8> as core[a373ad73a504971]::io::write::Write>::write_fmt
[INFO] [stdout]    3:     0x57bef5878e46 - std[617be2ca0a6fd877]::panicking::default_hook::{closure#0}
[INFO] [stdout]    4:     0x57bef5895df9 - std[617be2ca0a6fd877]::panicking::default_hook
[INFO] [stdout]    5:     0x57bef56c8a90 - test[aada8e7e76ba119b]::test_main_inner::{closure#0}
[INFO] [stdout]    6:     0x57bef5896122 - std[617be2ca0a6fd877]::panicking::panic_with_hook
[INFO] [stdout]    7:     0x57bef5878ef2 - std[617be2ca0a6fd877]::panicking::panic_handler::{closure#0}
[INFO] [stdout]    8:     0x57bef58718e9 - std[617be2ca0a6fd877]::sys::backtrace::__rust_end_short_backtrace::<std[617be2ca0a6fd877]::panicking::panic_handler::{closure#0}, !>
[INFO] [stdout]    9:     0x57bef5879d8d - __rustc[ea4f61d10b84890b]::rust_begin_unwind
[INFO] [stdout]   10:     0x57bef58b50ec - core[a373ad73a504971]::panicking::panic_fmt
[INFO] [stdout]   11:     0x57bef58b4ec2 - core[a373ad73a504971]::result::unwrap_failed
[INFO] [stdout]   12:     0x57bef56ad433 - <zotero_rs[6eef1c7ca7db925a]::synchronous::test::test::{closure#0} as core[a373ad73a504971]::ops::function::FnOnce<()>>::call_once
[INFO] [stdout]   13:     0x57bef56bbedb - test[aada8e7e76ba119b]::__rust_begin_short_backtrace::<core[a373ad73a504971]::result::Result<(), alloc[2e1b2a31b91974c5]::string::String>, fn() -> core[a373ad73a504971]::result::Result<(), alloc[2e1b2a31b91974c5]::string::String>>
[INFO] [stdout]   14:     0x57bef56c90b5 - test[aada8e7e76ba119b]::run_test::{closure#0}
[INFO] [stdout]   15:     0x57bef56c29a4 - std[617be2ca0a6fd877]::sys::backtrace::__rust_begin_short_backtrace::<test[aada8e7e76ba119b]::run_test::{closure#1}, ()>
[INFO] [stdout]   16:     0x57bef56cc142 - <std[617be2ca0a6fd877]::thread::lifecycle::spawn_unchecked<test[aada8e7e76ba119b]::run_test::{closure#1}, ()>::{closure#1} as core[a373ad73a504971]::ops::function::FnOnce<()>>::call_once::{shim:vtable#0}
[INFO] [stdout]   17:     0x57bef589d6ff - <std[617be2ca0a6fd877]::sys::thread::unix::Thread>::new::thread_start
[INFO] [stdout]   18:     0x7371903d0dfa - <unknown>
[INFO] [stdout]   19:     0x7371904643d4 - clone
[INFO] [stdout]   20:                0x0 - <unknown>
[INFO] [stdout] 
[INFO] [stdout] 
[INFO] [stdout] failures:
[INFO] [stdout]     synchronous::test::test
[INFO] [stdout] 
[INFO] [stdout] test result: FAILED. 0 passed; 1 failed; 0 ignored; 0 measured; 0 filtered out; finished in 0.00s
[INFO] [stdout] 
[INFO] [stderr] error: test failed, to rerun pass `--lib`
[INFO] running `Command { std: "docker" "inspect" "c1a7c82ea0d079e418f32950ea96128cab8601d73e4cabca4c2e1ce02a46763b", kill_on_drop: false }`
[INFO] running `Command { std: "docker" "rm" "-f" "c1a7c82ea0d079e418f32950ea96128cab8601d73e4cabca4c2e1ce02a46763b", kill_on_drop: false }`
[INFO] [stdout] c1a7c82ea0d079e418f32950ea96128cab8601d73e4cabca4c2e1ce02a46763b
