[INFO] fetching crate zorder 0.2.2...
[INFO] testing zorder-0.2.2 against 1.100.0-beta.1+cargoflags=--release for beta-release-1.100-2
[INFO] extracting crate zorder 0.2.2 into /workspace/builds/worker-5-tc2/source
[INFO] started tweaking crates.io crate zorder 0.2.2
[INFO] finished tweaking crates.io crate zorder 0.2.2
[INFO] tweaked toml for crates.io crate zorder 0.2.2 written to /workspace/builds/worker-5-tc2/source/Cargo.toml
[INFO] validating manifest of crates.io crate zorder 0.2.2 on toolchain 1.100.0-beta.1
[INFO] running `Command { std: CARGO_HOME="/workspace/cargo-home" RUSTUP_HOME="/workspace/rustup-home" "/workspace/cargo-home/bin/cargo" "+1.100.0-beta.1" "metadata" "--manifest-path" "Cargo.toml" "--no-deps", kill_on_drop: false }`
[INFO] crate crates.io crate zorder 0.2.2 already has a lockfile, it will not be regenerated
[INFO] running `Command { std: CARGO_HOME="/workspace/cargo-home" RUSTUP_HOME="/workspace/rustup-home" "/workspace/cargo-home/bin/cargo" "+1.100.0-beta.1" "fetch" "--manifest-path" "Cargo.toml", kill_on_drop: false }`
[INFO] [stderr] warning: `package.homepage` is redundant with `package.repository`
[INFO] [stderr]   --> Cargo.toml:27:12
[INFO] [stderr]    |
[INFO] [stderr] 27 | homepage = "https://github.com/kauppie/zorder"
[INFO] [stderr]    |            ^^^^^^^^^^^^^^^^^^^^^^^^^^^^^^^^^^^
[INFO] [stderr] ...
[INFO] [stderr] 32 | repository = "https://github.com/kauppie/zorder"
[INFO] [stderr]    |              -----------------------------------
[INFO] [stderr]    |
[INFO] [stderr]    = note: `cargo::redundant_homepage` is set to `warn` by default
[INFO] [stderr] help: consider removing `package.homepage`
[INFO] [stderr] warning: `zorder` (manifest) generated 1 warning
[INFO] running `Command { std: "docker" "create" "-v" "/var/lib/crater-agent-workspace/builds/worker-5-tc2/source:/opt/rustwide/workdir:ro,Z" "-v" "/var/lib/crater-agent-workspace/builds/worker-5-tc2/target:/opt/rustwide/target:rw,Z" "-v" "/var/lib/crater-agent-workspace/cargo-home:/opt/rustwide/cargo-home:ro,Z" "-v" "/var/lib/crater-agent-workspace/rustup-home:/opt/rustwide/rustup-home:ro,Z" "-m" "1610612736" "--network" "none" "ghcr.io/rust-lang/crates-build-env/linux@sha256:77db811e55d90add9212f6832c23229e3de5f1c1f9905e8cb07319ea15df73ac" "sleep" "infinity", kill_on_drop: false }`
[INFO] [stdout] 6057714d585f8968ca01b9012c9776bd2587fa596426d66eff914700f797636e
[INFO] running `Command { std: "docker" "start" "6057714d585f8968ca01b9012c9776bd2587fa596426d66eff914700f797636e", kill_on_drop: false }`
[INFO] running `Command { std: "docker" "inspect" "6057714d585f8968ca01b9012c9776bd2587fa596426d66eff914700f797636e", kill_on_drop: false }`
[INFO] running `Command { std: "docker" "exec" "-e" "SOURCE_DIR=/opt/rustwide/workdir" "-e" "CARGO_HOME=/opt/rustwide/cargo-home" "-e" "RUSTUP_HOME=/opt/rustwide/rustup-home" "-e" "CARGO_TARGET_DIR=/opt/rustwide/target" "-w" "/opt/rustwide/workdir" "--user" "0:0" "6057714d585f8968ca01b9012c9776bd2587fa596426d66eff914700f797636e" "/opt/rustwide/cargo-home/bin/cargo" "+1.100.0-beta.1" "metadata" "--no-deps" "--format-version=1", kill_on_drop: false }`
[INFO] running `Command { std: "docker" "inspect" "6057714d585f8968ca01b9012c9776bd2587fa596426d66eff914700f797636e", kill_on_drop: false }`
[INFO] running `Command { std: "docker" "exec" "-e" "SOURCE_DIR=/opt/rustwide/workdir" "-e" "CARGO_HOME=/opt/rustwide/cargo-home" "-e" "RUSTUP_HOME=/opt/rustwide/rustup-home" "-e" "CARGO_TARGET_DIR=/opt/rustwide/target" "-e" "CARGO_INCREMENTAL=0" "-e" "RUST_BACKTRACE=full" "-e" "RUSTFLAGS=--cap-lints=warn" "-e" "RUSTDOCFLAGS=--cap-lints=warn" "-w" "/opt/rustwide/workdir" "--user" "0:0" "6057714d585f8968ca01b9012c9776bd2587fa596426d66eff914700f797636e" "/opt/rustwide/cargo-home/bin/cargo" "+1.100.0-beta.1" "build" "--frozen" "--message-format=json" "--release", kill_on_drop: false }`
[INFO] [stderr] warning: `package.homepage` is redundant with `package.repository`
[INFO] [stderr]   --> Cargo.toml:27:12
[INFO] [stderr]    |
[INFO] [stderr] 27 | homepage = "https://github.com/kauppie/zorder"
[INFO] [stderr]    |            ^^^^^^^^^^^^^^^^^^^^^^^^^^^^^^^^^^^
[INFO] [stderr] ...
[INFO] [stderr] 32 | repository = "https://github.com/kauppie/zorder"
[INFO] [stderr]    |              -----------------------------------
[INFO] [stderr]    |
[INFO] [stderr]    = note: `cargo::redundant_homepage` is set to `warn` by default
[INFO] [stderr] help: consider removing `package.homepage`
[INFO] [stderr] warning: `zorder` (manifest) generated 1 warning
[INFO] [stderr]    Compiling autocfg v1.1.0
[INFO] [stderr]    Compiling num-traits v0.2.18
[INFO] [stderr]    Compiling zorder v0.2.2 (/opt/rustwide/workdir)
[INFO] [stderr]     Finished `release` profile [optimized] target(s) in 2.11s
[INFO] running `Command { std: "docker" "inspect" "6057714d585f8968ca01b9012c9776bd2587fa596426d66eff914700f797636e", kill_on_drop: false }`
[INFO] running `Command { std: "docker" "exec" "-e" "SOURCE_DIR=/opt/rustwide/workdir" "-e" "CARGO_HOME=/opt/rustwide/cargo-home" "-e" "RUSTUP_HOME=/opt/rustwide/rustup-home" "-e" "CARGO_TARGET_DIR=/opt/rustwide/target" "-e" "CARGO_INCREMENTAL=0" "-e" "RUST_BACKTRACE=full" "-e" "RUSTFLAGS=--cap-lints=warn" "-e" "RUSTDOCFLAGS=--cap-lints=warn" "-w" "/opt/rustwide/workdir" "--user" "0:0" "6057714d585f8968ca01b9012c9776bd2587fa596426d66eff914700f797636e" "/opt/rustwide/cargo-home/bin/cargo" "+1.100.0-beta.1" "test" "--frozen" "--no-run" "--message-format=json" "--release", kill_on_drop: false }`
[INFO] [stderr] warning: `package.homepage` is redundant with `package.repository`
[INFO] [stderr]   --> Cargo.toml:27:12
[INFO] [stderr]    |
[INFO] [stderr] 27 | homepage = "https://github.com/kauppie/zorder"
[INFO] [stderr]    |            ^^^^^^^^^^^^^^^^^^^^^^^^^^^^^^^^^^^
[INFO] [stderr] ...
[INFO] [stderr] 32 | repository = "https://github.com/kauppie/zorder"
[INFO] [stderr]    |              -----------------------------------
[INFO] [stderr]    |
[INFO] [stderr]    = note: `cargo::redundant_homepage` is set to `warn` by default
[INFO] [stderr] help: consider removing `package.homepage`
[INFO] [stderr] warning: `zorder` (manifest) generated 1 warning
[INFO] [stderr]    Compiling proc-macro2 v1.0.79
[INFO] [stderr]    Compiling crossbeam-utils v0.8.19
[INFO] [stderr]    Compiling serde v1.0.197
[INFO] [stderr]    Compiling serde_json v1.0.114
[INFO] [stderr]    Compiling either v1.10.0
[INFO] [stderr]    Compiling os_str_bytes v6.6.1
[INFO] [stderr]    Compiling ryu v1.0.17
[INFO] [stderr]    Compiling plotters-backend v0.3.5
[INFO] [stderr]    Compiling regex-syntax v0.8.2
[INFO] [stderr]    Compiling num-traits v0.2.18
[INFO] [stderr]    Compiling indexmap v1.9.3
[INFO] [stderr]    Compiling half v2.4.0
[INFO] [stderr]    Compiling libc v0.2.153
[INFO] [stderr]    Compiling itoa v1.0.10
[INFO] [stderr]    Compiling textwrap v0.16.1
[INFO] [stderr]    Compiling oorandom v11.1.3
[INFO] [stderr]    Compiling itertools v0.10.5
[INFO] [stderr]    Compiling ciborium-ll v0.2.2
[INFO] [stderr]    Compiling plotters-svg v0.3.5
[INFO] [stderr]    Compiling clap_lex v0.2.4
[INFO] [stderr]    Compiling atty v0.2.14
[INFO] [stderr]    Compiling crossbeam-epoch v0.9.18
[INFO] [stderr]    Compiling quote v1.0.35
[INFO] [stderr]    Compiling syn v2.0.52
[INFO] [stderr]    Compiling crossbeam-deque v0.8.5
[INFO] [stderr]    Compiling clap v3.2.25
[INFO] [stderr]    Compiling rayon-core v1.12.1
[INFO] [stderr]    Compiling plotters v0.3.5
[INFO] [stderr]    Compiling zorder v0.2.2 (/opt/rustwide/workdir)
[INFO] [stderr]    Compiling rayon v1.9.0
[INFO] [stderr]    Compiling regex-automata v0.4.6
[INFO] [stderr]    Compiling criterion-plot v0.5.0
[INFO] [stderr]    Compiling serde_derive v1.0.197
[INFO] [stderr]    Compiling regex v1.10.3
[INFO] [stderr]    Compiling ciborium v0.2.2
[INFO] [stderr]    Compiling tinytemplate v1.2.1
[INFO] [stderr]    Compiling criterion v0.4.0
[INFO] [stderr]     Finished `release` profile [optimized] target(s) in 42.34s
[INFO] running `Command { std: "docker" "inspect" "6057714d585f8968ca01b9012c9776bd2587fa596426d66eff914700f797636e", kill_on_drop: false }`
[INFO] running `Command { std: "docker" "exec" "-e" "SOURCE_DIR=/opt/rustwide/workdir" "-e" "CARGO_HOME=/opt/rustwide/cargo-home" "-e" "RUSTUP_HOME=/opt/rustwide/rustup-home" "-e" "CARGO_TARGET_DIR=/opt/rustwide/target" "-e" "CARGO_INCREMENTAL=0" "-e" "RUST_BACKTRACE=full" "-e" "RUSTFLAGS=--cap-lints=warn" "-e" "RUSTDOCFLAGS=--cap-lints=warn" "-w" "/opt/rustwide/workdir" "--user" "0:0" "6057714d585f8968ca01b9012c9776bd2587fa596426d66eff914700f797636e" "/opt/rustwide/cargo-home/bin/cargo" "+1.100.0-beta.1" "test" "--frozen" "--release", kill_on_drop: false }`
[INFO] [stderr] warning: `package.homepage` is redundant with `package.repository`
[INFO] [stderr]   --> Cargo.toml:27:12
[INFO] [stderr]    |
[INFO] [stderr] 27 | homepage = "https://github.com/kauppie/zorder"
[INFO] [stderr]    |            ^^^^^^^^^^^^^^^^^^^^^^^^^^^^^^^^^^^
[INFO] [stderr] ...
[INFO] [stderr] 32 | repository = "https://github.com/kauppie/zorder"
[INFO] [stderr]    |              -----------------------------------
[INFO] [stderr]    |
[INFO] [stderr]    = note: `cargo::redundant_homepage` is set to `warn` by default
[INFO] [stderr] help: consider removing `package.homepage`
[INFO] [stderr] warning: `zorder` (manifest) generated 1 warning
[INFO] [stderr]     Finished `release` profile [optimized] target(s) in 0.09s
[INFO] [stderr]      Running unittests src/lib.rs (/opt/rustwide/target/release/build/zorder/c0d131eb136b93c6/out/zorder-c0d131eb136b93c6)
[INFO] [stdout] 
[INFO] [stdout] running 24 tests
[INFO] [stdout] test deinterleave::tests::deinterleave_dim2_u64 ... ok
[INFO] [stdout] test deinterleave::tests::deinterleave_dim3_u8 ... ok
[INFO] [stdout] test interleave::tests::interleave_dim2_u64 ... ok
[INFO] [stdout] test deinterleave::tests::deinterleave_dim4_u8 ... ok
[INFO] [stdout] test mask::tests::odd_large_dimension_mask ... ok
[INFO] [stdout] test interleave::tests::odd_large_dimension_interleave ... ok
[INFO] [stdout] test mask::tests::interleave_mask_dim2 ... ok
[INFO] [stdout] test deinterleave::tests::deinterleave_dim2_u8 ... ok
[INFO] [stdout] test deinterleave::tests::odd_large_dimension_interleave ... ok
[INFO] [stdout] test mask::tests::allowed_masks ... ok
[INFO] [stdout] test interleave::tests::interleave_dim2_u8 ... ok
[INFO] [stdout] test interleave::tests::interleave_dim4_u8 ... ok
[INFO] [stdout] test mask::tests::ilog2 ... ok
[INFO] [stdout] test mask::tests::interleave_mask_dim3 ... ok
[INFO] [stdout] test mask::tests::too_large_mask - should panic ... FAILED
[INFO] [stdout] test mask::tests::interleave_mask_dim4 ... ok
[INFO] [stdout] test mask::tests::truncated_interleave_mask ... ok
[INFO] [stdout] test interleave::tests::interleave_dim4_u8_half ... ok
[INFO] [stdout] test tests::index_and_back_32 ... ok
[INFO] [stdout] test tests::index_and_back_16 ... ok
[INFO] [stdout] test mask::tests::zero_mask - should panic ... FAILED
[INFO] [stdout] test tests::index_and_back_128 ... ok
[INFO] [stdout] test tests::index_and_back_64 ... ok
[INFO] [stdout] test interleave::tests::interleave_dim3_u8 ... ok
[INFO] [stdout] 
[INFO] [stdout] failures:
[INFO] [stdout] 
[INFO] [stdout] ---- mask::tests::too_large_mask stdout ----
[INFO] [stdout] note: test did not panic as expected at src/mask.rs:101:8
[INFO] [stdout] ---- mask::tests::zero_mask stdout ----
[INFO] [stdout] note: test did not panic as expected at src/mask.rs:95:8
[INFO] [stdout] 
[INFO] [stdout] failures:
[INFO] [stdout]     mask::tests::too_large_mask
[INFO] [stdout]     mask::tests::zero_mask
[INFO] [stdout] 
[INFO] [stdout] test result: FAILED. 22 passed; 2 failed; 0 ignored; 0 measured; 0 filtered out; finished in 0.01s
[INFO] [stdout] 
[INFO] [stderr] error: test failed, to rerun pass `--lib`
[INFO] running `Command { std: "docker" "inspect" "6057714d585f8968ca01b9012c9776bd2587fa596426d66eff914700f797636e", kill_on_drop: false }`
[INFO] running `Command { std: "docker" "rm" "-f" "6057714d585f8968ca01b9012c9776bd2587fa596426d66eff914700f797636e", kill_on_drop: false }`
[INFO] [stdout] 6057714d585f8968ca01b9012c9776bd2587fa596426d66eff914700f797636e
