[INFO] fetching crate zoning 1.4.0...
[INFO] testing zoning-1.4.0 against 1.100.0-beta.1+cargoflags=--release for beta-release-1.100-2
[INFO] extracting crate zoning 1.4.0 into /workspace/builds/worker-2-tc2/source
[INFO] started tweaking crates.io crate zoning 1.4.0
[INFO] removed 0 missing tests
[INFO] finished tweaking crates.io crate zoning 1.4.0
[INFO] tweaked toml for crates.io crate zoning 1.4.0 written to /workspace/builds/worker-2-tc2/source/Cargo.toml
[INFO] validating manifest of crates.io crate zoning 1.4.0 on toolchain 1.100.0-beta.1
[INFO] running `Command { std: CARGO_HOME="/workspace/cargo-home" RUSTUP_HOME="/workspace/rustup-home" "/workspace/cargo-home/bin/cargo" "+1.100.0-beta.1" "metadata" "--manifest-path" "Cargo.toml" "--no-deps", kill_on_drop: false }`
[INFO] crate crates.io crate zoning 1.4.0 already has a lockfile, it will not be regenerated
[INFO] running `Command { std: CARGO_HOME="/workspace/cargo-home" RUSTUP_HOME="/workspace/rustup-home" "/workspace/cargo-home/bin/cargo" "+1.100.0-beta.1" "fetch" "--manifest-path" "Cargo.toml", kill_on_drop: false }`
[INFO] [stderr] warning: Cargo.toml: file `/workspace/builds/worker-2-tc2/source/src/main.rs` found to be present in multiple build targets:
[INFO] [stderr]   * `bin` target `zone`
[INFO] [stderr]   * `bin` target `zoning`
[INFO] [stderr] warning: `package.homepage` is redundant with `package.repository`
[INFO] [stderr]   --> Cargo.toml:53:12
[INFO] [stderr]    |
[INFO] [stderr] 53 | homepage = "https://github.com/The-Billy-Company/zoning"
[INFO] [stderr]    |            ^^^^^^^^^^^^^^^^^^^^^^^^^^^^^^^^^^^^^^^^^^^^^
[INFO] [stderr] ...
[INFO] [stderr] 58 | repository = "https://github.com/The-Billy-Company/zoning"
[INFO] [stderr]    |              ---------------------------------------------
[INFO] [stderr]    |
[INFO] [stderr]    = note: `cargo::redundant_homepage` is set to `warn` by default
[INFO] [stderr] help: consider removing `package.homepage`
[INFO] [stderr] warning: `zoning` (manifest) generated 2 warnings
[INFO] [stderr]     Blocking waiting for file lock on package cache
[INFO] running `Command { std: "docker" "create" "-v" "/var/lib/crater-agent-workspace/builds/worker-2-tc2/source:/opt/rustwide/workdir:ro,Z" "-v" "/var/lib/crater-agent-workspace/builds/worker-2-tc2/target:/opt/rustwide/target:rw,Z" "-v" "/var/lib/crater-agent-workspace/cargo-home:/opt/rustwide/cargo-home:ro,Z" "-v" "/var/lib/crater-agent-workspace/rustup-home:/opt/rustwide/rustup-home:ro,Z" "-m" "1610612736" "--network" "none" "ghcr.io/rust-lang/crates-build-env/linux@sha256:77db811e55d90add9212f6832c23229e3de5f1c1f9905e8cb07319ea15df73ac" "sleep" "infinity", kill_on_drop: false }`
[INFO] [stdout] e1832af11173c721f8c54d479d13efa1b405214ea70861e711f50abf8058fbc4
[INFO] running `Command { std: "docker" "start" "e1832af11173c721f8c54d479d13efa1b405214ea70861e711f50abf8058fbc4", kill_on_drop: false }`
[INFO] running `Command { std: "docker" "inspect" "e1832af11173c721f8c54d479d13efa1b405214ea70861e711f50abf8058fbc4", kill_on_drop: false }`
[INFO] running `Command { std: "docker" "exec" "-e" "SOURCE_DIR=/opt/rustwide/workdir" "-e" "CARGO_HOME=/opt/rustwide/cargo-home" "-e" "RUSTUP_HOME=/opt/rustwide/rustup-home" "-e" "CARGO_TARGET_DIR=/opt/rustwide/target" "-w" "/opt/rustwide/workdir" "--user" "0:0" "e1832af11173c721f8c54d479d13efa1b405214ea70861e711f50abf8058fbc4" "/opt/rustwide/cargo-home/bin/cargo" "+1.100.0-beta.1" "metadata" "--no-deps" "--format-version=1", kill_on_drop: false }`
[INFO] running `Command { std: "docker" "inspect" "e1832af11173c721f8c54d479d13efa1b405214ea70861e711f50abf8058fbc4", kill_on_drop: false }`
[INFO] running `Command { std: "docker" "exec" "-e" "SOURCE_DIR=/opt/rustwide/workdir" "-e" "CARGO_HOME=/opt/rustwide/cargo-home" "-e" "RUSTUP_HOME=/opt/rustwide/rustup-home" "-e" "CARGO_TARGET_DIR=/opt/rustwide/target" "-e" "CARGO_INCREMENTAL=0" "-e" "RUST_BACKTRACE=full" "-e" "RUSTFLAGS=--cap-lints=warn" "-e" "RUSTDOCFLAGS=--cap-lints=warn" "-w" "/opt/rustwide/workdir" "--user" "0:0" "e1832af11173c721f8c54d479d13efa1b405214ea70861e711f50abf8058fbc4" "/opt/rustwide/cargo-home/bin/cargo" "+1.100.0-beta.1" "build" "--frozen" "--message-format=json" "--release", kill_on_drop: false }`
[INFO] [stderr] warning: Cargo.toml: file `/opt/rustwide/workdir/src/main.rs` found to be present in multiple build targets:
[INFO] [stderr]   * `bin` target `zone`
[INFO] [stderr]   * `bin` target `zoning`
[INFO] [stderr] warning: `package.homepage` is redundant with `package.repository`
[INFO] [stderr]   --> Cargo.toml:53:12
[INFO] [stderr]    |
[INFO] [stderr] 53 | homepage = "https://github.com/The-Billy-Company/zoning"
[INFO] [stderr]    |            ^^^^^^^^^^^^^^^^^^^^^^^^^^^^^^^^^^^^^^^^^^^^^
[INFO] [stderr] ...
[INFO] [stderr] 58 | repository = "https://github.com/The-Billy-Company/zoning"
[INFO] [stderr]    |              ---------------------------------------------
[INFO] [stderr]    |
[INFO] [stderr]    = note: `cargo::redundant_homepage` is set to `warn` by default
[INFO] [stderr] help: consider removing `package.homepage`
[INFO] [stderr] warning: `zoning` (manifest) generated 2 warnings
[INFO] [stderr]    Compiling crossbeam-utils v0.8.22
[INFO] [stderr]    Compiling fluent-uri v0.1.4
[INFO] [stderr]    Compiling syn v3.0.3
[INFO] [stderr]    Compiling crossbeam-channel v0.5.16
[INFO] [stderr]    Compiling serde_derive v1.0.229
[INFO] [stderr]    Compiling serde_repr v0.1.21
[INFO] [stderr]    Compiling serde v1.0.229
[INFO] [stderr]    Compiling lsp-types v0.97.0
[INFO] [stderr]    Compiling lsp-server v0.10.0
[INFO] [stderr]    Compiling zoning v1.4.0 (/opt/rustwide/workdir)
[INFO] [stderr] warning: unused dependency `lsp-types`
[INFO] [stderr]   --> Cargo.toml:12:15
[INFO] [stderr]    |
[INFO] [stderr] 12 | [dependencies.lsp-types]
[INFO] [stderr]    |               ^^^^^^^^^^
[INFO] [stderr]    |
[INFO] [stderr]    = note: `cargo::unused_dependencies` is set to `warn` by default
[INFO] [stderr] help: consider removing the dependency on `lsp-types`
[INFO] [stderr] warning: `zoning` (manifest) generated 1 warning
[INFO] [stderr]     Finished `release` profile [optimized] target(s) in 38.32s
[INFO] running `Command { std: "docker" "inspect" "e1832af11173c721f8c54d479d13efa1b405214ea70861e711f50abf8058fbc4", kill_on_drop: false }`
[INFO] running `Command { std: "docker" "exec" "-e" "SOURCE_DIR=/opt/rustwide/workdir" "-e" "CARGO_HOME=/opt/rustwide/cargo-home" "-e" "RUSTUP_HOME=/opt/rustwide/rustup-home" "-e" "CARGO_TARGET_DIR=/opt/rustwide/target" "-e" "CARGO_INCREMENTAL=0" "-e" "RUST_BACKTRACE=full" "-e" "RUSTFLAGS=--cap-lints=warn" "-e" "RUSTDOCFLAGS=--cap-lints=warn" "-w" "/opt/rustwide/workdir" "--user" "0:0" "e1832af11173c721f8c54d479d13efa1b405214ea70861e711f50abf8058fbc4" "/opt/rustwide/cargo-home/bin/cargo" "+1.100.0-beta.1" "test" "--frozen" "--no-run" "--message-format=json" "--release", kill_on_drop: false }`
[INFO] [stderr] warning: Cargo.toml: file `/opt/rustwide/workdir/src/main.rs` found to be present in multiple build targets:
[INFO] [stderr]   * `bin` target `zone`
[INFO] [stderr]   * `bin` target `zoning`
[INFO] [stderr] warning: `package.homepage` is redundant with `package.repository`
[INFO] [stderr]   --> Cargo.toml:53:12
[INFO] [stderr]    |
[INFO] [stderr] 53 | homepage = "https://github.com/The-Billy-Company/zoning"
[INFO] [stderr]    |            ^^^^^^^^^^^^^^^^^^^^^^^^^^^^^^^^^^^^^^^^^^^^^
[INFO] [stderr] ...
[INFO] [stderr] 58 | repository = "https://github.com/The-Billy-Company/zoning"
[INFO] [stderr]    |              ---------------------------------------------
[INFO] [stderr]    |
[INFO] [stderr]    = note: `cargo::redundant_homepage` is set to `warn` by default
[INFO] [stderr] help: consider removing `package.homepage`
[INFO] [stderr] warning: `zoning` (manifest) generated 2 warnings
[INFO] [stderr]    Compiling zoning v1.4.0 (/opt/rustwide/workdir)
[INFO] [stderr]     Finished `release` profile [optimized] target(s) in 15.12s
[INFO] running `Command { std: "docker" "inspect" "e1832af11173c721f8c54d479d13efa1b405214ea70861e711f50abf8058fbc4", kill_on_drop: false }`
[INFO] running `Command { std: "docker" "exec" "-e" "SOURCE_DIR=/opt/rustwide/workdir" "-e" "CARGO_HOME=/opt/rustwide/cargo-home" "-e" "RUSTUP_HOME=/opt/rustwide/rustup-home" "-e" "CARGO_TARGET_DIR=/opt/rustwide/target" "-e" "CARGO_INCREMENTAL=0" "-e" "RUST_BACKTRACE=full" "-e" "RUSTFLAGS=--cap-lints=warn" "-e" "RUSTDOCFLAGS=--cap-lints=warn" "-w" "/opt/rustwide/workdir" "--user" "0:0" "e1832af11173c721f8c54d479d13efa1b405214ea70861e711f50abf8058fbc4" "/opt/rustwide/cargo-home/bin/cargo" "+1.100.0-beta.1" "test" "--frozen" "--release", kill_on_drop: false }`
[INFO] [stderr] warning: Cargo.toml: file `/opt/rustwide/workdir/src/main.rs` found to be present in multiple build targets:
[INFO] [stderr]   * `bin` target `zone`
[INFO] [stderr]   * `bin` target `zoning`
[INFO] [stderr] warning: `package.homepage` is redundant with `package.repository`
[INFO] [stderr]   --> Cargo.toml:53:12
[INFO] [stderr]    |
[INFO] [stderr] 53 | homepage = "https://github.com/The-Billy-Company/zoning"
[INFO] [stderr]    |            ^^^^^^^^^^^^^^^^^^^^^^^^^^^^^^^^^^^^^^^^^^^^^
[INFO] [stderr] ...
[INFO] [stderr] 58 | repository = "https://github.com/The-Billy-Company/zoning"
[INFO] [stderr]    |              ---------------------------------------------
[INFO] [stderr]    |
[INFO] [stderr]    = note: `cargo::redundant_homepage` is set to `warn` by default
[INFO] [stderr] help: consider removing `package.homepage`
[INFO] [stderr] warning: `zoning` (manifest) generated 2 warnings
[INFO] [stderr]     Finished `release` profile [optimized] target(s) in 0.04s
[INFO] [stderr]      Running unittests src/lib.rs (/opt/rustwide/target/release/build/zoning/4970f35db835ef61/out/zoning-4970f35db835ef61)
[INFO] [stdout] 
[INFO] [stdout] running 69 tests
[INFO] [stdout] test judge::cycle::tests::a_cycle_inside_one_directory_is_that_directory_s_own_business ... ok
[INFO] [stdout] test judge::law::tests::a_root_file_lives_in_the_root_directory ... ok
[INFO] [stdout] test judge::roll::tests::every_member_leaving_it_idle_is_what_makes_it_dead ... ok
[INFO] [stdout] test ordinance::plat::tests::a_contract_governs_the_directory_it_sits_in ... ok
[INFO] [stdout] test judge::roll::tests::two_workspaces_are_tallied_apart ... ok
[INFO] [stdout] test judge::cycle::tests::a_self_loop_is_not_a_component ... ok
[INFO] [stdout] test judge::cycle::tests::a_cycle_that_detours_through_a_sibling_still_crosses_the_boundary ... ok
[INFO] [stdout] test pattern::tests::agrees_with_the_reference_implementation ... ok
[INFO] [stdout] test judge::law::tests::both_spellings_of_a_fronted_directory_are_one_module ... ok
[INFO] [stdout] test ordinance::plat::tests::a_narrowing_is_a_place_and_not_a_spelling ... ok
[INFO] [stdout] test judge::law::tests::containment_does_not_match_a_prefix_of_a_sibling ... ok
[INFO] [stdout] test judge::cycle::tests::a_line_has_no_components ... ok
[INFO] [stdout] test ordinance::plat::tests::the_older_drawer_still_governs_its_parent ... ok
[INFO] [stdout] test judge::cycle::tests::a_two_cycle_and_a_three_cycle_are_found_separately ... ok
[INFO] [stdout] test pattern::tests::question_marks_and_classes_stop_at_a_separator ... ok
[INFO] [stdout] test setup::tests::zed_edit_is_surgical_and_idempotent ... ok
[INFO] [stdout] test survey::prose::tests::a_backslash_in_a_comment_joins_nothing ... ok
[INFO] [stdout] test survey::prose::tests::a_backslash_without_a_newline_is_left_alone ... ok
[INFO] [stdout] test pattern::tests::a_set_is_an_alternation_and_an_empty_set_claims_nothing ... ok
[INFO] [stdout] test report::json::tests::control_characters_and_quotes_survive_a_round_trip_by_eye ... ok
[INFO] [stdout] test survey::prose::tests::a_carriage_return_still_joins ... ok
[INFO] [stdout] test judge::roll::tests::a_short_roll_makes_no_claim_at_all ... ok
[INFO] [stdout] test survey::prose::tests::a_dialect_without_line_joins_keeps_its_newline ... ok
[INFO] [stdout] test survey::prose::tests::a_lone_quote_inside_a_triple_quote_does_not_close_it ... ok
[INFO] [stdout] test survey::python::tests::a_backslash_continues_a_from_clause_before_its_import ... ok
[INFO] [stdout] test survey::python::tests::a_bare_self_import_names_the_module_roots_own_init ... ok
[INFO] [stdout] test survey::prose::tests::a_triple_quote_spans_lines_and_preserves_offsets ... ok
[INFO] [stdout] test survey::python::tests::a_file_owes_nothing_to_the_package_root_it_already_lives_under ... ok
[INFO] [stdout] test survey::prose::tests::prose_is_erased_and_offsets_survive ... ok
[INFO] [stdout] test survey::python::tests::a_flat_package_recognizes_its_own_declared_name ... ok
[INFO] [stdout] test survey::prose::tests::an_unterminated_triple_quote_blanks_to_end_of_file ... ok
[INFO] [stdout] test survey::prose::tests::multibyte_prose_costs_its_own_width ... ok
[INFO] [stdout] test survey::python::tests::a_relative_import_owes_nothing_to_the_ancestors_it_climbs_through ... ok
[INFO] [stdout] test survey::python::tests::a_hyphenated_declared_name_matches_its_underscored_import ... ok
[INFO] [stdout] test survey::python::tests::from_import_of_an_external_module_is_one_departure ... ok
[INFO] [stdout] test survey::python::tests::comma_separated_plain_imports ... ok
[INFO] [stdout] test survey::python::tests::indented_and_semicolon_separated_imports_are_still_statements ... ok
[INFO] [stdout] test survey::python::tests::from_import_of_named_submodules ... ok
[INFO] [stdout] test survey::python::tests::is_local_distinguishes_a_produced_path_from_a_module_name ... ok
[INFO] [stdout] test survey::python::tests::plain_absolute_import_of_a_root_package ... ok
[INFO] [stdout] test survey::python::tests::only_the_word_import_counts_not_a_longer_identifier ... ok
[INFO] [stdout] test report::json::tests::no_findings_is_an_empty_array_not_an_empty_string ... ok
[INFO] [stdout] test survey::prose::tests::a_line_join_erases_its_own_newline ... ok
[INFO] [stdout] test survey::python::tests::a_package_that_already_has_a_directory_of_its_own_name_is_untouched ... ok
[INFO] [stdout] test survey::python::tests::plain_import_of_an_external_dependency ... ok
[INFO] [stdout] test survey::python::tests::raise_from_and_yield_from_are_not_import_statements ... ok
[INFO] [stdout] test ordinance::plat::tests::identity_is_the_leading_declaration ... ok
[INFO] [stdout] test judge::roll::tests::a_grant_one_member_exercises_is_not_dormant_for_the_workspace ... ok
[INFO] [stdout] test survey::python::tests::vendored_reads_path_dependencies ... ok
[INFO] [stdout] test survey::prose::tests::a_quote_inside_a_comment_does_not_open_a_string ... ok
[INFO] [stdout] test survey::prose::tests::a_slash_inside_a_string_does_not_open_a_comment ... ok
[INFO] [stdout] test survey::python::tests::parenthesized_multiline_names ... ok
[INFO] [stdout] test survey::python::tests::a_backslash_continues_a_name_list_onto_the_next_line ... ok
[INFO] [stdout] test survey::python::tests::an_absolute_import_depends_on_every_ancestor_it_initializes ... ok
[INFO] [stdout] test survey::python::tests::comments_and_docstrings_are_not_mistaken_for_imports ... ok
[INFO] [stdout] test survey::python::tests::relative_import_same_directory ... ok
[INFO] [stdout] test survey::tests::line_numbers_are_one_based_and_land_on_the_statement ... ok
[INFO] [stdout] test survey::python::tests::declared_reads_the_pep_621_project_name ... ok
[INFO] [stdout] test survey::zig::tests::reads_in_tree_dependencies_and_not_the_publish_paths ... ok
[INFO] [stdout] test survey::zig::tests::reads_real_imports_and_ignores_quoted_ones ... ok
[INFO] [stdout] test survey::python::tests::star_import_names_only_the_base ... ok
[INFO] [stdout] test survey::tests::imports_resolve_lexically_and_escapes_are_detected ... ok
[INFO] [stdout] test survey::python::tests::relative_import_with_a_named_module ... ok
[INFO] [stdout] test survey::zig::tests::a_named_module_is_not_a_path ... ok
[INFO] [stdout] test survey::zig::tests::reads_the_declared_name_in_either_spelling ... ok
[INFO] [stdout] test survey::python::tests::relative_import_climbs_a_level ... ok
[INFO] [stdout] test survey::python::tests::stdlib_covers_the_modules_every_supported_interpreter_ships ... ok
[INFO] [stdout] test setup::tests::fake_home_install_repair_and_uninstall_are_owned ... ok
[INFO] [stdout] test judge::cycle::tests::a_deep_chain_does_not_overflow_the_stack ... ok
[INFO] [stdout] 
[INFO] [stdout] test result: ok. 69 passed; 0 failed; 0 ignored; 0 measured; 0 filtered out; finished in 0.22s
[INFO] [stdout] 
[INFO] [stderr]      Running unittests src/main.rs (/opt/rustwide/target/release/build/zoning/42b77a706197b168/out/zone-42b77a706197b168)
[INFO] [stdout] 
[INFO] [stdout] running 0 tests
[INFO] [stdout] 
[INFO] [stdout] test result: ok. 0 passed; 0 failed; 0 ignored; 0 measured; 0 filtered out; finished in 0.00s
[INFO] [stdout] 
[INFO] [stderr]      Running unittests src/main.rs (/opt/rustwide/target/release/build/zoning/d3e99f05dacde26e/out/zoning-d3e99f05dacde26e)
[INFO] [stdout] 
[INFO] [stdout] running 0 tests
[INFO] [stdout] 
[INFO] [stdout] test result: ok. 0 passed; 0 failed; 0 ignored; 0 measured; 0 filtered out; finished in 0.00s
[INFO] [stdout] 
[INFO] [stderr]      Running tests/editors.rs (/opt/rustwide/target/release/build/zoning/35b325def8e38713/out/editors-35b325def8e38713)
[INFO] [stdout] 
[INFO] [stdout] running 6 tests
[INFO] [stdout] test every_adapter_launches_the_command_the_protocol_suite_proves ... FAILED
[INFO] [stdout] test every_adapter_claims_the_zone_extension ... FAILED
[INFO] [stdout] test every_adapter_agrees_on_the_comment_marker_and_the_folded_reason ... FAILED
[INFO] [stdout] test zed_paints_the_law_rule_its_grammar_defines ... FAILED
[INFO] [stdout] test every_highlighter_learns_every_keyword_the_server_completes ... FAILED
[INFO] [stderr] error: test failed, to rerun pass `--test editors`
[INFO] [stdout] test every_highlighter_learns_every_law_a_variance_can_name ... FAILED
[INFO] [stdout] 
[INFO] [stdout] failures:
[INFO] [stdout] 
[INFO] [stdout] ---- every_adapter_launches_the_command_the_protocol_suite_proves stdout ----
[INFO] [stdout] 
[INFO] [stdout] thread 'every_adapter_launches_the_command_the_protocol_suite_proves' (889) panicked at tests/editor/mod.rs:237:31:
[INFO] [stdout] editors/vim/autoload/zoning/lsp.vim must be readable: No such file or directory (os error 2)
[INFO] [stdout] stack backtrace:
[INFO] [stdout]    0:     0x613a5d85f431 - <<std[617be2ca0a6fd877]::sys::backtrace::BacktraceLock>::print::DisplayBacktrace as core[a373ad73a504971]::fmt::Display>::fmt
[INFO] [stdout]    1:     0x613a5d873f3a - core[a373ad73a504971]::fmt::write
[INFO] [stdout]    2:     0x613a5d863bfc - <alloc[2e1b2a31b91974c5]::vec::Vec<u8> as core[a373ad73a504971]::io::write::Write>::write_fmt
[INFO] [stdout]    3:     0x613a5d83a2e6 - std[617be2ca0a6fd877]::panicking::default_hook::{closure#0}
[INFO] [stdout]    4:     0x613a5d857109 - std[617be2ca0a6fd877]::panicking::default_hook
[INFO] [stdout]    5:     0x613a5d7df360 - test[aada8e7e76ba119b]::test_main_inner::{closure#0}
[INFO] [stdout]    6:     0x613a5d8572c2 - std[617be2ca0a6fd877]::panicking::panic_with_hook
[INFO] [stdout]    7:     0x613a5d83a392 - std[617be2ca0a6fd877]::panicking::panic_handler::{closure#0}
[INFO] [stdout]    8:     0x613a5d832e79 - std[617be2ca0a6fd877]::sys::backtrace::__rust_end_short_backtrace::<std[617be2ca0a6fd877]::panicking::panic_handler::{closure#0}, !>
[INFO] [stdout]    9:     0x613a5d83af9d - __rustc[ea4f61d10b84890b]::rust_begin_unwind
[INFO] [stdout]   10:     0x613a5d87466c - core[a373ad73a504971]::panicking::panic_fmt
[INFO] [stdout]   11:     0x613a5d7611ca - editors[3b9dec82ccc34d4c]::editor::adapter::{closure#0}
[INFO] [stdout]   12:     0x613a5d763525 - editors[3b9dec82ccc34d4c]::editor::adapter
[INFO] [stdout]   13:     0x613a5d74d14c - <editors[3b9dec82ccc34d4c]::every_adapter_launches_the_command_the_protocol_suite_proves::{closure#0} as core[a373ad73a504971]::ops::function::FnOnce<()>>::call_once
[INFO] [stdout]   14:     0x613a5d7d27ab - test[aada8e7e76ba119b]::__rust_begin_short_backtrace::<core[a373ad73a504971]::result::Result<(), alloc[2e1b2a31b91974c5]::string::String>, fn() -> core[a373ad73a504971]::result::Result<(), alloc[2e1b2a31b91974c5]::string::String>>
[INFO] [stdout]   15:     0x613a5d7df985 - test[aada8e7e76ba119b]::run_test::{closure#0}
[INFO] [stdout]   16:     0x613a5d7d9274 - std[617be2ca0a6fd877]::sys::backtrace::__rust_begin_short_backtrace::<test[aada8e7e76ba119b]::run_test::{closure#1}, ()>
[INFO] [stdout]   17:     0x613a5d7e2a12 - <std[617be2ca0a6fd877]::thread::lifecycle::spawn_unchecked<test[aada8e7e76ba119b]::run_test::{closure#1}, ()>::{closure#1} as core[a373ad73a504971]::ops::function::FnOnce<()>>::call_once::{shim:vtable#0}
[INFO] [stdout]   18:     0x613a5d85e8ff - <std[617be2ca0a6fd877]::sys::thread::unix::Thread>::new::thread_start
[INFO] [stdout]   19:     0x72abb526ddfa - <unknown>
[INFO] [stdout]   20:     0x72abb53013d4 - clone
[INFO] [stdout]   21:                0x0 - <unknown>
[INFO] [stdout] 
[INFO] [stdout] ---- every_adapter_claims_the_zone_extension stdout ----
[INFO] [stdout] 
[INFO] [stdout] thread 'every_adapter_claims_the_zone_extension' (888) panicked at tests/editor/mod.rs:237:31:
[INFO] [stdout] editors/vim/ftdetect/zoning.vim must be readable: No such file or directory (os error 2)
[INFO] [stdout] stack backtrace:
[INFO] [stdout]    0:     0x613a5d85f431 - <<std[617be2ca0a6fd877]::sys::backtrace::BacktraceLock>::print::DisplayBacktrace as core[a373ad73a504971]::fmt::Display>::fmt
[INFO] [stdout]    1:     0x613a5d873f3a - core[a373ad73a504971]::fmt::write
[INFO] [stdout]    2:     0x613a5d863bfc - <alloc[2e1b2a31b91974c5]::vec::Vec<u8> as core[a373ad73a504971]::io::write::Write>::write_fmt
[INFO] [stdout]    3:     0x613a5d83a2e6 - std[617be2ca0a6fd877]::panicking::default_hook::{closure#0}
[INFO] [stdout]    4:     0x613a5d857109 - std[617be2ca0a6fd877]::panicking::default_hook
[INFO] [stdout]    5:     0x613a5d7df360 - test[aada8e7e76ba119b]::test_main_inner::{closure#0}
[INFO] [stdout]    6:     0x613a5d8572c2 - std[617be2ca0a6fd877]::panicking::panic_with_hook
[INFO] [stdout]    7:     0x613a5d83a392 - std[617be2ca0a6fd877]::panicking::panic_handler::{closure#0}
[INFO] [stdout]    8:     0x613a5d832e79 - std[617be2ca0a6fd877]::sys::backtrace::__rust_end_short_backtrace::<std[617be2ca0a6fd877]::panicking::panic_handler::{closure#0}, !>
[INFO] [stdout]    9:     0x613a5d83af9d - __rustc[ea4f61d10b84890b]::rust_begin_unwind
[INFO] [stdout]   10:     0x613a5d87466c - core[a373ad73a504971]::panicking::panic_fmt
[INFO] [stdout]   11:     0x613a5d7611ca - editors[3b9dec82ccc34d4c]::editor::adapter::{closure#0}
[INFO] [stdout]   12:     0x613a5d763525 - editors[3b9dec82ccc34d4c]::editor::adapter
[INFO] [stdout]   13:     0x613a5d74be4d - <editors[3b9dec82ccc34d4c]::every_adapter_claims_the_zone_extension::{closure#0} as core[a373ad73a504971]::ops::function::FnOnce<()>>::call_once
[INFO] [stdout]   14:     0x613a5d7d27ab - test[aada8e7e76ba119b]::__rust_begin_short_backtrace::<core[a373ad73a504971]::result::Result<(), alloc[2e1b2a31b91974c5]::string::String>, fn() -> core[a373ad73a504971]::result::Result<(), alloc[2e1b2a31b91974c5]::string::String>>
[INFO] [stdout]   15:     0x613a5d7df985 - test[aada8e7e76ba119b]::run_test::{closure#0}
[INFO] [stdout]   16:     0x613a5d7d9274 - std[617be2ca0a6fd877]::sys::backtrace::__rust_begin_short_backtrace::<test[aada8e7e76ba119b]::run_test::{closure#1}, ()>
[INFO] [stdout]   17:     0x613a5d7e2a12 - <std[617be2ca0a6fd877]::thread::lifecycle::spawn_unchecked<test[aada8e7e76ba119b]::run_test::{closure#1}, ()>::{closure#1} as core[a373ad73a504971]::ops::function::FnOnce<()>>::call_once::{shim:vtable#0}
[INFO] [stdout]   18:     0x613a5d85e8ff - <std[617be2ca0a6fd877]::sys::thread::unix::Thread>::new::thread_start
[INFO] [stdout]   19:     0x72abb526ddfa - <unknown>
[INFO] [stdout]   20:     0x72abb53013d4 - clone
[INFO] [stdout]   21:                0x0 - <unknown>
[INFO] [stdout] 
[INFO] [stdout] ---- every_adapter_agrees_on_the_comment_marker_and_the_folded_reason stdout ----
[INFO] [stdout] 
[INFO] [stdout] thread 'every_adapter_agrees_on_the_comment_marker_and_the_folded_reason' (887) panicked at tests/editor/mod.rs:237:31:
[INFO] [stdout] editors/vim/syntax/zoning.vim must be readable: No such file or directory (os error 2)
[INFO] [stdout] stack backtrace:
[INFO] [stdout]    0:     0x613a5d85f431 - <<std[617be2ca0a6fd877]::sys::backtrace::BacktraceLock>::print::DisplayBacktrace as core[a373ad73a504971]::fmt::Display>::fmt
[INFO] [stdout]    1:     0x613a5d873f3a - core[a373ad73a504971]::fmt::write
[INFO] [stdout]    2:     0x613a5d863bfc - <alloc[2e1b2a31b91974c5]::vec::Vec<u8> as core[a373ad73a504971]::io::write::Write>::write_fmt
[INFO] [stdout]    3:     0x613a5d83a2e6 - std[617be2ca0a6fd877]::panicking::default_hook::{closure#0}
[INFO] [stdout]    4:     0x613a5d857109 - std[617be2ca0a6fd877]::panicking::default_hook
[INFO] [stdout]    5:     0x613a5d7df360 - test[aada8e7e76ba119b]::test_main_inner::{closure#0}
[INFO] [stdout]    6:     0x613a5d8572c2 - std[617be2ca0a6fd877]::panicking::panic_with_hook
[INFO] [stdout]    7:     0x613a5d83a392 - std[617be2ca0a6fd877]::panicking::panic_handler::{closure#0}
[INFO] [stdout]    8:     0x613a5d832e79 - std[617be2ca0a6fd877]::sys::backtrace::__rust_end_short_backtrace::<std[617be2ca0a6fd877]::panicking::panic_handler::{closure#0}, !>
[INFO] [stdout]    9:     0x613a5d83af9d - __rustc[ea4f61d10b84890b]::rust_begin_unwind
[INFO] [stdout]   10:     0x613a5d87466c - core[a373ad73a504971]::panicking::panic_fmt
[INFO] [stdout]   11:     0x613a5d7611ca - editors[3b9dec82ccc34d4c]::editor::adapter::{closure#0}
[INFO] [stdout]   12:     0x613a5d763525 - editors[3b9dec82ccc34d4c]::editor::adapter
[INFO] [stdout]   13:     0x613a5d74d631 - <editors[3b9dec82ccc34d4c]::every_adapter_agrees_on_the_comment_marker_and_the_folded_reason::{closure#0} as core[a373ad73a504971]::ops::function::FnOnce<()>>::call_once
[INFO] [stdout]   14:     0x613a5d7d27ab - test[aada8e7e76ba119b]::__rust_begin_short_backtrace::<core[a373ad73a504971]::result::Result<(), alloc[2e1b2a31b91974c5]::string::String>, fn() -> core[a373ad73a504971]::result::Result<(), alloc[2e1b2a31b91974c5]::string::String>>
[INFO] [stdout]   15:     0x613a5d7df985 - test[aada8e7e76ba119b]::run_test::{closure#0}
[INFO] [stdout]   16:     0x613a5d7d9274 - std[617be2ca0a6fd877]::sys::backtrace::__rust_begin_short_backtrace::<test[aada8e7e76ba119b]::run_test::{closure#1}, ()>
[INFO] [stdout]   17:     0x613a5d7e2a12 - <std[617be2ca0a6fd877]::thread::lifecycle::spawn_unchecked<test[aada8e7e76ba119b]::run_test::{closure#1}, ()>::{closure#1} as core[a373ad73a504971]::ops::function::FnOnce<()>>::call_once::{shim:vtable#0}
[INFO] [stdout]   18:     0x613a5d85e8ff - <std[617be2ca0a6fd877]::sys::thread::unix::Thread>::new::thread_start
[INFO] [stdout]   19:     0x72abb526ddfa - <unknown>
[INFO] [stdout]   20:     0x72abb53013d4 - clone
[INFO] [stdout]   21:                0x0 - <unknown>
[INFO] [stdout] 
[INFO] [stdout] ---- zed_paints_the_law_rule_its_grammar_defines stdout ----
[INFO] [stdout] 
[INFO] [stdout] thread 'zed_paints_the_law_rule_its_grammar_defines' (892) panicked at tests/editor/mod.rs:237:31:
[INFO] [stdout] editors/zed/languages/zoning/highlights.scm must be readable: No such file or directory (os error 2)
[INFO] [stdout] stack backtrace:
[INFO] [stdout]    0:     0x613a5d85f431 - <<std[617be2ca0a6fd877]::sys::backtrace::BacktraceLock>::print::DisplayBacktrace as core[a373ad73a504971]::fmt::Display>::fmt
[INFO] [stdout]    1:     0x613a5d873f3a - core[a373ad73a504971]::fmt::write
[INFO] [stdout]    2:     0x613a5d863bfc - <alloc[2e1b2a31b91974c5]::vec::Vec<u8> as core[a373ad73a504971]::io::write::Write>::write_fmt
[INFO] [stdout]    3:     0x613a5d83a2e6 - std[617be2ca0a6fd877]::panicking::default_hook::{closure#0}
[INFO] [stdout]    4:     0x613a5d857109 - std[617be2ca0a6fd877]::panicking::default_hook
[INFO] [stdout]    5:     0x613a5d7df360 - test[aada8e7e76ba119b]::test_main_inner::{closure#0}
[INFO] [stdout]    6:     0x613a5d8572c2 - std[617be2ca0a6fd877]::panicking::panic_with_hook
[INFO] [stdout]    7:     0x613a5d83a392 - std[617be2ca0a6fd877]::panicking::panic_handler::{closure#0}
[INFO] [stdout]    8:     0x613a5d832e79 - std[617be2ca0a6fd877]::sys::backtrace::__rust_end_short_backtrace::<std[617be2ca0a6fd877]::panicking::panic_handler::{closure#0}, !>
[INFO] [stdout]    9:     0x613a5d83af9d - __rustc[ea4f61d10b84890b]::rust_begin_unwind
[INFO] [stdout]   10:     0x613a5d87466c - core[a373ad73a504971]::panicking::panic_fmt
[INFO] [stdout]   11:     0x613a5d7611ca - editors[3b9dec82ccc34d4c]::editor::adapter::{closure#0}
[INFO] [stdout]   12:     0x613a5d763525 - editors[3b9dec82ccc34d4c]::editor::adapter
[INFO] [stdout]   13:     0x613a5d74c0ce - <editors[3b9dec82ccc34d4c]::zed_paints_the_law_rule_its_grammar_defines::{closure#0} as core[a373ad73a504971]::ops::function::FnOnce<()>>::call_once
[INFO] [stdout]   14:     0x613a5d7d27ab - test[aada8e7e76ba119b]::__rust_begin_short_backtrace::<core[a373ad73a504971]::result::Result<(), alloc[2e1b2a31b91974c5]::string::String>, fn() -> core[a373ad73a504971]::result::Result<(), alloc[2e1b2a31b91974c5]::string::String>>
[INFO] [stdout]   15:     0x613a5d7df985 - test[aada8e7e76ba119b]::run_test::{closure#0}
[INFO] [stdout]   16:     0x613a5d7d9274 - std[617be2ca0a6fd877]::sys::backtrace::__rust_begin_short_backtrace::<test[aada8e7e76ba119b]::run_test::{closure#1}, ()>
[INFO] [stdout]   17:     0x613a5d7e2a12 - <std[617be2ca0a6fd877]::thread::lifecycle::spawn_unchecked<test[aada8e7e76ba119b]::run_test::{closure#1}, ()>::{closure#1} as core[a373ad73a504971]::ops::function::FnOnce<()>>::call_once::{shim:vtable#0}
[INFO] [stdout]   18:     0x613a5d85e8ff - <std[617be2ca0a6fd877]::sys::thread::unix::Thread>::new::thread_start
[INFO] [stdout]   19:     0x72abb526ddfa - <unknown>
[INFO] [stdout]   20:     0x72abb53013d4 - clone
[INFO] [stdout]   21:                0x0 - <unknown>
[INFO] [stdout] 
[INFO] [stdout] ---- every_highlighter_learns_every_keyword_the_server_completes stdout ----
[INFO] [stdout] 
[INFO] [stdout] thread 'every_highlighter_learns_every_keyword_the_server_completes' (890) panicked at tests/editor/mod.rs:237:31:
[INFO] [stdout] editors/vim/syntax/zoning.vim must be readable: No such file or directory (os error 2)
[INFO] [stdout] stack backtrace:
[INFO] [stdout]    0:     0x613a5d85f431 - <<std[617be2ca0a6fd877]::sys::backtrace::BacktraceLock>::print::DisplayBacktrace as core[a373ad73a504971]::fmt::Display>::fmt
[INFO] [stdout]    1:     0x613a5d873f3a - core[a373ad73a504971]::fmt::write
[INFO] [stdout]    2:     0x613a5d863bfc - <alloc[2e1b2a31b91974c5]::vec::Vec<u8> as core[a373ad73a504971]::io::write::Write>::write_fmt
[INFO] [stdout]    3:     0x613a5d83a2e6 - std[617be2ca0a6fd877]::panicking::default_hook::{closure#0}
[INFO] [stdout]    4:     0x613a5d857109 - std[617be2ca0a6fd877]::panicking::default_hook
[INFO] [stdout]    5:     0x613a5d7df360 - test[aada8e7e76ba119b]::test_main_inner::{closure#0}
[INFO] [stdout]    6:     0x613a5d8572c2 - std[617be2ca0a6fd877]::panicking::panic_with_hook
[INFO] [stdout]    7:     0x613a5d83a392 - std[617be2ca0a6fd877]::panicking::panic_handler::{closure#0}
[INFO] [stdout]    8:     0x613a5d832e79 - std[617be2ca0a6fd877]::sys::backtrace::__rust_end_short_backtrace::<std[617be2ca0a6fd877]::panicking::panic_handler::{closure#0}, !>
[INFO] [stdout]    9:     0x613a5d83af9d - __rustc[ea4f61d10b84890b]::rust_begin_unwind
[INFO] [stdout]   10:     0x613a5d87466c - core[a373ad73a504971]::panicking::panic_fmt
[INFO] [stdout]   11:     0x613a5d7611ca - editors[3b9dec82ccc34d4c]::editor::adapter::{closure#0}
[INFO] [stdout]   12:     0x613a5d763525 - editors[3b9dec82ccc34d4c]::editor::adapter
[INFO] [stdout]   13:     0x613a5d74eadf - <alloc[2e1b2a31b91974c5]::vec::Vec<alloc[2e1b2a31b91974c5]::string::String> as alloc[2e1b2a31b91974c5]::vec::spec_from_iter_nested::SpecFromIterNested<alloc[2e1b2a31b91974c5]::string::String, core[a373ad73a504971]::iter::adapters::map::Map<core[a373ad73a504971]::slice::iter::Iter<&str>, editors[3b9dec82ccc34d4c]::seen_by::{closure#0}>>>::from_iter
[INFO] [stdout]   14:     0x613a5d74b02f - editors[3b9dec82ccc34d4c]::seen_by
[INFO] [stdout]   15:     0x613a5d74cab1 - <editors[3b9dec82ccc34d4c]::every_highlighter_learns_every_keyword_the_server_completes::{closure#0} as core[a373ad73a504971]::ops::function::FnOnce<()>>::call_once
[INFO] [stdout]   16:     0x613a5d7d27ab - test[aada8e7e76ba119b]::__rust_begin_short_backtrace::<core[a373ad73a504971]::result::Result<(), alloc[2e1b2a31b91974c5]::string::String>, fn() -> core[a373ad73a504971]::result::Result<(), alloc[2e1b2a31b91974c5]::string::String>>
[INFO] [stdout]   17:     0x613a5d7df985 - test[aada8e7e76ba119b]::run_test::{closure#0}
[INFO] [stdout]   18:     0x613a5d7d9274 - std[617be2ca0a6fd877]::sys::backtrace::__rust_begin_short_backtrace::<test[aada8e7e76ba119b]::run_test::{closure#1}, ()>
[INFO] [stdout]   19:     0x613a5d7e2a12 - <std[617be2ca0a6fd877]::thread::lifecycle::spawn_unchecked<test[aada8e7e76ba119b]::run_test::{closure#1}, ()>::{closure#1} as core[a373ad73a504971]::ops::function::FnOnce<()>>::call_once::{shim:vtable#0}
[INFO] [stdout]   20:     0x613a5d85e8ff - <std[617be2ca0a6fd877]::sys::thread::unix::Thread>::new::thread_start
[INFO] [stdout]   21:     0x72abb526ddfa - <unknown>
[INFO] [stdout]   22:     0x72abb53013d4 - clone
[INFO] [stdout]   23:                0x0 - <unknown>
[INFO] [stdout] 
[INFO] [stdout] ---- every_highlighter_learns_every_law_a_variance_can_name stdout ----
[INFO] [stdout] 
[INFO] [stdout] thread 'every_highlighter_learns_every_law_a_variance_can_name' (891) panicked at tests/editor/mod.rs:237:31:
[INFO] [stdout] editors/vim/syntax/zoning.vim must be readable: No such file or directory (os error 2)
[INFO] [stdout] stack backtrace:
[INFO] [stdout]    0:     0x613a5d85f431 - <<std[617be2ca0a6fd877]::sys::backtrace::BacktraceLock>::print::DisplayBacktrace as core[a373ad73a504971]::fmt::Display>::fmt
[INFO] [stdout]    1:     0x613a5d873f3a - core[a373ad73a504971]::fmt::write
[INFO] [stdout]    2:     0x613a5d863bfc - <alloc[2e1b2a31b91974c5]::vec::Vec<u8> as core[a373ad73a504971]::io::write::Write>::write_fmt
[INFO] [stdout]    3:     0x613a5d83a2e6 - std[617be2ca0a6fd877]::panicking::default_hook::{closure#0}
[INFO] [stdout]    4:     0x613a5d857109 - std[617be2ca0a6fd877]::panicking::default_hook
[INFO] [stdout]    5:     0x613a5d7df360 - test[aada8e7e76ba119b]::test_main_inner::{closure#0}
[INFO] [stdout]    6:     0x613a5d8572c2 - std[617be2ca0a6fd877]::panicking::panic_with_hook
[INFO] [stdout]    7:     0x613a5d83a392 - std[617be2ca0a6fd877]::panicking::panic_handler::{closure#0}
[INFO] [stdout]    8:     0x613a5d832e79 - std[617be2ca0a6fd877]::sys::backtrace::__rust_end_short_backtrace::<std[617be2ca0a6fd877]::panicking::panic_handler::{closure#0}, !>
[INFO] [stdout]    9:     0x613a5d83af9d - __rustc[ea4f61d10b84890b]::rust_begin_unwind
[INFO] [stdout]   10:     0x613a5d87466c - core[a373ad73a504971]::panicking::panic_fmt
[INFO] [stdout]   11:     0x613a5d7611ca - editors[3b9dec82ccc34d4c]::editor::adapter::{closure#0}
[INFO] [stdout]   12:     0x613a5d763525 - editors[3b9dec82ccc34d4c]::editor::adapter
[INFO] [stdout]   13:     0x613a5d74eadf - <alloc[2e1b2a31b91974c5]::vec::Vec<alloc[2e1b2a31b91974c5]::string::String> as alloc[2e1b2a31b91974c5]::vec::spec_from_iter_nested::SpecFromIterNested<alloc[2e1b2a31b91974c5]::string::String, core[a373ad73a504971]::iter::adapters::map::Map<core[a373ad73a504971]::slice::iter::Iter<&str>, editors[3b9dec82ccc34d4c]::seen_by::{closure#0}>>>::from_iter
[INFO] [stdout]   14:     0x613a5d74b02f - editors[3b9dec82ccc34d4c]::seen_by
[INFO] [stdout]   15:     0x613a5d74c1af - <editors[3b9dec82ccc34d4c]::every_highlighter_learns_every_law_a_variance_can_name::{closure#0} as core[a373ad73a504971]::ops::function::FnOnce<()>>::call_once
[INFO] [stdout]   16:     0x613a5d7d27ab - test[aada8e7e76ba119b]::__rust_begin_short_backtrace::<core[a373ad73a504971]::result::Result<(), alloc[2e1b2a31b91974c5]::string::String>, fn() -> core[a373ad73a504971]::result::Result<(), alloc[2e1b2a31b91974c5]::string::String>>
[INFO] [stdout]   17:     0x613a5d7df985 - test[aada8e7e76ba119b]::run_test::{closure#0}
[INFO] [stdout]   18:     0x613a5d7d9274 - std[617be2ca0a6fd877]::sys::backtrace::__rust_begin_short_backtrace::<test[aada8e7e76ba119b]::run_test::{closure#1}, ()>
[INFO] [stdout]   19:     0x613a5d7e2a12 - <std[617be2ca0a6fd877]::thread::lifecycle::spawn_unchecked<test[aada8e7e76ba119b]::run_test::{closure#1}, ()>::{closure#1} as core[a373ad73a504971]::ops::function::FnOnce<()>>::call_once::{shim:vtable#0}
[INFO] [stdout]   20:     0x613a5d85e8ff - <std[617be2ca0a6fd877]::sys::thread::unix::Thread>::new::thread_start
[INFO] [stdout]   21:     0x72abb526ddfa - <unknown>
[INFO] [stdout]   22:     0x72abb53013d4 - clone
[INFO] [stdout]   23:                0x0 - <unknown>
[INFO] [stdout] 
[INFO] [stdout] 
[INFO] [stdout] failures:
[INFO] [stdout]     every_adapter_agrees_on_the_comment_marker_and_the_folded_reason
[INFO] [stdout]     every_adapter_claims_the_zone_extension
[INFO] [stdout]     every_adapter_launches_the_command_the_protocol_suite_proves
[INFO] [stdout]     every_highlighter_learns_every_keyword_the_server_completes
[INFO] [stdout]     every_highlighter_learns_every_law_a_variance_can_name
[INFO] [stdout]     zed_paints_the_law_rule_its_grammar_defines
[INFO] [stdout] 
[INFO] [stdout] test result: FAILED. 0 passed; 6 failed; 0 ignored; 0 measured; 0 filtered out; finished in 0.04s
[INFO] [stdout] 
[INFO] running `Command { std: "docker" "inspect" "e1832af11173c721f8c54d479d13efa1b405214ea70861e711f50abf8058fbc4", kill_on_drop: false }`
[INFO] running `Command { std: "docker" "rm" "-f" "e1832af11173c721f8c54d479d13efa1b405214ea70861e711f50abf8058fbc4", kill_on_drop: false }`
[INFO] [stdout] e1832af11173c721f8c54d479d13efa1b405214ea70861e711f50abf8058fbc4
