[INFO] fetching crate znippy-compress 0.9.14...
[INFO] testing znippy-compress-0.9.14 against 1.99.0-beta.8+cargoflags=--release for beta-release-1.100-2
[INFO] extracting crate znippy-compress 0.9.14 into /workspace/builds/worker-2-tc1/source
[INFO] started tweaking crates.io crate znippy-compress 0.9.14
[INFO] removed 0 missing examples
[INFO] finished tweaking crates.io crate znippy-compress 0.9.14
[INFO] tweaked toml for crates.io crate znippy-compress 0.9.14 written to /workspace/builds/worker-2-tc1/source/Cargo.toml
[INFO] validating manifest of crates.io crate znippy-compress 0.9.14 on toolchain 1.99.0-beta.8
[INFO] running `Command { std: CARGO_HOME="/workspace/cargo-home" RUSTUP_HOME="/workspace/rustup-home" "/workspace/cargo-home/bin/cargo" "+1.99.0-beta.8" "metadata" "--manifest-path" "Cargo.toml" "--no-deps", kill_on_drop: false }`
[INFO] crate crates.io crate znippy-compress 0.9.14 already has a lockfile, it will not be regenerated
[INFO] running `Command { std: CARGO_HOME="/workspace/cargo-home" RUSTUP_HOME="/workspace/rustup-home" "/workspace/cargo-home/bin/cargo" "+1.99.0-beta.8" "fetch" "--manifest-path" "Cargo.toml", kill_on_drop: false }`
[INFO] [stderr]     Updating crates.io index
[INFO] [stderr]  Downloading crates ...
[INFO] [stderr]   Downloaded rotaryengine v0.1.12
[INFO] [stderr]   Downloaded memchr v2.8.2
[INFO] [stderr]   Downloaded futures-sink v0.3.32
[INFO] [stderr]   Downloaded futures-util v0.3.32
[INFO] [stderr]   Downloaded fastrand v2.4.1
[INFO] [stderr]   Downloaded wasm-bindgen-macro v0.2.126
[INFO] [stderr]   Downloaded futures-macro v0.3.32
[INFO] [stderr]   Downloaded cpufeatures v0.3.0
[INFO] [stderr]   Downloaded quote v1.0.46
[INFO] [stderr]   Downloaded wasm-bindgen v0.2.126
[INFO] [stderr]   Downloaded arrow-string v59.2.0
[INFO] [stderr]   Downloaded futures-task v0.3.32
[INFO] [stderr]   Downloaded arrow-ord v59.2.0
[INFO] [stderr]   Downloaded zerocopy-derive v0.8.52
[INFO] [stderr]   Downloaded arrayref v0.3.9
[INFO] [stderr]   Downloaded arrow-schema v59.2.0
[INFO] [stderr]   Downloaded futures-executor v0.3.32
[INFO] [stderr]   Downloaded wasm-bindgen-shared v0.2.126
[INFO] [stderr]   Downloaded futures-core v0.3.32
[INFO] [stderr]   Downloaded anyhow v1.0.103
[INFO] [stderr]   Downloaded cc v1.2.65
[INFO] [stderr]   Downloaded arrow-csv v59.2.0
[INFO] [stderr]   Downloaded arrow-data v59.2.0
[INFO] [stderr]   Downloaded log v0.4.33
[INFO] [stderr]   Downloaded arrow-arith v59.2.0
[INFO] [stderr]   Downloaded bytes v1.12.0
[INFO] [stderr]   Downloaded io-uring v0.7.13
[INFO] [stderr]   Downloaded arrow v59.2.0
[INFO] [stderr]   Downloaded aho-corasick v1.1.4
[INFO] [stderr]   Downloaded arrow-ipc v59.2.0
[INFO] [stderr]   Downloaded arrow-buffer v59.2.0
[INFO] [stderr]   Downloaded regex v1.12.4
[INFO] [stderr]   Downloaded arrow-row v59.2.0
[INFO] [stderr]   Downloaded wasm-bindgen-macro-support v0.2.126
[INFO] [stderr]   Downloaded serde_json v1.0.150
[INFO] [stderr]   Downloaded arrow-cast v59.2.0
[INFO] [stderr]   Downloaded zlib-rs v0.6.5
[INFO] [stderr]   Downloaded nornir-testmatrix v0.2.9
[INFO] [stderr]   Downloaded blake3 v1.8.5
[INFO] [stderr]   Downloaded syn v2.0.118
[INFO] [stderr]   Downloaded znippy-common v0.9.15
[INFO] [stderr]   Downloaded arrow-select v59.2.0
[INFO] [stderr]   Downloaded arrow-array v59.2.0
[INFO] [stderr]   Downloaded regex-automata v0.4.14
[INFO] [stderr]   Downloaded futures-io v0.3.32
[INFO] [stderr]   Downloaded znippy-zoomies v0.1.25
[INFO] [stderr]   Downloaded futures v0.3.32
[INFO] [stderr]   Downloaded openzl-sys-rs v0.3.1
[INFO] [stderr]   Downloaded zerocopy v0.8.52
[INFO] [stderr]   Downloaded arrow-json v59.2.0
[INFO] [stderr]   Downloaded crossbeam-channel v0.5.15
[INFO] [stderr]   Downloaded futures-channel v0.3.32
[INFO] [stderr]   Downloaded js-sys v0.3.103
[INFO] [stderr]   Downloaded bitflags v2.13.0
[INFO] [stderr]   Downloaded libc v0.2.186
[INFO] running `Command { std: "docker" "create" "-v" "/var/lib/crater-agent-workspace/builds/worker-2-tc1/source:/opt/rustwide/workdir:ro,Z" "-v" "/var/lib/crater-agent-workspace/builds/worker-2-tc1/target:/opt/rustwide/target:rw,Z" "-v" "/var/lib/crater-agent-workspace/cargo-home:/opt/rustwide/cargo-home:ro,Z" "-v" "/var/lib/crater-agent-workspace/rustup-home:/opt/rustwide/rustup-home:ro,Z" "-m" "1610612736" "--network" "none" "ghcr.io/rust-lang/crates-build-env/linux@sha256:77db811e55d90add9212f6832c23229e3de5f1c1f9905e8cb07319ea15df73ac" "sleep" "infinity", kill_on_drop: false }`
[INFO] [stdout] bfe9cc39c74fd7ec2b93ec17ca886d83457870ec96a80e8bf64dd57dcf720a86
[INFO] running `Command { std: "docker" "start" "bfe9cc39c74fd7ec2b93ec17ca886d83457870ec96a80e8bf64dd57dcf720a86", kill_on_drop: false }`
[INFO] running `Command { std: "docker" "inspect" "bfe9cc39c74fd7ec2b93ec17ca886d83457870ec96a80e8bf64dd57dcf720a86", kill_on_drop: false }`
[INFO] running `Command { std: "docker" "exec" "-e" "SOURCE_DIR=/opt/rustwide/workdir" "-e" "CARGO_HOME=/opt/rustwide/cargo-home" "-e" "RUSTUP_HOME=/opt/rustwide/rustup-home" "-e" "CARGO_TARGET_DIR=/opt/rustwide/target" "-w" "/opt/rustwide/workdir" "--user" "0:0" "bfe9cc39c74fd7ec2b93ec17ca886d83457870ec96a80e8bf64dd57dcf720a86" "/opt/rustwide/cargo-home/bin/cargo" "+1.99.0-beta.8" "metadata" "--no-deps" "--format-version=1", kill_on_drop: false }`
[INFO] running `Command { std: "docker" "inspect" "bfe9cc39c74fd7ec2b93ec17ca886d83457870ec96a80e8bf64dd57dcf720a86", kill_on_drop: false }`
[INFO] running `Command { std: "docker" "exec" "-e" "SOURCE_DIR=/opt/rustwide/workdir" "-e" "CARGO_HOME=/opt/rustwide/cargo-home" "-e" "RUSTUP_HOME=/opt/rustwide/rustup-home" "-e" "CARGO_TARGET_DIR=/opt/rustwide/target" "-e" "CARGO_INCREMENTAL=0" "-e" "RUST_BACKTRACE=full" "-e" "RUSTFLAGS=--cap-lints=warn" "-e" "RUSTDOCFLAGS=--cap-lints=warn" "-w" "/opt/rustwide/workdir" "--user" "0:0" "bfe9cc39c74fd7ec2b93ec17ca886d83457870ec96a80e8bf64dd57dcf720a86" "/opt/rustwide/cargo-home/bin/cargo" "+1.99.0-beta.8" "build" "--frozen" "--message-format=json" "--release", kill_on_drop: false }`
[INFO] [stderr]    Compiling proc-macro2 v1.0.106
[INFO] [stderr]    Compiling unicode-ident v1.0.24
[INFO] [stderr]    Compiling quote v1.0.46
[INFO] [stderr]    Compiling libm v0.2.16
[INFO] [stderr]    Compiling autocfg v1.5.1
[INFO] [stderr]    Compiling libc v0.2.186
[INFO] [stderr]    Compiling cfg-if v1.0.4
[INFO] [stderr]    Compiling zerocopy v0.8.52
[INFO] [stderr]    Compiling bytes v1.12.0
[INFO] [stderr]    Compiling memchr v2.8.2
[INFO] [stderr]    Compiling version_check v0.9.5
[INFO] [stderr]    Compiling num-traits v0.2.19
[INFO] [stderr]    Compiling getrandom v0.3.4
[INFO] [stderr]    Compiling ahash v0.8.12
[INFO] [stderr]    Compiling once_cell v1.21.4
[INFO] [stderr]    Compiling hashbrown v0.17.1
[INFO] [stderr]    Compiling iana-time-zone v0.1.65
[INFO] [stderr]    Compiling arrow-schema v59.2.0
[INFO] [stderr]    Compiling lexical-util v1.0.7
[INFO] [stderr]    Compiling syn v2.0.118
[INFO] [stderr]    Compiling serde_core v1.0.228
[INFO] [stderr]    Compiling futures-core v0.3.32
[INFO] [stderr]    Compiling futures-sink v0.3.32
[INFO] [stderr]    Compiling shlex v2.0.1
[INFO] [stderr]    Compiling find-msvc-tools v0.1.9
[INFO] [stderr]    Compiling lexical-parse-integer v1.0.6
[INFO] [stderr]    Compiling lexical-write-integer v1.0.6
[INFO] [stderr]    Compiling futures-channel v0.3.32
[INFO] [stderr]    Compiling cc v1.2.65
[INFO] [stderr]    Compiling num-integer v0.1.46
[INFO] [stderr]    Compiling num-complex v0.4.6
[INFO] [stderr]    Compiling chrono v0.4.45
[INFO] [stderr]    Compiling num-bigint v0.5.1
[INFO] [stderr]    Compiling slab v0.4.12
[INFO] [stderr]    Compiling bitflags v2.13.0
[INFO] [stderr]    Compiling semver v1.0.28
[INFO] [stderr]    Compiling futures-io v0.3.32
[INFO] [stderr]    Compiling pin-project-lite v0.2.17
[INFO] [stderr]    Compiling futures-task v0.3.32
[INFO] [stderr]    Compiling rustc_version v0.4.1
[INFO] [stderr]    Compiling lexical-parse-float v1.0.6
[INFO] [stderr]    Compiling lexical-write-float v1.0.6
[INFO] [stderr]    Compiling aho-corasick v1.1.4
[INFO] [stderr]    Compiling anyhow v1.0.103
[INFO] [stderr]    Compiling regex-syntax v0.8.11
[INFO] [stderr]    Compiling zmij v1.0.21
[INFO] [stderr]    Compiling itoa v1.0.18
[INFO] [stderr]    Compiling ryu v1.0.23
[INFO] [stderr]    Compiling lexical-core v1.0.6
[INFO] [stderr]    Compiling flatbuffers v25.12.19
[INFO] [stderr]    Compiling atoi v2.0.0
[INFO] [stderr]    Compiling base64 v0.23.1
[INFO] [stderr]    Compiling serde_json v1.0.150
[INFO] [stderr]    Compiling csv-core v0.1.13
[INFO] [stderr]    Compiling rustix v1.1.4
[INFO] [stderr]    Compiling getrandom v0.4.3
[INFO] [stderr]    Compiling equivalent v1.0.2
[INFO] [stderr]    Compiling crossbeam-utils v0.8.21
[INFO] [stderr]    Compiling indexmap v2.14.0
[INFO] [stderr]    Compiling zerocopy-derive v0.8.52
[INFO] [stderr]    Compiling futures-macro v0.3.32
[INFO] [stderr]    Compiling csv v1.4.0
[INFO] [stderr]    Compiling futures-util v0.3.32
[INFO] [stderr]    Compiling regex-automata v0.4.14
[INFO] [stderr]    Compiling blake3 v1.8.5
[INFO] [stderr]    Compiling openzl-sys-rs v0.3.1
[INFO] [stderr]    Compiling fst v0.4.7
[INFO] [stderr]    Compiling serde v1.0.228
[INFO] [stderr]    Compiling simdutf8 v0.1.5
[INFO] [stderr]    Compiling linux-raw-sys v0.12.1
[INFO] [stderr]    Compiling zlib-rs v0.6.5
[INFO] [stderr]    Compiling futures-executor v0.3.32
[INFO] [stderr]    Compiling futures v0.3.32
[INFO] [stderr]    Compiling regex v1.12.4
[INFO] [stderr]    Compiling rotaryengine v0.1.12
[INFO] [stderr]    Compiling flate2 v1.1.9
[INFO] [stderr]    Compiling serde_derive v1.0.228
[INFO] [stderr]    Compiling memmap2 v0.9.11
[INFO] [stderr]    Compiling half v2.7.1
[INFO] [stderr]    Compiling arrayvec v0.7.8
[INFO] [stderr]    Compiling arrayref v0.3.9
[INFO] [stderr]    Compiling constant_time_eq v0.4.2
[INFO] [stderr]    Compiling arrow-buffer v59.2.0
[INFO] [stderr]    Compiling io-uring v0.7.13
[INFO] [stderr]    Compiling cpufeatures v0.3.0
[INFO] [stderr]    Compiling fastrand v2.4.1
[INFO] [stderr]    Compiling crossbeam-channel v0.5.15
[INFO] [stderr]    Compiling tempfile v3.27.0
[INFO] [stderr]    Compiling znippy-zoomies v0.1.25
[INFO] [stderr]    Compiling ldeflate v0.1.2
[INFO] [stderr]    Compiling arrow-data v59.2.0
[INFO] [stderr]    Compiling hex v0.4.3
[INFO] [stderr]    Compiling same-file v1.0.6
[INFO] [stderr]    Compiling log v0.4.33
[INFO] [stderr]    Compiling walkdir v2.5.0
[INFO] [stderr]    Compiling arrow-array v59.2.0
[INFO] [stderr]    Compiling arrow-select v59.2.0
[INFO] [stderr]    Compiling arrow-row v59.2.0
[INFO] [stderr]    Compiling arrow-arith v59.2.0
[INFO] [stderr]    Compiling arrow-ord v59.2.0
[INFO] [stderr]    Compiling arrow-string v59.2.0
[INFO] [stderr]    Compiling arrow-ipc v59.2.0
[INFO] [stderr]    Compiling arrow-cast v59.2.0
[INFO] [stderr]    Compiling arrow-json v59.2.0
[INFO] [stderr]    Compiling arrow-csv v59.2.0
[INFO] [stderr]    Compiling arrow v59.2.0
[INFO] [stderr]    Compiling znippy-common v0.9.15
[INFO] [stderr]    Compiling znippy-compress v0.9.14 (/opt/rustwide/workdir)
[INFO] [stderr]     Finished `release` profile [optimized] target(s) in 6m 04s
[INFO] running `Command { std: "docker" "inspect" "bfe9cc39c74fd7ec2b93ec17ca886d83457870ec96a80e8bf64dd57dcf720a86", kill_on_drop: false }`
[INFO] running `Command { std: "docker" "exec" "-e" "SOURCE_DIR=/opt/rustwide/workdir" "-e" "CARGO_HOME=/opt/rustwide/cargo-home" "-e" "RUSTUP_HOME=/opt/rustwide/rustup-home" "-e" "CARGO_TARGET_DIR=/opt/rustwide/target" "-e" "CARGO_INCREMENTAL=0" "-e" "RUST_BACKTRACE=full" "-e" "RUSTFLAGS=--cap-lints=warn" "-e" "RUSTDOCFLAGS=--cap-lints=warn" "-w" "/opt/rustwide/workdir" "--user" "0:0" "bfe9cc39c74fd7ec2b93ec17ca886d83457870ec96a80e8bf64dd57dcf720a86" "/opt/rustwide/cargo-home/bin/cargo" "+1.99.0-beta.8" "test" "--frozen" "--no-run" "--message-format=json" "--release", kill_on_drop: false }`
[INFO] [stderr]    Compiling znippy-compress v0.9.14 (/opt/rustwide/workdir)
[INFO] [stderr]     Finished `release` profile [optimized] target(s) in 1.76s
[INFO] running `Command { std: "docker" "inspect" "bfe9cc39c74fd7ec2b93ec17ca886d83457870ec96a80e8bf64dd57dcf720a86", kill_on_drop: false }`
[INFO] running `Command { std: "docker" "exec" "-e" "SOURCE_DIR=/opt/rustwide/workdir" "-e" "CARGO_HOME=/opt/rustwide/cargo-home" "-e" "RUSTUP_HOME=/opt/rustwide/rustup-home" "-e" "CARGO_TARGET_DIR=/opt/rustwide/target" "-e" "CARGO_INCREMENTAL=0" "-e" "RUST_BACKTRACE=full" "-e" "RUSTFLAGS=--cap-lints=warn" "-e" "RUSTDOCFLAGS=--cap-lints=warn" "-w" "/opt/rustwide/workdir" "--user" "0:0" "bfe9cc39c74fd7ec2b93ec17ca886d83457870ec96a80e8bf64dd57dcf720a86" "/opt/rustwide/cargo-home/bin/cargo" "+1.99.0-beta.8" "test" "--frozen" "--release", kill_on_drop: false }`
[INFO] [stderr]     Finished `release` profile [optimized] target(s) in 0.06s
[INFO] [stderr]      Running unittests src/lib.rs (/opt/rustwide/target/release/deps/znippy_compress-465461f438991ac3)
[INFO] [stdout] 
[INFO] [stdout] running 7 tests
[INFO] [stdout] test slot_packer::tests::empty_input_dir_refuses_green ... ok
[INFO] [stdout] test slot_packer::tests::only_dirs_no_files_refuses_green ... ok
[INFO] [stdout] test slot_packer::tests::unreadable_big_file_not_counted_green ... ok
[INFO] [stdout] test slot_packer::tests::unreadable_small_file_not_counted_green ... FAILED
[INFO] [stdout] test slot_packer::tests::a_pass_that_publishes_no_slice_still_terminates ... ok
[INFO] [stdout] test slot_packer::tests::fallback_byte_identical_to_io_uring ... ok
[INFO] [stdout] test slot_packer::tests::starved_pool_budget_writes_a_byte_identical_archive ... ok
[INFO] [stdout] 
[INFO] [stdout] failures:
[INFO] [stdout] 
[INFO] [stdout] ---- slot_packer::tests::unreadable_small_file_not_counted_green stdout ----
[INFO] [stdout] 
[INFO] [stdout] thread 'slot_packer::tests::unreadable_small_file_not_counted_green' (3295) panicked at src/slot_packer.rs:1580:13:
[INFO] [stdout] [fallback=false] the unreadable file must count as failed, files_failed=0
[INFO] [stdout] stack backtrace:
[INFO] [stdout]    0:     0x579f3b68a061 - <<std[70759c8f55707aa4]::sys::backtrace::BacktraceLock>::print::DisplayBacktrace as core[df12db4294e9bfd3]::fmt::Display>::fmt
[INFO] [stdout]    1:     0x579f3b6a093a - core[df12db4294e9bfd3]::fmt::write
[INFO] [stdout]    2:     0x579f3b68edbc - <alloc[2182bb758b4b3781]::vec::Vec<u8> as core[df12db4294e9bfd3]::io::write::Write>::write_fmt
[INFO] [stdout]    3:     0x579f3b662f56 - std[70759c8f55707aa4]::panicking::default_hook::{closure#0}
[INFO] [stdout]    4:     0x579f3b680c19 - std[70759c8f55707aa4]::panicking::default_hook
[INFO] [stdout]    5:     0x579f3b1d27b0 - test[9d35eded1c95d3be]::test_main_inner::<test[9d35eded1c95d3be]::test_main_static::{closure#0}>::{closure#0}
[INFO] [stdout]    6:     0x579f3b680f42 - std[70759c8f55707aa4]::panicking::panic_with_hook
[INFO] [stdout]    7:     0x579f3b663002 - std[70759c8f55707aa4]::panicking::panic_handler::{closure#0}
[INFO] [stdout]    8:     0x579f3b65b4a9 - std[70759c8f55707aa4]::sys::backtrace::__rust_end_short_backtrace::<std[70759c8f55707aa4]::panicking::panic_handler::{closure#0}, !>
[INFO] [stdout]    9:     0x579f3b663dcd - __rustc[8fa7c3cbc660c2b3]::rust_begin_unwind
[INFO] [stdout]   10:     0x579f3b6a106c - core[df12db4294e9bfd3]::panicking::panic_fmt
[INFO] [stdout]   11:     0x579f3b18d7ad - znippy_compress[a34af283e5f20d9a]::slot_packer::tests::unreadable_small_file_not_counted_green
[INFO] [stdout]   12:     0x579f3b1ac7f9 - <znippy_compress[a34af283e5f20d9a]::slot_packer::tests::unreadable_small_file_not_counted_green::{closure#0} as core[df12db4294e9bfd3]::ops::function::FnOnce<()>>::call_once
[INFO] [stdout]   13:     0x579f3b1c5a9b - test[9d35eded1c95d3be]::__rust_begin_short_backtrace::<core[df12db4294e9bfd3]::result::Result<(), alloc[2182bb758b4b3781]::string::String>, fn() -> core[df12db4294e9bfd3]::result::Result<(), alloc[2182bb758b4b3781]::string::String>>
[INFO] [stdout]   14:     0x579f3b1d3105 - test[9d35eded1c95d3be]::run_test::{closure#0}
[INFO] [stdout]   15:     0x579f3b1cc9c4 - std[70759c8f55707aa4]::sys::backtrace::__rust_begin_short_backtrace::<test[9d35eded1c95d3be]::run_test::{closure#1}, ()>
[INFO] [stdout]   16:     0x579f3b1d6262 - <std[70759c8f55707aa4]::thread::lifecycle::spawn_unchecked<test[9d35eded1c95d3be]::run_test::{closure#1}, ()>::{closure#1} as core[df12db4294e9bfd3]::ops::function::FnOnce<()>>::call_once::{shim:vtable#0}
[INFO] [stdout]   17:     0x579f3b688f99 - <std[70759c8f55707aa4]::sys::thread::unix::Thread>::new::thread_start
[INFO] [stdout]   18:     0x7b458d5e1dfa - <unknown>
[INFO] [stdout]   19:     0x7b458d6753d4 - clone
[INFO] [stdout]   20:                0x0 - <unknown>
[INFO] [stdout] 
[INFO] [stdout] 
[INFO] [stdout] failures:
[INFO] [stdout]     slot_packer::tests::unreadable_small_file_not_counted_green
[INFO] [stdout] 
[INFO] [stdout] test result: FAILED. 6 passed; 1 failed; 0 ignored; 0 measured; 0 filtered out; finished in 0.04s
[INFO] [stdout] 
[INFO] [stderr] error: test failed, to rerun pass `--lib`
[INFO] running `Command { std: "docker" "inspect" "bfe9cc39c74fd7ec2b93ec17ca886d83457870ec96a80e8bf64dd57dcf720a86", kill_on_drop: false }`
[INFO] running `Command { std: "docker" "rm" "-f" "bfe9cc39c74fd7ec2b93ec17ca886d83457870ec96a80e8bf64dd57dcf720a86", kill_on_drop: false }`
[INFO] [stdout] bfe9cc39c74fd7ec2b93ec17ca886d83457870ec96a80e8bf64dd57dcf720a86
