[INFO] fetching crate zng-wr-glyph-rasterizer 0.5.1...
[INFO] testing zng-wr-glyph-rasterizer-0.5.1 against 1.99.0-beta.8+cargoflags=--release for beta-release-1.100-2
[INFO] extracting crate zng-wr-glyph-rasterizer 0.5.1 into /workspace/builds/worker-3-tc1/source
[INFO] started tweaking crates.io crate zng-wr-glyph-rasterizer 0.5.1
[INFO] finished tweaking crates.io crate zng-wr-glyph-rasterizer 0.5.1
[INFO] tweaked toml for crates.io crate zng-wr-glyph-rasterizer 0.5.1 written to /workspace/builds/worker-3-tc1/source/Cargo.toml
[INFO] validating manifest of crates.io crate zng-wr-glyph-rasterizer 0.5.1 on toolchain 1.99.0-beta.8
[INFO] running `Command { std: CARGO_HOME="/workspace/cargo-home" RUSTUP_HOME="/workspace/rustup-home" "/workspace/cargo-home/bin/cargo" "+1.99.0-beta.8" "metadata" "--manifest-path" "Cargo.toml" "--no-deps", kill_on_drop: false }`
[INFO] crate crates.io crate zng-wr-glyph-rasterizer 0.5.1 already has a lockfile, it will not be regenerated
[INFO] running `Command { std: CARGO_HOME="/workspace/cargo-home" RUSTUP_HOME="/workspace/rustup-home" "/workspace/cargo-home/bin/cargo" "+1.99.0-beta.8" "fetch" "--manifest-path" "Cargo.toml", kill_on_drop: false }`
[INFO] [stderr]     Updating crates.io index
[INFO] [stderr]  Downloading crates ...
[INFO] [stderr]   Downloaded zng-peek-poke v0.5.1
[INFO] [stderr]   Downloaded zng-wr-malloc-size-of v0.3.1
[INFO] [stderr]   Downloaded app_units v0.7.8
[INFO] [stderr]   Downloaded zng-webrender-api v0.66.1
[INFO] [stderr]   Downloaded osmesa-sys v0.1.2
[INFO] [stderr]   Downloaded smawk v0.3.2
[INFO] [stderr]   Downloaded core-foundation-sys v0.7.0
[INFO] [stderr]   Downloaded zeitstempel v0.2.0
[INFO] [stderr]   Downloaded core-video-sys v0.1.4
[INFO] [stderr]   Downloaded raw-window-handle v0.4.3
[INFO] [stderr]   Downloaded glutin_emscripten_sys v0.1.1
[INFO] [stderr]   Downloaded scroll v0.12.0
[INFO] [stderr]   Downloaded cc v1.2.45
[INFO] [stderr]   Downloaded uniffi_build v0.29.4
[INFO] [stderr]   Downloaded tracy-rs v0.1.2
[INFO] [stderr]   Downloaded core-graphics v0.19.2
[INFO] [stderr]   Downloaded core-foundation v0.7.0
[INFO] [stderr]   Downloaded smithay-client-toolkit v0.15.4
[INFO] [stderr]   Downloaded ndk v0.5.0
[INFO] [stderr]   Downloaded wr_malloc_size_of v0.2.2
[INFO] [stderr]   Downloaded uniffi_meta v0.29.4
[INFO] [stderr]   Downloaded zng-peek-poke-derive v0.5.1
[INFO] [stderr]   Downloaded ndk-macro v0.3.0
[INFO] [stderr]   Downloaded syn v2.0.109
[INFO] [stderr]   Downloaded calloop v0.9.3
[INFO] [stderr]   Downloaded android_log-sys v0.2.0
[INFO] [stderr]   Downloaded glutin v0.28.0
[INFO] [stderr]   Downloaded uniffi_bindgen v0.29.4
[INFO] [stderr]   Downloaded memmap2 v0.3.1
[INFO] [stderr]   Downloaded dwrote v0.11.5
[INFO] [stderr]   Downloaded shared_library v0.1.9
[INFO] [stderr]   Downloaded glutin_glx_sys v0.1.8
[INFO] [stderr]   Downloaded cocoa-foundation v0.1.2
[INFO] [stderr]   Downloaded oslog v0.1.0
[INFO] [stderr]   Downloaded winit v0.26.1
[INFO] [stderr]   Downloaded cocoa v0.24.1
[INFO] [stderr]   Downloaded wayland-egl v0.29.5
[INFO] [stderr]   Downloaded glutin_egl_sys v0.1.6
[INFO] [stderr]   Downloaded uniffi_udl v0.29.4
[INFO] [stderr]   Downloaded malloc_size_of_derive v0.1.3
[INFO] [stderr]   Downloaded darling_macro v0.13.4
[INFO] [stderr]   Downloaded inherent v1.0.13
[INFO] [stderr]   Downloaded fs-err v2.11.0
[INFO] [stderr]   Downloaded weedle2 v5.0.0
[INFO] [stderr]   Downloaded askama_derive v0.13.1
[INFO] [stderr]   Downloaded basic-toml v0.1.10
[INFO] [stderr]   Downloaded darling v0.13.4
[INFO] [stderr]   Downloaded rkv v0.20.0
[INFO] [stderr]   Downloaded glutin_wgl_sys v0.1.5
[INFO] [stderr]   Downloaded uniffi_internal_macros v0.29.4
[INFO] [stderr]   Downloaded dashmap v4.0.2
[INFO] [stderr]   Downloaded uniffi_core v0.29.4
[INFO] [stderr]   Downloaded gleam v0.15.1
[INFO] [stderr]   Downloaded cty v0.2.2
[INFO] [stderr]   Downloaded ndk-glue v0.5.2
[INFO] [stderr]   Downloaded cgl v0.3.2
[INFO] [stderr]   Downloaded whatsys v0.3.2
[INFO] [stderr]   Downloaded askama v0.13.1
[INFO] [stderr]   Downloaded wio v0.2.2
[INFO] [stderr]   Downloaded core-text v20.1.0
[INFO] [stderr]   Downloaded serde_bytes v0.11.19
[INFO] [stderr]   Downloaded glutin_gles2_sys v0.1.5
[INFO] [stderr]   Downloaded uniffi_macros v0.29.4
[INFO] [stderr]   Downloaded camino v1.2.1
[INFO] [stderr]   Downloaded ordered-float v3.9.2
[INFO] [stderr]   Downloaded android_logger v0.12.0
[INFO] [stderr]   Downloaded darling_core v0.13.4
[INFO] [stderr]   Downloaded uniffi v0.29.4
[INFO] [stderr]   Downloaded glean-core v66.1.1
[INFO] [stderr]   Downloaded nix v0.22.3
[INFO] [stderr]   Downloaded android_glue v0.2.3
[INFO] [stderr]   Downloaded ndk-sys v0.2.2
[INFO] [stderr]   Downloaded scroll_derive v0.12.1
[INFO] [stderr]   Downloaded firefox-on-glean v0.1.0
[INFO] [stderr]   Downloaded glean v66.0.0
[INFO] [stderr]   Downloaded freetype v0.7.2
[INFO] [stderr]   Downloaded id-arena v2.2.1
[INFO] [stderr]   Downloaded uniffi_pipeline v0.29.4
[INFO] [stderr]   Downloaded askama_parser v0.13.0
[INFO] [stderr]   Downloaded goblin v0.8.2
[INFO] [stderr]   Downloaded web-sys v0.3.82
[INFO] [stderr]   Downloaded freetype-sys v0.20.1
[INFO] running `Command { std: "docker" "create" "-v" "/var/lib/crater-agent-workspace/builds/worker-3-tc1/source:/opt/rustwide/workdir:ro,Z" "-v" "/var/lib/crater-agent-workspace/builds/worker-3-tc1/target:/opt/rustwide/target:rw,Z" "-v" "/var/lib/crater-agent-workspace/cargo-home:/opt/rustwide/cargo-home:ro,Z" "-v" "/var/lib/crater-agent-workspace/rustup-home:/opt/rustwide/rustup-home:ro,Z" "-m" "1610612736" "--network" "none" "ghcr.io/rust-lang/crates-build-env/linux@sha256:77db811e55d90add9212f6832c23229e3de5f1c1f9905e8cb07319ea15df73ac" "sleep" "infinity", kill_on_drop: false }`
[INFO] [stdout] aa614925dc6973bbdb91c005432299a90d43a689f7d686eeff1f5d04a7bcc0f4
[INFO] running `Command { std: "docker" "start" "aa614925dc6973bbdb91c005432299a90d43a689f7d686eeff1f5d04a7bcc0f4", kill_on_drop: false }`
[INFO] running `Command { std: "docker" "inspect" "aa614925dc6973bbdb91c005432299a90d43a689f7d686eeff1f5d04a7bcc0f4", kill_on_drop: false }`
[INFO] running `Command { std: "docker" "exec" "-e" "SOURCE_DIR=/opt/rustwide/workdir" "-e" "CARGO_HOME=/opt/rustwide/cargo-home" "-e" "RUSTUP_HOME=/opt/rustwide/rustup-home" "-e" "CARGO_TARGET_DIR=/opt/rustwide/target" "-w" "/opt/rustwide/workdir" "--user" "0:0" "aa614925dc6973bbdb91c005432299a90d43a689f7d686eeff1f5d04a7bcc0f4" "/opt/rustwide/cargo-home/bin/cargo" "+1.99.0-beta.8" "metadata" "--no-deps" "--format-version=1", kill_on_drop: false }`
[INFO] running `Command { std: "docker" "inspect" "aa614925dc6973bbdb91c005432299a90d43a689f7d686eeff1f5d04a7bcc0f4", kill_on_drop: false }`
[INFO] running `Command { std: "docker" "exec" "-e" "SOURCE_DIR=/opt/rustwide/workdir" "-e" "CARGO_HOME=/opt/rustwide/cargo-home" "-e" "RUSTUP_HOME=/opt/rustwide/rustup-home" "-e" "CARGO_TARGET_DIR=/opt/rustwide/target" "-e" "CARGO_INCREMENTAL=0" "-e" "RUST_BACKTRACE=full" "-e" "RUSTFLAGS=--cap-lints=warn" "-e" "RUSTDOCFLAGS=--cap-lints=warn" "-w" "/opt/rustwide/workdir" "--user" "0:0" "aa614925dc6973bbdb91c005432299a90d43a689f7d686eeff1f5d04a7bcc0f4" "/opt/rustwide/cargo-home/bin/cargo" "+1.99.0-beta.8" "build" "--frozen" "--message-format=json" "--release", kill_on_drop: false }`
[INFO] [stderr]    Compiling proc-macro2 v1.0.103
[INFO] [stderr]    Compiling serde_core v1.0.228
[INFO] [stderr]    Compiling crossbeam-utils v0.8.21
[INFO] [stderr]    Compiling serde v1.0.228
[INFO] [stderr]    Compiling libc v0.2.177
[INFO] [stderr]    Compiling find-msvc-tools v0.1.4
[INFO] [stderr]    Compiling pkg-config v0.3.32
[INFO] [stderr]    Compiling rayon-core v1.13.0
[INFO] [stderr]    Compiling num-traits v0.2.19
[INFO] [stderr]    Compiling tracy-rs v0.1.2
[INFO] [stderr]    Compiling log v0.4.28
[INFO] [stderr]    Compiling lazy_static v1.5.0
[INFO] [stderr]    Compiling smallvec v1.15.1
[INFO] [stderr]    Compiling cc v1.2.45
[INFO] [stderr]    Compiling crossbeam-epoch v0.9.18
[INFO] [stderr]    Compiling crossbeam-channel v0.5.15
[INFO] [stderr]    Compiling quote v1.0.42
[INFO] [stderr]    Compiling syn v2.0.109
[INFO] [stderr]    Compiling crossbeam-deque v0.8.6
[INFO] [stderr]    Compiling zeitstempel v0.2.0
[INFO] [stderr]    Compiling freetype-sys v0.20.1
[INFO] [stderr]    Compiling rayon v1.11.0
[INFO] [stderr]    Compiling freetype v0.7.2
[INFO] [stderr]    Compiling synstructure v0.13.2
[INFO] [stderr]    Compiling serde_bytes v0.11.19
[INFO] [stderr]    Compiling bitflags v2.10.0
[INFO] [stderr]    Compiling serde_derive v1.0.228
[INFO] [stderr]    Compiling zng-peek-poke-derive v0.5.1
[INFO] [stderr]    Compiling malloc_size_of_derive v0.1.3
[INFO] [stderr]    Compiling euclid v0.22.11
[INFO] [stderr]    Compiling app_units v0.7.8
[INFO] [stderr]    Compiling zng-peek-poke v0.5.1
[INFO] [stderr]    Compiling zng-wr-malloc-size-of v0.3.1
[INFO] [stderr]    Compiling zng-webrender-api v0.66.1
[INFO] [stderr]    Compiling zng-wr-glyph-rasterizer v0.5.1 (/opt/rustwide/workdir)
[INFO] [stderr]     Finished `release` profile [optimized] target(s) in 12.20s
[INFO] running `Command { std: "docker" "inspect" "aa614925dc6973bbdb91c005432299a90d43a689f7d686eeff1f5d04a7bcc0f4", kill_on_drop: false }`
[INFO] running `Command { std: "docker" "exec" "-e" "SOURCE_DIR=/opt/rustwide/workdir" "-e" "CARGO_HOME=/opt/rustwide/cargo-home" "-e" "RUSTUP_HOME=/opt/rustwide/rustup-home" "-e" "CARGO_TARGET_DIR=/opt/rustwide/target" "-e" "CARGO_INCREMENTAL=0" "-e" "RUST_BACKTRACE=full" "-e" "RUSTFLAGS=--cap-lints=warn" "-e" "RUSTDOCFLAGS=--cap-lints=warn" "-w" "/opt/rustwide/workdir" "--user" "0:0" "aa614925dc6973bbdb91c005432299a90d43a689f7d686eeff1f5d04a7bcc0f4" "/opt/rustwide/cargo-home/bin/cargo" "+1.99.0-beta.8" "test" "--frozen" "--no-run" "--message-format=json" "--release", kill_on_drop: false }`
[INFO] [stderr]    Compiling libc v0.2.177
[INFO] [stderr]    Compiling xml-rs v0.8.28
[INFO] [stderr]    Compiling khronos_api v3.1.0
[INFO] [stderr]    Compiling memoffset v0.6.5
[INFO] [stderr]    Compiling log v0.4.28
[INFO] [stderr]    Compiling libloading v0.8.9
[INFO] [stderr]    Compiling wayland-sys v0.29.5
[INFO] [stderr]    Compiling scoped-tls v1.0.1
[INFO] [stderr]    Compiling downcast-rs v1.2.1
[INFO] [stderr]    Compiling x11-dl v2.21.0
[INFO] [stderr]    Compiling parking_lot_core v0.8.6
[INFO] [stderr]    Compiling instant v0.1.13
[INFO] [stderr]    Compiling smithay-client-toolkit v0.15.4
[INFO] [stderr]    Compiling xcursor v0.3.10
[INFO] [stderr]    Compiling winit v0.26.1
[INFO] [stderr]    Compiling cty v0.2.2
[INFO] [stderr]    Compiling libloading v0.7.4
[INFO] [stderr]    Compiling raw-window-handle v0.4.3
[INFO] [stderr]    Compiling dlib v0.5.2
[INFO] [stderr]    Compiling env_logger v0.10.2
[INFO] [stderr]    Compiling wayland-scanner v0.29.5
[INFO] [stderr]    Compiling gl_generator v0.14.0
[INFO] [stderr]    Compiling glutin_egl_sys v0.1.6
[INFO] [stderr]    Compiling glutin_glx_sys v0.1.8
[INFO] [stderr]    Compiling gleam v0.15.1
[INFO] [stderr]    Compiling wayland-client v0.29.5
[INFO] [stderr]    Compiling wayland-protocols v0.29.5
[INFO] [stderr]    Compiling nix v0.24.3
[INFO] [stderr]    Compiling nix v0.22.3
[INFO] [stderr]    Compiling memmap2 v0.3.1
[INFO] [stderr]    Compiling mio v0.8.11
[INFO] [stderr]    Compiling shared_library v0.1.9
[INFO] [stderr]    Compiling zeitstempel v0.2.0
[INFO] [stderr]    Compiling freetype-sys v0.20.1
[INFO] [stderr]    Compiling zng-webrender-api v0.66.1
[INFO] [stderr]    Compiling osmesa-sys v0.1.2
[INFO] [stderr]    Compiling parking_lot v0.11.2
[INFO] [stderr]    Compiling freetype v0.7.2
[INFO] [stderr]    Compiling wayland-commons v0.29.5
[INFO] [stderr]    Compiling wayland-cursor v0.29.5
[INFO] [stderr]    Compiling wayland-egl v0.29.5
[INFO] [stderr]    Compiling calloop v0.9.3
[INFO] [stderr]    Compiling zng-wr-glyph-rasterizer v0.5.1 (/opt/rustwide/workdir)
[INFO] [stderr]    Compiling glutin v0.28.0
[INFO] [stderr]     Finished `release` profile [optimized] target(s) in 30.09s
[INFO] running `Command { std: "docker" "inspect" "aa614925dc6973bbdb91c005432299a90d43a689f7d686eeff1f5d04a7bcc0f4", kill_on_drop: false }`
[INFO] running `Command { std: "docker" "exec" "-e" "SOURCE_DIR=/opt/rustwide/workdir" "-e" "CARGO_HOME=/opt/rustwide/cargo-home" "-e" "RUSTUP_HOME=/opt/rustwide/rustup-home" "-e" "CARGO_TARGET_DIR=/opt/rustwide/target" "-e" "CARGO_INCREMENTAL=0" "-e" "RUST_BACKTRACE=full" "-e" "RUSTFLAGS=--cap-lints=warn" "-e" "RUSTDOCFLAGS=--cap-lints=warn" "-w" "/opt/rustwide/workdir" "--user" "0:0" "aa614925dc6973bbdb91c005432299a90d43a689f7d686eeff1f5d04a7bcc0f4" "/opt/rustwide/cargo-home/bin/cargo" "+1.99.0-beta.8" "test" "--frozen" "--release", kill_on_drop: false }`
[INFO] [stderr]     Finished `release` profile [optimized] target(s) in 0.07s
[INFO] [stderr]      Running unittests src/lib.rs (/opt/rustwide/target/release/deps/zng_wr_glyph_rasterizer-1dc84b79a01e7e08)
[INFO] [stdout] 
[INFO] [stdout] running 4 tests
[INFO] [stdout] test rasterizer::test_glyph_rasterizer::test_subpx_quantize ... ok
[INFO] [stdout] test rasterizer::test_glyph_rasterizer::rasterize_large_glyphs ... FAILED
[INFO] [stdout] test rasterizer::test_glyph_rasterizer::rasterize_200_glyphs ... FAILED
[INFO] [stdout] test gamma_lut::tests::gamma ... ok
[INFO] [stdout] 
[INFO] [stdout] failures:
[INFO] [stdout] 
[INFO] [stdout] ---- rasterizer::test_glyph_rasterizer::rasterize_large_glyphs stdout ----
[INFO] [stdout] 
[INFO] [stdout] thread 'rasterizer::test_glyph_rasterizer::rasterize_large_glyphs' (8366) panicked at src/rasterizer.rs:1893:62:
[INFO] [stdout] Couldn't open font file: Os { code: 2, kind: NotFound, message: "No such file or directory" }
[INFO] [stdout] stack backtrace:
[INFO] [stdout]    0:     0x5da0d0b17901 - <<std[70759c8f55707aa4]::sys::backtrace::BacktraceLock>::print::DisplayBacktrace as core[df12db4294e9bfd3]::fmt::Display>::fmt
[INFO] [stdout]    1:     0x5da0d0b2cf6a - core[df12db4294e9bfd3]::fmt::write
[INFO] [stdout]    2:     0x5da0d0b1be4c - <alloc[2182bb758b4b3781]::vec::Vec<u8> as core[df12db4294e9bfd3]::io::write::Write>::write_fmt
[INFO] [stdout]    3:     0x5da0d0af3a06 - std[70759c8f55707aa4]::panicking::default_hook::{closure#0}
[INFO] [stdout]    4:     0x5da0d0b0fcc9 - std[70759c8f55707aa4]::panicking::default_hook
[INFO] [stdout]    5:     0x5da0d0aa6510 - test[9d35eded1c95d3be]::test_main_inner::<test[9d35eded1c95d3be]::test_main_static::{closure#0}>::{closure#0}
[INFO] [stdout]    6:     0x5da0d0b0fe82 - std[70759c8f55707aa4]::panicking::panic_with_hook
[INFO] [stdout]    7:     0x5da0d0af3ab2 - std[70759c8f55707aa4]::panicking::panic_handler::{closure#0}
[INFO] [stdout]    8:     0x5da0d0aec809 - std[70759c8f55707aa4]::sys::backtrace::__rust_end_short_backtrace::<std[70759c8f55707aa4]::panicking::panic_handler::{closure#0}, !>
[INFO] [stdout]    9:     0x5da0d0af46ad - __rustc[8fa7c3cbc660c2b3]::rust_begin_unwind
[INFO] [stdout]   10:     0x5da0d0b2d69c - core[df12db4294e9bfd3]::panicking::panic_fmt
[INFO] [stdout]   11:     0x5da0d0b2d472 - core[df12db4294e9bfd3]::result::unwrap_failed
[INFO] [stdout]   12:     0x5da0d0a993e1 - zng_wr_glyph_rasterizer[4cc8c835d5f09392]::rasterizer::test_glyph_rasterizer::rasterize_large_glyphs
[INFO] [stdout]   13:     0x5da0d0a932e9 - <zng_wr_glyph_rasterizer[4cc8c835d5f09392]::rasterizer::test_glyph_rasterizer::rasterize_large_glyphs::{closure#0} as core[df12db4294e9bfd3]::ops::function::FnOnce<()>>::call_once
[INFO] [stdout]   14:     0x5da0d0a997fb - test[9d35eded1c95d3be]::__rust_begin_short_backtrace::<core[df12db4294e9bfd3]::result::Result<(), alloc[2182bb758b4b3781]::string::String>, fn() -> core[df12db4294e9bfd3]::result::Result<(), alloc[2182bb758b4b3781]::string::String>>
[INFO] [stdout]   15:     0x5da0d0aa6e65 - test[9d35eded1c95d3be]::run_test::{closure#0}
[INFO] [stdout]   16:     0x5da0d0aa0724 - std[70759c8f55707aa4]::sys::backtrace::__rust_begin_short_backtrace::<test[9d35eded1c95d3be]::run_test::{closure#1}, ()>
[INFO] [stdout]   17:     0x5da0d0aa9fc2 - <std[70759c8f55707aa4]::thread::lifecycle::spawn_unchecked<test[9d35eded1c95d3be]::run_test::{closure#1}, ()>::{closure#1} as core[df12db4294e9bfd3]::ops::function::FnOnce<()>>::call_once::{shim:vtable#0}
[INFO] [stdout]   18:     0x5da0d0b171a9 - <std[70759c8f55707aa4]::sys::thread::unix::Thread>::new::thread_start
[INFO] [stdout]   19:     0x7391c5dc1dfa - <unknown>
[INFO] [stdout]   20:     0x7391c5e553d4 - clone
[INFO] [stdout]   21:                0x0 - <unknown>
[INFO] [stdout] 
[INFO] [stdout] ---- rasterizer::test_glyph_rasterizer::rasterize_200_glyphs stdout ----
[INFO] [stdout] 
[INFO] [stdout] thread 'rasterizer::test_glyph_rasterizer::rasterize_200_glyphs' (8365) panicked at src/rasterizer.rs:1830:62:
[INFO] [stdout] Couldn't open font file: Os { code: 2, kind: NotFound, message: "No such file or directory" }
[INFO] [stdout] stack backtrace:
[INFO] [stdout]    0:     0x5da0d0b17901 - <<std[70759c8f55707aa4]::sys::backtrace::BacktraceLock>::print::DisplayBacktrace as core[df12db4294e9bfd3]::fmt::Display>::fmt
[INFO] [stdout]    1:     0x5da0d0b2cf6a - core[df12db4294e9bfd3]::fmt::write
[INFO] [stdout]    2:     0x5da0d0b1be4c - <alloc[2182bb758b4b3781]::vec::Vec<u8> as core[df12db4294e9bfd3]::io::write::Write>::write_fmt
[INFO] [stdout]    3:     0x5da0d0af3a06 - std[70759c8f55707aa4]::panicking::default_hook::{closure#0}
[INFO] [stdout]    4:     0x5da0d0b0fcc9 - std[70759c8f55707aa4]::panicking::default_hook
[INFO] [stdout]    5:     0x5da0d0aa6510 - test[9d35eded1c95d3be]::test_main_inner::<test[9d35eded1c95d3be]::test_main_static::{closure#0}>::{closure#0}
[INFO] [stdout]    6:     0x5da0d0b0fe82 - std[70759c8f55707aa4]::panicking::panic_with_hook
[INFO] [stdout]    7:     0x5da0d0af3ab2 - std[70759c8f55707aa4]::panicking::panic_handler::{closure#0}
[INFO] [stdout]    8:     0x5da0d0aec809 - std[70759c8f55707aa4]::sys::backtrace::__rust_end_short_backtrace::<std[70759c8f55707aa4]::panicking::panic_handler::{closure#0}, !>
[INFO] [stdout]    9:     0x5da0d0af46ad - __rustc[8fa7c3cbc660c2b3]::rust_begin_unwind
[INFO] [stdout]   10:     0x5da0d0b2d69c - core[df12db4294e9bfd3]::panicking::panic_fmt
[INFO] [stdout]   11:     0x5da0d0b2d472 - core[df12db4294e9bfd3]::result::unwrap_failed
[INFO] [stdout]   12:     0x5da0d0a98dc3 - zng_wr_glyph_rasterizer[4cc8c835d5f09392]::rasterizer::test_glyph_rasterizer::rasterize_200_glyphs
[INFO] [stdout]   13:     0x5da0d0a932c9 - <zng_wr_glyph_rasterizer[4cc8c835d5f09392]::rasterizer::test_glyph_rasterizer::rasterize_200_glyphs::{closure#0} as core[df12db4294e9bfd3]::ops::function::FnOnce<()>>::call_once
[INFO] [stdout]   14:     0x5da0d0a997fb - test[9d35eded1c95d3be]::__rust_begin_short_backtrace::<core[df12db4294e9bfd3]::result::Result<(), alloc[2182bb758b4b3781]::string::String>, fn() -> core[df12db4294e9bfd3]::result::Result<(), alloc[2182bb758b4b3781]::string::String>>
[INFO] [stdout]   15:     0x5da0d0aa6e65 - test[9d35eded1c95d3be]::run_test::{closure#0}
[INFO] [stdout]   16:     0x5da0d0aa0724 - std[70759c8f55707aa4]::sys::backtrace::__rust_begin_short_backtrace::<test[9d35eded1c95d3be]::run_test::{closure#1}, ()>
[INFO] [stdout]   17:     0x5da0d0aa9fc2 - <std[70759c8f55707aa4]::thread::lifecycle::spawn_unchecked<test[9d35eded1c95d3be]::run_test::{closure#1}, ()>::{closure#1} as core[df12db4294e9bfd3]::ops::function::FnOnce<()>>::call_once::{shim:vtable#0}
[INFO] [stdout]   18:     0x5da0d0b171a9 - <std[70759c8f55707aa4]::sys::thread::unix::Thread>::new::thread_start
[INFO] [stdout]   19:     0x7391c5dc1dfa - <unknown>
[INFO] [stdout]   20:     0x7391c5e553d4 - clone
[INFO] [stdout]   21:                0x0 - <unknown>
[INFO] [stdout] 
[INFO] [stdout] 
[INFO] [stdout] failures:
[INFO] [stdout]     rasterizer::test_glyph_rasterizer::rasterize_200_glyphs
[INFO] [stdout]     rasterizer::test_glyph_rasterizer::rasterize_large_glyphs
[INFO] [stdout] 
[INFO] [stdout] test result: FAILED. 2 passed; 2 failed; 0 ignored; 0 measured; 0 filtered out; finished in 0.03s
[INFO] [stdout] 
[INFO] [stderr] error: test failed, to rerun pass `--lib`
[INFO] running `Command { std: "docker" "inspect" "aa614925dc6973bbdb91c005432299a90d43a689f7d686eeff1f5d04a7bcc0f4", kill_on_drop: false }`
[INFO] running `Command { std: "docker" "rm" "-f" "aa614925dc6973bbdb91c005432299a90d43a689f7d686eeff1f5d04a7bcc0f4", kill_on_drop: false }`
[INFO] [stdout] aa614925dc6973bbdb91c005432299a90d43a689f7d686eeff1f5d04a7bcc0f4
