[INFO] fetching crate zlm-rs 0.1.0...
[INFO] testing zlm-rs-0.1.0 against 1.100.0-beta.1+cargoflags=--release for beta-release-1.100-2
[INFO] extracting crate zlm-rs 0.1.0 into /workspace/builds/worker-4-tc2/source
[INFO] started tweaking crates.io crate zlm-rs 0.1.0
[INFO] removed 0 missing examples
[INFO] removed 0 missing tests
[INFO] finished tweaking crates.io crate zlm-rs 0.1.0
[INFO] tweaked toml for crates.io crate zlm-rs 0.1.0 written to /workspace/builds/worker-4-tc2/source/Cargo.toml
[INFO] validating manifest of crates.io crate zlm-rs 0.1.0 on toolchain 1.100.0-beta.1
[INFO] running `Command { std: CARGO_HOME="/workspace/cargo-home" RUSTUP_HOME="/workspace/rustup-home" "/workspace/cargo-home/bin/cargo" "+1.100.0-beta.1" "metadata" "--manifest-path" "Cargo.toml" "--no-deps", kill_on_drop: false }`
[INFO] crate crates.io crate zlm-rs 0.1.0 already has a lockfile, it will not be regenerated
[INFO] running `Command { std: CARGO_HOME="/workspace/cargo-home" RUSTUP_HOME="/workspace/rustup-home" "/workspace/cargo-home/bin/cargo" "+1.100.0-beta.1" "fetch" "--manifest-path" "Cargo.toml", kill_on_drop: false }`
[INFO] running `Command { std: "docker" "create" "-v" "/var/lib/crater-agent-workspace/builds/worker-4-tc2/source:/opt/rustwide/workdir:ro,Z" "-v" "/var/lib/crater-agent-workspace/builds/worker-4-tc2/target:/opt/rustwide/target:rw,Z" "-v" "/var/lib/crater-agent-workspace/cargo-home:/opt/rustwide/cargo-home:ro,Z" "-v" "/var/lib/crater-agent-workspace/rustup-home:/opt/rustwide/rustup-home:ro,Z" "-m" "1610612736" "--network" "none" "ghcr.io/rust-lang/crates-build-env/linux@sha256:77db811e55d90add9212f6832c23229e3de5f1c1f9905e8cb07319ea15df73ac" "sleep" "infinity", kill_on_drop: false }`
[INFO] [stdout] 93b8ce402bc134e89cbaef8111796efd4b9987a8a91dbfc9722cd6abd56918aa
[INFO] running `Command { std: "docker" "start" "93b8ce402bc134e89cbaef8111796efd4b9987a8a91dbfc9722cd6abd56918aa", kill_on_drop: false }`
[INFO] running `Command { std: "docker" "inspect" "93b8ce402bc134e89cbaef8111796efd4b9987a8a91dbfc9722cd6abd56918aa", kill_on_drop: false }`
[INFO] running `Command { std: "docker" "exec" "-e" "SOURCE_DIR=/opt/rustwide/workdir" "-e" "CARGO_HOME=/opt/rustwide/cargo-home" "-e" "RUSTUP_HOME=/opt/rustwide/rustup-home" "-e" "CARGO_TARGET_DIR=/opt/rustwide/target" "-w" "/opt/rustwide/workdir" "--user" "0:0" "93b8ce402bc134e89cbaef8111796efd4b9987a8a91dbfc9722cd6abd56918aa" "/opt/rustwide/cargo-home/bin/cargo" "+1.100.0-beta.1" "metadata" "--no-deps" "--format-version=1", kill_on_drop: false }`
[INFO] running `Command { std: "docker" "inspect" "93b8ce402bc134e89cbaef8111796efd4b9987a8a91dbfc9722cd6abd56918aa", kill_on_drop: false }`
[INFO] running `Command { std: "docker" "exec" "-e" "SOURCE_DIR=/opt/rustwide/workdir" "-e" "CARGO_HOME=/opt/rustwide/cargo-home" "-e" "RUSTUP_HOME=/opt/rustwide/rustup-home" "-e" "CARGO_TARGET_DIR=/opt/rustwide/target" "-e" "CARGO_INCREMENTAL=0" "-e" "RUST_BACKTRACE=full" "-e" "RUSTFLAGS=--cap-lints=warn" "-e" "RUSTDOCFLAGS=--cap-lints=warn" "-w" "/opt/rustwide/workdir" "--user" "0:0" "93b8ce402bc134e89cbaef8111796efd4b9987a8a91dbfc9722cd6abd56918aa" "/opt/rustwide/cargo-home/bin/cargo" "+1.100.0-beta.1" "build" "--frozen" "--message-format=json" "--release", kill_on_drop: false }`
[INFO] [stderr]    Compiling unicode-ident v1.0.24
[INFO] [stderr]    Compiling libc v0.2.186
[INFO] [stderr]    Compiling smallvec v1.15.2
[INFO] [stderr]    Compiling cfg-if v1.0.4
[INFO] [stderr]    Compiling stable_deref_trait v1.2.1
[INFO] [stderr]    Compiling bytes v1.12.1
[INFO] [stderr]    Compiling pin-project-lite v0.2.17
[INFO] [stderr]    Compiling parking_lot_core v0.9.12
[INFO] [stderr]    Compiling futures-core v0.3.33
[INFO] [stderr]    Compiling scopeguard v1.2.0
[INFO] [stderr]    Compiling itoa v1.0.18
[INFO] [stderr]    Compiling lock_api v0.4.14
[INFO] [stderr]    Compiling find-msvc-tools v0.1.9
[INFO] [stderr]    Compiling proc-macro2 v1.0.107
[INFO] [stderr]    Compiling cc v1.3.0
[INFO] [stderr]    Compiling pkg-config v0.3.33
[INFO] [stderr]    Compiling vcpkg v0.2.15
[INFO] [stderr]    Compiling writeable v0.6.3
[INFO] [stderr]    Compiling litemap v0.8.2
[INFO] [stderr]    Compiling icu_normalizer_data v2.2.0
[INFO] [stderr]    Compiling icu_properties_data v2.2.0
[INFO] [stderr]    Compiling slab v0.4.12
[INFO] [stderr]    Compiling quote v1.0.47
[INFO] [stderr]    Compiling utf8_iter v1.0.4
[INFO] [stderr]    Compiling percent-encoding v2.3.2
[INFO] [stderr]    Compiling once_cell v1.21.4
[INFO] [stderr]    Compiling syn v2.0.119
[INFO] [stderr]    Compiling syn v3.0.2
[INFO] [stderr]    Compiling http v1.4.2
[INFO] [stderr]    Compiling tracing-core v0.1.36
[INFO] [stderr]    Compiling futures-sink v0.3.33
[INFO] [stderr]    Compiling foreign-types-shared v0.1.1
[INFO] [stderr]    Compiling openssl v0.10.81
[INFO] [stderr]    Compiling httparse v1.10.1
[INFO] [stderr]    Compiling serde_core v1.0.229
[INFO] [stderr]    Compiling errno v0.3.14
[INFO] [stderr]    Compiling signal-hook-registry v1.4.8
[INFO] [stderr]    Compiling mio v1.2.2
[INFO] [stderr]    Compiling parking_lot v0.12.5
[INFO] [stderr]    Compiling socket2 v0.6.5
[INFO] [stderr]    Compiling openssl-sys v0.9.117
[INFO] [stderr]    Compiling http-body v1.1.0
[INFO] [stderr]    Compiling hashbrown v0.17.1
[INFO] [stderr]    Compiling bitflags v2.13.1
[INFO] [stderr]    Compiling futures-task v0.3.33
[INFO] [stderr]    Compiling equivalent v1.0.2
[INFO] [stderr]    Compiling futures-util v0.3.33
[INFO] [stderr]    Compiling indexmap v2.14.0
[INFO] [stderr]    Compiling foreign-types v0.3.2
[INFO] [stderr]    Compiling native-tls v0.2.18
[INFO] [stderr]    Compiling fnv v1.0.7
[INFO] [stderr]    Compiling try-lock v0.2.5
[INFO] [stderr]    Compiling tower-service v0.3.3
[INFO] [stderr]    Compiling atomic-waker v1.1.2
[INFO] [stderr]    Compiling want v0.3.1
[INFO] [stderr]    Compiling form_urlencoded v1.2.2
[INFO] [stderr]    Compiling futures-channel v0.3.33
[INFO] [stderr]    Compiling serde v1.0.229
[INFO] [stderr]    Compiling log v0.4.33
[INFO] [stderr]    Compiling zmij v1.0.23
[INFO] [stderr]    Compiling openssl-probe v0.2.1
[INFO] [stderr]    Compiling sync_wrapper v1.0.2
[INFO] [stderr]    Compiling base64 v0.22.1
[INFO] [stderr]    Compiling tower-layer v0.3.3
[INFO] [stderr]    Compiling ipnet v2.12.0
[INFO] [stderr]    Compiling serde_json v1.0.150
[INFO] [stderr]    Compiling http-body-util v0.1.4
[INFO] [stderr]    Compiling zeroize v1.9.0
[INFO] [stderr]    Compiling memchr v2.8.3
[INFO] [stderr]    Compiling ryu v1.0.23
[INFO] [stderr]    Compiling thiserror v2.0.19
[INFO] [stderr]    Compiling rustls-pki-types v1.15.0
[INFO] [stderr]    Compiling encoding_rs v0.8.35
[INFO] [stderr]    Compiling mime v0.3.17
[INFO] [stderr]    Compiling serde_derive v1.0.229
[INFO] [stderr]    Compiling thiserror-impl v2.0.19
[INFO] [stderr]    Compiling async-trait v0.1.91
[INFO] [stderr]    Compiling synstructure v0.13.2
[INFO] [stderr]    Compiling zerofrom-derive v0.1.7
[INFO] [stderr]    Compiling yoke-derive v0.8.2
[INFO] [stderr]    Compiling zerovec-derive v0.11.3
[INFO] [stderr]    Compiling displaydoc v0.2.6
[INFO] [stderr]    Compiling tokio-macros v2.7.1
[INFO] [stderr]    Compiling tracing-attributes v0.1.31
[INFO] [stderr]    Compiling zerofrom v0.1.8
[INFO] [stderr]    Compiling openssl-macros v0.1.1
[INFO] [stderr]    Compiling tokio v1.53.0
[INFO] [stderr]    Compiling yoke v0.8.3
[INFO] [stderr]    Compiling zerotrie v0.2.4
[INFO] [stderr]    Compiling zerovec v0.11.6
[INFO] [stderr]    Compiling tracing v0.1.44
[INFO] [stderr]    Compiling tinystr v0.8.3
[INFO] [stderr]    Compiling potential_utf v0.1.5
[INFO] [stderr]    Compiling serde_urlencoded v0.7.1
[INFO] [stderr]    Compiling icu_collections v2.2.0
[INFO] [stderr]    Compiling icu_locale_core v2.2.0
[INFO] [stderr]    Compiling icu_provider v2.2.0
[INFO] [stderr]    Compiling icu_properties v2.2.0
[INFO] [stderr]    Compiling icu_normalizer v2.2.0
[INFO] [stderr]    Compiling idna_adapter v1.2.2
[INFO] [stderr]    Compiling idna v1.1.0
[INFO] [stderr]    Compiling url v2.5.8
[INFO] [stderr]    Compiling tokio-util v0.7.18
[INFO] [stderr]    Compiling tokio-native-tls v0.3.1
[INFO] [stderr]    Compiling tower v0.5.3
[INFO] [stderr]    Compiling h2 v0.4.15
[INFO] [stderr]    Compiling tower-http v0.6.11
[INFO] [stderr]    Compiling hyper v1.10.1
[INFO] [stderr]    Compiling hyper-util v0.1.20
[INFO] [stderr]    Compiling hyper-tls v0.6.0
[INFO] [stderr]    Compiling reqwest v0.12.28
[INFO] [stderr]    Compiling zlm-rs v0.1.0 (/opt/rustwide/workdir)
[INFO] [stderr]     Finished `release` profile [optimized] target(s) in 1m 41s
[INFO] running `Command { std: "docker" "inspect" "93b8ce402bc134e89cbaef8111796efd4b9987a8a91dbfc9722cd6abd56918aa", kill_on_drop: false }`
[INFO] running `Command { std: "docker" "exec" "-e" "SOURCE_DIR=/opt/rustwide/workdir" "-e" "CARGO_HOME=/opt/rustwide/cargo-home" "-e" "RUSTUP_HOME=/opt/rustwide/rustup-home" "-e" "CARGO_TARGET_DIR=/opt/rustwide/target" "-e" "CARGO_INCREMENTAL=0" "-e" "RUST_BACKTRACE=full" "-e" "RUSTFLAGS=--cap-lints=warn" "-e" "RUSTDOCFLAGS=--cap-lints=warn" "-w" "/opt/rustwide/workdir" "--user" "0:0" "93b8ce402bc134e89cbaef8111796efd4b9987a8a91dbfc9722cd6abd56918aa" "/opt/rustwide/cargo-home/bin/cargo" "+1.100.0-beta.1" "test" "--frozen" "--no-run" "--message-format=json" "--release", kill_on_drop: false }`
[INFO] [stderr]    Compiling zlm-rs v0.1.0 (/opt/rustwide/workdir)
[INFO] [stderr]     Finished `release` profile [optimized] target(s) in 5.70s
[INFO] running `Command { std: "docker" "inspect" "93b8ce402bc134e89cbaef8111796efd4b9987a8a91dbfc9722cd6abd56918aa", kill_on_drop: false }`
[INFO] running `Command { std: "docker" "exec" "-e" "SOURCE_DIR=/opt/rustwide/workdir" "-e" "CARGO_HOME=/opt/rustwide/cargo-home" "-e" "RUSTUP_HOME=/opt/rustwide/rustup-home" "-e" "CARGO_TARGET_DIR=/opt/rustwide/target" "-e" "CARGO_INCREMENTAL=0" "-e" "RUST_BACKTRACE=full" "-e" "RUSTFLAGS=--cap-lints=warn" "-e" "RUSTDOCFLAGS=--cap-lints=warn" "-w" "/opt/rustwide/workdir" "--user" "0:0" "93b8ce402bc134e89cbaef8111796efd4b9987a8a91dbfc9722cd6abd56918aa" "/opt/rustwide/cargo-home/bin/cargo" "+1.100.0-beta.1" "test" "--frozen" "--release", kill_on_drop: false }`
[INFO] [stderr]     Finished `release` profile [optimized] target(s) in 0.14s
[INFO] [stderr]      Running unittests src/lib.rs (/opt/rustwide/target/release/build/zlm-rs/c3fcf6c3bf748e6b/out/zlm_rs-c3fcf6c3bf748e6b)
[INFO] [stdout] 
[INFO] [stderr]      Running tests/integration_test.rs (/opt/rustwide/target/release/build/zlm-rs/c0749704ce30e419/out/integration_test-c0749704ce30e419)
[INFO] [stdout] running 0 tests
[INFO] [stdout] 
[INFO] [stdout] test result: ok. 0 passed; 0 failed; 0 ignored; 0 measured; 0 filtered out; finished in 0.00s
[INFO] [stdout] 
[INFO] [stdout] 
[INFO] [stdout] running 16 tests
[INFO] [stdout] test test_get_api_list ... FAILED
[INFO] [stdout] test test_get_all_session ... FAILED
[INFO] [stdout] test test_get_server_config ... FAILED
[INFO] [stdout] test test_get_mp4_record_file ... ok
[INFO] [stdout] test test_hook_event_type_from_path ... ok
[INFO] [stdout] test test_hook_response_builder ... ok
[INFO] [stdout] test test_get_media_list ... FAILED
[INFO] [stdout] test test_hook_event_deserialize ... ok
[INFO] [stdout] test test_get_threads_load ... FAILED
[INFO] [stdout] test test_add_del_stream_proxy ... ok
[INFO] [stdout] test test_get_statistic ... FAILED
[INFO] [stdout] test test_get_version ... FAILED
[INFO] [stdout] test test_open_close_rtp_server ... FAILED
[INFO] [stdout] test test_is_recording ... ok
[INFO] [stdout] test test_get_work_threads_load ... FAILED
[INFO] [stdout] test test_list_rtp_server ... FAILED
[INFO] [stdout] 
[INFO] [stdout] failures:
[INFO] [stdout] 
[INFO] [stdout] ---- test_get_api_list stdout ----
[INFO] [stdout] 
[INFO] [stdout] thread 'test_get_api_list' (1994) panicked at tests/integration_test.rs:83:44:
[INFO] [stdout] called `Result::unwrap()` on an `Err` value: HttpError(reqwest::Error { kind: Request, url: "http://127.0.0.1:8080/index/api/getApiList?secret=035c73f7-bb6b-4889-a715-d9eb2d1925cc", source: hyper_util::client::legacy::Error(Connect, ConnectError("tcp connect error", 127.0.0.1:8080, Os { code: 111, kind: ConnectionRefused, message: "Connection refused" })) })
[INFO] [stdout] stack backtrace:
[INFO] [stdout]    0:     0x55edc0da0991 - <<std[617be2ca0a6fd877]::sys::backtrace::BacktraceLock>::print::DisplayBacktrace as core[a373ad73a504971]::fmt::Display>::fmt
[INFO] [stdout]    1:     0x55edc0db6d7a - core[a373ad73a504971]::fmt::write
[INFO] [stdout]    2:     0x55edc0da52fc - <alloc[2e1b2a31b91974c5]::vec::Vec<u8> as core[a373ad73a504971]::io::write::Write>::write_fmt
[INFO] [stdout]    3:     0x55edc0d7bb66 - std[617be2ca0a6fd877]::panicking::default_hook::{closure#0}
[INFO] [stdout]    4:     0x55edc0d98869 - std[617be2ca0a6fd877]::panicking::default_hook
[INFO] [stdout]    5:     0x55edc0bb7800 - test[aada8e7e76ba119b]::test_main_inner::{closure#0}
[INFO] [stdout]    6:     0x55edc0d98b92 - std[617be2ca0a6fd877]::panicking::panic_with_hook
[INFO] [stdout]    7:     0x55edc0d7bc12 - std[617be2ca0a6fd877]::panicking::panic_handler::{closure#0}
[INFO] [stdout]    8:     0x55edc0d74849 - std[617be2ca0a6fd877]::sys::backtrace::__rust_end_short_backtrace::<std[617be2ca0a6fd877]::panicking::panic_handler::{closure#0}, !>
[INFO] [stdout]    9:     0x55edc0d7ca0d - __rustc[ea4f61d10b84890b]::rust_begin_unwind
[INFO] [stdout]   10:     0x55edc0db74dc - core[a373ad73a504971]::panicking::panic_fmt
[INFO] [stdout]   11:     0x55edc0db72b2 - core[a373ad73a504971]::result::unwrap_failed
[INFO] [stdout]   12:     0x55edc0b98ecd - integration_test[94ec85d5be4e6e50]::test_get_api_list::{closure#0}
[INFO] [stdout]   13:     0x55edc0ba8586 - <tokio[5a0dee2a0cf22ca5]::runtime::scheduler::current_thread::CoreGuard>::block_on::<core[a373ad73a504971]::pin::Pin<&mut core[a373ad73a504971]::pin::Pin<&mut dyn core[a373ad73a504971]::future::future::Future<Output = ()>>>>
[INFO] [stdout]   14:     0x55edc0ba5e0b - tokio[5a0dee2a0cf22ca5]::runtime::context::runtime::enter_runtime::<<tokio[5a0dee2a0cf22ca5]::runtime::scheduler::current_thread::CurrentThread>::block_on<core[a373ad73a504971]::pin::Pin<&mut dyn core[a373ad73a504971]::future::future::Future<Output = ()>>>::{closure#0}, ()>
[INFO] [stdout]   15:     0x55edc0ba6205 - <tokio[5a0dee2a0cf22ca5]::runtime::runtime::Runtime>::block_on::<core[a373ad73a504971]::pin::Pin<&mut dyn core[a373ad73a504971]::future::future::Future<Output = ()>>>
[INFO] [stdout]   16:     0x55edc0b9d02e - <integration_test[94ec85d5be4e6e50]::test_get_api_list::{closure#0} as core[a373ad73a504971]::ops::function::FnOnce<()>>::call_once
[INFO] [stdout]   17:     0x55edc0baac4b - test[aada8e7e76ba119b]::__rust_begin_short_backtrace::<core[a373ad73a504971]::result::Result<(), alloc[2e1b2a31b91974c5]::string::String>, fn() -> core[a373ad73a504971]::result::Result<(), alloc[2e1b2a31b91974c5]::string::String>>
[INFO] [stdout]   18:     0x55edc0bb7e25 - test[aada8e7e76ba119b]::run_test::{closure#0}
[INFO] [stdout]   19:     0x55edc0bb1714 - std[617be2ca0a6fd877]::sys::backtrace::__rust_begin_short_backtrace::<test[aada8e7e76ba119b]::run_test::{closure#1}, ()>
[INFO] [stdout]   20:     0x55edc0bbaeb2 - <std[617be2ca0a6fd877]::thread::lifecycle::spawn_unchecked<test[aada8e7e76ba119b]::run_test::{closure#1}, ()>::{closure#1} as core[a373ad73a504971]::ops::function::FnOnce<()>>::call_once::{shim:vtable#0}
[INFO] [stdout]   21:     0x55edc0d9fe3f - <std[617be2ca0a6fd877]::sys::thread::unix::Thread>::new::thread_start
[INFO] [stdout]   22:     0x77e1fb285dfa - <unknown>
[INFO] [stdout]   23:     0x77e1fb3193d4 - clone
[INFO] [stdout]   24:                0x0 - <unknown>
[INFO] [stdout] 
[INFO] [stdout] ---- test_get_all_session stdout ----
[INFO] [stdout] 
[INFO] [stdout] thread 'test_get_all_session' (1993) panicked at tests/integration_test.rs:66:51:
[INFO] [stdout] called `Result::unwrap()` on an `Err` value: HttpError(reqwest::Error { kind: Request, url: "http://127.0.0.1:8080/index/api/getAllSession?secret=035c73f7-bb6b-4889-a715-d9eb2d1925cc", source: hyper_util::client::legacy::Error(Connect, ConnectError("tcp connect error", 127.0.0.1:8080, Os { code: 111, kind: ConnectionRefused, message: "Connection refused" })) })
[INFO] [stdout] stack backtrace:
[INFO] [stdout]    0:     0x55edc0da0991 - <<std[617be2ca0a6fd877]::sys::backtrace::BacktraceLock>::print::DisplayBacktrace as core[a373ad73a504971]::fmt::Display>::fmt
[INFO] [stdout]    1:     0x55edc0db6d7a - core[a373ad73a504971]::fmt::write
[INFO] [stdout]    2:     0x55edc0da52fc - <alloc[2e1b2a31b91974c5]::vec::Vec<u8> as core[a373ad73a504971]::io::write::Write>::write_fmt
[INFO] [stdout]    3:     0x55edc0d7bb66 - std[617be2ca0a6fd877]::panicking::default_hook::{closure#0}
[INFO] [stdout]    4:     0x55edc0d98869 - std[617be2ca0a6fd877]::panicking::default_hook
[INFO] [stdout]    5:     0x55edc0bb7800 - test[aada8e7e76ba119b]::test_main_inner::{closure#0}
[INFO] [stdout]    6:     0x55edc0d98b92 - std[617be2ca0a6fd877]::panicking::panic_with_hook
[INFO] [stdout]    7:     0x55edc0d7bc12 - std[617be2ca0a6fd877]::panicking::panic_handler::{closure#0}
[INFO] [stdout]    8:     0x55edc0d74849 - std[617be2ca0a6fd877]::sys::backtrace::__rust_end_short_backtrace::<std[617be2ca0a6fd877]::panicking::panic_handler::{closure#0}, !>
[INFO] [stdout]    9:     0x55edc0d7ca0d - __rustc[ea4f61d10b84890b]::rust_begin_unwind
[INFO] [stdout]   10:     0x55edc0db74dc - core[a373ad73a504971]::panicking::panic_fmt
[INFO] [stdout]   11:     0x55edc0db72b2 - core[a373ad73a504971]::result::unwrap_failed
[INFO] [stdout]   12:     0x55edc0b99b63 - integration_test[94ec85d5be4e6e50]::test_get_all_session::{closure#0}
[INFO] [stdout]   13:     0x55edc0ba8586 - <tokio[5a0dee2a0cf22ca5]::runtime::scheduler::current_thread::CoreGuard>::block_on::<core[a373ad73a504971]::pin::Pin<&mut core[a373ad73a504971]::pin::Pin<&mut dyn core[a373ad73a504971]::future::future::Future<Output = ()>>>>
[INFO] [stdout]   14:     0x55edc0ba5e0b - tokio[5a0dee2a0cf22ca5]::runtime::context::runtime::enter_runtime::<<tokio[5a0dee2a0cf22ca5]::runtime::scheduler::current_thread::CurrentThread>::block_on<core[a373ad73a504971]::pin::Pin<&mut dyn core[a373ad73a504971]::future::future::Future<Output = ()>>>::{closure#0}, ()>
[INFO] [stdout]   15:     0x55edc0ba6205 - <tokio[5a0dee2a0cf22ca5]::runtime::runtime::Runtime>::block_on::<core[a373ad73a504971]::pin::Pin<&mut dyn core[a373ad73a504971]::future::future::Future<Output = ()>>>
[INFO] [stdout]   16:     0x55edc0b9d5ae - <integration_test[94ec85d5be4e6e50]::test_get_all_session::{closure#0} as core[a373ad73a504971]::ops::function::FnOnce<()>>::call_once
[INFO] [stdout]   17:     0x55edc0baac4b - test[aada8e7e76ba119b]::__rust_begin_short_backtrace::<core[a373ad73a504971]::result::Result<(), alloc[2e1b2a31b91974c5]::string::String>, fn() -> core[a373ad73a504971]::result::Result<(), alloc[2e1b2a31b91974c5]::string::String>>
[INFO] [stdout]   18:     0x55edc0bb7e25 - test[aada8e7e76ba119b]::run_test::{closure#0}
[INFO] [stdout]   19:     0x55edc0bb1714 - std[617be2ca0a6fd877]::sys::backtrace::__rust_begin_short_backtrace::<test[aada8e7e76ba119b]::run_test::{closure#1}, ()>
[INFO] [stdout]   20:     0x55edc0bbaeb2 - <std[617be2ca0a6fd877]::thread::lifecycle::spawn_unchecked<test[aada8e7e76ba119b]::run_test::{closure#1}, ()>::{closure#1} as core[a373ad73a504971]::ops::function::FnOnce<()>>::call_once::{shim:vtable#0}
[INFO] [stdout]   21:     0x55edc0d9fe3f - <std[617be2ca0a6fd877]::sys::thread::unix::Thread>::new::thread_start
[INFO] [stdout]   22:     0x77e1fb285dfa - <unknown>
[INFO] [stdout]   23:     0x77e1fb3193d4 - clone
[INFO] [stdout]   24:                0x0 - <unknown>
[INFO] [stdout] 
[INFO] [stdout] ---- test_get_server_config stdout ----
[INFO] [stdout] 
[INFO] [stdout] thread 'test_get_server_config' (1997) panicked at tests/integration_test.rs:26:51:
[INFO] [stdout] called `Result::unwrap()` on an `Err` value: HttpError(reqwest::Error { kind: Request, url: "http://127.0.0.1:8080/index/api/getServerConfig?secret=035c73f7-bb6b-4889-a715-d9eb2d1925cc", source: hyper_util::client::legacy::Error(Connect, ConnectError("tcp connect error", 127.0.0.1:8080, Os { code: 111, kind: ConnectionRefused, message: "Connection refused" })) })
[INFO] [stdout] stack backtrace:
[INFO] [stdout]    0:     0x55edc0da0991 - <<std[617be2ca0a6fd877]::sys::backtrace::BacktraceLock>::print::DisplayBacktrace as core[a373ad73a504971]::fmt::Display>::fmt
[INFO] [stdout]    1:     0x55edc0db6d7a - core[a373ad73a504971]::fmt::write
[INFO] [stdout]    2:     0x55edc0da52fc - <alloc[2e1b2a31b91974c5]::vec::Vec<u8> as core[a373ad73a504971]::io::write::Write>::write_fmt
[INFO] [stdout]    3:     0x55edc0d7bb66 - std[617be2ca0a6fd877]::panicking::default_hook::{closure#0}
[INFO] [stdout]    4:     0x55edc0d98869 - std[617be2ca0a6fd877]::panicking::default_hook
[INFO] [stdout]    5:     0x55edc0bb7800 - test[aada8e7e76ba119b]::test_main_inner::{closure#0}
[INFO] [stdout]    6:     0x55edc0d98b92 - std[617be2ca0a6fd877]::panicking::panic_with_hook
[INFO] [stdout]    7:     0x55edc0d7bc12 - std[617be2ca0a6fd877]::panicking::panic_handler::{closure#0}
[INFO] [stdout]    8:     0x55edc0d74849 - std[617be2ca0a6fd877]::sys::backtrace::__rust_end_short_backtrace::<std[617be2ca0a6fd877]::panicking::panic_handler::{closure#0}, !>
[INFO] [stdout]    9:     0x55edc0d7ca0d - __rustc[ea4f61d10b84890b]::rust_begin_unwind
[INFO] [stdout]   10:     0x55edc0db74dc - core[a373ad73a504971]::panicking::panic_fmt
[INFO] [stdout]   11:     0x55edc0db72b2 - core[a373ad73a504971]::result::unwrap_failed
[INFO] [stdout]   12:     0x55edc0b9a6f3 - integration_test[94ec85d5be4e6e50]::test_get_server_config::{closure#0}
[INFO] [stdout]   13:     0x55edc0ba8586 - <tokio[5a0dee2a0cf22ca5]::runtime::scheduler::current_thread::CoreGuard>::block_on::<core[a373ad73a504971]::pin::Pin<&mut core[a373ad73a504971]::pin::Pin<&mut dyn core[a373ad73a504971]::future::future::Future<Output = ()>>>>
[INFO] [stdout]   14:     0x55edc0ba5e0b - tokio[5a0dee2a0cf22ca5]::runtime::context::runtime::enter_runtime::<<tokio[5a0dee2a0cf22ca5]::runtime::scheduler::current_thread::CurrentThread>::block_on<core[a373ad73a504971]::pin::Pin<&mut dyn core[a373ad73a504971]::future::future::Future<Output = ()>>>::{closure#0}, ()>
[INFO] [stdout]   15:     0x55edc0ba6205 - <tokio[5a0dee2a0cf22ca5]::runtime::runtime::Runtime>::block_on::<core[a373ad73a504971]::pin::Pin<&mut dyn core[a373ad73a504971]::future::future::Future<Output = ()>>>
[INFO] [stdout]   16:     0x55edc0b9d9ce - <integration_test[94ec85d5be4e6e50]::test_get_server_config::{closure#0} as core[a373ad73a504971]::ops::function::FnOnce<()>>::call_once
[INFO] [stdout]   17:     0x55edc0baac4b - test[aada8e7e76ba119b]::__rust_begin_short_backtrace::<core[a373ad73a504971]::result::Result<(), alloc[2e1b2a31b91974c5]::string::String>, fn() -> core[a373ad73a504971]::result::Result<(), alloc[2e1b2a31b91974c5]::string::String>>
[INFO] [stdout]   18:     0x55edc0bb7e25 - test[aada8e7e76ba119b]::run_test::{closure#0}
[INFO] [stdout]   19:     0x55edc0bb1714 - std[617be2ca0a6fd877]::sys::backtrace::__rust_begin_short_backtrace::<test[aada8e7e76ba119b]::run_test::{closure#1}, ()>
[INFO] [stdout]   20:     0x55edc0bbaeb2 - <std[617be2ca0a6fd877]::thread::lifecycle::spawn_unchecked<test[aada8e7e76ba119b]::run_test::{closure#1}, ()>::{closure#1} as core[a373ad73a504971]::ops::function::FnOnce<()>>::call_once::{shim:vtable#0}
[INFO] [stdout]   21:     0x55edc0d9fe3f - <std[617be2ca0a6fd877]::sys::thread::unix::Thread>::new::thread_start
[INFO] [stdout]   22:     0x77e1fb285dfa - <unknown>
[INFO] [stdout]   23:     0x77e1fb3193d4 - clone
[INFO] [stdout]   24:                0x0 - <unknown>
[INFO] [stdout] 
[INFO] [stdout] ---- test_get_media_list stdout ----
[INFO] [stdout] 
[INFO] [stdout] thread 'test_get_media_list' (1995) panicked at tests/integration_test.rs:56:68:
[INFO] [stdout] called `Result::unwrap()` on an `Err` value: HttpError(reqwest::Error { kind: Request, url: "http://127.0.0.1:8080/index/api/getMediaList?secret=035c73f7-bb6b-4889-a715-d9eb2d1925cc", source: hyper_util::client::legacy::Error(Connect, ConnectError("tcp connect error", 127.0.0.1:8080, Os { code: 111, kind: ConnectionRefused, message: "Connection refused" })) })
[INFO] [stdout] stack backtrace:
[INFO] [stdout]    0:     0x55edc0da0991 - <<std[617be2ca0a6fd877]::sys::backtrace::BacktraceLock>::print::DisplayBacktrace as core[a373ad73a504971]::fmt::Display>::fmt
[INFO] [stdout]    1:     0x55edc0db6d7a - core[a373ad73a504971]::fmt::write
[INFO] [stdout]    2:     0x55edc0da52fc - <alloc[2e1b2a31b91974c5]::vec::Vec<u8> as core[a373ad73a504971]::io::write::Write>::write_fmt
[INFO] [stdout]    3:     0x55edc0d7bb66 - std[617be2ca0a6fd877]::panicking::default_hook::{closure#0}
[INFO] [stdout]    4:     0x55edc0d98869 - std[617be2ca0a6fd877]::panicking::default_hook
[INFO] [stdout]    5:     0x55edc0bb7800 - test[aada8e7e76ba119b]::test_main_inner::{closure#0}
[INFO] [stdout]    6:     0x55edc0d98b92 - std[617be2ca0a6fd877]::panicking::panic_with_hook
[INFO] [stdout]    7:     0x55edc0d7bc12 - std[617be2ca0a6fd877]::panicking::panic_handler::{closure#0}
[INFO] [stdout]    8:     0x55edc0d74849 - std[617be2ca0a6fd877]::sys::backtrace::__rust_end_short_backtrace::<std[617be2ca0a6fd877]::panicking::panic_handler::{closure#0}, !>
[INFO] [stdout]    9:     0x55edc0d7ca0d - __rustc[ea4f61d10b84890b]::rust_begin_unwind
[INFO] [stdout]   10:     0x55edc0db74dc - core[a373ad73a504971]::panicking::panic_fmt
[INFO] [stdout]   11:     0x55edc0db72b2 - core[a373ad73a504971]::result::unwrap_failed
[INFO] [stdout]   12:     0x55edc0b997fb - integration_test[94ec85d5be4e6e50]::test_get_media_list::{closure#0}
[INFO] [stdout]   13:     0x55edc0ba8586 - <tokio[5a0dee2a0cf22ca5]::runtime::scheduler::current_thread::CoreGuard>::block_on::<core[a373ad73a504971]::pin::Pin<&mut core[a373ad73a504971]::pin::Pin<&mut dyn core[a373ad73a504971]::future::future::Future<Output = ()>>>>
[INFO] [stdout]   14:     0x55edc0ba5e0b - tokio[5a0dee2a0cf22ca5]::runtime::context::runtime::enter_runtime::<<tokio[5a0dee2a0cf22ca5]::runtime::scheduler::current_thread::CurrentThread>::block_on<core[a373ad73a504971]::pin::Pin<&mut dyn core[a373ad73a504971]::future::future::Future<Output = ()>>>::{closure#0}, ()>
[INFO] [stdout]   15:     0x55edc0ba6205 - <tokio[5a0dee2a0cf22ca5]::runtime::runtime::Runtime>::block_on::<core[a373ad73a504971]::pin::Pin<&mut dyn core[a373ad73a504971]::future::future::Future<Output = ()>>>
[INFO] [stdout]   16:     0x55edc0b9d44e - <integration_test[94ec85d5be4e6e50]::test_get_media_list::{closure#0} as core[a373ad73a504971]::ops::function::FnOnce<()>>::call_once
[INFO] [stdout]   17:     0x55edc0baac4b - test[aada8e7e76ba119b]::__rust_begin_short_backtrace::<core[a373ad73a504971]::result::Result<(), alloc[2e1b2a31b91974c5]::string::String>, fn() -> core[a373ad73a504971]::result::Result<(), alloc[2e1b2a31b91974c5]::string::String>>
[INFO] [stdout]   18:     0x55edc0bb7e25 - test[aada8e7e76ba119b]::run_test::{closure#0}
[INFO] [stdout]   19:     0x55edc0bb1714 - std[617be2ca0a6fd877]::sys::backtrace::__rust_begin_short_backtrace::<test[aada8e7e76ba119b]::run_test::{closure#1}, ()>
[INFO] [stdout]   20:     0x55edc0bbaeb2 - <std[617be2ca0a6fd877]::thread::lifecycle::spawn_unchecked<test[aada8e7e76ba119b]::run_test::{closure#1}, ()>::{closure#1} as core[a373ad73a504971]::ops::function::FnOnce<()>>::call_once::{shim:vtable#0}
[INFO] [stdout]   21:     0x55edc0d9fe3f - <std[617be2ca0a6fd877]::sys::thread::unix::Thread>::new::thread_start
[INFO] [stdout]   22:     0x77e1fb285dfa - <unknown>
[INFO] [stdout]   23:     0x77e1fb3193d4 - clone
[INFO] [stdout]   24:                0x0 - <unknown>
[INFO] [stdout] 
[INFO] [stdout] ---- test_get_threads_load stdout ----
[INFO] [stdout] 
[INFO] [stdout] thread 'test_get_threads_load' (1999) panicked at tests/integration_test.rs:39:51:
[INFO] [stdout] called `Result::unwrap()` on an `Err` value: HttpError(reqwest::Error { kind: Request, url: "http://127.0.0.1:8080/index/api/getThreadsLoad?secret=035c73f7-bb6b-4889-a715-d9eb2d1925cc", source: hyper_util::client::legacy::Error(Connect, ConnectError("tcp connect error", 127.0.0.1:8080, Os { code: 111, kind: ConnectionRefused, message: "Connection refused" })) })
[INFO] [stdout] stack backtrace:
[INFO] [stdout]    0:     0x55edc0da0991 - <<std[617be2ca0a6fd877]::sys::backtrace::BacktraceLock>::print::DisplayBacktrace as core[a373ad73a504971]::fmt::Display>::fmt
[INFO] [stdout]    1:     0x55edc0db6d7a - core[a373ad73a504971]::fmt::write
[INFO] [stdout]    2:     0x55edc0da52fc - <alloc[2e1b2a31b91974c5]::vec::Vec<u8> as core[a373ad73a504971]::io::write::Write>::write_fmt
[INFO] [stdout]    3:     0x55edc0d7bb66 - std[617be2ca0a6fd877]::panicking::default_hook::{closure#0}
[INFO] [stdout]    4:     0x55edc0d98869 - std[617be2ca0a6fd877]::panicking::default_hook
[INFO] [stdout]    5:     0x55edc0bb7800 - test[aada8e7e76ba119b]::test_main_inner::{closure#0}
[INFO] [stdout]    6:     0x55edc0d98b92 - std[617be2ca0a6fd877]::panicking::panic_with_hook
[INFO] [stdout]    7:     0x55edc0d7bc12 - std[617be2ca0a6fd877]::panicking::panic_handler::{closure#0}
[INFO] [stdout]    8:     0x55edc0d74849 - std[617be2ca0a6fd877]::sys::backtrace::__rust_end_short_backtrace::<std[617be2ca0a6fd877]::panicking::panic_handler::{closure#0}, !>
[INFO] [stdout]    9:     0x55edc0d7ca0d - __rustc[ea4f61d10b84890b]::rust_begin_unwind
[INFO] [stdout]   10:     0x55edc0db74dc - core[a373ad73a504971]::panicking::panic_fmt
[INFO] [stdout]   11:     0x55edc0db72b2 - core[a373ad73a504971]::result::unwrap_failed
[INFO] [stdout]   12:     0x55edc0b9a13e - integration_test[94ec85d5be4e6e50]::test_get_threads_load::{closure#0}
[INFO] [stdout]   13:     0x55edc0ba8586 - <tokio[5a0dee2a0cf22ca5]::runtime::scheduler::current_thread::CoreGuard>::block_on::<core[a373ad73a504971]::pin::Pin<&mut core[a373ad73a504971]::pin::Pin<&mut dyn core[a373ad73a504971]::future::future::Future<Output = ()>>>>
[INFO] [stdout]   14:     0x55edc0ba5e0b - tokio[5a0dee2a0cf22ca5]::runtime::context::runtime::enter_runtime::<<tokio[5a0dee2a0cf22ca5]::runtime::scheduler::current_thread::CurrentThread>::block_on<core[a373ad73a504971]::pin::Pin<&mut dyn core[a373ad73a504971]::future::future::Future<Output = ()>>>::{closure#0}, ()>
[INFO] [stdout]   15:     0x55edc0ba6205 - <tokio[5a0dee2a0cf22ca5]::runtime::runtime::Runtime>::block_on::<core[a373ad73a504971]::pin::Pin<&mut dyn core[a373ad73a504971]::future::future::Future<Output = ()>>>
[INFO] [stdout]   16:     0x55edc0b9d86e - <integration_test[94ec85d5be4e6e50]::test_get_threads_load::{closure#0} as core[a373ad73a504971]::ops::function::FnOnce<()>>::call_once
[INFO] [stdout]   17:     0x55edc0baac4b - test[aada8e7e76ba119b]::__rust_begin_short_backtrace::<core[a373ad73a504971]::result::Result<(), alloc[2e1b2a31b91974c5]::string::String>, fn() -> core[a373ad73a504971]::result::Result<(), alloc[2e1b2a31b91974c5]::string::String>>
[INFO] [stdout]   18:     0x55edc0bb7e25 - test[aada8e7e76ba119b]::run_test::{closure#0}
[INFO] [stdout]   19:     0x55edc0bb1714 - std[617be2ca0a6fd877]::sys::backtrace::__rust_begin_short_backtrace::<test[aada8e7e76ba119b]::run_test::{closure#1}, ()>
[INFO] [stdout]   20:     0x55edc0bbaeb2 - <std[617be2ca0a6fd877]::thread::lifecycle::spawn_unchecked<test[aada8e7e76ba119b]::run_test::{closure#1}, ()>::{closure#1} as core[a373ad73a504971]::ops::function::FnOnce<()>>::call_once::{shim:vtable#0}
[INFO] [stdout]   21:     0x55edc0d9fe3f - <std[617be2ca0a6fd877]::sys::thread::unix::Thread>::new::thread_start
[INFO] [stdout]   22:     0x77e1fb285dfa - <unknown>
[INFO] [stdout]   23:     0x77e1fb3193d4 - clone
[INFO] [stdout]   24:                0x0 - <unknown>
[INFO] [stdout] 
[INFO] [stdout] ---- test_get_statistic stdout ----
[INFO] [stdout] 
[INFO] [stdout] thread 'test_get_statistic' (1998) panicked at tests/integration_test.rs:76:45:
[INFO] [stdout] called `Result::unwrap()` on an `Err` value: HttpError(reqwest::Error { kind: Request, url: "http://127.0.0.1:8080/index/api/getStatistic?secret=035c73f7-bb6b-4889-a715-d9eb2d1925cc", source: hyper_util::client::legacy::Error(Connect, ConnectError("tcp connect error", 127.0.0.1:8080, Os { code: 111, kind: ConnectionRefused, message: "Connection refused" })) })
[INFO] [stdout] stack backtrace:
[INFO] [stdout]    0:     0x55edc0da0991 - <<std[617be2ca0a6fd877]::sys::backtrace::BacktraceLock>::print::DisplayBacktrace as core[a373ad73a504971]::fmt::Display>::fmt
[INFO] [stdout]    1:     0x55edc0db6d7a - core[a373ad73a504971]::fmt::write
[INFO] [stdout]    2:     0x55edc0da52fc - <alloc[2e1b2a31b91974c5]::vec::Vec<u8> as core[a373ad73a504971]::io::write::Write>::write_fmt
[INFO] [stdout]    3:     0x55edc0d7bb66 - std[617be2ca0a6fd877]::panicking::default_hook::{closure#0}
[INFO] [stdout]    4:     0x55edc0d98869 - std[617be2ca0a6fd877]::panicking::default_hook
[INFO] [stdout]    5:     0x55edc0bb7800 - test[aada8e7e76ba119b]::test_main_inner::{closure#0}
[INFO] [stdout]    6:     0x55edc0d98b92 - std[617be2ca0a6fd877]::panicking::panic_with_hook
[INFO] [stdout]    7:     0x55edc0d7bc12 - std[617be2ca0a6fd877]::panicking::panic_handler::{closure#0}
[INFO] [stdout]    8:     0x55edc0d74849 - std[617be2ca0a6fd877]::sys::backtrace::__rust_end_short_backtrace::<std[617be2ca0a6fd877]::panicking::panic_handler::{closure#0}, !>
[INFO] [stdout]    9:     0x55edc0d7ca0d - __rustc[ea4f61d10b84890b]::rust_begin_unwind
[INFO] [stdout]   10:     0x55edc0db74dc - core[a373ad73a504971]::panicking::panic_fmt
[INFO] [stdout]   11:     0x55edc0db72b2 - core[a373ad73a504971]::result::unwrap_failed
[INFO] [stdout]   12:     0x55edc0b992fd - integration_test[94ec85d5be4e6e50]::test_get_statistic::{closure#0}
[INFO] [stdout]   13:     0x55edc0ba8586 - <tokio[5a0dee2a0cf22ca5]::runtime::scheduler::current_thread::CoreGuard>::block_on::<core[a373ad73a504971]::pin::Pin<&mut core[a373ad73a504971]::pin::Pin<&mut dyn core[a373ad73a504971]::future::future::Future<Output = ()>>>>
[INFO] [stdout]   14:     0x55edc0ba5e0b - tokio[5a0dee2a0cf22ca5]::runtime::context::runtime::enter_runtime::<<tokio[5a0dee2a0cf22ca5]::runtime::scheduler::current_thread::CurrentThread>::block_on<core[a373ad73a504971]::pin::Pin<&mut dyn core[a373ad73a504971]::future::future::Future<Output = ()>>>::{closure#0}, ()>
[INFO] [stdout]   15:     0x55edc0ba6205 - <tokio[5a0dee2a0cf22ca5]::runtime::runtime::Runtime>::block_on::<core[a373ad73a504971]::pin::Pin<&mut dyn core[a373ad73a504971]::future::future::Future<Output = ()>>>
[INFO] [stdout]   16:     0x55edc0b9d2ee - <integration_test[94ec85d5be4e6e50]::test_get_statistic::{closure#0} as core[a373ad73a504971]::ops::function::FnOnce<()>>::call_once
[INFO] [stdout]   17:     0x55edc0baac4b - test[aada8e7e76ba119b]::__rust_begin_short_backtrace::<core[a373ad73a504971]::result::Result<(), alloc[2e1b2a31b91974c5]::string::String>, fn() -> core[a373ad73a504971]::result::Result<(), alloc[2e1b2a31b91974c5]::string::String>>
[INFO] [stdout]   18:     0x55edc0bb7e25 - test[aada8e7e76ba119b]::run_test::{closure#0}
[INFO] [stdout]   19:     0x55edc0bb1714 - std[617be2ca0a6fd877]::sys::backtrace::__rust_begin_short_backtrace::<test[aada8e7e76ba119b]::run_test::{closure#1}, ()>
[INFO] [stdout]   20:     0x55edc0bbaeb2 - <std[617be2ca0a6fd877]::thread::lifecycle::spawn_unchecked<test[aada8e7e76ba119b]::run_test::{closure#1}, ()>::{closure#1} as core[a373ad73a504971]::ops::function::FnOnce<()>>::call_once::{shim:vtable#0}
[INFO] [stdout]   21:     0x55edc0d9fe3f - <std[617be2ca0a6fd877]::sys::thread::unix::Thread>::new::thread_start
[INFO] [stdout]   22:     0x77e1fb285dfa - <unknown>
[INFO] [stdout]   23:     0x77e1fb3193d4 - clone
[INFO] [stdout]   24:                0x0 - <unknown>
[INFO] [stdout] 
[INFO] [stdout] ---- test_get_version stdout ----
[INFO] [stdout] 
[INFO] [stdout] thread 'test_get_version' (2000) panicked at tests/integration_test.rs:16:46:
[INFO] [stdout] called `Result::unwrap()` on an `Err` value: HttpError(reqwest::Error { kind: Request, url: "http://127.0.0.1:8080/index/api/version?secret=035c73f7-bb6b-4889-a715-d9eb2d1925cc", source: hyper_util::client::legacy::Error(Connect, ConnectError("tcp connect error", 127.0.0.1:8080, Os { code: 111, kind: ConnectionRefused, message: "Connection refused" })) })
[INFO] [stdout] stack backtrace:
[INFO] [stdout]    0:     0x55edc0da0991 - <<std[617be2ca0a6fd877]::sys::backtrace::BacktraceLock>::print::DisplayBacktrace as core[a373ad73a504971]::fmt::Display>::fmt
[INFO] [stdout]    1:     0x55edc0db6d7a - core[a373ad73a504971]::fmt::write
[INFO] [stdout]    2:     0x55edc0da52fc - <alloc[2e1b2a31b91974c5]::vec::Vec<u8> as core[a373ad73a504971]::io::write::Write>::write_fmt
[INFO] [stdout]    3:     0x55edc0d7bb66 - std[617be2ca0a6fd877]::panicking::default_hook::{closure#0}
[INFO] [stdout]    4:     0x55edc0d98869 - std[617be2ca0a6fd877]::panicking::default_hook
[INFO] [stdout]    5:     0x55edc0bb7800 - test[aada8e7e76ba119b]::test_main_inner::{closure#0}
[INFO] [stdout]    6:     0x55edc0d98b92 - std[617be2ca0a6fd877]::panicking::panic_with_hook
[INFO] [stdout]    7:     0x55edc0d7bc12 - std[617be2ca0a6fd877]::panicking::panic_handler::{closure#0}
[INFO] [stdout]    8:     0x55edc0d74849 - std[617be2ca0a6fd877]::sys::backtrace::__rust_end_short_backtrace::<std[617be2ca0a6fd877]::panicking::panic_handler::{closure#0}, !>
[INFO] [stdout]    9:     0x55edc0d7ca0d - __rustc[ea4f61d10b84890b]::rust_begin_unwind
[INFO] [stdout]   10:     0x55edc0db74dc - core[a373ad73a504971]::panicking::panic_fmt
[INFO] [stdout]   11:     0x55edc0db72b2 - core[a373ad73a504971]::result::unwrap_failed
[INFO] [stdout]   12:     0x55edc0b98a01 - integration_test[94ec85d5be4e6e50]::test_get_version::{closure#0}
[INFO] [stdout]   13:     0x55edc0ba8586 - <tokio[5a0dee2a0cf22ca5]::runtime::scheduler::current_thread::CoreGuard>::block_on::<core[a373ad73a504971]::pin::Pin<&mut core[a373ad73a504971]::pin::Pin<&mut dyn core[a373ad73a504971]::future::future::Future<Output = ()>>>>
[INFO] [stdout]   14:     0x55edc0ba5e0b - tokio[5a0dee2a0cf22ca5]::runtime::context::runtime::enter_runtime::<<tokio[5a0dee2a0cf22ca5]::runtime::scheduler::current_thread::CurrentThread>::block_on<core[a373ad73a504971]::pin::Pin<&mut dyn core[a373ad73a504971]::future::future::Future<Output = ()>>>::{closure#0}, ()>
[INFO] [stdout]   15:     0x55edc0ba6205 - <tokio[5a0dee2a0cf22ca5]::runtime::runtime::Runtime>::block_on::<core[a373ad73a504971]::pin::Pin<&mut dyn core[a373ad73a504971]::future::future::Future<Output = ()>>>
[INFO] [stdout]   16:     0x55edc0b9cece - <integration_test[94ec85d5be4e6e50]::test_get_version::{closure#0} as core[a373ad73a504971]::ops::function::FnOnce<()>>::call_once
[INFO] [stdout]   17:     0x55edc0baac4b - test[aada8e7e76ba119b]::__rust_begin_short_backtrace::<core[a373ad73a504971]::result::Result<(), alloc[2e1b2a31b91974c5]::string::String>, fn() -> core[a373ad73a504971]::result::Result<(), alloc[2e1b2a31b91974c5]::string::String>>
[INFO] [stdout]   18:     0x55edc0bb7e25 - test[aada8e7e76ba119b]::run_test::{closure#0}
[INFO] [stdout]   19:     0x55edc0bb1714 - std[617be2ca0a6fd877]::sys::backtrace::__rust_begin_short_backtrace::<test[aada8e7e76ba119b]::run_test::{closure#1}, ()>
[INFO] [stdout]   20:     0x55edc0bbaeb2 - <std[617be2ca0a6fd877]::thread::lifecycle::spawn_unchecked<test[aada8e7e76ba119b]::run_test::{closure#1}, ()>::{closure#1} as core[a373ad73a504971]::ops::function::FnOnce<()>>::call_once::{shim:vtable#0}
[INFO] [stdout]   21:     0x55edc0d9fe3f - <std[617be2ca0a6fd877]::sys::thread::unix::Thread>::new::thread_start
[INFO] [stdout]   22:     0x77e1fb285dfa - <unknown>
[INFO] [stdout]   23:     0x77e1fb3193d4 - clone
[INFO] [stdout]   24:                0x0 - <unknown>
[INFO] [stdout] 
[INFO] [stdout] ---- test_open_close_rtp_server stdout ----
[INFO] [stdout] 
[INFO] [stdout] thread 'test_open_close_rtp_server' (2007) panicked at tests/integration_test.rs:125:13:
[INFO] [stdout] called `Result::unwrap()` on an `Err` value: HttpError(reqwest::Error { kind: Request, url: "http://127.0.0.1:8080/index/api/openRtpServer?secret=035c73f7-bb6b-4889-a715-d9eb2d1925cc&port=0&stream_id=test_rtp_stream_rs&tcp_mode=0", source: hyper_util::client::legacy::Error(Connect, ConnectError("tcp connect error", 127.0.0.1:8080, Os { code: 111, kind: ConnectionRefused, message: "Connection refused" })) })
[INFO] [stdout] stack backtrace:
[INFO] [stdout]    0:     0x55edc0da0991 - <<std[617be2ca0a6fd877]::sys::backtrace::BacktraceLock>::print::DisplayBacktrace as core[a373ad73a504971]::fmt::Display>::fmt
[INFO] [stdout]    1:     0x55edc0db6d7a - core[a373ad73a504971]::fmt::write
[INFO] [stdout]    2:     0x55edc0da52fc - <alloc[2e1b2a31b91974c5]::vec::Vec<u8> as core[a373ad73a504971]::io::write::Write>::write_fmt
[INFO] [stdout]    3:     0x55edc0d7bb66 - std[617be2ca0a6fd877]::panicking::default_hook::{closure#0}
[INFO] [stdout]    4:     0x55edc0d98869 - std[617be2ca0a6fd877]::panicking::default_hook
[INFO] [stdout]    5:     0x55edc0bb7800 - test[aada8e7e76ba119b]::test_main_inner::{closure#0}
[INFO] [stdout]    6:     0x55edc0d98b92 - std[617be2ca0a6fd877]::panicking::panic_with_hook
[INFO] [stdout]    7:     0x55edc0d7bc12 - std[617be2ca0a6fd877]::panicking::panic_handler::{closure#0}
[INFO] [stdout]    8:     0x55edc0d74849 - std[617be2ca0a6fd877]::sys::backtrace::__rust_end_short_backtrace::<std[617be2ca0a6fd877]::panicking::panic_handler::{closure#0}, !>
[INFO] [stdout]    9:     0x55edc0d7ca0d - __rustc[ea4f61d10b84890b]::rust_begin_unwind
[INFO] [stdout]   10:     0x55edc0db74dc - core[a373ad73a504971]::panicking::panic_fmt
[INFO] [stdout]   11:     0x55edc0db72b2 - core[a373ad73a504971]::result::unwrap_failed
[INFO] [stdout]   12:     0x55edc0b9bd80 - integration_test[94ec85d5be4e6e50]::test_open_close_rtp_server::{closure#0}
[INFO] [stdout]   13:     0x55edc0ba8586 - <tokio[5a0dee2a0cf22ca5]::runtime::scheduler::current_thread::CoreGuard>::block_on::<core[a373ad73a504971]::pin::Pin<&mut core[a373ad73a504971]::pin::Pin<&mut dyn core[a373ad73a504971]::future::future::Future<Output = ()>>>>
[INFO] [stdout]   14:     0x55edc0ba5e0b - tokio[5a0dee2a0cf22ca5]::runtime::context::runtime::enter_runtime::<<tokio[5a0dee2a0cf22ca5]::runtime::scheduler::current_thread::CurrentThread>::block_on<core[a373ad73a504971]::pin::Pin<&mut dyn core[a373ad73a504971]::future::future::Future<Output = ()>>>::{closure#0}, ()>
[INFO] [stdout]   15:     0x55edc0ba6205 - <tokio[5a0dee2a0cf22ca5]::runtime::runtime::Runtime>::block_on::<core[a373ad73a504971]::pin::Pin<&mut dyn core[a373ad73a504971]::future::future::Future<Output = ()>>>
[INFO] [stdout]   16:     0x55edc0b9e08e - <integration_test[94ec85d5be4e6e50]::test_open_close_rtp_server::{closure#0} as core[a373ad73a504971]::ops::function::FnOnce<()>>::call_once
[INFO] [stdout]   17:     0x55edc0baac4b - test[aada8e7e76ba119b]::__rust_begin_short_backtrace::<core[a373ad73a504971]::result::Result<(), alloc[2e1b2a31b91974c5]::string::String>, fn() -> core[a373ad73a504971]::result::Result<(), alloc[2e1b2a31b91974c5]::string::String>>
[INFO] [stdout]   18:     0x55edc0bb7e25 - test[aada8e7e76ba119b]::run_test::{closure#0}
[INFO] [stdout]   19:     0x55edc0bb1714 - std[617be2ca0a6fd877]::sys::backtrace::__rust_begin_short_backtrace::<test[aada8e7e76ba119b]::run_test::{closure#1}, ()>
[INFO] [stdout]   20:     0x55edc0bbaeb2 - <std[617be2ca0a6fd877]::thread::lifecycle::spawn_unchecked<test[aada8e7e76ba119b]::run_test::{closure#1}, ()>::{closure#1} as core[a373ad73a504971]::ops::function::FnOnce<()>>::call_once::{shim:vtable#0}
[INFO] [stdout]   21:     0x55edc0d9fe3f - <std[617be2ca0a6fd877]::sys::thread::unix::Thread>::new::thread_start
[INFO] [stdout]   22:     0x77e1fb285dfa - <unknown>
[INFO] [stdout]   23:     0x77e1fb3193d4 - clone
[INFO] [stdout]   24:                0x0 - <unknown>
[INFO] [stdout] 
[INFO] [stdout] ---- test_get_work_threads_load stdout ----
[INFO] [stdout] 
[INFO] [stdout] thread 'test_get_work_threads_load' (2001) panicked at tests/integration_test.rs:49:56:
[INFO] [stdout] called `Result::unwrap()` on an `Err` value: HttpError(reqwest::Error { kind: Request, url: "http://127.0.0.1:8080/index/api/getWorkThreadsLoad?secret=035c73f7-bb6b-4889-a715-d9eb2d1925cc", source: hyper_util::client::legacy::Error(Connect, ConnectError("tcp connect error", 127.0.0.1:8080, Os { code: 111, kind: ConnectionRefused, message: "Connection refused" })) })
[INFO] [stdout] stack backtrace:
[INFO] [stdout]    0:     0x55edc0da0991 - <<std[617be2ca0a6fd877]::sys::backtrace::BacktraceLock>::print::DisplayBacktrace as core[a373ad73a504971]::fmt::Display>::fmt
[INFO] [stdout]    1:     0x55edc0db6d7a - core[a373ad73a504971]::fmt::write
[INFO] [stdout]    2:     0x55edc0da52fc - <alloc[2e1b2a31b91974c5]::vec::Vec<u8> as core[a373ad73a504971]::io::write::Write>::write_fmt
[INFO] [stdout]    3:     0x55edc0d7bb66 - std[617be2ca0a6fd877]::panicking::default_hook::{closure#0}
[INFO] [stdout]    4:     0x55edc0d98869 - std[617be2ca0a6fd877]::panicking::default_hook
[INFO] [stdout]    5:     0x55edc0bb7800 - test[aada8e7e76ba119b]::test_main_inner::{closure#0}
[INFO] [stdout]    6:     0x55edc0d98b92 - std[617be2ca0a6fd877]::panicking::panic_with_hook
[INFO] [stdout]    7:     0x55edc0d7bc12 - std[617be2ca0a6fd877]::panicking::panic_handler::{closure#0}
[INFO] [stdout]    8:     0x55edc0d74849 - std[617be2ca0a6fd877]::sys::backtrace::__rust_end_short_backtrace::<std[617be2ca0a6fd877]::panicking::panic_handler::{closure#0}, !>
[INFO] [stdout]    9:     0x55edc0d7ca0d - __rustc[ea4f61d10b84890b]::rust_begin_unwind
[INFO] [stdout]   10:     0x55edc0db74dc - core[a373ad73a504971]::panicking::panic_fmt
[INFO] [stdout]   11:     0x55edc0db72b2 - core[a373ad73a504971]::result::unwrap_failed
[INFO] [stdout]   12:     0x55edc0b9b097 - integration_test[94ec85d5be4e6e50]::test_get_work_threads_load::{closure#0}
[INFO] [stdout]   13:     0x55edc0ba8586 - <tokio[5a0dee2a0cf22ca5]::runtime::scheduler::current_thread::CoreGuard>::block_on::<core[a373ad73a504971]::pin::Pin<&mut core[a373ad73a504971]::pin::Pin<&mut dyn core[a373ad73a504971]::future::future::Future<Output = ()>>>>
[INFO] [stdout]   14:     0x55edc0ba5e0b - tokio[5a0dee2a0cf22ca5]::runtime::context::runtime::enter_runtime::<<tokio[5a0dee2a0cf22ca5]::runtime::scheduler::current_thread::CurrentThread>::block_on<core[a373ad73a504971]::pin::Pin<&mut dyn core[a373ad73a504971]::future::future::Future<Output = ()>>>::{closure#0}, ()>
[INFO] [stdout]   15:     0x55edc0ba6205 - <tokio[5a0dee2a0cf22ca5]::runtime::runtime::Runtime>::block_on::<core[a373ad73a504971]::pin::Pin<&mut dyn core[a373ad73a504971]::future::future::Future<Output = ()>>>
[INFO] [stdout]   16:     0x55edc0b9ddee - <integration_test[94ec85d5be4e6e50]::test_get_work_threads_load::{closure#0} as core[a373ad73a504971]::ops::function::FnOnce<()>>::call_once
[INFO] [stdout]   17:     0x55edc0baac4b - test[aada8e7e76ba119b]::__rust_begin_short_backtrace::<core[a373ad73a504971]::result::Result<(), alloc[2e1b2a31b91974c5]::string::String>, fn() -> core[a373ad73a504971]::result::Result<(), alloc[2e1b2a31b91974c5]::string::String>>
[INFO] [stdout]   18:     0x55edc0bb7e25 - test[aada8e7e76ba119b]::run_test::{closure#0}
[INFO] [stdout]   19:     0x55edc0bb1714 - std[617be2ca0a6fd877]::sys::backtrace::__rust_begin_short_backtrace::<test[aada8e7e76ba119b]::run_test::{closure#1}, ()>
[INFO] [stdout]   20:     0x55edc0bbaeb2 - <std[617be2ca0a6fd877]::thread::lifecycle::spawn_unchecked<test[aada8e7e76ba119b]::run_test::{closure#1}, ()>::{closure#1} as core[a373ad73a504971]::ops::function::FnOnce<()>>::call_once::{shim:vtable#0}
[INFO] [stdout]   21:     0x55edc0d9fe3f - <std[617be2ca0a6fd877]::sys::thread::unix::Thread>::new::thread_start
[INFO] [stdout]   22:     0x77e1fb285dfa - <unknown>
[INFO] [stdout]   23:     0x77e1fb3193d4 - clone
[INFO] [stdout]   24:                0x0 - <unknown>
[INFO] [stdout] 
[INFO] [stdout] ---- test_list_rtp_server stdout ----
[INFO] [stdout] 
[INFO] [stdout] thread 'test_list_rtp_server' (2006) panicked at tests/integration_test.rs:108:50:
[INFO] [stdout] called `Result::unwrap()` on an `Err` value: HttpError(reqwest::Error { kind: Request, url: "http://127.0.0.1:8080/index/api/listRtpServer?secret=035c73f7-bb6b-4889-a715-d9eb2d1925cc", source: hyper_util::client::legacy::Error(Connect, ConnectError("tcp connect error", 127.0.0.1:8080, Os { code: 111, kind: ConnectionRefused, message: "Connection refused" })) })
[INFO] [stdout] stack backtrace:
[INFO] [stdout]    0:     0x55edc0da0991 - <<std[617be2ca0a6fd877]::sys::backtrace::BacktraceLock>::print::DisplayBacktrace as core[a373ad73a504971]::fmt::Display>::fmt
[INFO] [stdout]    1:     0x55edc0db6d7a - core[a373ad73a504971]::fmt::write
[INFO] [stdout]    2:     0x55edc0da52fc - <alloc[2e1b2a31b91974c5]::vec::Vec<u8> as core[a373ad73a504971]::io::write::Write>::write_fmt
[INFO] [stdout]    3:     0x55edc0d7bb66 - std[617be2ca0a6fd877]::panicking::default_hook::{closure#0}
[INFO] [stdout]    4:     0x55edc0d98869 - std[617be2ca0a6fd877]::panicking::default_hook
[INFO] [stdout]    5:     0x55edc0bb7800 - test[aada8e7e76ba119b]::test_main_inner::{closure#0}
[INFO] [stdout]    6:     0x55edc0d98b92 - std[617be2ca0a6fd877]::panicking::panic_with_hook
[INFO] [stdout]    7:     0x55edc0d7bc12 - std[617be2ca0a6fd877]::panicking::panic_handler::{closure#0}
[INFO] [stdout]    8:     0x55edc0d74849 - std[617be2ca0a6fd877]::sys::backtrace::__rust_end_short_backtrace::<std[617be2ca0a6fd877]::panicking::panic_handler::{closure#0}, !>
[INFO] [stdout]    9:     0x55edc0d7ca0d - __rustc[ea4f61d10b84890b]::rust_begin_unwind
[INFO] [stdout]   10:     0x55edc0db74dc - core[a373ad73a504971]::panicking::panic_fmt
[INFO] [stdout]   11:     0x55edc0db72b2 - core[a373ad73a504971]::result::unwrap_failed
[INFO] [stdout]   12:     0x55edc0b99dda - integration_test[94ec85d5be4e6e50]::test_list_rtp_server::{closure#0}
[INFO] [stdout]   13:     0x55edc0ba8586 - <tokio[5a0dee2a0cf22ca5]::runtime::scheduler::current_thread::CoreGuard>::block_on::<core[a373ad73a504971]::pin::Pin<&mut core[a373ad73a504971]::pin::Pin<&mut dyn core[a373ad73a504971]::future::future::Future<Output = ()>>>>
[INFO] [stdout]   14:     0x55edc0ba5e0b - tokio[5a0dee2a0cf22ca5]::runtime::context::runtime::enter_runtime::<<tokio[5a0dee2a0cf22ca5]::runtime::scheduler::current_thread::CurrentThread>::block_on<core[a373ad73a504971]::pin::Pin<&mut dyn core[a373ad73a504971]::future::future::Future<Output = ()>>>::{closure#0}, ()>
[INFO] [stdout]   15:     0x55edc0ba6205 - <tokio[5a0dee2a0cf22ca5]::runtime::runtime::Runtime>::block_on::<core[a373ad73a504971]::pin::Pin<&mut dyn core[a373ad73a504971]::future::future::Future<Output = ()>>>
[INFO] [stdout]   16:     0x55edc0b9d70e - <integration_test[94ec85d5be4e6e50]::test_list_rtp_server::{closure#0} as core[a373ad73a504971]::ops::function::FnOnce<()>>::call_once
[INFO] [stdout]   17:     0x55edc0baac4b - test[aada8e7e76ba119b]::__rust_begin_short_backtrace::<core[a373ad73a504971]::result::Result<(), alloc[2e1b2a31b91974c5]::string::String>, fn() -> core[a373ad73a504971]::result::Result<(), alloc[2e1b2a31b91974c5]::string::String>>
[INFO] [stdout]   18:     0x55edc0bb7e25 - test[aada8e7e76ba119b]::run_test::{closure#0}
[INFO] [stdout]   19:     0x55edc0bb1714 - std[617be2ca0a6fd877]::sys::backtrace::__rust_begin_short_backtrace::<test[aada8e7e76ba119b]::run_test::{closure#1}, ()>
[INFO] [stdout]   20:     0x55edc0bbaeb2 - <std[617be2ca0a6fd877]::thread::lifecycle::spawn_unchecked<test[aada8e7e76ba119b]::run_test::{closure#1}, ()>::{closure#1} as core[a373ad73a504971]::ops::function::FnOnce<()>>::call_once::{shim:vtable#0}
[INFO] [stdout]   21:     0x55edc0d9fe3f - <std[617be2ca0a6fd877]::sys::thread::unix::Thread>::new::thread_start
[INFO] [stdout]   22:     0x77e1fb285dfa - <unknown>
[INFO] [stdout]   23:     0x77e1fb3193d4 - clone
[INFO] [stdout]   24:                0x0 - <unknown>
[INFO] [stdout] 
[INFO] [stdout] 
[INFO] [stdout] failures:
[INFO] [stdout]     test_get_all_session
[INFO] [stdout]     test_get_api_list
[INFO] [stdout]     test_get_media_list
[INFO] [stdout]     test_get_server_config
[INFO] [stdout]     test_get_statistic
[INFO] [stdout]     test_get_threads_load
[INFO] [stdout]     test_get_version
[INFO] [stdout]     test_get_work_threads_load
[INFO] [stdout]     test_list_rtp_server
[INFO] [stdout]     test_open_close_rtp_server
[INFO] [stdout] 
[INFO] [stdout] test result: FAILED. 6 passed; 10 failed; 0 ignored; 0 measured; 0 filtered out; finished in 0.18s
[INFO] [stdout] 
[INFO] [stderr] error: test failed, to rerun pass `--test integration_test`
[INFO] running `Command { std: "docker" "inspect" "93b8ce402bc134e89cbaef8111796efd4b9987a8a91dbfc9722cd6abd56918aa", kill_on_drop: false }`
[INFO] running `Command { std: "docker" "rm" "-f" "93b8ce402bc134e89cbaef8111796efd4b9987a8a91dbfc9722cd6abd56918aa", kill_on_drop: false }`
[INFO] [stdout] 93b8ce402bc134e89cbaef8111796efd4b9987a8a91dbfc9722cd6abd56918aa
