[INFO] fetching crate zlgcan 0.4.1...
[INFO] testing zlgcan-0.4.1 against 1.99.0-beta.8+cargoflags=--release for beta-release-1.100-2
[INFO] extracting crate zlgcan 0.4.1 into /workspace/builds/worker-2-tc1/source
[INFO] started tweaking crates.io crate zlgcan 0.4.1
[INFO] removed 0 missing examples
[INFO] removed 0 missing tests
[INFO] finished tweaking crates.io crate zlgcan 0.4.1
[INFO] tweaked toml for crates.io crate zlgcan 0.4.1 written to /workspace/builds/worker-2-tc1/source/Cargo.toml
[INFO] validating manifest of crates.io crate zlgcan 0.4.1 on toolchain 1.99.0-beta.8
[INFO] running `Command { std: CARGO_HOME="/workspace/cargo-home" RUSTUP_HOME="/workspace/rustup-home" "/workspace/cargo-home/bin/cargo" "+1.99.0-beta.8" "metadata" "--manifest-path" "Cargo.toml" "--no-deps", kill_on_drop: false }`
[INFO] crate crates.io crate zlgcan 0.4.1 already has a lockfile, it will not be regenerated
[INFO] running `Command { std: CARGO_HOME="/workspace/cargo-home" RUSTUP_HOME="/workspace/rustup-home" "/workspace/cargo-home/bin/cargo" "+1.99.0-beta.8" "fetch" "--manifest-path" "Cargo.toml", kill_on_drop: false }`
[INFO] [stderr]     Updating crates.io index
[INFO] [stderr]  Downloading crates ...
[INFO] [stderr]   Downloaded derive-getters v0.5.0
[INFO] [stderr]   Downloaded rsutil v0.1.26
[INFO] [stderr]   Downloaded pyo3-macros v0.28.3
[INFO] [stderr]   Downloaded pyo3-ffi v0.28.3
[INFO] [stderr]   Downloaded dlopen2_derive v0.4.3
[INFO] [stderr]   Downloaded rs-can v0.4.1
[INFO] [stderr]   Downloaded pyo3-build-config v0.28.3
[INFO] [stderr]   Downloaded pyo3-macros-backend v0.28.3
[INFO] [stderr]   Downloaded pyo3 v0.28.3
[INFO] running `Command { std: "docker" "create" "-v" "/var/lib/crater-agent-workspace/builds/worker-2-tc1/source:/opt/rustwide/workdir:ro,Z" "-v" "/var/lib/crater-agent-workspace/builds/worker-2-tc1/target:/opt/rustwide/target:rw,Z" "-v" "/var/lib/crater-agent-workspace/cargo-home:/opt/rustwide/cargo-home:ro,Z" "-v" "/var/lib/crater-agent-workspace/rustup-home:/opt/rustwide/rustup-home:ro,Z" "-m" "1610612736" "--network" "none" "ghcr.io/rust-lang/crates-build-env/linux@sha256:77db811e55d90add9212f6832c23229e3de5f1c1f9905e8cb07319ea15df73ac" "sleep" "infinity", kill_on_drop: false }`
[INFO] [stdout] a0a53bacfe68a42188b5f3e0b9fb5cc49fa9a1dc4b3400886054ccd09aae48b9
[INFO] running `Command { std: "docker" "start" "a0a53bacfe68a42188b5f3e0b9fb5cc49fa9a1dc4b3400886054ccd09aae48b9", kill_on_drop: false }`
[INFO] running `Command { std: "docker" "inspect" "a0a53bacfe68a42188b5f3e0b9fb5cc49fa9a1dc4b3400886054ccd09aae48b9", kill_on_drop: false }`
[INFO] running `Command { std: "docker" "exec" "-e" "SOURCE_DIR=/opt/rustwide/workdir" "-e" "CARGO_HOME=/opt/rustwide/cargo-home" "-e" "RUSTUP_HOME=/opt/rustwide/rustup-home" "-e" "CARGO_TARGET_DIR=/opt/rustwide/target" "-w" "/opt/rustwide/workdir" "--user" "0:0" "a0a53bacfe68a42188b5f3e0b9fb5cc49fa9a1dc4b3400886054ccd09aae48b9" "/opt/rustwide/cargo-home/bin/cargo" "+1.99.0-beta.8" "metadata" "--no-deps" "--format-version=1", kill_on_drop: false }`
[INFO] running `Command { std: "docker" "inspect" "a0a53bacfe68a42188b5f3e0b9fb5cc49fa9a1dc4b3400886054ccd09aae48b9", kill_on_drop: false }`
[INFO] running `Command { std: "docker" "exec" "-e" "SOURCE_DIR=/opt/rustwide/workdir" "-e" "CARGO_HOME=/opt/rustwide/cargo-home" "-e" "RUSTUP_HOME=/opt/rustwide/rustup-home" "-e" "CARGO_TARGET_DIR=/opt/rustwide/target" "-e" "CARGO_INCREMENTAL=0" "-e" "RUST_BACKTRACE=full" "-e" "RUSTFLAGS=--cap-lints=warn" "-e" "RUSTDOCFLAGS=--cap-lints=warn" "-w" "/opt/rustwide/workdir" "--user" "0:0" "a0a53bacfe68a42188b5f3e0b9fb5cc49fa9a1dc4b3400886054ccd09aae48b9" "/opt/rustwide/cargo-home/bin/cargo" "+1.99.0-beta.8" "build" "--frozen" "--message-format=json" "--release", kill_on_drop: false }`
[INFO] [stderr]    Compiling log v0.4.31
[INFO] [stderr]    Compiling bitflags v2.12.1
[INFO] [stderr]    Compiling dlopen2_derive v0.4.3
[INFO] [stderr]    Compiling async-trait v0.1.89
[INFO] [stderr]    Compiling derive-getters v0.5.0
[INFO] [stderr]    Compiling serde_yaml v0.9.34+deprecated
[INFO] [stderr]    Compiling rsutil v0.1.26
[INFO] [stderr]    Compiling dlopen2 v0.8.2
[INFO] [stderr]    Compiling rs-can v0.4.1
[INFO] [stderr]    Compiling zlgcan v0.4.1 (/opt/rustwide/workdir)
[INFO] [stderr]     Finished `release` profile [optimized] target(s) in 2.94s
[INFO] running `Command { std: "docker" "inspect" "a0a53bacfe68a42188b5f3e0b9fb5cc49fa9a1dc4b3400886054ccd09aae48b9", kill_on_drop: false }`
[INFO] running `Command { std: "docker" "exec" "-e" "SOURCE_DIR=/opt/rustwide/workdir" "-e" "CARGO_HOME=/opt/rustwide/cargo-home" "-e" "RUSTUP_HOME=/opt/rustwide/rustup-home" "-e" "CARGO_TARGET_DIR=/opt/rustwide/target" "-e" "CARGO_INCREMENTAL=0" "-e" "RUST_BACKTRACE=full" "-e" "RUSTFLAGS=--cap-lints=warn" "-e" "RUSTDOCFLAGS=--cap-lints=warn" "-w" "/opt/rustwide/workdir" "--user" "0:0" "a0a53bacfe68a42188b5f3e0b9fb5cc49fa9a1dc4b3400886054ccd09aae48b9" "/opt/rustwide/cargo-home/bin/cargo" "+1.99.0-beta.8" "test" "--frozen" "--no-run" "--message-format=json" "--release", kill_on_drop: false }`
[INFO] [stderr]    Compiling getrandom v0.4.2
[INFO] [stderr]    Compiling tokio v1.52.3
[INFO] [stderr]    Compiling rand v0.10.1
[INFO] [stderr]    Compiling zlgcan v0.4.1 (/opt/rustwide/workdir)
[INFO] [stderr]     Finished `release` profile [optimized] target(s) in 2.74s
[INFO] running `Command { std: "docker" "inspect" "a0a53bacfe68a42188b5f3e0b9fb5cc49fa9a1dc4b3400886054ccd09aae48b9", kill_on_drop: false }`
[INFO] running `Command { std: "docker" "exec" "-e" "SOURCE_DIR=/opt/rustwide/workdir" "-e" "CARGO_HOME=/opt/rustwide/cargo-home" "-e" "RUSTUP_HOME=/opt/rustwide/rustup-home" "-e" "CARGO_TARGET_DIR=/opt/rustwide/target" "-e" "CARGO_INCREMENTAL=0" "-e" "RUST_BACKTRACE=full" "-e" "RUSTFLAGS=--cap-lints=warn" "-e" "RUSTDOCFLAGS=--cap-lints=warn" "-w" "/opt/rustwide/workdir" "--user" "0:0" "a0a53bacfe68a42188b5f3e0b9fb5cc49fa9a1dc4b3400886054ccd09aae48b9" "/opt/rustwide/cargo-home/bin/cargo" "+1.99.0-beta.8" "test" "--frozen" "--release", kill_on_drop: false }`
[INFO] [stderr]     Finished `release` profile [optimized] target(s) in 0.05s
[INFO] [stderr]      Running unittests src/lib.rs (/opt/rustwide/target/release/deps/zlgcan_rs-5273cb0758d7c254)
[INFO] [stdout] 
[INFO] [stdout] running 7 tests
[INFO] [stdout] test native::api::linux::usbcan::tests::test_init_channel ... FAILED
[INFO] [stdout] test native::device::tests::device_version ... ok
[INFO] [stdout] test native::api::linux::usbcan_e::tests::usbcan_4e_u ... FAILED
[INFO] [stdout] test native::can::message::tests::invalid_standard_id_is_clamped_to_fallback_identifier ... ok
[INFO] [stdout] test native::can::frame::common::tests::remote_frame_round_trip_preserves_dlc ... ok
[INFO] [stdout] test native::device::tests::device_info_new ... ok
[INFO] [stdout] test native::api::linux::usbcanfd::tests::test_init_channel ... FAILED
[INFO] [stdout] 
[INFO] [stdout] failures:
[INFO] [stdout] 
[INFO] [stdout] ---- native::api::linux::usbcan::tests::test_init_channel stdout ----
[INFO] [stdout] 
[INFO] [stdout] thread 'native::api::linux::usbcan::tests::test_init_channel' (662) panicked at src/native/api/linux/usbcan.rs:69:42:
[INFO] [stdout] ZLGCAN - could not open library!: OpeningLibraryError(Custom { kind: Other, error: "library/linux/x86_64/libusbcan.so: cannot open shared object file: No such file or directory" })
[INFO] [stdout] stack backtrace:
[INFO] [stdout]    0:     0x6277d4760401 - <<std[70759c8f55707aa4]::sys::backtrace::BacktraceLock>::print::DisplayBacktrace as core[df12db4294e9bfd3]::fmt::Display>::fmt
[INFO] [stdout]    1:     0x6277d47759fa - core[df12db4294e9bfd3]::fmt::write
[INFO] [stdout]    2:     0x6277d4764d9c - <alloc[2182bb758b4b3781]::vec::Vec<u8> as core[df12db4294e9bfd3]::io::write::Write>::write_fmt
[INFO] [stdout]    3:     0x6277d473c086 - std[70759c8f55707aa4]::panicking::default_hook::{closure#0}
[INFO] [stdout]    4:     0x6277d4758759 - std[70759c8f55707aa4]::panicking::default_hook
[INFO] [stdout]    5:     0x6277d46f22b0 - test[9d35eded1c95d3be]::test_main_inner::<test[9d35eded1c95d3be]::test_main_static::{closure#0}>::{closure#0}
[INFO] [stdout]    6:     0x6277d4758912 - std[70759c8f55707aa4]::panicking::panic_with_hook
[INFO] [stdout]    7:     0x6277d473c132 - std[70759c8f55707aa4]::panicking::panic_handler::{closure#0}
[INFO] [stdout]    8:     0x6277d4734799 - std[70759c8f55707aa4]::sys::backtrace::__rust_end_short_backtrace::<std[70759c8f55707aa4]::panicking::panic_handler::{closure#0}, !>
[INFO] [stdout]    9:     0x6277d473ce3d - __rustc[8fa7c3cbc660c2b3]::rust_begin_unwind
[INFO] [stdout]   10:     0x6277d477612c - core[df12db4294e9bfd3]::panicking::panic_fmt
[INFO] [stdout]   11:     0x6277d4775f02 - core[df12db4294e9bfd3]::result::unwrap_failed
[INFO] [stdout]   12:     0x6277d46c4d61 - zlgcan_rs[be6b9bed4d843a6]::native::api::linux::usbcan::tests::test_init_channel
[INFO] [stdout]   13:     0x6277d46cb85f - <zlgcan_rs[be6b9bed4d843a6]::native::api::linux::usbcan::tests::test_init_channel::{closure#0} as core[df12db4294e9bfd3]::ops::function::FnOnce<()>>::call_once
[INFO] [stdout]   14:     0x6277d46e559b - test[9d35eded1c95d3be]::__rust_begin_short_backtrace::<core[df12db4294e9bfd3]::result::Result<(), alloc[2182bb758b4b3781]::string::String>, fn() -> core[df12db4294e9bfd3]::result::Result<(), alloc[2182bb758b4b3781]::string::String>>
[INFO] [stdout]   15:     0x6277d46f2c05 - test[9d35eded1c95d3be]::run_test::{closure#0}
[INFO] [stdout]   16:     0x6277d46ec4c4 - std[70759c8f55707aa4]::sys::backtrace::__rust_begin_short_backtrace::<test[9d35eded1c95d3be]::run_test::{closure#1}, ()>
[INFO] [stdout]   17:     0x6277d46f5d62 - <std[70759c8f55707aa4]::thread::lifecycle::spawn_unchecked<test[9d35eded1c95d3be]::run_test::{closure#1}, ()>::{closure#1} as core[df12db4294e9bfd3]::ops::function::FnOnce<()>>::call_once::{shim:vtable#0}
[INFO] [stdout]   18:     0x6277d475f969 - <std[70759c8f55707aa4]::sys::thread::unix::Thread>::new::thread_start
[INFO] [stdout]   19:     0x78b8e3fecdfa - <unknown>
[INFO] [stdout]   20:     0x78b8e40803d4 - clone
[INFO] [stdout]   21:                0x0 - <unknown>
[INFO] [stdout] 
[INFO] [stdout] ---- native::api::linux::usbcan_e::tests::usbcan_4e_u stdout ----
[INFO] [stdout] 
[INFO] [stdout] thread 'native::api::linux::usbcan_e::tests::usbcan_4e_u' (663) panicked at src/native/api/linux/usbcan_e.rs:179:42:
[INFO] [stdout] ZLGCAN - could not open library!: OpeningLibraryError(Custom { kind: Other, error: "library/linux/x86_64/libusbcan-4e.so: cannot open shared object file: No such file or directory" })
[INFO] [stdout] stack backtrace:
[INFO] [stdout]    0:     0x6277d4760401 - <<std[70759c8f55707aa4]::sys::backtrace::BacktraceLock>::print::DisplayBacktrace as core[df12db4294e9bfd3]::fmt::Display>::fmt
[INFO] [stdout]    1:     0x6277d47759fa - core[df12db4294e9bfd3]::fmt::write
[INFO] [stdout]    2:     0x6277d4764d9c - <alloc[2182bb758b4b3781]::vec::Vec<u8> as core[df12db4294e9bfd3]::io::write::Write>::write_fmt
[INFO] [stdout]    3:     0x6277d473c086 - std[70759c8f55707aa4]::panicking::default_hook::{closure#0}
[INFO] [stdout]    4:     0x6277d4758759 - std[70759c8f55707aa4]::panicking::default_hook
[INFO] [stdout]    5:     0x6277d46f22b0 - test[9d35eded1c95d3be]::test_main_inner::<test[9d35eded1c95d3be]::test_main_static::{closure#0}>::{closure#0}
[INFO] [stdout]    6:     0x6277d4758912 - std[70759c8f55707aa4]::panicking::panic_with_hook
[INFO] [stdout]    7:     0x6277d473c132 - std[70759c8f55707aa4]::panicking::panic_handler::{closure#0}
[INFO] [stdout]    8:     0x6277d4734799 - std[70759c8f55707aa4]::sys::backtrace::__rust_end_short_backtrace::<std[70759c8f55707aa4]::panicking::panic_handler::{closure#0}, !>
[INFO] [stdout]    9:     0x6277d473ce3d - __rustc[8fa7c3cbc660c2b3]::rust_begin_unwind
[INFO] [stdout]   10:     0x6277d477612c - core[df12db4294e9bfd3]::panicking::panic_fmt
[INFO] [stdout]   11:     0x6277d4775f02 - core[df12db4294e9bfd3]::result::unwrap_failed
[INFO] [stdout]   12:     0x6277d46c7a8a - zlgcan_rs[be6b9bed4d843a6]::native::api::linux::usbcan_e::tests::usbcan_4e_u
[INFO] [stdout]   13:     0x6277d46cb90f - <zlgcan_rs[be6b9bed4d843a6]::native::api::linux::usbcan_e::tests::usbcan_4e_u::{closure#0} as core[df12db4294e9bfd3]::ops::function::FnOnce<()>>::call_once
[INFO] [stdout]   14:     0x6277d46e559b - test[9d35eded1c95d3be]::__rust_begin_short_backtrace::<core[df12db4294e9bfd3]::result::Result<(), alloc[2182bb758b4b3781]::string::String>, fn() -> core[df12db4294e9bfd3]::result::Result<(), alloc[2182bb758b4b3781]::string::String>>
[INFO] [stdout]   15:     0x6277d46f2c05 - test[9d35eded1c95d3be]::run_test::{closure#0}
[INFO] [stdout]   16:     0x6277d46ec4c4 - std[70759c8f55707aa4]::sys::backtrace::__rust_begin_short_backtrace::<test[9d35eded1c95d3be]::run_test::{closure#1}, ()>
[INFO] [stdout]   17:     0x6277d46f5d62 - <std[70759c8f55707aa4]::thread::lifecycle::spawn_unchecked<test[9d35eded1c95d3be]::run_test::{closure#1}, ()>::{closure#1} as core[df12db4294e9bfd3]::ops::function::FnOnce<()>>::call_once::{shim:vtable#0}
[INFO] [stdout]   18:     0x6277d475f969 - <std[70759c8f55707aa4]::sys::thread::unix::Thread>::new::thread_start
[INFO] [stdout]   19:     0x78b8e3fecdfa - <unknown>
[INFO] [stdout]   20:     0x78b8e40803d4 - clone
[INFO] [stdout]   21:                0x0 - <unknown>
[INFO] [stdout] 
[INFO] [stdout] ---- native::api::linux::usbcanfd::tests::test_init_channel stdout ----
[INFO] [stdout] 
[INFO] [stdout] thread 'native::api::linux::usbcanfd::tests::test_init_channel' (664) panicked at src/native/api/linux/usbcanfd.rs:107:42:
[INFO] [stdout] ZLGCAN - could not open library!: OpeningLibraryError(Custom { kind: Other, error: "library/linux/x86_64/libusbcanfd.so: cannot open shared object file: No such file or directory" })
[INFO] [stdout] stack backtrace:
[INFO] [stdout]    0:     0x6277d4760401 - <<std[70759c8f55707aa4]::sys::backtrace::BacktraceLock>::print::DisplayBacktrace as core[df12db4294e9bfd3]::fmt::Display>::fmt
[INFO] [stdout]    1:     0x6277d47759fa - core[df12db4294e9bfd3]::fmt::write
[INFO] [stdout]    2:     0x6277d4764d9c - <alloc[2182bb758b4b3781]::vec::Vec<u8> as core[df12db4294e9bfd3]::io::write::Write>::write_fmt
[INFO] [stdout]    3:     0x6277d473c086 - std[70759c8f55707aa4]::panicking::default_hook::{closure#0}
[INFO] [stdout]    4:     0x6277d4758759 - std[70759c8f55707aa4]::panicking::default_hook
[INFO] [stdout]    5:     0x6277d46f22b0 - test[9d35eded1c95d3be]::test_main_inner::<test[9d35eded1c95d3be]::test_main_static::{closure#0}>::{closure#0}
[INFO] [stdout]    6:     0x6277d4758912 - std[70759c8f55707aa4]::panicking::panic_with_hook
[INFO] [stdout]    7:     0x6277d473c132 - std[70759c8f55707aa4]::panicking::panic_handler::{closure#0}
[INFO] [stdout]    8:     0x6277d4734799 - std[70759c8f55707aa4]::sys::backtrace::__rust_end_short_backtrace::<std[70759c8f55707aa4]::panicking::panic_handler::{closure#0}, !>
[INFO] [stdout]    9:     0x6277d473ce3d - __rustc[8fa7c3cbc660c2b3]::rust_begin_unwind
[INFO] [stdout]   10:     0x6277d477612c - core[df12db4294e9bfd3]::panicking::panic_fmt
[INFO] [stdout]   11:     0x6277d4775f02 - core[df12db4294e9bfd3]::result::unwrap_failed
[INFO] [stdout]   12:     0x6277d46c3557 - zlgcan_rs[be6b9bed4d843a6]::native::api::linux::usbcanfd::tests::test_init_channel
[INFO] [stdout]   13:     0x6277d46cb9bf - <zlgcan_rs[be6b9bed4d843a6]::native::api::linux::usbcanfd::tests::test_init_channel::{closure#0} as core[df12db4294e9bfd3]::ops::function::FnOnce<()>>::call_once
[INFO] [stdout]   14:     0x6277d46e559b - test[9d35eded1c95d3be]::__rust_begin_short_backtrace::<core[df12db4294e9bfd3]::result::Result<(), alloc[2182bb758b4b3781]::string::String>, fn() -> core[df12db4294e9bfd3]::result::Result<(), alloc[2182bb758b4b3781]::string::String>>
[INFO] [stdout]   15:     0x6277d46f2c05 - test[9d35eded1c95d3be]::run_test::{closure#0}
[INFO] [stdout]   16:     0x6277d46ec4c4 - std[70759c8f55707aa4]::sys::backtrace::__rust_begin_short_backtrace::<test[9d35eded1c95d3be]::run_test::{closure#1}, ()>
[INFO] [stdout]   17:     0x6277d46f5d62 - <std[70759c8f55707aa4]::thread::lifecycle::spawn_unchecked<test[9d35eded1c95d3be]::run_test::{closure#1}, ()>::{closure#1} as core[df12db4294e9bfd3]::ops::function::FnOnce<()>>::call_once::{shim:vtable#0}
[INFO] [stdout]   18:     0x6277d475f969 - <std[70759c8f55707aa4]::sys::thread::unix::Thread>::new::thread_start
[INFO] [stdout]   19:     0x78b8e3fecdfa - <unknown>
[INFO] [stdout]   20:     0x78b8e40803d4 - clone
[INFO] [stdout]   21:                0x0 - <unknown>
[INFO] [stdout] 
[INFO] [stdout] 
[INFO] [stdout] failures:
[INFO] [stdout]     native::api::linux::usbcan::tests::test_init_channel
[INFO] [stdout]     native::api::linux::usbcan_e::tests::usbcan_4e_u
[INFO] [stdout]     native::api::linux::usbcanfd::tests::test_init_channel
[INFO] [stderr] error: test failed, to rerun pass `--lib`
[INFO] [stdout] 
[INFO] [stdout] test result: FAILED. 4 passed; 3 failed; 0 ignored; 0 measured; 0 filtered out; finished in 0.00s
[INFO] [stdout] 
[INFO] running `Command { std: "docker" "inspect" "a0a53bacfe68a42188b5f3e0b9fb5cc49fa9a1dc4b3400886054ccd09aae48b9", kill_on_drop: false }`
[INFO] running `Command { std: "docker" "rm" "-f" "a0a53bacfe68a42188b5f3e0b9fb5cc49fa9a1dc4b3400886054ccd09aae48b9", kill_on_drop: false }`
[INFO] [stdout] a0a53bacfe68a42188b5f3e0b9fb5cc49fa9a1dc4b3400886054ccd09aae48b9
