[INFO] fetching crate zlayer-registry 0.14.3...
[INFO] testing zlayer-registry-0.14.3 against 1.99.0-beta.8+cargoflags=--release for beta-release-1.100-2
[INFO] extracting crate zlayer-registry 0.14.3 into /workspace/builds/worker-0-tc1/source
[INFO] started tweaking crates.io crate zlayer-registry 0.14.3
[INFO] finished tweaking crates.io crate zlayer-registry 0.14.3
[INFO] tweaked toml for crates.io crate zlayer-registry 0.14.3 written to /workspace/builds/worker-0-tc1/source/Cargo.toml
[INFO] validating manifest of crates.io crate zlayer-registry 0.14.3 on toolchain 1.99.0-beta.8
[INFO] running `Command { std: CARGO_HOME="/workspace/cargo-home" RUSTUP_HOME="/workspace/rustup-home" "/workspace/cargo-home/bin/cargo" "+1.99.0-beta.8" "metadata" "--manifest-path" "Cargo.toml" "--no-deps", kill_on_drop: false }`
[INFO] crate crates.io crate zlayer-registry 0.14.3 already has a lockfile, it will not be regenerated
[INFO] running `Command { std: CARGO_HOME="/workspace/cargo-home" RUSTUP_HOME="/workspace/rustup-home" "/workspace/cargo-home/bin/cargo" "+1.99.0-beta.8" "fetch" "--manifest-path" "Cargo.toml", kill_on_drop: false }`
[INFO] [stderr]     Updating crates.io index
[INFO] [stderr]  Downloading crates ...
[INFO] [stderr]   Downloaded wasm-bindgen-macro v0.2.120
[INFO] [stderr]   Downloaded wasm-bindgen v0.2.120
[INFO] [stderr]   Downloaded wasm-bindgen-shared v0.2.120
[INFO] [stderr]   Downloaded wasm-bindgen-macro-support v0.2.120
[INFO] [stderr]   Downloaded js-sys v0.3.97
[INFO] [stderr]   Downloaded zerocopy-derive v0.8.40
[INFO] [stderr]   Downloaded wasm-bindgen-futures v0.4.70
[INFO] [stderr]   Downloaded tempfile v3.26.0
[INFO] [stderr]   Downloaded zerocopy v0.8.40
[INFO] [stderr]   Downloaded zlayer-types v0.14.3
[INFO] [stderr]   Downloaded aws-lc-rs v1.16.1
[INFO] [stderr]   Downloaded web-sys v0.3.97
[INFO] [stderr]   Downloaded zlayer-paths v0.14.3
[INFO] [stderr]   Downloaded winnow v0.6.26
[INFO] [stderr]   Downloaded libredox v0.1.14
[INFO] [stderr]   Downloaded cron v0.15.0
[INFO] [stderr]   Downloaded tar v0.4.44
[INFO] [stderr]   Downloaded zlayer-spec v0.14.3
[INFO] [stderr]   Downloaded nix v0.31.2
[INFO] [stderr]   Downloaded serial_test v3.5.0
[INFO] [stderr]   Downloaded serial_test_derive v3.5.0
[INFO] [stderr]   Downloaded aws-smithy-types v1.4.6
[INFO] [stderr]   Downloaded aws-types v1.3.14
[INFO] [stderr]   Downloaded aws-smithy-runtime-api v1.11.6
[INFO] [stderr]   Downloaded crc-fast v1.6.0
[INFO] [stderr]   Downloaded aws-sdk-ssooidc v1.98.0
[INFO] [stderr]   Downloaded aws-runtime v1.7.2
[INFO] [stderr]   Downloaded aws-smithy-json v0.61.9
[INFO] [stderr]   Downloaded aws-sdk-s3 v1.119.0
[INFO] [stderr]   Downloaded aws-smithy-runtime v1.10.3
[INFO] [stderr]   Downloaded aws-sigv4 v1.4.2
[INFO] [stderr]   Downloaded aws-lc-sys v0.38.0
[INFO] [stderr]   Downloaded aws-sdk-sso v1.96.0
[INFO] [stderr]   Downloaded aws-config v1.8.15
[INFO] [stderr]   Downloaded aws-smithy-http v0.62.6
[INFO] [stderr]   Downloaded aws-smithy-checksums v0.63.12
[INFO] [stderr]   Downloaded aws-sdk-sts v1.100.0
[INFO] running `Command { std: "docker" "create" "-v" "/var/lib/crater-agent-workspace/builds/worker-0-tc1/source:/opt/rustwide/workdir:ro,Z" "-v" "/var/lib/crater-agent-workspace/builds/worker-0-tc1/target:/opt/rustwide/target:rw,Z" "-v" "/var/lib/crater-agent-workspace/cargo-home:/opt/rustwide/cargo-home:ro,Z" "-v" "/var/lib/crater-agent-workspace/rustup-home:/opt/rustwide/rustup-home:ro,Z" "-m" "1610612736" "--network" "none" "ghcr.io/rust-lang/crates-build-env/linux@sha256:77db811e55d90add9212f6832c23229e3de5f1c1f9905e8cb07319ea15df73ac" "sleep" "infinity", kill_on_drop: false }`
[INFO] [stdout] feb79512c71045f0142ddde6d62fd70cb4de212d505e832535dc769b2b4f2a1a
[INFO] running `Command { std: "docker" "start" "feb79512c71045f0142ddde6d62fd70cb4de212d505e832535dc769b2b4f2a1a", kill_on_drop: false }`
[INFO] running `Command { std: "docker" "inspect" "feb79512c71045f0142ddde6d62fd70cb4de212d505e832535dc769b2b4f2a1a", kill_on_drop: false }`
[INFO] running `Command { std: "docker" "exec" "-e" "SOURCE_DIR=/opt/rustwide/workdir" "-e" "CARGO_HOME=/opt/rustwide/cargo-home" "-e" "RUSTUP_HOME=/opt/rustwide/rustup-home" "-e" "CARGO_TARGET_DIR=/opt/rustwide/target" "-w" "/opt/rustwide/workdir" "--user" "0:0" "feb79512c71045f0142ddde6d62fd70cb4de212d505e832535dc769b2b4f2a1a" "/opt/rustwide/cargo-home/bin/cargo" "+1.99.0-beta.8" "metadata" "--no-deps" "--format-version=1", kill_on_drop: false }`
[INFO] running `Command { std: "docker" "inspect" "feb79512c71045f0142ddde6d62fd70cb4de212d505e832535dc769b2b4f2a1a", kill_on_drop: false }`
[INFO] running `Command { std: "docker" "exec" "-e" "SOURCE_DIR=/opt/rustwide/workdir" "-e" "CARGO_HOME=/opt/rustwide/cargo-home" "-e" "RUSTUP_HOME=/opt/rustwide/rustup-home" "-e" "CARGO_TARGET_DIR=/opt/rustwide/target" "-e" "CARGO_INCREMENTAL=0" "-e" "RUST_BACKTRACE=full" "-e" "RUSTFLAGS=--cap-lints=warn" "-e" "RUSTDOCFLAGS=--cap-lints=warn" "-w" "/opt/rustwide/workdir" "--user" "0:0" "feb79512c71045f0142ddde6d62fd70cb4de212d505e832535dc769b2b4f2a1a" "/opt/rustwide/cargo-home/bin/cargo" "+1.99.0-beta.8" "build" "--frozen" "--message-format=json" "--release", kill_on_drop: false }`
[INFO] [stderr]    Compiling libc v0.2.185
[INFO] [stderr]    Compiling smallvec v1.15.1
[INFO] [stderr]    Compiling itoa v1.0.17
[INFO] [stderr]    Compiling serde_core v1.0.228
[INFO] [stderr]    Compiling bytes v1.11.1
[INFO] [stderr]    Compiling aws-lc-rs v1.16.1
[INFO] [stderr]    Compiling subtle v2.6.1
[INFO] [stderr]    Compiling hashbrown v0.16.1
[INFO] [stderr]    Compiling zerovec-derive v0.11.2
[INFO] [stderr]    Compiling zeroize_derive v1.4.3
[INFO] [stderr]    Compiling serde_json v1.0.149
[INFO] [stderr]    Compiling zerofrom-derive v0.1.6
[INFO] [stderr]    Compiling yoke-derive v0.8.1
[INFO] [stderr]    Compiling darling_core v0.20.11
[INFO] [stderr]    Compiling tracing-core v0.1.36
[INFO] [stderr]    Compiling rustls v0.23.37
[INFO] [stderr]    Compiling futures-util v0.3.32
[INFO] [stderr]    Compiling generic-array v0.14.7
[INFO] [stderr]    Compiling num-traits v0.2.19
[INFO] [stderr]    Compiling futures-channel v0.3.32
[INFO] [stderr]    Compiling aho-corasick v1.1.4
[INFO] [stderr]    Compiling memchr v2.8.0
[INFO] [stderr]    Compiling regex-syntax v0.8.10
[INFO] [stderr]    Compiling zeroize v1.8.2
[INFO] [stderr]    Compiling tracing v0.1.44
[INFO] [stderr]    Compiling http v1.4.2
[INFO] [stderr]    Compiling rustls-pki-types v1.14.1
[INFO] [stderr]    Compiling block-buffer v0.10.4
[INFO] [stderr]    Compiling crypto-common v0.1.7
[INFO] [stderr]    Compiling parking_lot_core v0.9.12
[INFO] [stderr]    Compiling errno v0.3.14
[INFO] [stderr]    Compiling socket2 v0.6.3
[INFO] [stderr]    Compiling mio v1.1.1
[INFO] [stderr]    Compiling getrandom v0.2.17
[INFO] [stderr]    Compiling rustls-native-certs v0.8.3
[INFO] [stderr]    Compiling digest v0.10.7
[INFO] [stderr]    Compiling zerofrom v0.1.6
[INFO] [stderr]    Compiling parking_lot v0.12.5
[INFO] [stderr]    Compiling yoke v0.8.1
[INFO] [stderr]    Compiling signal-hook-registry v1.4.8
[INFO] [stderr]    Compiling zerovec v0.11.5
[INFO] [stderr]    Compiling jobserver v0.1.34
[INFO] [stderr]    Compiling zerotrie v0.2.3
[INFO] [stderr]    Compiling cc v1.2.56
[INFO] [stderr]    Compiling tokio v1.50.0
[INFO] [stderr]    Compiling http-body v1.0.1
[INFO] [stderr]    Compiling iri-string v0.7.10
[INFO] [stderr]    Compiling tinyvec_macros v0.1.1
[INFO] [stderr]    Compiling tinyvec v1.10.0
[INFO] [stderr]    Compiling tinystr v0.8.2
[INFO] [stderr]    Compiling icu_locale_core v2.1.1
[INFO] [stderr]    Compiling potential_utf v0.1.4
[INFO] [stderr]    Compiling http-body-util v0.1.3
[INFO] [stderr]    Compiling icu_collections v2.1.1
[INFO] [stderr]    Compiling const_format_proc_macros v0.2.34
[INFO] [stderr]    Compiling sha2 v0.10.9
[INFO] [stderr]    Compiling regex-automata v0.4.14
[INFO] [stderr]    Compiling unicode-normalization v0.1.25
[INFO] [stderr]    Compiling getrandom v0.4.2
[INFO] [stderr]    Compiling hmac v0.12.1
[INFO] [stderr]    Compiling getset v0.1.6
[INFO] [stderr]    Compiling base64 v0.13.1
[INFO] [stderr]    Compiling serde v1.0.228
[INFO] [stderr]    Compiling cmake v0.1.57
[INFO] [stderr]    Compiling indexmap v2.13.0
[INFO] [stderr]    Compiling darling_macro v0.20.11
[INFO] [stderr]    Compiling const_format v0.2.35
[INFO] [stderr]    Compiling darling v0.20.11
[INFO] [stderr]    Compiling icu_provider v2.1.1
[INFO] [stderr]    Compiling derive_builder_core v0.20.2
[INFO] [stderr]    Compiling strum v0.27.2
[INFO] [stderr]    Compiling once_cell v1.21.3
[INFO] [stderr]    Compiling validator_derive v0.19.0
[INFO] [stderr]    Compiling aws-lc-sys v0.38.0
[INFO] [stderr]    Compiling ring v0.17.14
[INFO] [stderr]    Compiling icu_normalizer v2.1.1
[INFO] [stderr]    Compiling icu_properties v2.1.2
[INFO] [stderr]    Compiling ipnet v2.12.0
[INFO] [stderr]    Compiling zstd-sys v2.0.16+zstd.1.5.7
[INFO] [stderr]    Compiling chrono v0.4.44
[INFO] [stderr]    Compiling derive_builder_macro v0.20.2
[INFO] [stderr]    Compiling serde_urlencoded v0.7.1
[INFO] [stderr]    Compiling derive_builder v0.20.2
[INFO] [stderr]    Compiling olpc-cjson v0.1.4
[INFO] [stderr]    Compiling jwt v0.16.0
[INFO] [stderr]    Compiling http-auth v0.1.10
[INFO] [stderr]    Compiling unsafe-libyaml v0.2.11
[INFO] [stderr]    Compiling winnow v0.6.26
[INFO] [stderr]    Compiling regex v1.12.3
[INFO] [stderr]    Compiling fastrand v2.3.0
[INFO] [stderr]    Compiling nix v0.31.2
[INFO] [stderr]    Compiling tempfile v3.26.0
[INFO] [stderr]    Compiling secrecy v0.10.3
[INFO] [stderr]    Compiling ordered-float v5.3.0
[INFO] [stderr]    Compiling uuid v1.22.0
[INFO] [stderr]    Compiling idna_adapter v1.2.1
[INFO] [stderr]    Compiling idna v1.1.0
[INFO] [stderr]    Compiling url v2.5.8
[INFO] [stderr]    Compiling oci-spec v0.8.4
[INFO] [stderr]    Compiling serde_yaml v0.9.34+deprecated
[INFO] [stderr]    Compiling crc32fast v1.5.0
[INFO] [stderr]    Compiling humantime v2.3.0
[INFO] [stderr]    Compiling simd-adler32 v0.3.8
[INFO] [stderr]    Compiling tokio-util v0.7.18
[INFO] [stderr]    Compiling tower v0.5.3
[INFO] [stderr]    Compiling utoipa-gen v5.4.0
[INFO] [stderr]    Compiling cron v0.15.0
[INFO] [stderr]    Compiling h2 v0.4.13
[INFO] [stderr]    Compiling tower-http v0.6.8
[INFO] [stderr]    Compiling validator v0.19.0
[INFO] [stderr]    Compiling adler2 v2.0.1
[INFO] [stderr]    Compiling miniz_oxide v0.8.9
[INFO] [stderr]    Compiling xattr v1.6.1
[INFO] [stderr]    Compiling filetime v0.2.27
[INFO] [stderr]    Compiling dashmap v6.1.0
[INFO] [stderr]    Compiling tar v0.4.44
[INFO] [stderr]    Compiling flate2 v1.1.9
[INFO] [stderr]    Compiling hex v0.4.3
[INFO] [stderr]    Compiling utoipa v5.4.0
[INFO] [stderr]    Compiling hyper v1.8.1
[INFO] [stderr]    Compiling hyper-util v0.1.20
[INFO] [stderr]    Compiling zstd-safe v7.2.4
[INFO] [stderr]    Compiling zstd v0.13.3
[INFO] [stderr]    Compiling rustls-webpki v0.103.9
[INFO] [stderr]    Compiling tokio-rustls v0.26.4
[INFO] [stderr]    Compiling rustls-platform-verifier v0.6.2
[INFO] [stderr]    Compiling hyper-rustls v0.27.7
[INFO] [stderr]    Compiling reqwest v0.12.28
[INFO] [stderr]    Compiling reqwest v0.13.2
[INFO] [stderr]    Compiling oci-client v0.15.0
[INFO] [stderr]    Compiling zlayer-types v0.14.3
[INFO] [stderr]    Compiling zlayer-spec v0.14.3
[INFO] [stderr]    Compiling zlayer-paths v0.14.3
[INFO] [stderr]    Compiling zlayer-registry v0.14.3 (/opt/rustwide/workdir)
[INFO] [stderr]     Finished `release` profile [optimized] target(s) in 3m 44s
[INFO] [stderr] warning: the following packages contain code that will be rejected by a future version of Rust: proc-macro-error2 v2.0.1
[INFO] [stderr] note: to see what the problems were, use the option `--future-incompat-report`, or run `cargo report future-incompatibilities --id 2`
[INFO] running `Command { std: "docker" "inspect" "feb79512c71045f0142ddde6d62fd70cb4de212d505e832535dc769b2b4f2a1a", kill_on_drop: false }`
[INFO] running `Command { std: "docker" "exec" "-e" "SOURCE_DIR=/opt/rustwide/workdir" "-e" "CARGO_HOME=/opt/rustwide/cargo-home" "-e" "RUSTUP_HOME=/opt/rustwide/rustup-home" "-e" "CARGO_TARGET_DIR=/opt/rustwide/target" "-e" "CARGO_INCREMENTAL=0" "-e" "RUST_BACKTRACE=full" "-e" "RUSTFLAGS=--cap-lints=warn" "-e" "RUSTDOCFLAGS=--cap-lints=warn" "-w" "/opt/rustwide/workdir" "--user" "0:0" "feb79512c71045f0142ddde6d62fd70cb4de212d505e832535dc769b2b4f2a1a" "/opt/rustwide/cargo-home/bin/cargo" "+1.99.0-beta.8" "test" "--frozen" "--no-run" "--message-format=json" "--release", kill_on_drop: false }`
[INFO] [stderr]    Compiling futures-executor v0.3.32
[INFO] [stderr]    Compiling serial_test_derive v3.5.0
[INFO] [stderr]    Compiling serial_test v3.5.0
[INFO] [stderr]    Compiling zlayer-registry v0.14.3 (/opt/rustwide/workdir)
[INFO] [stderr]     Finished `release` profile [optimized] target(s) in 22.95s
[INFO] [stderr] warning: the following packages contain code that will be rejected by a future version of Rust: proc-macro-error2 v2.0.1
[INFO] [stderr] note: to see what the problems were, use the option `--future-incompat-report`, or run `cargo report future-incompatibilities --id 2`
[INFO] running `Command { std: "docker" "inspect" "feb79512c71045f0142ddde6d62fd70cb4de212d505e832535dc769b2b4f2a1a", kill_on_drop: false }`
[INFO] running `Command { std: "docker" "exec" "-e" "SOURCE_DIR=/opt/rustwide/workdir" "-e" "CARGO_HOME=/opt/rustwide/cargo-home" "-e" "RUSTUP_HOME=/opt/rustwide/rustup-home" "-e" "CARGO_TARGET_DIR=/opt/rustwide/target" "-e" "CARGO_INCREMENTAL=0" "-e" "RUST_BACKTRACE=full" "-e" "RUSTFLAGS=--cap-lints=warn" "-e" "RUSTDOCFLAGS=--cap-lints=warn" "-w" "/opt/rustwide/workdir" "--user" "0:0" "feb79512c71045f0142ddde6d62fd70cb4de212d505e832535dc769b2b4f2a1a" "/opt/rustwide/cargo-home/bin/cargo" "+1.99.0-beta.8" "test" "--frozen" "--release", kill_on_drop: false }`
[INFO] [stderr]     Finished `release` profile [optimized] target(s) in 0.26s
[INFO] [stderr] warning: the following packages contain code that will be rejected by a future version of Rust: proc-macro-error2 v2.0.1
[INFO] [stderr] note: to see what the problems were, use the option `--future-incompat-report`, or run `cargo report future-incompatibilities --id 2`
[INFO] [stderr]      Running unittests src/lib.rs (/opt/rustwide/target/release/deps/zlayer_registry-eb81d83f39bf4c24)
[INFO] [stdout] 
[INFO] [stdout] running 316 tests
[INFO] [stdout] test cache_config::tests::test_from_env_unknown_type ... ok
[INFO] [stdout] test cache_config::tests::test_default_cache_type ... ok
[INFO] [stdout] test cache_config::tests::test_from_env_memory ... ok
[INFO] [stdout] test cache_config::tests::test_memory_cache ... ok
[INFO] [stdout] test cache::tests::test_validate_digest ... ok
[INFO] [stdout] test cache::tests::test_compute_digest ... ok
[INFO] [stdout] test cache::tests::blob_cache_keys_with_prefix_filters_correctly ... ok
[INFO] [stdout] test cache::tests::test_cache_put_get ... ok
[INFO] [stdout] test cache_config::tests::test_build_memory_cache ... ok
[INFO] [stdout] test client::tests::is_blob_not_found_detects_404_server_error ... ok
[INFO] [stdout] test client::tests::is_blob_not_found_detects_blob_unknown_registry_error ... ok
[INFO] [stdout] test client::tests::is_blob_not_found_detects_manifest_not_found ... ok
[INFO] [stdout] test client::tests::is_blob_not_found_rejects_auth_failure ... ok
[INFO] [stdout] test client::tests::is_blob_not_found_rejects_non_404_server_error ... ok
[INFO] [stdout] test client::tests::is_mutable_tag_recognises_empty_tag ... ok
[INFO] [stdout] test client::tests::is_mutable_tag_recognises_known_mutable_tags ... ok
[INFO] [stdout] test client::tests::is_mutable_tag_recognises_no_tag ... ok
[INFO] [stdout] test client::tests::is_mutable_tag_rejects_digest_refs ... ok
[INFO] [stdout] test client::tests::is_mutable_tag_rejects_pinned_tags ... ok
[INFO] [stdout] test client::tests::fetch_blob_from_url_rejects_unreachable_host ... ok
[INFO] [stdout] test client::tests::fetch_blob_from_url_rejects_invalid_url ... ok
[INFO] [stdout] test client::tests::fetch_from_url_surfaces_context_in_error ... ok
[INFO] [stdout] test client::tests::fetch_archive_from_url_accepts_basic_auth_without_panic ... ok
[INFO] [stdout] test client::tests::fetch_archive_from_url_rejects_unreachable_host ... ok
[INFO] [stdout] test client::tests::fetch_archive_from_url_rejects_invalid_url ... ok
[INFO] [stdout] test client::tests::max_foreign_layer_redirects_is_capped ... ok
[INFO] [stdout] test client::tests::parse_image_manifest_only_accepts_image_manifest ... ok
[INFO] [stdout] test client::tests::parse_image_manifest_only_rejects_index ... ok
[INFO] [stdout] test client::tests::platform_resolver_non_windows_ignores_os_version ... ok
[INFO] [stdout] test client::tests::platform_resolver_windows_no_os_version_falls_back_to_first_match ... ok
[INFO] [stdout] test client::tests::platform_resolver_windows_os_version_falls_back_when_no_version_match ... ok
[INFO] [stdout] test client::tests::platform_resolver_windows_os_version_exact_match ... ok
[INFO] [stdout] test client::tests::platform_resolver_windows_os_version_prefers_prefix_match ... ok
[INFO] [stdout] test client::tests::manifest_cache_key_is_stable ... ok
[INFO] [stdout] test client::tests::image_os_in_cache_only_returns_none_on_clean_local_miss ... ok
[INFO] [stdout] test client::tests::manifest_digest_cache_key_is_stable ... ok
[INFO] [stdout] test client::tests::manifest_cache_key_normalizes_bare_and_qualified_to_same_key ... ok
[INFO] [stdout] test client::tests::manifest_cache_key_collides_bare_qualified_and_literal ... ok
[INFO] [stdout] test client::tests::cache_local_image_platform_round_trips_darwin ... ok
[INFO] [stdout] test client::tests::manifest_and_digest_keys_never_collide ... ok
[INFO] [stdout] test client::tests::test_image_display_ghcr ... ok
[INFO] [stdout] test client::tests::test_image_display_with_nested_repo ... ok
[INFO] [stdout] test client::tests::test_image_equality ... ok
[INFO] [stdout] test client::tests::test_image_clone ... ok
[INFO] [stdout] test client::tests::test_image_debug ... ok
[INFO] [stdout] test client::tests::test_image_display ... ok
[INFO] [stdout] test client::tests::s3_tier_get_treats_error_as_miss ... ok
[INFO] [stdout] test client::tests::test_invalid_reference_empty ... ok
[INFO] [stdout] test client::tests::test_invalid_reference_double_colon ... ok
[INFO] [stdout] test client::tests::test_image_puller_with_shared_cache ... ok
[INFO] [stdout] test client::tests::bare_ref_resolves_from_cache_seeded_under_qualified_ref ... ok
[INFO] [stdout] test client::tests::test_push_error_authentication_failed_construction ... ok
[INFO] [stdout] test client::tests::test_image_puller_with_concurrency_limit ... ok
[INFO] [stdout] test client::tests::test_push_error_debug_authentication_failed ... ok
[INFO] [stdout] test client::tests::test_push_error_debug_invalid_reference ... ok
[INFO] [stdout] test client::tests::test_push_error_debug_manifest_upload_failed ... ok
[INFO] [stdout] test client::tests::test_push_error_debug_blob_upload_failed ... ok
[INFO] [stdout] test client::tests::test_push_error_debug_oci_error ... ok
[INFO] [stdout] test client::tests::test_push_error_display_authentication_failed ... ok
[INFO] [stdout] test client::tests::test_push_error_display_authentication_failed_empty_reason ... ok
[INFO] [stdout] test client::tests::test_push_error_display_authentication_failed_long_reason ... ok
[INFO] [stdout] test client::tests::test_push_error_display_blob_upload_failed ... ok
[INFO] [stdout] test client::tests::test_push_error_blob_upload_failed_construction ... ok
[INFO] [stdout] test client::tests::test_push_error_debug_network_error ... ok
[INFO] [stdout] test client::tests::test_push_error_display_blob_upload_failed_with_full_digest ... ok
[INFO] [stdout] test client::tests::test_push_error_display_invalid_reference ... ok
[INFO] [stdout] test client::tests::test_push_error_display_manifest_upload_failed ... ok
[INFO] [stdout] test client::tests::test_push_error_display_manifest_upload_failed_json_error ... ok
[INFO] [stdout] test client::tests::test_push_error_display_invalid_reference_empty ... ok
[INFO] [stdout] test client::tests::test_push_error_display_invalid_reference_special_chars ... ok
[INFO] [stdout] test client::tests::test_push_error_display_network_error ... ok
[INFO] [stdout] test client::tests::test_push_error_display_network_error_connection_refused ... ok
[INFO] [stdout] test client::tests::test_push_error_from_oci_config_conversion_error ... ok
[INFO] [stdout] test client::tests::test_push_error_from_oci_generic_error ... ok
[INFO] [stdout] test client::tests::test_push_error_from_oci_image_manifest_not_found ... ok
[INFO] [stdout] test client::tests::test_push_error_from_oci_incompatible_layer_media_type ... ok
[INFO] [stdout] test client::tests::test_push_error_from_oci_manifest_parsing_error ... ok
[INFO] [stdout] test client::tests::test_push_error_from_oci_registry_token_decode ... ok
[INFO] [stdout] test client::tests::test_push_error_from_oci_unsupported_media_type ... ok
[INFO] [stdout] test client::tests::test_push_error_from_oci_spec_violation ... ok
[INFO] [stdout] test client::tests::test_push_error_display_network_error_dns ... ok
[INFO] [stdout] test client::tests::test_push_error_from_oci_unsupported_schema_version ... ok
[INFO] [stdout] test client::tests::test_push_error_from_oci_url_parse_error ... ok
[INFO] [stdout] test client::tests::test_push_error_implements_error_trait ... ok
[INFO] [stdout] test client::tests::test_push_error_from_oci_versioned_parsing_error ... ok
[INFO] [stdout] test client::tests::test_push_error_invalid_reference_construction ... ok
[INFO] [stdout] test client::tests::test_push_error_is_blob_upload_failed ... ok
[INFO] [stdout] test client::tests::test_push_error_is_invalid_reference ... ok
[INFO] [stdout] test client::tests::test_push_error_is_authentication_failed ... ok
[INFO] [stdout] test client::tests::test_push_error_is_manifest_upload_failed ... ok
[INFO] [stdout] test client::tests::test_push_error_manifest_upload_failed_construction ... ok
[INFO] [stdout] test client::tests::test_push_error_is_oci_error ... ok
[INFO] [stdout] test client::tests::test_push_blob_invalid_reference_returns_error ... ok
[INFO] [stdout] test client::tests::test_push_error_is_network_error ... ok
[INFO] [stdout] test client::tests::test_push_error_network_error_construction ... ok
[INFO] [stdout] test client::tests::test_push_error_oci_error_display ... ok
[INFO] [stdout] test client::tests::test_push_flow_documentation_authentication_order ... ok
[INFO] [stdout] test client::tests::test_push_error_source_for_oci_error ... ok
[INFO] [stdout] test client::tests::test_push_flow_documentation_blob_before_manifest ... ok
[INFO] [stdout] test client::tests::test_push_error_source_for_other_variants ... ok
[INFO] [stdout] test client::tests::test_push_result_blobs_pushed_order ... ok
[INFO] [stdout] test client::tests::test_push_result_clone ... ok
[INFO] [stdout] test client::tests::test_push_result_clone_independence ... ok
[INFO] [stdout] test client::tests::test_push_result_creation_all_fields ... ok
[INFO] [stdout] test client::tests::image_runtime_marker_in_cache_only_bare_ref_zero_network ... ok
[INFO] [stdout] test client::tests::test_push_result_creation_empty_blobs ... ok
[INFO] [stdout] test client::tests::test_push_result_creation_many_blobs ... ok
[INFO] [stdout] test client::tests::test_push_result_debug ... ok
[INFO] [stdout] test client::tests::test_valid_reference_parsing_docker_hub ... ok
[INFO] [stdout] test client::tests::test_push_result_creation_single_blob ... ok
[INFO] [stdout] test client::tests::test_push_result_with_full_sha256_digest ... ok
[INFO] [stdout] test client::tests::test_valid_reference_parsing_nested_repo ... ok
[INFO] [stdout] test client::tests::image_os_in_cache_only_bare_ref_issues_zero_network_calls ... ok
[INFO] [stdout] test client::tests::test_push_manifest_empty_reference_returns_error ... ok
[INFO] [stdout] test image_config::tests::test_full_command_both_set ... ok
[INFO] [stdout] test image_config::tests::test_full_command_cmd_only ... ok
[INFO] [stdout] test image_config::tests::test_full_command_entrypoint_only ... ok
[INFO] [stdout] test client::tests::test_valid_reference_parsing_ghcr ... ok
[INFO] [stdout] test image_config::tests::test_full_command_neither_set ... ok
[INFO] [stdout] test client::tests::test_valid_reference_parsing_with_digest ... ok
[INFO] [stdout] test image_config::tests::test_image_config_clone ... ok
[INFO] [stdout] test image_config::tests::test_image_config_default ... ok
[INFO] [stdout] test image_config::tests::test_parse_extra_fields_ignored ... ok
[INFO] [stdout] test image_config::tests::test_parse_docker_hub_nginx_like ... ok
[INFO] [stdout] test image_config::tests::test_parse_cmd_only_image ... ok
[INFO] [stdout] test client::tests::test_push_manifest_invalid_reference_returns_error ... ok
[INFO] [stdout] test image_config::tests::test_parse_missing_config ... ok
[INFO] [stdout] test image_config::tests::test_parse_null_config ... ok
[INFO] [stdout] test image_config::tests::test_parse_minimal_config ... ok
[INFO] [stdout] test image_config::tests::test_parse_full_config ... ok
[INFO] [stdout] test pack::tests::pack_dir_missing_root_is_an_error ... ok
[INFO] [stdout] test pack::tests::pack_dir_digest_is_deterministic ... ok
[INFO] [stdout] test client::tests::test_push_blob_empty_reference_returns_error ... ok
[INFO] [stdout] test pack::tests::missing_file_is_an_error ... ok
[INFO] [stdout] test pack::tests::pack_dir_stores_verbatim_symlink_targets_and_relative_names ... ok
[INFO] [stdout] test unpack::tests::overlay_dir_rejects_collapse_mode_unpacker ... ok
[INFO] [stdout] test unpack::tests::overlay_layer_extracts_normal_file_with_mode ... ok
[INFO] [stdout] test unpack::tests::overlay_layer_relativizes_absolute_rootfs_symlink ... ok
[INFO] [stdout] test pack::tests::pack_dir_then_unpack_roundtrips_tree ... ok
[INFO] [stdout] test pack::tests::pack_then_unpack_roundtrips_files_flat ... ok
[INFO] [stdout] test unpack::tests::rootless_overlay_extract_rejects_wrong_mode ... ok
[INFO] [stdout] test unpack::tests::rootless_overlay_extract_writes_wh_file_and_user_opaque_xattr ... ok
[INFO] [stdout] test unpack::tests::test_compression_detection_magic_bytes ... ok
[INFO] [stdout] test unpack::tests::test_is_linux_layer_classifier ... ok
[INFO] [stdout] test client::tests::image_os_with_policy_resolves_linux_from_local_cache_no_network ... ok
[INFO] [stdout] test unpack::tests::test_layer_ordering ... ok
[INFO] [stdout] test unpack::tests::test_linux_and_windows_classifiers_are_disjoint ... ok
[INFO] [stdout] test unpack::tests::test_is_windows_layer_classifier ... ok
[INFO] [stdout] test client::tests::pull_image_to_files_single_flights_concurrent_pulls_of_same_ref ... ok
[INFO] [stdout] test unpack::tests::test_media_type_detection ... ok
[INFO] [stdout] test unpack::tests::test_unpack_gzip_layer ... ok
[INFO] [stdout] test unpack::tests::test_unpack_dangling_hardlink_errors ... ok
[INFO] [stdout] test unpack::tests::test_path_traversal_prevention ... ok
[INFO] [stdout] test unpack::tests::test_unpack_readonly_dir_with_hardlink_target_inside ... ok
[INFO] [stdout] test unpack::tests::test_unpack_readonly_dir_with_symlinks_inside ... ok
[INFO] [stdout] test unpack::tests::test_unpack_forward_referencing_hardlink ... ok
[INFO] [stdout] test unpack::tests::test_whiteout_file_deletion ... ok
[INFO] [stdout] test unpack::tests::test_unpack_zstd_layer ... ok
[INFO] [stdout] test client::tests::pull_image_config_single_flights_concurrent_fetches_of_same_ref ... ok
[INFO] [stdout] test unpack::tests::unpack_never_writes_through_rootfs_symlink_to_host ... ok
[INFO] [stdout] test client::tests::image_isolation_marker_in_cache_only_none_when_label_absent ... ok
[INFO] [stdout] test unpack::tests::overlay_layer_preserves_regular_whiteout_as_chardev ... FAILED
[INFO] [stdout] test client::tests::test_image_puller_with_concurrency_limit_one ... ok
[INFO] [stdout] test wasm::tests::test_artifact_type_debug_formatting ... ok
[INFO] [stdout] test unpack::tests::unpack_from_files_matches_unpack_layers ... ok
[INFO] [stdout] test unpack::tests::overlay_layer_preserves_opaque_whiteout_as_xattr ... FAILED
[INFO] [stdout] test wasm::tests::test_detect_wasi_version_from_artifact_type ... ok
[INFO] [stdout] test unpack::tests::unpack_relativizes_absolute_rootfs_symlink ... ok
[INFO] [stdout] test client::tests::image_os_in_cache_only_no_network_when_manifest_and_config_present ... ok
[INFO] [stdout] test wasm::tests::test_artifact_type_display_all_versions ... ok
[INFO] [stdout] test wasm::tests::test_artifact_type_clone ... ok
[INFO] [stdout] test wasm::tests::test_detect_container ... ok
[INFO] [stdout] test wasm::tests::test_detect_wasm_version_empty ... ok
[INFO] [stdout] test wasm::tests::test_detect_wasm_version_exactly_8_bytes ... ok
[INFO] [stdout] test wasm::tests::test_detect_wasm_version_from_binary_invalid_magic ... ok
[INFO] [stdout] test wasm::tests::test_detect_wasm_version_corrupt_section_type ... ok
[INFO] [stdout] test wasm::tests::test_detect_wasm_version_module_with_import_section ... ok
[INFO] [stdout] test wasm::tests::test_detect_wasm_version_high_version_numbers ... ok
[INFO] [stdout] test wasm::tests::test_detect_wasm_version_version_2 ... ok
[INFO] [stdout] test wasm::tests::test_detect_wasm_version_custom_section ... ok
[INFO] [stdout] test wasm::tests::test_detect_wasm_version_module_with_code_section ... ok
[INFO] [stdout] test wasm::tests::test_detect_wasm_with_artifact_type ... ok
[INFO] [stdout] test wasm::tests::test_detect_wasm_config_only ... ok
[INFO] [stdout] test client::tests::image_isolation_marker_in_cache_only_reads_config_label_zero_network ... ok
[INFO] [stdout] test wasm::tests::test_extract_wasm_binary_info_component ... ok
[INFO] [stdout] test wasm::tests::test_detect_wasm_version_module_with_data_count_section ... ok
[INFO] [stdout] test wasm::tests::test_extract_wasm_binary_info_empty ... ok
[INFO] [stdout] test wasm::tests::test_extract_wasm_binary_info_fields_correct_for_module ... ok
[INFO] [stdout] test wasm::tests::test_extract_wasm_binary_info_fields_correct_for_component ... ok
[INFO] [stdout] test wasm::tests::test_detect_wasm_version_from_binary_module ... ok
[INFO] [stdout] test wasm::tests::test_detect_wasm_version_from_binary_component ... ok
[INFO] [stdout] test wasm::tests::test_detect_wasm_version_minimal_valid_component ... ok
[INFO] [stdout] test wasm::tests::test_detect_wasm_version_minimal_valid_module ... ok
[INFO] [stdout] test wasm::tests::test_extract_wasm_binary_info_large_binary ... ok
[INFO] [stdout] test wasm::tests::test_extract_wasm_binary_info_invalid_magic ... ok
[INFO] [stdout] test wasm::tests::test_extract_wasm_binary_info_minimal_valid ... ok
[INFO] [stdout] test wasm::tests::test_extract_wasm_binary_info_module ... ok
[INFO] [stdout] test wasm::tests::test_detect_wasm_version_from_binary_too_short ... ok
[INFO] [stdout] test wasm::tests::test_detect_wasm_version_module_with_memory_section ... ok
[INFO] [stdout] test wasm::tests::test_extract_wasm_binary_info_version_zero ... ok
[INFO] [stdout] test wasm::tests::test_validate_wasm_magic_all_zeros ... ok
[INFO] [stdout] test wasm::tests::test_is_wasm_layer_media_type ... ok
[INFO] [stdout] test wasm::tests::test_validate_wasm_magic_component ... ok
[INFO] [stdout] test wasm::tests::test_validate_wasm_magic_empty_bytes ... ok
[INFO] [stdout] test wasm::tests::test_validate_wasm_magic_invalid ... ok
[INFO] [stdout] test wasm::tests::test_validate_wasm_magic_single_byte ... ok
[INFO] [stdout] test wasm::tests::test_extract_wasm_binary_info_too_short ... ok
[INFO] [stdout] test wasm::tests::test_validate_wasm_magic_too_short ... ok
[INFO] [stdout] test wasm::tests::test_validate_wasm_magic_valid ... ok
[INFO] [stdout] test wasm::tests::test_validate_wasm_magic_with_trailing_garbage ... ok
[INFO] [stdout] test wasm::tests::test_validate_wasm_magic_three_bytes ... ok
[INFO] [stdout] test wasm::tests::test_extract_wasm_binary_info_truncated_at_various_lengths ... ok
[INFO] [stdout] test wasm::tests::test_wasi_version_clone ... ok
[INFO] [stdout] test wasm::tests::test_extract_wasm_info ... ok
[INFO] [stdout] test wasm::tests::test_extract_wasm_binary_info_high_binary_version ... ok
[INFO] [stdout] test wasm::tests::test_wasi_version_debug_formatting ... ok
[INFO] [stdout] test wasm::tests::test_is_wasm_config_media_type ... ok
[INFO] [stdout] test wasm::tests::test_wasi_version_default ... ok
[INFO] [stdout] test wasm::tests::test_wasi_version_display ... ok
[INFO] [stdout] test wasm::tests::test_extract_wasm_info_container ... ok
[INFO] [stdout] test wasm::tests::test_validate_wasm_magic_off_by_one_each_byte ... ok
[INFO] [stdout] test wasm::tests::test_wasm_binary_info_equality ... ok
[INFO] [stdout] test wasm::tests::test_wasm_binary_info_clone ... ok
[INFO] [stdout] test wasm::tests::test_validate_wasm_magic_two_bytes ... ok
[INFO] [stdout] test wasm::tests::test_wasm_error_equality ... ok
[INFO] [stdout] test wasm::tests::test_wasi_version_target_triple ... ok
[INFO] [stdout] test wasm::tests::test_wasm_error_display ... ok
[INFO] [stdout] test wasm::tests::test_wasi_version_is_methods ... ok
[INFO] [stdout] test wasm::tests::test_wasm_error_debug_formatting ... ok
[INFO] [stdout] test client::tests::unreachable_s3_does_not_break_local_cache_hit ... ok
[INFO] [stdout] test client::tests::pull_image_to_files_does_not_false_share_across_refs ... ok
[INFO] [stdout] test wasm::tests::test_wasm_binary_info_debug_formatting ... ok
[INFO] [stdout] test wasm::tests::test_wasm_error_invalid_structure_long_reason ... ok
[INFO] [stdout] test wasm_export::tests::test_artifact_type_for_wasi_version_preview1 ... ok
[INFO] [stdout] test wasm_export::tests::test_artifact_type_for_wasi_version_unknown ... ok
[INFO] [stdout] test wasm::tests::test_wasm_error_invalid_structure_empty_reason ... ok
[INFO] [stdout] test wasm_export::tests::test_artifact_type_for_wasi_version_preview2 ... ok
[INFO] [stdout] test wasm::tests::test_wasm_binary_info_inequality_each_field ... ok
[INFO] [stdout] test wasm::tests::test_wasm_constants ... ok
[INFO] [stdout] test wasm::tests::test_wasm_error_clone ... ok
[INFO] [stdout] test wasm_export::tests::test_contains_component_indicator_at_end ... ok
[INFO] [stdout] test wasm_export::tests::test_contains_component_indicator_at_start ... ok
[INFO] [stdout] test wasm::tests::test_validate_wasm_magic_exact_length ... ok
[INFO] [stdout] test wasm_export::tests::test_contains_component_indicator_component_type ... ok
[INFO] [stdout] test client::tests::test_image_puller_creation_with_blob_cache ... ok
[INFO] [stdout] test wasm_export::tests::test_contains_component_indicator_empty ... ok
[INFO] [stdout] test wasm_export::tests::test_contains_component_indicator_none ... ok
[INFO] [stdout] test wasm_export::tests::test_detect_wasi_version_wasip1_with_custom_section ... ok
[INFO] [stdout] test wasm_export::tests::test_detect_wasi_version_wasip1_with_type_section ... ok
[INFO] [stdout] test wasm_export::tests::test_detect_wasi_version_wasip2_component_type_marker ... ok
[INFO] [stdout] test wasm_export::tests::test_detect_wasi_version_wasip2_wit_component_marker ... ok
[INFO] [stdout] test wasm_export::tests::test_create_wasm_config_blob_valid_json ... ok
[INFO] [stdout] test wasm_export::tests::test_contains_component_indicator_wit_component ... ok
[INFO] [stdout] test wasm_export::tests::test_create_wasm_config_blob_returns_empty_json ... ok
[INFO] [stdout] test wasm_export::tests::test_contains_component_indicator_partial_match ... ok
[INFO] [stdout] test wasm_export::tests::test_detect_wasi_version_invalid_magic_returns_unknown ... ok
[INFO] [stdout] test wasm_export::tests::test_detect_wasi_version_unusual_version_returns_unknown ... ok
[INFO] [stdout] test wasm_export::tests::test_detect_wasi_version_wasip1_minimal_module ... ok
[INFO] [stdout] test wasm_export::tests::test_create_wasm_config_blob_consistent_digest ... ok
[INFO] [stdout] test wasm_export::tests::test_detect_wasi_version_empty_returns_unknown ... ok
[INFO] [stdout] test wasm_export::tests::test_export_error_invalid_binary ... ok
[INFO] [stdout] test wasm_export::tests::test_export_error_permission_denied ... FAILED
[INFO] [stdout] test wasm_export::tests::test_export_error_missing_file ... ok
[INFO] [stdout] test wasm_export::tests::test_export_error_truncated_binary ... ok
[INFO] [stdout] test wasm_export::tests::test_digest_consistency_multiple_exports ... ok
[INFO] [stdout] test wasm_export::tests::test_layer_descriptor_wasip1_media_type ... ok
[INFO] [stdout] test wasm_export::tests::test_contains_component_indicator_too_short ... ok
[INFO] [stdout] test wasm_export::tests::test_detect_wasi_version_too_short_returns_unknown ... ok
[INFO] [stdout] test wasm_export::tests::test_layer_descriptor_digest_calculation ... ok
[INFO] [stdout] test wasm_export::tests::test_layer_descriptor_size_calculation ... ok
[INFO] [stdout] test wasm_export::tests::test_export_with_explicit_version_override ... ok
[INFO] [stdout] test wasm_export::tests::test_export_wasip1_full_flow ... ok
[INFO] [stdout] test wasm_export::tests::test_manifest_artifact_type_wasip2 ... ok
[INFO] [stdout] test wasm_export::tests::test_layer_descriptor_has_title_annotation ... ok
[INFO] [stdout] test wasm_export::tests::test_digest_changes_with_different_binary ... ok
[INFO] [stdout] test wasm_export::tests::test_oci_manifest_serialization ... ok
[INFO] [stdout] test wasm_export::tests::test_oci_descriptor_serialization ... ok
[INFO] [stdout] test wasm_export::tests::test_manifest_annotations_propagate ... ok
[INFO] [stdout] test wasm_export::tests::test_manifest_config_digest_and_size ... ok
[INFO] [stdout] test wasm_export::tests::test_oci_manifest_deserialization ... ok
[INFO] [stdout] test wasm_export::tests::test_manifest_artifact_type_wasip1 ... ok
[INFO] [stdout] test wasm_export::tests::test_oci_manifest_skip_empty_artifact_type ... ok
[INFO] [stdout] test wasm_export::tests::test_validate_wasm_magic_elf_header ... ok
[INFO] [stdout] test wasm_export::tests::test_validate_wasm_magic_exact_8_bytes_valid ... ok
[INFO] [stdout] test wasm_export::tests::test_validate_wasm_magic_empty_bytes ... ok
[INFO] [stdout] test wasm_export::tests::test_validate_wasm_magic_valid_component ... ok
[INFO] [stdout] test wasm_export::tests::test_layer_descriptor_wasip2_media_type ... ok
[INFO] [stdout] test wasm_export::tests::test_validate_wasm_magic_valid_module ... ok
[INFO] [stdout] test wasm_export::tests::test_validate_wasm_magic_truncated_4_bytes ... ok
[INFO] [stdout] test wasm_export::tests::test_validate_wasm_magic_truncated_7_bytes ... ok
[INFO] [stdout] test wasm_export::tests::test_validate_wasm_magic_invalid_bytes ... ok
[INFO] [stdout] test wasm_export::tests::test_validate_wasm_magic_pe_header ... ok
[INFO] [stdout] test wasm_export::tests::test_validate_wasm_magic_valid_module_with_type_section ... ok
[INFO] [stdout] test wasm_export::tests::test_manifest_layers_count ... ok
[INFO] [stdout] test wasm_export::tests::test_validate_wasm_magic_wrong_first_byte ... ok
[INFO] [stdout] test wasm_export::tests::test_manifest_config_media_type ... ok
[INFO] [stdout] test wasm_export::tests::test_wasm_export_config_clone ... ok
[INFO] [stdout] test wasm_export::tests::test_wasm_export_error_display_invalid_binary ... ok
[INFO] [stdout] test wasm_export::tests::test_wasm_export_config_creation_all_fields ... ok
[INFO] [stdout] test wasm_export::tests::test_wasm_export_config_creation_minimal_fields ... ok
[INFO] [stdout] test wasm_export::tests::test_oci_manifest_skip_empty_annotations ... ok
[INFO] [stdout] test wasm_export::tests::test_manifest_no_annotations_when_empty ... ok
[INFO] [stdout] test wasm_export::tests::test_wasm_export_config_debug ... ok
[INFO] [stdout] test wasm_export::tests::test_wasm_export_error_display_io_error ... ok
[INFO] [stdout] test wasm_export::tests::test_wasm_export_error_display_serialization ... ok
[INFO] [stdout] test wasm_export::tests::test_wasm_export_result_clone ... ok
[INFO] [stdout] test wasm_export::tests::test_wasm_export_error_display_storage ... ok
[INFO] [stdout] test wasm_export::tests::test_wasm_export_result_debug ... ok
[INFO] [stdout] test wasm_export::tests::test_manifest_media_type ... ok
[INFO] [stdout] test wasm_export::tests::test_manifest_does_not_override_existing_title ... ok
[INFO] [stdout] test wasm_export::tests::test_export_wasip2_full_flow ... ok
[INFO] [stdout] test wasm_export::tests::test_manifest_schema_version ... ok
[INFO] [stdout] test wasm_export::tests::test_manifest_auto_adds_title_annotation ... ok
[INFO] [stdout] test wasm_export::tests::test_wasm_export_error_from_io_error ... ok
[INFO] [stdout] test wasm_export::tests::test_wasm_export_result_all_fields_populated ... ok
[INFO] [stdout] test client::tests::unreachable_s3_falls_through_to_origin_not_a_hard_s3_error ... ok
[INFO] [stdout] 
[INFO] [stdout] failures:
[INFO] [stdout] 
[INFO] [stdout] ---- unpack::tests::overlay_layer_preserves_regular_whiteout_as_chardev stdout ----
[INFO] [stdout] 
[INFO] [stdout] thread 'unpack::tests::overlay_layer_preserves_regular_whiteout_as_chardev' (4295) panicked at src/unpack.rs:2018:14:
[INFO] [stdout] overlay whiteout extraction must succeed as root: Cache(Io(Custom { kind: Other, error: "failed to mknod overlay whiteout 0:0 char device at /tmp/.tmpQHZBEB/fs/foo (needs CAP_MKNOD): EPERM: Operation not permitted" }))
[INFO] [stdout] stack backtrace:
[INFO] [stdout]    0:     0x59beb6090531 - <<std[70759c8f55707aa4]::sys::backtrace::BacktraceLock>::print::DisplayBacktrace as core[df12db4294e9bfd3]::fmt::Display>::fmt
[INFO] [stdout]    1:     0x59beb60a874a - core[df12db4294e9bfd3]::fmt::write
[INFO] [stdout]    2:     0x59beb609567c - <alloc[2182bb758b4b3781]::vec::Vec<u8> as core[df12db4294e9bfd3]::io::write::Write>::write_fmt
[INFO] [stdout]    3:     0x59beb6067736 - std[70759c8f55707aa4]::panicking::default_hook::{closure#0}
[INFO] [stdout]    4:     0x59beb6085b29 - std[70759c8f55707aa4]::panicking::default_hook
[INFO] [stdout]    5:     0x59beb5a94b00 - test[9d35eded1c95d3be]::test_main_inner::<test[9d35eded1c95d3be]::test_main_static::{closure#0}>::{closure#0}
[INFO] [stdout]    6:     0x59beb6085e52 - std[70759c8f55707aa4]::panicking::panic_with_hook
[INFO] [stdout]    7:     0x59beb60677e2 - std[70759c8f55707aa4]::panicking::panic_handler::{closure#0}
[INFO] [stdout]    8:     0x59beb605fe79 - std[70759c8f55707aa4]::sys::backtrace::__rust_end_short_backtrace::<std[70759c8f55707aa4]::panicking::panic_handler::{closure#0}, !>
[INFO] [stdout]    9:     0x59beb6068b7d - __rustc[8fa7c3cbc660c2b3]::rust_begin_unwind
[INFO] [stdout]   10:     0x59beb60a8f2c - core[df12db4294e9bfd3]::panicking::panic_fmt
[INFO] [stdout]   11:     0x59beb60a8d02 - core[df12db4294e9bfd3]::result::unwrap_failed
[INFO] [stdout]   12:     0x59beb5884b03 - zlayer_registry[21c6caf739dffb02]::unpack::tests::overlay_layer_preserves_regular_whiteout_as_chardev::{closure#0}
[INFO] [stdout]   13:     0x59beb57f4463 - <tokio[d69f57799acf2a27]::runtime::scheduler::current_thread::Context>::enter::<core[df12db4294e9bfd3]::task::poll::Poll<()>, <tokio[d69f57799acf2a27]::runtime::scheduler::current_thread::CoreGuard>::block_on<core[df12db4294e9bfd3]::pin::Pin<&mut core[df12db4294e9bfd3]::pin::Pin<&mut dyn core[df12db4294e9bfd3]::future::future::Future<Output = ()>>>>::{closure#0}::{closure#0}>
[INFO] [stdout]   14:     0x59beb58cadb9 - <std[70759c8f55707aa4]::thread::local::LocalKey<tokio[d69f57799acf2a27]::runtime::context::Context>>::with::<tokio[d69f57799acf2a27]::runtime::context::set_scheduler<(alloc[2182bb758b4b3781]::boxed::Box<tokio[d69f57799acf2a27]::runtime::scheduler::current_thread::Core>, core[df12db4294e9bfd3]::option::Option<()>), <tokio[d69f57799acf2a27]::runtime::scheduler::current_thread::CoreGuard>::enter<<tokio[d69f57799acf2a27]::runtime::scheduler::current_thread::CoreGuard>::block_on<core[df12db4294e9bfd3]::pin::Pin<&mut core[df12db4294e9bfd3]::pin::Pin<&mut dyn core[df12db4294e9bfd3]::future::future::Future<Output = ()>>>>::{closure#0}, core[df12db4294e9bfd3]::option::Option<()>>::{closure#0}>::{closure#0}, (alloc[2182bb758b4b3781]::boxed::Box<tokio[d69f57799acf2a27]::runtime::scheduler::current_thread::Core>, core[df12db4294e9bfd3]::option::Option<()>)>
[INFO] [stdout]   15:     0x59beb57f4c67 - <tokio[d69f57799acf2a27]::runtime::scheduler::current_thread::CoreGuard>::block_on::<core[df12db4294e9bfd3]::pin::Pin<&mut core[df12db4294e9bfd3]::pin::Pin<&mut dyn core[df12db4294e9bfd3]::future::future::Future<Output = ()>>>>
[INFO] [stdout]   16:     0x59beb58d5897 - tokio[d69f57799acf2a27]::runtime::context::runtime::enter_runtime::<<tokio[d69f57799acf2a27]::runtime::scheduler::current_thread::CurrentThread>::block_on<core[df12db4294e9bfd3]::pin::Pin<&mut dyn core[df12db4294e9bfd3]::future::future::Future<Output = ()>>>::{closure#0}, ()>
[INFO] [stdout]   17:     0x59beb58c978a - <tokio[d69f57799acf2a27]::runtime::runtime::Runtime>::block_on::<core[df12db4294e9bfd3]::pin::Pin<&mut dyn core[df12db4294e9bfd3]::future::future::Future<Output = ()>>>
[INFO] [stdout]   18:     0x59beb588d4a5 - zlayer_registry[21c6caf739dffb02]::unpack::tests::overlay_layer_preserves_regular_whiteout_as_chardev
[INFO] [stdout]   19:     0x59beb57f40c9 - <zlayer_registry[21c6caf739dffb02]::unpack::tests::overlay_layer_preserves_regular_whiteout_as_chardev::{closure#0} as core[df12db4294e9bfd3]::ops::function::FnOnce<()>>::call_once
[INFO] [stdout]   20:     0x59beb5a87deb - test[9d35eded1c95d3be]::__rust_begin_short_backtrace::<core[df12db4294e9bfd3]::result::Result<(), alloc[2182bb758b4b3781]::string::String>, fn() -> core[df12db4294e9bfd3]::result::Result<(), alloc[2182bb758b4b3781]::string::String>>
[INFO] [stdout]   21:     0x59beb5a95455 - test[9d35eded1c95d3be]::run_test::{closure#0}
[INFO] [stdout]   22:     0x59beb5a8ed14 - std[70759c8f55707aa4]::sys::backtrace::__rust_begin_short_backtrace::<test[9d35eded1c95d3be]::run_test::{closure#1}, ()>
[INFO] [stdout]   23:     0x59beb5a985b2 - <std[70759c8f55707aa4]::thread::lifecycle::spawn_unchecked<test[9d35eded1c95d3be]::run_test::{closure#1}, ()>::{closure#1} as core[df12db4294e9bfd3]::ops::function::FnOnce<()>>::call_once::{shim:vtable#0}
[INFO] [stdout]   24:     0x59beb608f119 - <std[70759c8f55707aa4]::sys::thread::unix::Thread>::new::thread_start
[INFO] [stdout]   25:     0x7a3a15e84dfa - <unknown>
[INFO] [stdout]   26:     0x7a3a15f183d4 - clone
[INFO] [stdout]   27:                0x0 - <unknown>
[INFO] [stdout] 
[INFO] [stdout] ---- unpack::tests::overlay_layer_preserves_opaque_whiteout_as_xattr stdout ----
[INFO] [stdout] 
[INFO] [stdout] thread 'unpack::tests::overlay_layer_preserves_opaque_whiteout_as_xattr' (4294) panicked at src/unpack.rs:2070:14:
[INFO] [stdout] opaque whiteout extraction must succeed as root: Cache(Io(Custom { kind: PermissionDenied, error: "failed to set trusted.overlay.opaque on /tmp/.tmpc8se9B/fs/etc (needs CAP_SYS_ADMIN): Operation not permitted (os error 1)" }))
[INFO] [stdout] stack backtrace:
[INFO] [stdout]    0:     0x59beb6090531 - <<std[70759c8f55707aa4]::sys::backtrace::BacktraceLock>::print::DisplayBacktrace as core[df12db4294e9bfd3]::fmt::Display>::fmt
[INFO] [stdout]    1:     0x59beb60a874a - core[df12db4294e9bfd3]::fmt::write
[INFO] [stdout]    2:     0x59beb609567c - <alloc[2182bb758b4b3781]::vec::Vec<u8> as core[df12db4294e9bfd3]::io::write::Write>::write_fmt
[INFO] [stdout]    3:     0x59beb6067736 - std[70759c8f55707aa4]::panicking::default_hook::{closure#0}
[INFO] [stdout]    4:     0x59beb6085b29 - std[70759c8f55707aa4]::panicking::default_hook
[INFO] [stdout]    5:     0x59beb5a94b00 - test[9d35eded1c95d3be]::test_main_inner::<test[9d35eded1c95d3be]::test_main_static::{closure#0}>::{closure#0}
[INFO] [stdout]    6:     0x59beb6085e52 - std[70759c8f55707aa4]::panicking::panic_with_hook
[INFO] [stdout]    7:     0x59beb60677e2 - std[70759c8f55707aa4]::panicking::panic_handler::{closure#0}
[INFO] [stdout]    8:     0x59beb605fe79 - std[70759c8f55707aa4]::sys::backtrace::__rust_end_short_backtrace::<std[70759c8f55707aa4]::panicking::panic_handler::{closure#0}, !>
[INFO] [stdout]    9:     0x59beb6068b7d - __rustc[8fa7c3cbc660c2b3]::rust_begin_unwind
[INFO] [stdout]   10:     0x59beb60a8f2c - core[df12db4294e9bfd3]::panicking::panic_fmt
[INFO] [stdout]   11:     0x59beb60a8d02 - core[df12db4294e9bfd3]::result::unwrap_failed
[INFO] [stdout]   12:     0x59beb5881f1a - zlayer_registry[21c6caf739dffb02]::unpack::tests::overlay_layer_preserves_opaque_whiteout_as_xattr::{closure#0}
[INFO] [stdout]   13:     0x59beb57f4463 - <tokio[d69f57799acf2a27]::runtime::scheduler::current_thread::Context>::enter::<core[df12db4294e9bfd3]::task::poll::Poll<()>, <tokio[d69f57799acf2a27]::runtime::scheduler::current_thread::CoreGuard>::block_on<core[df12db4294e9bfd3]::pin::Pin<&mut core[df12db4294e9bfd3]::pin::Pin<&mut dyn core[df12db4294e9bfd3]::future::future::Future<Output = ()>>>>::{closure#0}::{closure#0}>
[INFO] [stdout]   14:     0x59beb58cadb9 - <std[70759c8f55707aa4]::thread::local::LocalKey<tokio[d69f57799acf2a27]::runtime::context::Context>>::with::<tokio[d69f57799acf2a27]::runtime::context::set_scheduler<(alloc[2182bb758b4b3781]::boxed::Box<tokio[d69f57799acf2a27]::runtime::scheduler::current_thread::Core>, core[df12db4294e9bfd3]::option::Option<()>), <tokio[d69f57799acf2a27]::runtime::scheduler::current_thread::CoreGuard>::enter<<tokio[d69f57799acf2a27]::runtime::scheduler::current_thread::CoreGuard>::block_on<core[df12db4294e9bfd3]::pin::Pin<&mut core[df12db4294e9bfd3]::pin::Pin<&mut dyn core[df12db4294e9bfd3]::future::future::Future<Output = ()>>>>::{closure#0}, core[df12db4294e9bfd3]::option::Option<()>>::{closure#0}>::{closure#0}, (alloc[2182bb758b4b3781]::boxed::Box<tokio[d69f57799acf2a27]::runtime::scheduler::current_thread::Core>, core[df12db4294e9bfd3]::option::Option<()>)>
[INFO] [stdout]   15:     0x59beb57f4c67 - <tokio[d69f57799acf2a27]::runtime::scheduler::current_thread::CoreGuard>::block_on::<core[df12db4294e9bfd3]::pin::Pin<&mut core[df12db4294e9bfd3]::pin::Pin<&mut dyn core[df12db4294e9bfd3]::future::future::Future<Output = ()>>>>
[INFO] [stdout]   16:     0x59beb58d5897 - tokio[d69f57799acf2a27]::runtime::context::runtime::enter_runtime::<<tokio[d69f57799acf2a27]::runtime::scheduler::current_thread::CurrentThread>::block_on<core[df12db4294e9bfd3]::pin::Pin<&mut dyn core[df12db4294e9bfd3]::future::future::Future<Output = ()>>>::{closure#0}, ()>
[INFO] [stdout]   17:     0x59beb58c978a - <tokio[d69f57799acf2a27]::runtime::runtime::Runtime>::block_on::<core[df12db4294e9bfd3]::pin::Pin<&mut dyn core[df12db4294e9bfd3]::future::future::Future<Output = ()>>>
[INFO] [stdout]   18:     0x59beb588d0f5 - zlayer_registry[21c6caf739dffb02]::unpack::tests::overlay_layer_preserves_opaque_whiteout_as_xattr
[INFO] [stdout]   19:     0x59beb57f4069 - <zlayer_registry[21c6caf739dffb02]::unpack::tests::overlay_layer_preserves_opaque_whiteout_as_xattr::{closure#0} as core[df12db4294e9bfd3]::ops::function::FnOnce<()>>::call_once
[INFO] [stdout]   20:     0x59beb5a87deb - test[9d35eded1c95d3be]::__rust_begin_short_backtrace::<core[df12db4294e9bfd3]::result::Result<(), alloc[2182bb758b4b3781]::string::String>, fn() -> core[df12db4294e9bfd3]::result::Result<(), alloc[2182bb758b4b3781]::string::String>>
[INFO] [stdout]   21:     0x59beb5a95455 - test[9d35eded1c95d3be]::run_test::{closure#0}
[INFO] [stdout]   22:     0x59beb5a8ed14 - std[70759c8f55707aa4]::sys::backtrace::__rust_begin_short_backtrace::<test[9d35eded1c95d3be]::run_test::{closure#1}, ()>
[INFO] [stdout]   23:     0x59beb5a985b2 - <std[70759c8f55707aa4]::thread::lifecycle::spawn_unchecked<test[9d35eded1c95d3be]::run_test::{closure#1}, ()>::{closure#1} as core[df12db4294e9bfd3]::ops::function::FnOnce<()>>::call_once::{shim:vtable#0}
[INFO] [stdout]   24:     0x59beb608f119 - <std[70759c8f55707aa4]::sys::thread::unix::Thread>::new::thread_start
[INFO] [stdout]   25:     0x7a3a15e84dfa - <unknown>
[INFO] [stdout]   26:     0x7a3a15f183d4 - clone
[INFO] [stdout]   27:                0x0 - <unknown>
[INFO] [stdout] 
[INFO] [stdout] ---- wasm_export::tests::test_export_error_permission_denied stdout ----
[INFO] [stdout] 
[INFO] [stdout] thread 'wasm_export::tests::test_export_error_permission_denied' (4412) panicked at src/wasm_export.rs:1434:13:
[INFO] [stdout] assertion failed: result.is_err()
[INFO] [stdout] stack backtrace:
[INFO] [stdout]    0:     0x59beb6090531 - <<std[70759c8f55707aa4]::sys::backtrace::BacktraceLock>::print::DisplayBacktrace as core[df12db4294e9bfd3]::fmt::Display>::fmt
[INFO] [stdout]    1:     0x59beb60a874a - core[df12db4294e9bfd3]::fmt::write
[INFO] [stdout]    2:     0x59beb609567c - <alloc[2182bb758b4b3781]::vec::Vec<u8> as core[df12db4294e9bfd3]::io::write::Write>::write_fmt
[INFO] [stdout]    3:     0x59beb6067736 - std[70759c8f55707aa4]::panicking::default_hook::{closure#0}
[INFO] [stdout]    4:     0x59beb6085b29 - std[70759c8f55707aa4]::panicking::default_hook
[INFO] [stdout]    5:     0x59beb5a94b00 - test[9d35eded1c95d3be]::test_main_inner::<test[9d35eded1c95d3be]::test_main_static::{closure#0}>::{closure#0}
[INFO] [stdout]    6:     0x59beb6085e52 - std[70759c8f55707aa4]::panicking::panic_with_hook
[INFO] [stdout]    7:     0x59beb6067814 - std[70759c8f55707aa4]::panicking::panic_handler::{closure#0}
[INFO] [stdout]    8:     0x59beb605fe79 - std[70759c8f55707aa4]::sys::backtrace::__rust_end_short_backtrace::<std[70759c8f55707aa4]::panicking::panic_handler::{closure#0}, !>
[INFO] [stdout]    9:     0x59beb6068b7d - __rustc[8fa7c3cbc660c2b3]::rust_begin_unwind
[INFO] [stdout]   10:     0x59beb60a8f2c - core[df12db4294e9bfd3]::panicking::panic_fmt
[INFO] [stdout]   11:     0x59beb60a8ef2 - core[df12db4294e9bfd3]::panicking::panic
[INFO] [stdout]   12:     0x59beb58b6d56 - zlayer_registry[21c6caf739dffb02]::wasm_export::tests::test_export_error_permission_denied::{closure#0}
[INFO] [stdout]   13:     0x59beb57f4463 - <tokio[d69f57799acf2a27]::runtime::scheduler::current_thread::Context>::enter::<core[df12db4294e9bfd3]::task::poll::Poll<()>, <tokio[d69f57799acf2a27]::runtime::scheduler::current_thread::CoreGuard>::block_on<core[df12db4294e9bfd3]::pin::Pin<&mut core[df12db4294e9bfd3]::pin::Pin<&mut dyn core[df12db4294e9bfd3]::future::future::Future<Output = ()>>>>::{closure#0}::{closure#0}>
[INFO] [stdout]   14:     0x59beb58cadb9 - <std[70759c8f55707aa4]::thread::local::LocalKey<tokio[d69f57799acf2a27]::runtime::context::Context>>::with::<tokio[d69f57799acf2a27]::runtime::context::set_scheduler<(alloc[2182bb758b4b3781]::boxed::Box<tokio[d69f57799acf2a27]::runtime::scheduler::current_thread::Core>, core[df12db4294e9bfd3]::option::Option<()>), <tokio[d69f57799acf2a27]::runtime::scheduler::current_thread::CoreGuard>::enter<<tokio[d69f57799acf2a27]::runtime::scheduler::current_thread::CoreGuard>::block_on<core[df12db4294e9bfd3]::pin::Pin<&mut core[df12db4294e9bfd3]::pin::Pin<&mut dyn core[df12db4294e9bfd3]::future::future::Future<Output = ()>>>>::{closure#0}, core[df12db4294e9bfd3]::option::Option<()>>::{closure#0}>::{closure#0}, (alloc[2182bb758b4b3781]::boxed::Box<tokio[d69f57799acf2a27]::runtime::scheduler::current_thread::Core>, core[df12db4294e9bfd3]::option::Option<()>)>
[INFO] [stdout]   15:     0x59beb57f4c67 - <tokio[d69f57799acf2a27]::runtime::scheduler::current_thread::CoreGuard>::block_on::<core[df12db4294e9bfd3]::pin::Pin<&mut core[df12db4294e9bfd3]::pin::Pin<&mut dyn core[df12db4294e9bfd3]::future::future::Future<Output = ()>>>>
[INFO] [stdout]   16:     0x59beb58d5897 - tokio[d69f57799acf2a27]::runtime::context::runtime::enter_runtime::<<tokio[d69f57799acf2a27]::runtime::scheduler::current_thread::CurrentThread>::block_on<core[df12db4294e9bfd3]::pin::Pin<&mut dyn core[df12db4294e9bfd3]::future::future::Future<Output = ()>>>::{closure#0}, ()>
[INFO] [stdout]   17:     0x59beb58c978a - <tokio[d69f57799acf2a27]::runtime::runtime::Runtime>::block_on::<core[df12db4294e9bfd3]::pin::Pin<&mut dyn core[df12db4294e9bfd3]::future::future::Future<Output = ()>>>
[INFO] [stdout]   18:     0x59beb58c2b8b - zlayer_registry[21c6caf739dffb02]::wasm_export::tests::test_export_error_permission_denied
[INFO] [stdout]   19:     0x59beb57f1b09 - <zlayer_registry[21c6caf739dffb02]::wasm_export::tests::test_export_error_permission_denied::{closure#0} as core[df12db4294e9bfd3]::ops::function::FnOnce<()>>::call_once
[INFO] [stdout]   20:     0x59beb5a87deb - test[9d35eded1c95d3be]::__rust_begin_short_backtrace::<core[df12db4294e9bfd3]::result::Result<(), alloc[2182bb758b4b3781]::string::String>, fn() -> core[df12db4294e9bfd3]::result::Result<(), alloc[2182bb758b4b3781]::string::String>>
[INFO] [stdout]   21:     0x59beb5a95455 - test[9d35eded1c95d3be]::run_test::{closure#0}
[INFO] [stdout]   22:     0x59beb5a8ed14 - std[70759c8f55707aa4]::sys::backtrace::__rust_begin_short_backtrace::<test[9d35eded1c95d3be]::run_test::{closure#1}, ()>
[INFO] [stdout]   23:     0x59beb5a985b2 - <std[70759c8f55707aa4]::thread::lifecycle::spawn_unchecked<test[9d35eded1c95d3be]::run_test::{closure#1}, ()>::{closure#1} as core[df12db4294e9bfd3]::ops::function::FnOnce<()>>::call_once::{shim:vtable#0}
[INFO] [stdout]   24:     0x59beb608f119 - <std[70759c8f55707aa4]::sys::thread::unix::Thread>::new::thread_start
[INFO] [stdout]   25:     0x7a3a15e84dfa - <unknown>
[INFO] [stdout]   26:     0x7a3a15f183d4 - clone
[INFO] [stdout]   27:                0x0 - <unknown>
[INFO] [stdout] 
[INFO] [stdout] 
[INFO] [stdout] failures:
[INFO] [stdout]     unpack::tests::overlay_layer_preserves_opaque_whiteout_as_xattr
[INFO] [stdout]     unpack::tests::overlay_layer_preserves_regular_whiteout_as_chardev
[INFO] [stdout]     wasm_export::tests::test_export_error_permission_denied
[INFO] [stdout] 
[INFO] [stdout] test result: FAILED. 313 passed; 3 failed; 0 ignored; 0 measured; 0 filtered out; finished in 0.37s
[INFO] [stdout] 
[INFO] [stderr] error: test failed, to rerun pass `--lib`
[INFO] running `Command { std: "docker" "inspect" "feb79512c71045f0142ddde6d62fd70cb4de212d505e832535dc769b2b4f2a1a", kill_on_drop: false }`
[INFO] running `Command { std: "docker" "rm" "-f" "feb79512c71045f0142ddde6d62fd70cb4de212d505e832535dc769b2b4f2a1a", kill_on_drop: false }`
[INFO] [stdout] feb79512c71045f0142ddde6d62fd70cb4de212d505e832535dc769b2b4f2a1a
