[INFO] fetching crate zlayer-libcgroups 0.6.1-zlayer.8...
[INFO] testing zlayer-libcgroups-0.6.1-zlayer.8 against 1.99.0-beta.8+cargoflags=--release for beta-release-1.100-2
[INFO] extracting crate zlayer-libcgroups 0.6.1-zlayer.8 into /workspace/builds/worker-6-tc1/source
[INFO] started tweaking crates.io crate zlayer-libcgroups 0.6.1-zlayer.8
[INFO] removed 0 missing examples
[INFO] finished tweaking crates.io crate zlayer-libcgroups 0.6.1-zlayer.8
[INFO] tweaked toml for crates.io crate zlayer-libcgroups 0.6.1-zlayer.8 written to /workspace/builds/worker-6-tc1/source/Cargo.toml
[INFO] validating manifest of crates.io crate zlayer-libcgroups 0.6.1-zlayer.8 on toolchain 1.99.0-beta.8
[INFO] running `Command { std: CARGO_HOME="/workspace/cargo-home" RUSTUP_HOME="/workspace/rustup-home" "/workspace/cargo-home/bin/cargo" "+1.99.0-beta.8" "metadata" "--manifest-path" "Cargo.toml" "--no-deps", kill_on_drop: false }`
[INFO] crate crates.io crate zlayer-libcgroups 0.6.1-zlayer.8 already has a lockfile, it will not be regenerated
[INFO] running `Command { std: CARGO_HOME="/workspace/cargo-home" RUSTUP_HOME="/workspace/rustup-home" "/workspace/cargo-home/bin/cargo" "+1.99.0-beta.8" "fetch" "--manifest-path" "Cargo.toml", kill_on_drop: false }`
[INFO] [stderr]     Updating crates.io index
[INFO] [stderr]  Downloading crates ...
[INFO] [stderr]   Downloaded serial_test v3.4.0
[INFO] [stderr]   Downloaded rbpf v0.4.1
[INFO] [stderr]   Downloaded serial_test_derive v3.4.0
[INFO] [stderr]   Downloaded jiff-static v0.2.23
[INFO] [stderr]   Downloaded mockall_derive v0.14.0
[INFO] [stderr]   Downloaded mockall v0.14.0
[INFO] [stderr]   Downloaded cc v1.2.49
[INFO] [stderr]   Downloaded oci-spec v0.9.0
[INFO] [stderr]   Downloaded procfs v0.17.0
[INFO] [stderr]   Downloaded procfs-core v0.17.0
[INFO] [stderr]   Downloaded pathrs v0.2.4
[INFO] [stderr]   Downloaded getset v0.1.6
[INFO] [stderr]   Downloaded jiff v0.2.23
[INFO] [stderr]   Downloaded libbpf-sys v1.6.4+v1.6.3
[INFO] running `Command { std: "docker" "create" "-v" "/var/lib/crater-agent-workspace/builds/worker-6-tc1/source:/opt/rustwide/workdir:ro,Z" "-v" "/var/lib/crater-agent-workspace/builds/worker-6-tc1/target:/opt/rustwide/target:rw,Z" "-v" "/var/lib/crater-agent-workspace/cargo-home:/opt/rustwide/cargo-home:ro,Z" "-v" "/var/lib/crater-agent-workspace/rustup-home:/opt/rustwide/rustup-home:ro,Z" "-m" "1610612736" "--network" "none" "ghcr.io/rust-lang/crates-build-env/linux@sha256:77db811e55d90add9212f6832c23229e3de5f1c1f9905e8cb07319ea15df73ac" "sleep" "infinity", kill_on_drop: false }`
[INFO] [stdout] 6f5a8188373a750976c3ca87b13d3864f6c4aea580fc0fb4b6f3aed21abaf4e9
[INFO] running `Command { std: "docker" "start" "6f5a8188373a750976c3ca87b13d3864f6c4aea580fc0fb4b6f3aed21abaf4e9", kill_on_drop: false }`
[INFO] running `Command { std: "docker" "inspect" "6f5a8188373a750976c3ca87b13d3864f6c4aea580fc0fb4b6f3aed21abaf4e9", kill_on_drop: false }`
[INFO] running `Command { std: "docker" "exec" "-e" "SOURCE_DIR=/opt/rustwide/workdir" "-e" "CARGO_HOME=/opt/rustwide/cargo-home" "-e" "RUSTUP_HOME=/opt/rustwide/rustup-home" "-e" "CARGO_TARGET_DIR=/opt/rustwide/target" "-w" "/opt/rustwide/workdir" "--user" "0:0" "6f5a8188373a750976c3ca87b13d3864f6c4aea580fc0fb4b6f3aed21abaf4e9" "/opt/rustwide/cargo-home/bin/cargo" "+1.99.0-beta.8" "metadata" "--no-deps" "--format-version=1", kill_on_drop: false }`
[INFO] running `Command { std: "docker" "inspect" "6f5a8188373a750976c3ca87b13d3864f6c4aea580fc0fb4b6f3aed21abaf4e9", kill_on_drop: false }`
[INFO] running `Command { std: "docker" "exec" "-e" "SOURCE_DIR=/opt/rustwide/workdir" "-e" "CARGO_HOME=/opt/rustwide/cargo-home" "-e" "RUSTUP_HOME=/opt/rustwide/rustup-home" "-e" "CARGO_TARGET_DIR=/opt/rustwide/target" "-e" "CARGO_INCREMENTAL=0" "-e" "RUST_BACKTRACE=full" "-e" "RUSTFLAGS=--cap-lints=warn" "-e" "RUSTDOCFLAGS=--cap-lints=warn" "-w" "/opt/rustwide/workdir" "--user" "0:0" "6f5a8188373a750976c3ca87b13d3864f6c4aea580fc0fb4b6f3aed21abaf4e9" "/opt/rustwide/cargo-home/bin/cargo" "+1.99.0-beta.8" "build" "--frozen" "--message-format=json" "--release", kill_on_drop: false }`
[INFO] [stderr]    Compiling syn v2.0.117
[INFO] [stderr]    Compiling libc v0.2.185
[INFO] [stderr]    Compiling getrandom v0.4.1
[INFO] [stderr]    Compiling bitflags v2.11.0
[INFO] [stderr]    Compiling rustix v1.1.4
[INFO] [stderr]    Compiling fastrand v2.4.1
[INFO] [stderr]    Compiling once_cell v1.21.3
[INFO] [stderr]    Compiling memoffset v0.9.1
[INFO] [stderr]    Compiling proc-macro-error-attr2 v2.0.0
[INFO] [stderr]    Compiling iana-time-zone v0.1.60
[INFO] [stderr]    Compiling rustix v0.38.44
[INFO] [stderr]    Compiling regex-syntax v0.8.9
[INFO] [stderr]    Compiling const_format_proc_macros v0.2.34
[INFO] [stderr]    Compiling nix v0.29.0
[INFO] [stderr]    Compiling linux-raw-sys v0.4.15
[INFO] [stderr]    Compiling chrono v0.4.44
[INFO] [stderr]    Compiling procfs v0.17.0
[INFO] [stderr]    Compiling linux-raw-sys v0.12.1
[INFO] [stderr]    Compiling serde_json v1.0.149
[INFO] [stderr]    Compiling itertools v0.14.0
[INFO] [stderr]    Compiling strum v0.27.2
[INFO] [stderr]    Compiling fixedbitset v0.5.7
[INFO] [stderr]    Compiling const_format v0.2.35
[INFO] [stderr]    Compiling procfs-core v0.17.0
[INFO] [stderr]    Compiling tempfile v3.27.0
[INFO] [stderr]    Compiling regex-automata v0.4.14
[INFO] [stderr]    Compiling pathrs v0.2.4
[INFO] [stderr]    Compiling darling_core v0.20.11
[INFO] [stderr]    Compiling proc-macro-error2 v2.0.1
[INFO] [stderr]    Compiling thiserror-impl v2.0.18
[INFO] [stderr]    Compiling serde_derive v1.0.228
[INFO] [stderr]    Compiling tracing-attributes v0.1.31
[INFO] [stderr]    Compiling strum_macros v0.27.2
[INFO] [stderr]    Compiling getset v0.1.6
[INFO] [stderr]    Compiling tracing v0.1.44
[INFO] [stderr]    Compiling darling_macro v0.20.11
[INFO] [stderr]    Compiling thiserror v2.0.18
[INFO] [stderr]    Compiling darling v0.20.11
[INFO] [stderr]    Compiling derive_builder_core v0.20.2
[INFO] [stderr]    Compiling regex v1.12.3
[INFO] [stderr]    Compiling derive_builder_macro v0.20.2
[INFO] [stderr]    Compiling derive_builder v0.20.2
[INFO] [stderr]    Compiling serde v1.0.228
[INFO] [stderr]    Compiling oci-spec v0.9.0
[INFO] [stderr]    Compiling zlayer-libcgroups v0.6.1-zlayer.8 (/opt/rustwide/workdir)
[INFO] [stderr]     Finished `release` profile [optimized] target(s) in 1m 06s
[INFO] [stderr] warning: the following packages contain code that will be rejected by a future version of Rust: proc-macro-error2 v2.0.1
[INFO] [stderr] note: to see what the problems were, use the option `--future-incompat-report`, or run `cargo report future-incompatibilities --id 2`
[INFO] running `Command { std: "docker" "inspect" "6f5a8188373a750976c3ca87b13d3864f6c4aea580fc0fb4b6f3aed21abaf4e9", kill_on_drop: false }`
[INFO] running `Command { std: "docker" "exec" "-e" "SOURCE_DIR=/opt/rustwide/workdir" "-e" "CARGO_HOME=/opt/rustwide/cargo-home" "-e" "RUSTUP_HOME=/opt/rustwide/rustup-home" "-e" "CARGO_TARGET_DIR=/opt/rustwide/target" "-e" "CARGO_INCREMENTAL=0" "-e" "RUST_BACKTRACE=full" "-e" "RUSTFLAGS=--cap-lints=warn" "-e" "RUSTDOCFLAGS=--cap-lints=warn" "-w" "/opt/rustwide/workdir" "--user" "0:0" "6f5a8188373a750976c3ca87b13d3864f6c4aea580fc0fb4b6f3aed21abaf4e9" "/opt/rustwide/cargo-home/bin/cargo" "+1.99.0-beta.8" "test" "--frozen" "--no-run" "--message-format=json" "--release", kill_on_drop: false }`
[INFO] [stderr]    Compiling getrandom v0.4.1
[INFO] [stderr]    Compiling rand_core v0.10.0
[INFO] [stderr]    Compiling anstream v1.0.0
[INFO] [stderr]    Compiling env_filter v1.0.0
[INFO] [stderr]    Compiling jiff v0.2.23
[INFO] [stderr]    Compiling predicates-core v1.0.9
[INFO] [stderr]    Compiling futures-core v0.3.31
[INFO] [stderr]    Compiling mockall_derive v0.14.0
[INFO] [stderr]    Compiling parking_lot_core v0.9.12
[INFO] [stderr]    Compiling mockall v0.14.0
[INFO] [stderr]    Compiling sdd v3.0.10
[INFO] [stderr]    Compiling termtree v0.5.1
[INFO] [stderr]    Compiling clap_builder v4.5.53
[INFO] [stderr]    Compiling serial_test_derive v3.4.0
[INFO] [stderr]    Compiling fragile v2.0.1
[INFO] [stderr]    Compiling downcast v0.11.0
[INFO] [stderr]    Compiling futures-util v0.3.31
[INFO] [stderr]    Compiling predicates-tree v1.0.12
[INFO] [stderr]    Compiling predicates v3.1.3
[INFO] [stderr]    Compiling rand v0.10.1
[INFO] [stderr]    Compiling tempfile v3.27.0
[INFO] [stderr]    Compiling parking_lot v0.12.5
[INFO] [stderr]    Compiling scc v2.4.0
[INFO] [stderr]    Compiling clap v4.5.53
[INFO] [stderr]    Compiling futures-executor v0.3.31
[INFO] [stderr]    Compiling serial_test v3.4.0
[INFO] [stderr]    Compiling env_logger v0.11.10
[INFO] [stderr]    Compiling quickcheck v1.1.0
[INFO] [stderr]    Compiling oci-spec v0.9.0
[INFO] [stderr]    Compiling zlayer-libcgroups v0.6.1-zlayer.8 (/opt/rustwide/workdir)
[INFO] [stderr]     Finished `release` profile [optimized] target(s) in 47.54s
[INFO] [stderr] warning: the following packages contain code that will be rejected by a future version of Rust: proc-macro-error2 v2.0.1
[INFO] [stderr] note: to see what the problems were, use the option `--future-incompat-report`, or run `cargo report future-incompatibilities --id 2`
[INFO] running `Command { std: "docker" "inspect" "6f5a8188373a750976c3ca87b13d3864f6c4aea580fc0fb4b6f3aed21abaf4e9", kill_on_drop: false }`
[INFO] running `Command { std: "docker" "exec" "-e" "SOURCE_DIR=/opt/rustwide/workdir" "-e" "CARGO_HOME=/opt/rustwide/cargo-home" "-e" "RUSTUP_HOME=/opt/rustwide/rustup-home" "-e" "CARGO_TARGET_DIR=/opt/rustwide/target" "-e" "CARGO_INCREMENTAL=0" "-e" "RUST_BACKTRACE=full" "-e" "RUSTFLAGS=--cap-lints=warn" "-e" "RUSTDOCFLAGS=--cap-lints=warn" "-w" "/opt/rustwide/workdir" "--user" "0:0" "6f5a8188373a750976c3ca87b13d3864f6c4aea580fc0fb4b6f3aed21abaf4e9" "/opt/rustwide/cargo-home/bin/cargo" "+1.99.0-beta.8" "test" "--frozen" "--release", kill_on_drop: false }`
[INFO] [stderr]     Finished `release` profile [optimized] target(s) in 0.15s
[INFO] [stderr] warning: the following packages contain code that will be rejected by a future version of Rust: proc-macro-error2 v2.0.1
[INFO] [stderr] note: to see what the problems were, use the option `--future-incompat-report`, or run `cargo report future-incompatibilities --id 2`
[INFO] [stderr]      Running unittests src/lib.rs (/opt/rustwide/target/release/deps/libcgroups-4f28d0a6311d13ad)
[INFO] [stdout] 
[INFO] [stdout] running 155 tests
[INFO] [stdout] test stats::tests::test_parse_newline_separated_as_nested_keyed_data ... ok
[INFO] [stdout] test stats::tests::test_parse_psi_full_stats ... ok
[INFO] [stdout] test stats::tests::test_parse_flat_keyed_data_with_characters ... ok
[INFO] [stdout] test stats::tests::test_parse_psi_only_some ... ok
[INFO] [stdout] test stats::tests::test_parse_space_separated_as_flat_keyed_data ... ok
[INFO] [stdout] test stats::tests::test_parse_invalid_device_number ... ok
[INFO] [stdout] test stats::tests::test_parse_newline_separated_as_flat_keyed_data ... ok
[INFO] [stdout] test stats::tests::test_parse_flat_keyed_data ... ok
[INFO] [stdout] test stats::tests::test_parse_flat_keyed_as_nested_keyed_data ... ok
[INFO] [stdout] test stats::tests::test_parse_device_number ... ok
[INFO] [stdout] test systemd::cpuset::tests::test_cpuset_systemd_too_old ... ok
[INFO] [stdout] test stats::tests::test_parse_single_value_valid ... ok
[INFO] [stdout] test systemd::cpuset::tests::to_bitmask_extra_characters ... ok
[INFO] [stdout] test systemd::cpuset::tests::to_bitmask_incomplete_range ... ok
[INFO] [stdout] test systemd::cpuset::tests::test_cpuset_set ... ok
[INFO] [stdout] test systemd::cpuset::tests::to_bitmask_interchanged_range ... ok
[INFO] [stdout] test systemd::cpu::tests::test_set_shares ... ok
[INFO] [stdout] test stats::tests::test_parse_space_separated_as_nested_keyed_data ... ok
[INFO] [stdout] test stats::tests::test_parse_nested_keyed_data ... ok
[INFO] [stdout] test stats::tests::test_supported_page_sizes_kilobyte ... ok
[INFO] [stdout] test stats::tests::test_parse_nested_keyed_data_as_flat_keyed_data ... ok
[INFO] [stdout] test stats::tests::test_supported_page_sizes_megabyte ... ok
[INFO] [stdout] test stats::tests::test_parse_single_value_multiple_entries ... ok
[INFO] [stdout] test systemd::cpuset::tests::to_bitmask_mixed ... ok
[INFO] [stdout] test systemd::cpuset::tests::to_bitmask_single_value ... ok
[INFO] [stdout] test systemd::dbus_native::message::tests::test_method_call_deserialize ... ok
[INFO] [stdout] test systemd::dbus_native::dbus::tests::test_uid_to_hex_str ... ok
[INFO] [stdout] test systemd::dbus_native::message::tests::test_error_message_deserialize ... ok
[INFO] [stdout] test systemd::dbus_native::message::tests::test_method_reply_deserialize ... ok
[INFO] [stdout] test systemd::dbus_native::dbus::tests::test_dbus_function_calls ... FAILED
[INFO] [stdout] test systemd::dbus_native::message::tests::test_no_body_deserialize ... ok
[INFO] [stdout] test stats::tests::test_parse_single_value_invalid_number ... ok
[INFO] [stdout] test systemd::cpuset::tests::to_bitmask_multiple_single_values ... ok
[INFO] [stdout] test systemd::cpuset::tests::to_bitmask_range_value ... ok
[INFO] [stdout] test systemd::dbus_native::message::tests::test_vector_payload_deserialize ... ok
[INFO] [stdout] test systemd::dbus_native::utils::test::test_adjust_padding ... ok
[INFO] [stdout] test systemd::io::tests::dev_path_from_char_device_null ... ok
[INFO] [stdout] test systemd::io::tests::apply_inserts_structs_for_positive_rates ... ok
[INFO] [stdout] test systemd::cpu::tests::test_set_period ... ok
[INFO] [stdout] test systemd::dbus_native::utils::test::test_align_counter ... ok
[INFO] [stdout] test systemd::dbus_native::message::tests::test_signal_deserialize ... ok
[INFO] [stdout] test systemd::cpu::tests::test_set_quota ... ok
[INFO] [stdout] test stats::tests::test_supported_page_sizes_gigabyte ... ok
[INFO] [stdout] test systemd::manager::tests::expand_slice_works ... ok
[INFO] [stdout] test systemd::io::tests::test_io_apply ... ok
[INFO] [stdout] test systemd::memory::tests::test_set_valid_memory_low ... ok
[INFO] [stdout] test systemd::pids::tests::test_pids_negative_limit ... ok
[INFO] [stdout] test systemd::unified::tests::test_cpu_max_quota_only ... ok
[INFO] [stdout] test systemd::manager::tests::get_cgroups_path_works_with_a_complex_slice ... ok
[INFO] [stdout] test systemd::manager::tests::get_cgroups_path_works_with_a_simple_slice ... ok
[INFO] [stdout] test systemd::unified::tests::test_set ... ok
[INFO] [stdout] test systemd::manager::tests::get_cgroups_path_works_without_parent ... ok
[INFO] [stdout] test systemd::memory::tests::test_set_valid_memory_max ... ok
[INFO] [stdout] test systemd::memory::tests::test_set_valid_memory_swap_max ... ok
[INFO] [stdout] test systemd::pids::tests::test_pids_zero_limit ... ok
[INFO] [stdout] test v1::blkio::tests::test_set_blkio_read_iops ... ok
[INFO] [stdout] test systemd::unified::tests::test_cpu_max_quota_and_period ... ok
[INFO] [stdout] test v1::blkio::tests::test_set_blkio_read_bps ... ok
[INFO] [stdout] test systemd::pids::tests::test_pids_positive_limit ... ok
[INFO] [stdout] test v1::blkio::tests::test_set_blkio_write_bps ... ok
[INFO] [stdout] test systemd::dbus_native::dbus::tests::test_dbus_function_calls_errors ... FAILED
[INFO] [stdout] test systemd::dbus_native::dbus::tests::test_dbus_connection_auth ... FAILED
[INFO] [stdout] test v1::cpu::tests::test_set_shares ... ok
[INFO] [stdout] test systemd::manager::tests::test_error_thrown_if_process_never_added_to_cgroup ... FAILED
[INFO] [stdout] test systemd::manager::tests::test_task_addition ... FAILED
[INFO] [stdout] test v1::blkio::tests::test_set_blkio_weight ... ok
[INFO] [stdout] test v1::blkio::tests::test_stat_throttling_policy ... ok
[INFO] [stdout] test v1::cpu::tests::test_set_cpu_idle ... ok
[INFO] [stdout] test v1::cpu::tests::test_set_rt_period ... ok
[INFO] [stdout] test v1::blkio::tests::test_set_blkio_write_iops ... ok
[INFO] [stdout] test v1::cpu::tests::test_set_burst ... ok
[INFO] [stdout] test v1::cpu::tests::test_set_period ... ok
[INFO] [stdout] test v1::cpuacct::tests::test_add_task ... ok
[INFO] [stdout] test v1::cpu::tests::test_stat_cpu_throttling ... ok
[INFO] [stdout] test v1::cpu::tests::test_set_quota ... ok
[INFO] [stdout] test v1::cpu::tests::test_set_rt_runtime ... ok
[INFO] [stdout] test v1::cpuacct::tests::test_stat_per_cpu_usage ... ok
[INFO] [stdout] test v1::cpuacct::tests::test_stat_total_cpu_usage ... ok
[INFO] [stdout] test v1::cpuset::tests::test_set_cpus ... ok
[INFO] [stdout] test v1::cpuset::tests::test_set_mems ... ok
[INFO] [stdout] test v1::devices::tests::test_set_mock_devices ... ok
[INFO] [stdout] test v1::memory::tests::pass_set_memory_if_limit_is_zero ... ok
[INFO] [stdout] test v1::hugetlb::tests::test_set_hugetlb_with_invalid_page_size ... ok
[INFO] [stdout] test v1::hugetlb::tests::test_stat_hugetlb ... ok
[INFO] [stdout] test v1::freezer::tests::test_add_and_apply ... ok
[INFO] [stdout] test v1::freezer::tests::test_set_freezer_state ... ok
[INFO] [stdout] test v1::memory::tests::test_stat_hierarchy_disabled ... ok
[INFO] [stdout] test v1::memory::tests::test_disable_oom_kill ... ok
[INFO] [stdout] test v1::hugetlb::tests::test_set_hugetlb ... ok
[INFO] [stdout] test v1::devices::tests::test_set_default_devices ... ok
[INFO] [stdout] test v1::memory::tests::test_set_swap ... ok
[INFO] [stdout] test v1::hugetlb::tests::test_stat_rsvd_hugetlb ... ok
[INFO] [stdout] test v1::memory::tests::test_set_memory ... ok
[INFO] [stdout] test v1::hugetlb::tests::test_set_rsvd_hugetlb ... ok
[INFO] [stdout] test v1::memory::tests::test_stat_hierarchy_enabled ... ok
[INFO] [stdout] test v1::network_classifier::tests::test_apply_network_classifier ... ok
[INFO] [stdout] test v1::memory::tests::test_stat_memory_stats ... ok
[INFO] [stdout] test v1::network_priority::tests::test_apply_network_priorities ... ok
[INFO] [stdout] test v1::pids::tests::test_stat_pids_max ... ok
[INFO] [stdout] test v1::pids::tests::test_set_pids ... ok
[INFO] [stdout] test v1::memory::tests::test_stat_memory_data ... ok
[INFO] [stdout] test v2::cpu::tests::test_burst ... ok
[INFO] [stdout] test v1::pids::tests::test_stat_pids ... ok
[INFO] [stdout] test v1::pids::tests::test_set_pids_max ... ok
[INFO] [stdout] test v1::perf_event::tests::test_add_task ... ok
[INFO] [stdout] test v2::cpu::tests::test_realtime_period_not_supported ... ok
[INFO] [stdout] test v2::cpu::tests::test_set_quota_and_period ... ok
[INFO] [stdout] test v2::cpu::tests::test_set_negative_quota ... ok
[INFO] [stdout] test v2::cpu::tests::test_cgroupsv2_but_runtime_set_to_zero ... ok
[INFO] [stdout] test v2::cpu::tests::test_set_positive_period ... ok
[INFO] [stdout] test v2::cpu::tests::test_set_cpu_idle ... ok
[INFO] [stdout] test v2::cpu::tests::test_realtime_runtime_not_supported ... ok
[INFO] [stdout] test v2::cpu::tests::test_cgroupsv2_but_period_and_runtime_set_to_zero ... ok
[INFO] [stdout] test v2::cpu::tests::test_set_positive_quota ... ok
[INFO] [stdout] test v2::cpu::tests::test_set_valid_shares ... ok
[INFO] [stdout] test v2::cpu::tests::test_cgroupsv2_but_period_set_to_zero ... ok
[INFO] [stdout] test v2::cpuset::tests::test_set_cpus ... ok
[INFO] [stdout] test v2::cpuset::tests::test_set_mems ... ok
[INFO] [stdout] test v2::cpu::tests::test_stat_usage ... ok
[INFO] [stdout] test v2::hugetlb::tests::test_set_hugetlb_with_invalid_page_size ... ok
[INFO] [stdout] test v2::hugetlb::tests::test_stat_hugetbl ... ok
[INFO] [stdout] test v2::hugetlb::tests::test_set_hugetlb ... ok
[INFO] [stdout] test v2::io::test::test_set_io_read_bps ... ok
[INFO] [stdout] test v2::freezer::tests::test_set_freezer_state_error ... ok
[INFO] [stdout] test v2::hugetlb::tests::test_set_rsvd_hugetlb ... ok
[INFO] [stdout] test v2::hugetlb::tests::test_stat_rsvd_hugetbl ... ok
[INFO] [stdout] test v2::io::test::test_set_ioweight_device ... ok
[INFO] [stdout] test v2::manager::tests::is_subtree_control_per_controller_failure_matches ... ok
[INFO] [stdout] test v2::io::test::test_set_io_write_iops ... ok
[INFO] [stdout] test v2::io::test::test_set_io_write_bps ... ok
[INFO] [stdout] test v2::io::test::test_set_io_read_iops ... ok
[INFO] [stdout] test v2::io::test::test_stat_io ... ok
[INFO] [stdout] test v2::manager::tests::write_controllers_happy_path_both_modes ... ok
[INFO] [stdout] test v2::manager::tests::create_unified_cgroup_skips_root_subtree_control_write ... ok
[INFO] [stdout] test v2::io::test::test_set_ioweight ... ok
[INFO] [stdout] test v2::memory::tests::test_err_swap_no_memory ... ok
[INFO] [stdout] test v2::memory::tests::test_get_memory_data ... ok
[INFO] [stdout] test v2::memory::tests::test_err_bad_limit ... ok
[INFO] [stdout] test v2::memory::tests::test_set_memory ... ok
[INFO] [stdout] test v2::memory::tests::test_err_bad_swap ... ok
[INFO] [stdout] test v2::memory::tests::test_get_memory_data_with_peak ... ok
[INFO] [stdout] test v2::memory::tests::test_set_memory_unlimited ... ok
[INFO] [stdout] test v2::pids::tests::test_set_pids_max ... ok
[INFO] [stdout] test v2::unified::tests::test_set_unified ... ok
[INFO] [stdout] test v2::unified::tests::test_set_unified_failed_to_write_subsystem_enabled ... ok
[INFO] [stdout] test v2::pids::tests::test_set_pids ... ok
[INFO] [stdout] test v2::unified::tests::test_set_unified_failed_to_write_subsystem_not_enabled ... ok
[INFO] [stdout] test v1::memory::tests::test_set_memory_and_swap ... ok
[INFO] [stdout] test v2::hugetlb::tests::property_test_set_hugetlb ... ok
[INFO] [stdout] test v1::devices::tests::property_test_apply_device ... ok
[INFO] [stdout] test v1::hugetlb::tests::property_test_set_hugetlb ... ok
[INFO] [stdout] test v2::memory::tests::property_test_set_memory ... ok
[INFO] [stdout] test v2::freezer::tests::test_set_freezer_state ... ok
[INFO] [stdout] test v1::memory::tests::property_test_set_memory ... ok
[INFO] [stdout] test v1::devices::tests::property_test_apply_multiple_devices ... ok
[INFO] [stdout] 
[INFO] [stdout] failures:
[INFO] [stdout] 
[INFO] [stdout] ---- systemd::dbus_native::dbus::tests::test_dbus_function_calls stdout ----
[INFO] [stdout] Error: DBus(ConnectionError("ENOENT: No such file or directory"))
[INFO] [stdout] 
[INFO] [stdout] ---- systemd::dbus_native::dbus::tests::test_dbus_function_calls_errors stdout ----
[INFO] [stdout] 
[INFO] [stdout] thread 'systemd::dbus_native::dbus::tests::test_dbus_function_calls_errors' (2073) panicked at src/systemd/dbus_native/dbus.rs:574:69:
[INFO] [stdout] called `Result::unwrap()` on an `Err` value: DBus(ConnectionError("ENOENT: No such file or directory"))
[INFO] [stdout] stack backtrace:
[INFO] [stdout]    0:     0x58b8894a92a1 - <<std[70759c8f55707aa4]::sys::backtrace::BacktraceLock>::print::DisplayBacktrace as core[df12db4294e9bfd3]::fmt::Display>::fmt
[INFO] [stdout]    1:     0x58b8894c1e8a - core[df12db4294e9bfd3]::fmt::write
[INFO] [stdout]    2:     0x58b8894af71c - <alloc[2182bb758b4b3781]::vec::Vec<u8> as core[df12db4294e9bfd3]::io::write::Write>::write_fmt
[INFO] [stdout]    3:     0x58b889482e76 - std[70759c8f55707aa4]::panicking::default_hook::{closure#0}
[INFO] [stdout]    4:     0x58b8894a08a9 - std[70759c8f55707aa4]::panicking::default_hook
[INFO] [stdout]    5:     0x58b889359790 - test[9d35eded1c95d3be]::test_main_inner::<test[9d35eded1c95d3be]::test_main_static::{closure#0}>::{closure#0}
[INFO] [stdout]    6:     0x58b8894a0a62 - std[70759c8f55707aa4]::panicking::panic_with_hook
[INFO] [stdout]    7:     0x58b889482f22 - std[70759c8f55707aa4]::panicking::panic_handler::{closure#0}
[INFO] [stdout]    8:     0x58b88947b3c9 - std[70759c8f55707aa4]::sys::backtrace::__rust_end_short_backtrace::<std[70759c8f55707aa4]::panicking::panic_handler::{closure#0}, !>
[INFO] [stdout]    9:     0x58b889483c2d - __rustc[8fa7c3cbc660c2b3]::rust_begin_unwind
[INFO] [stdout]   10:     0x58b8894c266c - core[df12db4294e9bfd3]::panicking::panic_fmt
[INFO] [stdout]   11:     0x58b8894c2442 - core[df12db4294e9bfd3]::result::unwrap_failed
[INFO] [stdout]   12:     0x58b8892fc87a - libcgroups[d52a13bad2fd0b9b]::systemd::dbus_native::dbus::tests::test_dbus_function_calls_errors
[INFO] [stdout]   13:     0x58b8892f3809 - <libcgroups[d52a13bad2fd0b9b]::systemd::dbus_native::dbus::tests::test_dbus_function_calls_errors::{closure#0} as core[df12db4294e9bfd3]::ops::function::FnOnce<()>>::call_once
[INFO] [stdout]   14:     0x58b88934ca7b - test[9d35eded1c95d3be]::__rust_begin_short_backtrace::<core[df12db4294e9bfd3]::result::Result<(), alloc[2182bb758b4b3781]::string::String>, fn() -> core[df12db4294e9bfd3]::result::Result<(), alloc[2182bb758b4b3781]::string::String>>
[INFO] [stdout]   15:     0x58b88935a0e5 - test[9d35eded1c95d3be]::run_test::{closure#0}
[INFO] [stdout]   16:     0x58b8893539a4 - std[70759c8f55707aa4]::sys::backtrace::__rust_begin_short_backtrace::<test[9d35eded1c95d3be]::run_test::{closure#1}, ()>
[INFO] [stdout]   17:     0x58b88935d242 - <std[70759c8f55707aa4]::thread::lifecycle::spawn_unchecked<test[9d35eded1c95d3be]::run_test::{closure#1}, ()>::{closure#1} as core[df12db4294e9bfd3]::ops::function::FnOnce<()>>::call_once::{shim:vtable#0}
[INFO] [stdout]   18:     0x58b8894a87d9 - <std[70759c8f55707aa4]::sys::thread::unix::Thread>::new::thread_start
[INFO] [stdout]   19:     0x73cc845a4dfa - <unknown>
[INFO] [stdout]   20:     0x73cc846383d4 - clone
[INFO] [stdout]   21:                0x0 - <unknown>
[INFO] [stdout] 
[INFO] [stdout] ---- systemd::dbus_native::dbus::tests::test_dbus_connection_auth stdout ----
[INFO] [stdout] 
[INFO] [stdout] thread 'systemd::dbus_native::dbus::tests::test_dbus_connection_auth' (2071) panicked at src/systemd/dbus_native/dbus.rs:521:9:
[INFO] [stdout] assertion failed: conn.is_ok()
[INFO] [stdout] stack backtrace:
[INFO] [stdout]    0:     0x58b8894a92a1 - <<std[70759c8f55707aa4]::sys::backtrace::BacktraceLock>::print::DisplayBacktrace as core[df12db4294e9bfd3]::fmt::Display>::fmt
[INFO] [stdout]    1:     0x58b8894c1e8a - core[df12db4294e9bfd3]::fmt::write
[INFO] [stdout]    2:     0x58b8894af71c - <alloc[2182bb758b4b3781]::vec::Vec<u8> as core[df12db4294e9bfd3]::io::write::Write>::write_fmt
[INFO] [stdout]    3:     0x58b889482e76 - std[70759c8f55707aa4]::panicking::default_hook::{closure#0}
[INFO] [stdout]    4:     0x58b8894a08a9 - std[70759c8f55707aa4]::panicking::default_hook
[INFO] [stdout]    5:     0x58b889359790 - test[9d35eded1c95d3be]::test_main_inner::<test[9d35eded1c95d3be]::test_main_static::{closure#0}>::{closure#0}
[INFO] [stdout]    6:     0x58b8894a0a62 - std[70759c8f55707aa4]::panicking::panic_with_hook
[INFO] [stdout]    7:     0x58b889482f54 - std[70759c8f55707aa4]::panicking::panic_handler::{closure#0}
[INFO] [stdout]    8:     0x58b88947b3c9 - std[70759c8f55707aa4]::sys::backtrace::__rust_end_short_backtrace::<std[70759c8f55707aa4]::panicking::panic_handler::{closure#0}, !>
[INFO] [stdout]    9:     0x58b889483c2d - __rustc[8fa7c3cbc660c2b3]::rust_begin_unwind
[INFO] [stdout]   10:     0x58b8894c266c - core[df12db4294e9bfd3]::panicking::panic_fmt
[INFO] [stdout]   11:     0x58b8894c2632 - core[df12db4294e9bfd3]::panicking::panic
[INFO] [stdout]   12:     0x58b8892fc381 - libcgroups[d52a13bad2fd0b9b]::systemd::dbus_native::dbus::tests::test_dbus_connection_auth
[INFO] [stdout]   13:     0x58b8892f37e9 - <libcgroups[d52a13bad2fd0b9b]::systemd::dbus_native::dbus::tests::test_dbus_connection_auth::{closure#0} as core[df12db4294e9bfd3]::ops::function::FnOnce<()>>::call_once
[INFO] [stdout]   14:     0x58b88934ca7b - test[9d35eded1c95d3be]::__rust_begin_short_backtrace::<core[df12db4294e9bfd3]::result::Result<(), alloc[2182bb758b4b3781]::string::String>, fn() -> core[df12db4294e9bfd3]::result::Result<(), alloc[2182bb758b4b3781]::string::String>>
[INFO] [stdout]   15:     0x58b88935a0e5 - test[9d35eded1c95d3be]::run_test::{closure#0}
[INFO] [stdout]   16:     0x58b8893539a4 - std[70759c8f55707aa4]::sys::backtrace::__rust_begin_short_backtrace::<test[9d35eded1c95d3be]::run_test::{closure#1}, ()>
[INFO] [stdout]   17:     0x58b88935d242 - <std[70759c8f55707aa4]::thread::lifecycle::spawn_unchecked<test[9d35eded1c95d3be]::run_test::{closure#1}, ()>::{closure#1} as core[df12db4294e9bfd3]::ops::function::FnOnce<()>>::call_once::{shim:vtable#0}
[INFO] [stdout]   18:     0x58b8894a87d9 - <std[70759c8f55707aa4]::sys::thread::unix::Thread>::new::thread_start
[INFO] [stdout]   19:     0x73cc845a4dfa - <unknown>
[INFO] [stdout]   20:     0x73cc846383d4 - clone
[INFO] [stdout]   21:                0x0 - <unknown>
[INFO] [stdout] 
[INFO] [stdout] ---- systemd::manager::tests::test_error_thrown_if_process_never_added_to_cgroup stdout ----
[INFO] [stdout] 
[INFO] [stdout] thread 'systemd::manager::tests::test_error_thrown_if_process_never_added_to_cgroup' (2090) panicked at src/systemd/manager.rs:643:10:
[INFO] [stdout] called `Result::unwrap()` on an `Err` value: SystemdClient(DBus(BusAddressError("could not find dbus session bus address from env")))
[INFO] [stdout] stack backtrace:
[INFO] [stdout]    0:     0x58b8894a92a1 - <<std[70759c8f55707aa4]::sys::backtrace::BacktraceLock>::print::DisplayBacktrace as core[df12db4294e9bfd3]::fmt::Display>::fmt
[INFO] [stdout]    1:     0x58b8894c1e8a - core[df12db4294e9bfd3]::fmt::write
[INFO] [stdout]    2:     0x58b8894af71c - <alloc[2182bb758b4b3781]::vec::Vec<u8> as core[df12db4294e9bfd3]::io::write::Write>::write_fmt
[INFO] [stdout]    3:     0x58b889482e76 - std[70759c8f55707aa4]::panicking::default_hook::{closure#0}
[INFO] [stdout]    4:     0x58b8894a08a9 - std[70759c8f55707aa4]::panicking::default_hook
[INFO] [stdout]    5:     0x58b889359790 - test[9d35eded1c95d3be]::test_main_inner::<test[9d35eded1c95d3be]::test_main_static::{closure#0}>::{closure#0}
[INFO] [stdout]    6:     0x58b8894a0a62 - std[70759c8f55707aa4]::panicking::panic_with_hook
[INFO] [stdout]    7:     0x58b889482f22 - std[70759c8f55707aa4]::panicking::panic_handler::{closure#0}
[INFO] [stdout]    8:     0x58b88947b3c9 - std[70759c8f55707aa4]::sys::backtrace::__rust_end_short_backtrace::<std[70759c8f55707aa4]::panicking::panic_handler::{closure#0}, !>
[INFO] [stdout]    9:     0x58b889483c2d - __rustc[8fa7c3cbc660c2b3]::rust_begin_unwind
[INFO] [stdout]   10:     0x58b8894c266c - core[df12db4294e9bfd3]::panicking::panic_fmt
[INFO] [stdout]   11:     0x58b8894c2442 - core[df12db4294e9bfd3]::result::unwrap_failed
[INFO] [stdout]   12:     0x58b88932351c - libcgroups[d52a13bad2fd0b9b]::systemd::manager::tests::test_error_thrown_if_process_never_added_to_cgroup
[INFO] [stdout]   13:     0x58b8892f342f - <libcgroups[d52a13bad2fd0b9b]::systemd::manager::tests::test_error_thrown_if_process_never_added_to_cgroup::{closure#0} as core[df12db4294e9bfd3]::ops::function::FnOnce<()>>::call_once
[INFO] [stdout]   14:     0x58b88934ca7b - test[9d35eded1c95d3be]::__rust_begin_short_backtrace::<core[df12db4294e9bfd3]::result::Result<(), alloc[2182bb758b4b3781]::string::String>, fn() -> core[df12db4294e9bfd3]::result::Result<(), alloc[2182bb758b4b3781]::string::String>>
[INFO] [stdout]   15:     0x58b88935a0e5 - test[9d35eded1c95d3be]::run_test::{closure#0}
[INFO] [stdout]   16:     0x58b8893539a4 - std[70759c8f55707aa4]::sys::backtrace::__rust_begin_short_backtrace::<test[9d35eded1c95d3be]::run_test::{closure#1}, ()>
[INFO] [stdout]   17:     0x58b88935d242 - <std[70759c8f55707aa4]::thread::lifecycle::spawn_unchecked<test[9d35eded1c95d3be]::run_test::{closure#1}, ()>::{closure#1} as core[df12db4294e9bfd3]::ops::function::FnOnce<()>>::call_once::{shim:vtable#0}
[INFO] [stdout]   18:     0x58b8894a87d9 - <std[70759c8f55707aa4]::sys::thread::unix::Thread>::new::thread_start
[INFO] [stdout]   19:     0x73cc845a4dfa - <unknown>
[INFO] [stdout]   20:     0x73cc846383d4 - clone
[INFO] [stdout]   21:                0x0 - <unknown>
[INFO] [stdout] 
[INFO] [stdout] ---- systemd::manager::tests::test_task_addition stdout ----
[INFO] [stdout] 
[INFO] [stdout] thread 'systemd::manager::tests::test_task_addition' (2091) panicked at src/systemd/manager.rs:609:10:
[INFO] [stdout] called `Result::unwrap()` on an `Err` value: SystemdClient(DBus(BusAddressError("could not find dbus session bus address from env")))
[INFO] [stdout] stack backtrace:
[INFO] [stdout]    0:     0x58b8894a92a1 - <<std[70759c8f55707aa4]::sys::backtrace::BacktraceLock>::print::DisplayBacktrace as core[df12db4294e9bfd3]::fmt::Display>::fmt
[INFO] [stdout]    1:     0x58b8894c1e8a - core[df12db4294e9bfd3]::fmt::write
[INFO] [stdout]    2:     0x58b8894af71c - <alloc[2182bb758b4b3781]::vec::Vec<u8> as core[df12db4294e9bfd3]::io::write::Write>::write_fmt
[INFO] [stdout]    3:     0x58b889482e76 - std[70759c8f55707aa4]::panicking::default_hook::{closure#0}
[INFO] [stdout]    4:     0x58b8894a08a9 - std[70759c8f55707aa4]::panicking::default_hook
[INFO] [stdout]    5:     0x58b889359790 - test[9d35eded1c95d3be]::test_main_inner::<test[9d35eded1c95d3be]::test_main_static::{closure#0}>::{closure#0}
[INFO] [stdout]    6:     0x58b8894a0a62 - std[70759c8f55707aa4]::panicking::panic_with_hook
[INFO] [stdout]    7:     0x58b889482f22 - std[70759c8f55707aa4]::panicking::panic_handler::{closure#0}
[INFO] [stdout]    8:     0x58b88947b3c9 - std[70759c8f55707aa4]::sys::backtrace::__rust_end_short_backtrace::<std[70759c8f55707aa4]::panicking::panic_handler::{closure#0}, !>
[INFO] [stdout]    9:     0x58b889483c2d - __rustc[8fa7c3cbc660c2b3]::rust_begin_unwind
[INFO] [stdout]   10:     0x58b8894c266c - core[df12db4294e9bfd3]::panicking::panic_fmt
[INFO] [stdout]   11:     0x58b8894c2442 - core[df12db4294e9bfd3]::result::unwrap_failed
[INFO] [stdout]   12:     0x58b8893223dd - libcgroups[d52a13bad2fd0b9b]::systemd::manager::tests::test_task_addition
[INFO] [stdout]   13:     0x58b8892f31f9 - <libcgroups[d52a13bad2fd0b9b]::systemd::manager::tests::test_task_addition::{closure#0} as core[df12db4294e9bfd3]::ops::function::FnOnce<()>>::call_once
[INFO] [stdout]   14:     0x58b88934ca7b - test[9d35eded1c95d3be]::__rust_begin_short_backtrace::<core[df12db4294e9bfd3]::result::Result<(), alloc[2182bb758b4b3781]::string::String>, fn() -> core[df12db4294e9bfd3]::result::Result<(), alloc[2182bb758b4b3781]::string::String>>
[INFO] [stdout]   15:     0x58b88935a0e5 - test[9d35eded1c95d3be]::run_test::{closure#0}
[INFO] [stdout]   16:     0x58b8893539a4 - std[70759c8f55707aa4]::sys::backtrace::__rust_begin_short_backtrace::<test[9d35eded1c95d3be]::run_test::{closure#1}, ()>
[INFO] [stdout]   17:     0x58b88935d242 - <std[70759c8f55707aa4]::thread::lifecycle::spawn_unchecked<test[9d35eded1c95d3be]::run_test::{closure#1}, ()>::{closure#1} as core[df12db4294e9bfd3]::ops::function::FnOnce<()>>::call_once::{shim:vtable#0}
[INFO] [stdout]   18:     0x58b8894a87d9 - <std[70759c8f55707aa4]::sys::thread::unix::Thread>::new::thread_start
[INFO] [stdout]   19:     0x73cc845a4dfa - <unknown>
[INFO] [stdout]   20:     0x73cc846383d4 - clone
[INFO] [stdout]   21:                0x0 - <unknown>
[INFO] [stdout] 
[INFO] [stdout] 
[INFO] [stdout] failures:
[INFO] [stdout]     systemd::dbus_native::dbus::tests::test_dbus_connection_auth
[INFO] [stdout]     systemd::dbus_native::dbus::tests::test_dbus_function_calls
[INFO] [stdout]     systemd::dbus_native::dbus::tests::test_dbus_function_calls_errors
[INFO] [stdout]     systemd::manager::tests::test_error_thrown_if_process_never_added_to_cgroup
[INFO] [stdout]     systemd::manager::tests::test_task_addition
[INFO] [stdout] 
[INFO] [stdout] test result: FAILED. 150 passed; 5 failed; 0 ignored; 0 measured; 0 filtered out; finished in 0.71s
[INFO] [stdout] 
[INFO] [stderr] error: test failed, to rerun pass `--lib`
[INFO] running `Command { std: "docker" "inspect" "6f5a8188373a750976c3ca87b13d3864f6c4aea580fc0fb4b6f3aed21abaf4e9", kill_on_drop: false }`
[INFO] running `Command { std: "docker" "rm" "-f" "6f5a8188373a750976c3ca87b13d3864f6c4aea580fc0fb4b6f3aed21abaf4e9", kill_on_drop: false }`
[INFO] [stdout] 6f5a8188373a750976c3ca87b13d3864f6c4aea580fc0fb4b6f3aed21abaf4e9
