[INFO] fetching crate zksync_db_connection 29.13.0-non-semver-compat...
[INFO] testing zksync_db_connection-29.13.0-non-semver-compat against 1.100.0-beta.1+cargoflags=--release for beta-release-1.100-2
[INFO] extracting crate zksync_db_connection 29.13.0-non-semver-compat into /workspace/builds/worker-3-tc2/source
[INFO] started tweaking crates.io crate zksync_db_connection 29.13.0-non-semver-compat
[INFO] finished tweaking crates.io crate zksync_db_connection 29.13.0-non-semver-compat
[INFO] tweaked toml for crates.io crate zksync_db_connection 29.13.0-non-semver-compat written to /workspace/builds/worker-3-tc2/source/Cargo.toml
[INFO] validating manifest of crates.io crate zksync_db_connection 29.13.0-non-semver-compat on toolchain 1.100.0-beta.1
[INFO] running `Command { std: CARGO_HOME="/workspace/cargo-home" RUSTUP_HOME="/workspace/rustup-home" "/workspace/cargo-home/bin/cargo" "+1.100.0-beta.1" "metadata" "--manifest-path" "Cargo.toml" "--no-deps", kill_on_drop: false }`
[INFO] crate crates.io crate zksync_db_connection 29.13.0-non-semver-compat already has a lockfile, it will not be regenerated
[INFO] running `Command { std: CARGO_HOME="/workspace/cargo-home" RUSTUP_HOME="/workspace/rustup-home" "/workspace/cargo-home/bin/cargo" "+1.100.0-beta.1" "fetch" "--manifest-path" "Cargo.toml", kill_on_drop: false }`
[INFO] running `Command { std: "docker" "create" "-v" "/var/lib/crater-agent-workspace/builds/worker-3-tc2/source:/opt/rustwide/workdir:ro,Z" "-v" "/var/lib/crater-agent-workspace/builds/worker-3-tc2/target:/opt/rustwide/target:rw,Z" "-v" "/var/lib/crater-agent-workspace/cargo-home:/opt/rustwide/cargo-home:ro,Z" "-v" "/var/lib/crater-agent-workspace/rustup-home:/opt/rustwide/rustup-home:ro,Z" "-m" "1610612736" "--network" "none" "ghcr.io/rust-lang/crates-build-env/linux@sha256:77db811e55d90add9212f6832c23229e3de5f1c1f9905e8cb07319ea15df73ac" "sleep" "infinity", kill_on_drop: false }`
[INFO] [stdout] 98692320e541d793b27ad75b5ede313a5e508bea079223eed3a62408d0663307
[INFO] running `Command { std: "docker" "start" "98692320e541d793b27ad75b5ede313a5e508bea079223eed3a62408d0663307", kill_on_drop: false }`
[INFO] running `Command { std: "docker" "inspect" "98692320e541d793b27ad75b5ede313a5e508bea079223eed3a62408d0663307", kill_on_drop: false }`
[INFO] running `Command { std: "docker" "exec" "-e" "SOURCE_DIR=/opt/rustwide/workdir" "-e" "CARGO_HOME=/opt/rustwide/cargo-home" "-e" "RUSTUP_HOME=/opt/rustwide/rustup-home" "-e" "CARGO_TARGET_DIR=/opt/rustwide/target" "-w" "/opt/rustwide/workdir" "--user" "0:0" "98692320e541d793b27ad75b5ede313a5e508bea079223eed3a62408d0663307" "/opt/rustwide/cargo-home/bin/cargo" "+1.100.0-beta.1" "metadata" "--no-deps" "--format-version=1", kill_on_drop: false }`
[INFO] running `Command { std: "docker" "inspect" "98692320e541d793b27ad75b5ede313a5e508bea079223eed3a62408d0663307", kill_on_drop: false }`
[INFO] running `Command { std: "docker" "exec" "-e" "SOURCE_DIR=/opt/rustwide/workdir" "-e" "CARGO_HOME=/opt/rustwide/cargo-home" "-e" "RUSTUP_HOME=/opt/rustwide/rustup-home" "-e" "CARGO_TARGET_DIR=/opt/rustwide/target" "-e" "CARGO_INCREMENTAL=0" "-e" "RUST_BACKTRACE=full" "-e" "RUSTFLAGS=--cap-lints=warn" "-e" "RUSTDOCFLAGS=--cap-lints=warn" "-w" "/opt/rustwide/workdir" "--user" "0:0" "98692320e541d793b27ad75b5ede313a5e508bea079223eed3a62408d0663307" "/opt/rustwide/cargo-home/bin/cargo" "+1.100.0-beta.1" "build" "--frozen" "--message-format=json" "--release", kill_on_drop: false }`
[INFO] [stderr]    Compiling syn v2.0.104
[INFO] [stderr]    Compiling serde_core v1.0.228
[INFO] [stderr]    Compiling cc v1.2.27
[INFO] [stderr]    Compiling lock_api v0.4.13
[INFO] [stderr]    Compiling parking_lot_core v0.9.11
[INFO] [stderr]    Compiling stable_deref_trait v1.2.0
[INFO] [stderr]    Compiling serde v1.0.228
[INFO] [stderr]    Compiling generic-array v0.14.7
[INFO] [stderr]    Compiling libm v0.2.15
[INFO] [stderr]    Compiling serde_json v1.0.140
[INFO] [stderr]    Compiling hashbrown v0.15.4
[INFO] [stderr]    Compiling num-traits v0.2.19
[INFO] [stderr]    Compiling getrandom v0.2.16
[INFO] [stderr]    Compiling bigdecimal v0.4.8
[INFO] [stderr]    Compiling rust_decimal v1.37.2
[INFO] [stderr]    Compiling crypto-common v0.1.6
[INFO] [stderr]    Compiling block-buffer v0.10.4
[INFO] [stderr]    Compiling indexmap v2.10.0
[INFO] [stderr]    Compiling digest v0.10.7
[INFO] [stderr]    Compiling rand_core v0.6.4
[INFO] [stderr]    Compiling memchr v2.7.5
[INFO] [stderr]    Compiling pin-project-lite v0.2.16
[INFO] [stderr]    Compiling crossbeam-utils v0.8.21
[INFO] [stderr]    Compiling crunchy v0.2.4
[INFO] [stderr]    Compiling openssl-sys v0.9.109
[INFO] [stderr]    Compiling rand_chacha v0.3.1
[INFO] [stderr]    Compiling byteorder v1.5.0
[INFO] [stderr]    Compiling futures-core v0.3.31
[INFO] [stderr]    Compiling rand v0.8.5
[INFO] [stderr]    Compiling zerocopy v0.8.26
[INFO] [stderr]    Compiling syn v1.0.109
[INFO] [stderr]    Compiling rustc-hex v2.1.0
[INFO] [stderr]    Compiling openssl v0.10.73
[INFO] [stderr]    Compiling num-integer v0.1.46
[INFO] [stderr]    Compiling mio v1.0.4
[INFO] [stderr]    Compiling socket2 v0.5.10
[INFO] [stderr]    Compiling percent-encoding v2.3.1
[INFO] [stderr]    Compiling bytes v1.11.1
[INFO] [stderr]    Compiling bitflags v2.9.1
[INFO] [stderr]    Compiling futures-sink v0.3.31
[INFO] [stderr]    Compiling tinyvec_macros v0.1.1
[INFO] [stderr]    Compiling form_urlencoded v1.2.1
[INFO] [stderr]    Compiling tinyvec v1.9.0
[INFO] [stderr]    Compiling num-bigint v0.4.6
[INFO] [stderr]    Compiling rlp v0.5.2
[INFO] [stderr]    Compiling tokio v1.46.0
[INFO] [stderr]    Compiling ppv-lite86 v0.2.21
[INFO] [stderr]    Compiling concurrent-queue v2.5.0
[INFO] [stderr]    Compiling native-tls v0.2.14
[INFO] [stderr]    Compiling tracing-core v0.1.34
[INFO] [stderr]    Compiling synstructure v0.13.2
[INFO] [stderr]    Compiling thiserror v2.0.12
[INFO] [stderr]    Compiling pin-utils v0.1.0
[INFO] [stderr]    Compiling arrayvec v0.7.6
[INFO] [stderr]    Compiling futures-io v0.3.31
[INFO] [stderr]    Compiling crc-catalog v2.4.0
[INFO] [stderr]    Compiling futures-task v0.3.31
[INFO] [stderr]    Compiling slab v0.4.11
[INFO] [stderr]    Compiling iana-time-zone v0.1.63
[INFO] [stderr]    Compiling rustversion v1.0.21
[INFO] [stderr]    Compiling futures-util v0.3.31
[INFO] [stderr]    Compiling crc v3.3.0
[INFO] [stderr]    Compiling chrono v0.4.41
[INFO] [stderr]    Compiling sha2 v0.10.8
[INFO] [stderr]    Compiling event-listener v5.4.0
[INFO] [stderr]    Compiling unicode-normalization v0.1.24
[INFO] [stderr]    Compiling impl-rlp v0.3.0
[INFO] [stderr]    Compiling serde_derive v1.0.228
[INFO] [stderr]    Compiling zerofrom-derive v0.1.6
[INFO] [stderr]    Compiling yoke-derive v0.8.0
[INFO] [stderr]    Compiling zerovec-derive v0.11.1
[INFO] [stderr]    Compiling displaydoc v0.2.5
[INFO] [stderr]    Compiling openssl-macros v0.1.1
[INFO] [stderr]    Compiling thiserror-impl v2.0.12
[INFO] [stderr]    Compiling tracing-attributes v0.1.30
[INFO] [stderr]    Compiling zerofrom v0.1.6
[INFO] [stderr]    Compiling yoke v0.8.0
[INFO] [stderr]    Compiling zerovec v0.11.2
[INFO] [stderr]    Compiling zerotrie v0.2.2
[INFO] [stderr]    Compiling tokio-stream v0.1.17
[INFO] [stderr]    Compiling tinystr v0.8.1
[INFO] [stderr]    Compiling potential_utf v0.1.2
[INFO] [stderr]    Compiling icu_locale_core v2.0.0
[INFO] [stderr]    Compiling icu_collections v2.0.0
[INFO] [stderr]    Compiling tracing v0.1.41
[INFO] [stderr]    Compiling darling_core v0.13.4
[INFO] [stderr]    Compiling tokio-macros v2.5.0
[INFO] [stderr]    Compiling icu_provider v2.0.0
[INFO] [stderr]    Compiling fixed-hash v0.8.0
[INFO] [stderr]    Compiling icu_properties v2.0.1
[INFO] [stderr]    Compiling crossbeam-queue v0.3.12
[INFO] [stderr]    Compiling hashlink v0.10.0
[INFO] [stderr]    Compiling smallvec v1.15.1
[INFO] [stderr]    Compiling icu_normalizer v2.0.0
[INFO] [stderr]    Compiling idna_adapter v1.2.1
[INFO] [stderr]    Compiling idna v1.0.3
[INFO] [stderr]    Compiling impl-serde v0.4.0
[INFO] [stderr]    Compiling parking_lot v0.12.4
[INFO] [stderr]    Compiling url v2.5.4
[INFO] [stderr]    Compiling futures-intrusive v0.5.0
[INFO] [stderr]    Compiling either v1.15.0
[INFO] [stderr]    Compiling ipnetwork v0.20.0
[INFO] [stderr]    Compiling signal-hook-registry v1.4.5
[INFO] [stderr]    Compiling winnow v0.7.11
[INFO] [stderr]    Compiling base64 v0.22.1
[INFO] [stderr]    Compiling log v0.4.27
[INFO] [stderr]    Compiling unicode-properties v0.1.3
[INFO] [stderr]    Compiling unicode-bidi v0.3.18
[INFO] [stderr]    Compiling sqlx-core v0.8.6
[INFO] [stderr]    Compiling stringprep v0.1.5
[INFO] [stderr]    Compiling toml_edit v0.22.27
[INFO] [stderr]    Compiling darling_macro v0.13.4
[INFO] [stderr]    Compiling hkdf v0.12.4
[INFO] [stderr]    Compiling tiny-keccak v2.0.2
[INFO] [stderr]    Compiling uint v0.9.5
[INFO] [stderr]    Compiling futures-channel v0.3.31
[INFO] [stderr]    Compiling aho-corasick v1.1.3
[INFO] [stderr]    Compiling md-5 v0.10.6
[INFO] [stderr]    Compiling atoi v2.0.0
[INFO] [stderr]    Compiling home v0.5.11
[INFO] [stderr]    Compiling prometheus-client v0.23.1
[INFO] [stderr]    Compiling dotenvy v0.15.7
[INFO] [stderr]    Compiling regex-syntax v0.8.5
[INFO] [stderr]    Compiling whoami v1.6.0
[INFO] [stderr]    Compiling hex v0.4.3
[INFO] [stderr]    Compiling sqlx-postgres v0.8.6
[INFO] [stderr]    Compiling regex-automata v0.4.9
[INFO] [stderr]    Compiling primitive-types v0.12.2
[INFO] [stderr]    Compiling ethbloom v0.13.0
[INFO] [stderr]    Compiling darling v0.13.4
[INFO] [stderr]    Compiling proc-macro-crate v3.3.0
[INFO] [stderr]    Compiling prometheus-client-derive-encode v0.4.2
[INFO] [stderr]    Compiling thiserror-impl v1.0.69
[INFO] [stderr]    Compiling hmac v0.12.1
[INFO] [stderr]    Compiling dtoa v1.0.10
[INFO] [stderr]    Compiling compile-fmt v0.1.0
[INFO] [stderr]    Compiling sha3 v0.10.8
[INFO] [stderr]    Compiling thiserror v1.0.69
[INFO] [stderr]    Compiling regex v1.11.1
[INFO] [stderr]    Compiling ethereum-types v0.14.1
[INFO] [stderr]    Compiling sqlx-macros-core v0.8.6
[INFO] [stderr]    Compiling num_enum_derive v0.7.4
[INFO] [stderr]    Compiling serde_with_macros v1.5.2
[INFO] [stderr]    Compiling strum_macros v0.26.4
[INFO] [stderr]    Compiling ctor v0.2.9
[INFO] [stderr]    Compiling vise-macros v0.3.2
[INFO] [stderr]    Compiling elsa v1.11.2
[INFO] [stderr]    Compiling zeroize v1.8.1
[INFO] [stderr]    Compiling secrecy v0.10.3
[INFO] [stderr]    Compiling sqlx-macros v0.8.6
[INFO] [stderr]    Compiling serde_with v1.14.0
[INFO] [stderr]    Compiling num_enum v0.7.4
[INFO] [stderr]    Compiling ethabi v18.0.0
[INFO] [stderr]    Compiling const-decoder v0.4.0
[INFO] [stderr]    Compiling vise v0.3.2
[INFO] [stderr]    Compiling strum v0.26.3
[INFO] [stderr]    Compiling zksync_basic_types v29.13.0-non-semver-compat
[INFO] [stderr]    Compiling sqlx v0.8.6
[INFO] [stderr]    Compiling zksync_db_connection v29.13.0-non-semver-compat (/opt/rustwide/workdir)
[INFO] [stderr]     Finished `release` profile [optimized] target(s) in 2m 13s
[INFO] [stderr] warning: the following packages contain code that will be rejected by a future version of Rust: const-decoder v0.4.0, ethereum-types v0.14.1, primitive-types v0.12.2
[INFO] [stderr] note: to see what the problems were, use the option `--future-incompat-report`, or run `cargo report future-incompatibilities --id 9`
[INFO] running `Command { std: "docker" "inspect" "98692320e541d793b27ad75b5ede313a5e508bea079223eed3a62408d0663307", kill_on_drop: false }`
[INFO] running `Command { std: "docker" "exec" "-e" "SOURCE_DIR=/opt/rustwide/workdir" "-e" "CARGO_HOME=/opt/rustwide/cargo-home" "-e" "RUSTUP_HOME=/opt/rustwide/rustup-home" "-e" "CARGO_TARGET_DIR=/opt/rustwide/target" "-e" "CARGO_INCREMENTAL=0" "-e" "RUST_BACKTRACE=full" "-e" "RUSTFLAGS=--cap-lints=warn" "-e" "RUSTDOCFLAGS=--cap-lints=warn" "-w" "/opt/rustwide/workdir" "--user" "0:0" "98692320e541d793b27ad75b5ede313a5e508bea079223eed3a62408d0663307" "/opt/rustwide/cargo-home/bin/cargo" "+1.100.0-beta.1" "test" "--frozen" "--no-run" "--message-format=json" "--release", kill_on_drop: false }`
[INFO] [stderr]    Compiling test-casing-macro v0.1.3
[INFO] [stderr]    Compiling test-casing v0.1.3
[INFO] [stderr]    Compiling zksync_db_connection v29.13.0-non-semver-compat (/opt/rustwide/workdir)
[INFO] [stderr]     Finished `release` profile [optimized] target(s) in 11.09s
[INFO] [stderr] warning: the following packages contain code that will be rejected by a future version of Rust: const-decoder v0.4.0, ethereum-types v0.14.1, primitive-types v0.12.2
[INFO] [stderr] note: to see what the problems were, use the option `--future-incompat-report`, or run `cargo report future-incompatibilities --id 9`
[INFO] running `Command { std: "docker" "inspect" "98692320e541d793b27ad75b5ede313a5e508bea079223eed3a62408d0663307", kill_on_drop: false }`
[INFO] running `Command { std: "docker" "exec" "-e" "SOURCE_DIR=/opt/rustwide/workdir" "-e" "CARGO_HOME=/opt/rustwide/cargo-home" "-e" "RUSTUP_HOME=/opt/rustwide/rustup-home" "-e" "CARGO_TARGET_DIR=/opt/rustwide/target" "-e" "CARGO_INCREMENTAL=0" "-e" "RUST_BACKTRACE=full" "-e" "RUSTFLAGS=--cap-lints=warn" "-e" "RUSTDOCFLAGS=--cap-lints=warn" "-w" "/opt/rustwide/workdir" "--user" "0:0" "98692320e541d793b27ad75b5ede313a5e508bea079223eed3a62408d0663307" "/opt/rustwide/cargo-home/bin/cargo" "+1.100.0-beta.1" "test" "--frozen" "--release", kill_on_drop: false }`
[INFO] [stderr]     Finished `release` profile [optimized] target(s) in 0.25s
[INFO] [stderr] warning: the following packages contain code that will be rejected by a future version of Rust: const-decoder v0.4.0, ethereum-types v0.14.1, primitive-types v0.12.2
[INFO] [stderr] note: to see what the problems were, use the option `--future-incompat-report`, or run `cargo report future-incompatibilities --id 9`
[INFO] [stderr]      Running unittests src/lib.rs (/opt/rustwide/target/release/build/zksync_db_connection/c32a03bb4fdd6ba9/out/zksync_db_connection-c32a03bb4fdd6ba9)
[INFO] [stdout] 
[INFO] [stdout] running 13 tests
[INFO] [stdout] test connection::tests::creating_readonly_transaction::case_0 ... FAILED
[INFO] [stdout] test connection::tests::setting_isolation_level_for_transaction::case_1 ... FAILED
[INFO] [stdout] test connection::tests::processor_tags_propagate_to_transactions ... FAILED
[INFO] [stdout] test connection::tests::creating_readonly_transaction::case_3 ... FAILED
[INFO] [stdout] test connection::tests::tracing_connections ... FAILED
[INFO] [stdout] test connection::tests::setting_isolation_level_for_transaction::case_3 ... FAILED
[INFO] [stdout] test connection::tests::setting_isolation_level_for_transaction::case_0 ... FAILED
[INFO] [stdout] test connection::tests::creating_readonly_transaction::case_2 ... FAILED
[INFO] [stdout] test instrument::tests::instrumenting_slow_query ... FAILED
[INFO] [stdout] test connection_pool::tests::setting_statement_timeout ... FAILED
[INFO] [stdout] test connection::tests::creating_readonly_transaction::case_1 ... FAILED
[INFO] [stdout] test connection::tests::setting_isolation_level_for_transaction::case_2 ... FAILED
[INFO] [stdout] test instrument::tests::instrumenting_erroneous_query ... FAILED
[INFO] [stdout] 
[INFO] [stdout] failures:
[INFO] [stdout] 
[INFO] [stdout] ---- connection::tests::creating_readonly_transaction::case_0 stdout ----
[INFO] [stdout] Testing case #0: level = None
[INFO] [stdout] 
[INFO] [stdout] thread 'connection::tests::creating_readonly_transaction::case_0' (3318) panicked at src/connection_pool.rs:320:14:
[INFO] [stdout] failed creating test template: TEST_DATABASE_URL must be set. Normally, this is done by the 'zk' tool. Make sure that you are running the tests with 'zk test rust' command or equivalent.
[INFO] [stdout] 
[INFO] [stdout] Caused by:
[INFO] [stdout]     environment variable not found
[INFO] [stdout] 
[INFO] [stdout] Stack backtrace:
[INFO] [stdout]    0: <zksync_db_connection::connection_pool::TestTemplate>::empty
[INFO] [stdout]    1: <zksync_db_connection::connection_pool::ConnectionPool<zksync_db_connection::utils::InternalMarker>>::constrained_test_pool::{closure#0}
[INFO] [stdout]    2: zksync_db_connection::connection::tests::creating_readonly_transaction::{closure#0}
[INFO] [stdout]    3: zksync_db_connection::connection::tests::creating_readonly_transaction::case_0::{closure#0}
[INFO] [stdout]    4: <tokio::runtime::scheduler::current_thread::CurrentThread>::block_on::<core::pin::Pin<&mut dyn core::future::future::Future<Output = ()>>>
[INFO] [stdout]    5: <tokio::runtime::runtime::Runtime>::block_on::<core::pin::Pin<&mut dyn core::future::future::Future<Output = ()>>>
[INFO] [stdout]    6: <zksync_db_connection::connection::tests::creating_readonly_transaction::case_0::{closure#0} as core::ops::function::FnOnce<()>>::call_once
[INFO] [stdout]    7: test::__rust_begin_short_backtrace::<core::result::Result<(), alloc::string::String>, fn() -> core::result::Result<(), alloc::string::String>>
[INFO] [stdout]    8: test::run_test::{closure#0}
[INFO] [stdout]    9: std::sys::backtrace::__rust_begin_short_backtrace::<test::run_test::{closure#1}, ()>
[INFO] [stdout]   10: <std::thread::lifecycle::spawn_unchecked<test::run_test::{closure#1}, ()>::{closure#1} as core::ops::function::FnOnce<()>>::call_once::{shim:vtable#0}
[INFO] [stdout]   11: <std::sys::thread::unix::Thread>::new::thread_start
[INFO] [stdout]   12: <unknown>
[INFO] [stdout]   13: clone
[INFO] [stdout] stack backtrace:
[INFO] [stdout]    0:     0x5a1e78f8ea51 - <<std[617be2ca0a6fd877]::sys::backtrace::BacktraceLock>::print::DisplayBacktrace as core[a373ad73a504971]::fmt::Display>::fmt
[INFO] [stdout]    1:     0x5a1e78fa60da - core[a373ad73a504971]::fmt::write
[INFO] [stdout]    2:     0x5a1e78f937bc - <alloc[2e1b2a31b91974c5]::vec::Vec<u8> as core[a373ad73a504971]::io::write::Write>::write_fmt
[INFO] [stdout]    3:     0x5a1e78f69336 - std[617be2ca0a6fd877]::panicking::default_hook::{closure#0}
[INFO] [stdout]    4:     0x5a1e78f86619 - std[617be2ca0a6fd877]::panicking::default_hook
[INFO] [stdout]    5:     0x5a1e78e6e500 - test[aada8e7e76ba119b]::test_main_inner::{closure#0}
[INFO] [stdout]    6:     0x5a1e78f86942 - std[617be2ca0a6fd877]::panicking::panic_with_hook
[INFO] [stdout]    7:     0x5a1e78f693e2 - std[617be2ca0a6fd877]::panicking::panic_handler::{closure#0}
[INFO] [stdout]    8:     0x5a1e78f618f9 - std[617be2ca0a6fd877]::sys::backtrace::__rust_end_short_backtrace::<std[617be2ca0a6fd877]::panicking::panic_handler::{closure#0}, !>
[INFO] [stdout]    9:     0x5a1e78f6a2ed - __rustc[ea4f61d10b84890b]::rust_begin_unwind
[INFO] [stdout]   10:     0x5a1e78fa683c - core[a373ad73a504971]::panicking::panic_fmt
[INFO] [stdout]   11:     0x5a1e78fa6612 - core[a373ad73a504971]::result::unwrap_failed
[INFO] [stdout]   12:     0x5a1e78ddd21f - <zksync_db_connection[662b6e3c7198bda7]::connection_pool::ConnectionPool<zksync_db_connection[662b6e3c7198bda7]::utils::InternalMarker>>::constrained_test_pool::{closure#0}
[INFO] [stdout]   13:     0x5a1e78de095b - zksync_db_connection[662b6e3c7198bda7]::connection::tests::creating_readonly_transaction::{closure#0}
[INFO] [stdout]   14:     0x5a1e78de5005 - zksync_db_connection[662b6e3c7198bda7]::connection::tests::creating_readonly_transaction::case_0::{closure#0}
[INFO] [stdout]   15:     0x5a1e78e54056 - <tokio[24eefe03701af54d]::runtime::scheduler::current_thread::CurrentThread>::block_on::<core[a373ad73a504971]::pin::Pin<&mut dyn core[a373ad73a504971]::future::future::Future<Output = ()>>>
[INFO] [stdout]   16:     0x5a1e78e2b292 - <tokio[24eefe03701af54d]::runtime::runtime::Runtime>::block_on::<core[a373ad73a504971]::pin::Pin<&mut dyn core[a373ad73a504971]::future::future::Future<Output = ()>>>
[INFO] [stdout]   17:     0x5a1e78de590e - <zksync_db_connection[662b6e3c7198bda7]::connection::tests::creating_readonly_transaction::case_0::{closure#0} as core[a373ad73a504971]::ops::function::FnOnce<()>>::call_once
[INFO] [stdout]   18:     0x5a1e78e6194b - test[aada8e7e76ba119b]::__rust_begin_short_backtrace::<core[a373ad73a504971]::result::Result<(), alloc[2e1b2a31b91974c5]::string::String>, fn() -> core[a373ad73a504971]::result::Result<(), alloc[2e1b2a31b91974c5]::string::String>>
[INFO] [stdout]   19:     0x5a1e78e6eb25 - test[aada8e7e76ba119b]::run_test::{closure#0}
[INFO] [stdout]   20:     0x5a1e78e68414 - std[617be2ca0a6fd877]::sys::backtrace::__rust_begin_short_backtrace::<test[aada8e7e76ba119b]::run_test::{closure#1}, ()>
[INFO] [stdout]   21:     0x5a1e78e71bb2 - <std[617be2ca0a6fd877]::thread::lifecycle::spawn_unchecked<test[aada8e7e76ba119b]::run_test::{closure#1}, ()>::{closure#1} as core[a373ad73a504971]::ops::function::FnOnce<()>>::call_once::{shim:vtable#0}
[INFO] [stdout]   22:     0x5a1e78f8dbef - <std[617be2ca0a6fd877]::sys::thread::unix::Thread>::new::thread_start
[INFO] [stdout]   23:     0x7fe919b0bdfa - <unknown>
[INFO] [stdout]   24:     0x7fe919b9f3d4 - clone
[INFO] [stdout]   25:                0x0 - <unknown>
[INFO] [stdout] 
[INFO] [stdout] ---- connection::tests::setting_isolation_level_for_transaction::case_1 stdout ----
[INFO] [stdout] Testing case #1: level = Some(ReadCommitted)
[INFO] [stdout] 
[INFO] [stdout] thread 'connection::tests::setting_isolation_level_for_transaction::case_1' (3324) panicked at src/connection_pool.rs:320:14:
[INFO] [stdout] failed creating test template: TEST_DATABASE_URL must be set. Normally, this is done by the 'zk' tool. Make sure that you are running the tests with 'zk test rust' command or equivalent.
[INFO] [stdout] 
[INFO] [stdout] Caused by:
[INFO] [stdout]     environment variable not found
[INFO] [stdout] 
[INFO] [stdout] Stack backtrace:
[INFO] [stdout]    0: <zksync_db_connection::connection_pool::TestTemplate>::empty
[INFO] [stdout]    1: <zksync_db_connection::connection_pool::ConnectionPool<zksync_db_connection::utils::InternalMarker>>::constrained_test_pool::{closure#0}
[INFO] [stdout]    2: zksync_db_connection::connection::tests::setting_isolation_level_for_transaction::{closure#0}
[INFO] [stdout]    3: zksync_db_connection::connection::tests::setting_isolation_level_for_transaction::case_1::{closure#0}
[INFO] [stdout]    4: <tokio::runtime::scheduler::current_thread::CurrentThread>::block_on::<core::pin::Pin<&mut dyn core::future::future::Future<Output = ()>>>
[INFO] [stdout]    5: <tokio::runtime::runtime::Runtime>::block_on::<core::pin::Pin<&mut dyn core::future::future::Future<Output = ()>>>
[INFO] [stdout]    6: <zksync_db_connection::connection::tests::setting_isolation_level_for_transaction::case_1::{closure#0} as core::ops::function::FnOnce<()>>::call_once
[INFO] [stdout]    7: test::__rust_begin_short_backtrace::<core::result::Result<(), alloc::string::String>, fn() -> core::result::Result<(), alloc::string::String>>
[INFO] [stdout]    8: test::run_test::{closure#0}
[INFO] [stdout]    9: std::sys::backtrace::__rust_begin_short_backtrace::<test::run_test::{closure#1}, ()>
[INFO] [stdout]   10: <std::thread::lifecycle::spawn_unchecked<test::run_test::{closure#1}, ()>::{closure#1} as core::ops::function::FnOnce<()>>::call_once::{shim:vtable#0}
[INFO] [stdout]   11: <std::sys::thread::unix::Thread>::new::thread_start
[INFO] [stdout]   12: <unknown>
[INFO] [stdout]   13: clone
[INFO] [stdout] stack backtrace:
[INFO] [stdout]    0:     0x5a1e78f8ea51 - <<std[617be2ca0a6fd877]::sys::backtrace::BacktraceLock>::print::DisplayBacktrace as core[a373ad73a504971]::fmt::Display>::fmt
[INFO] [stdout]    1:     0x5a1e78fa60da - core[a373ad73a504971]::fmt::write
[INFO] [stdout]    2:     0x5a1e78f937bc - <alloc[2e1b2a31b91974c5]::vec::Vec<u8> as core[a373ad73a504971]::io::write::Write>::write_fmt
[INFO] [stdout]    3:     0x5a1e78f69336 - std[617be2ca0a6fd877]::panicking::default_hook::{closure#0}
[INFO] [stdout]    4:     0x5a1e78f86619 - std[617be2ca0a6fd877]::panicking::default_hook
[INFO] [stdout]    5:     0x5a1e78e6e500 - test[aada8e7e76ba119b]::test_main_inner::{closure#0}
[INFO] [stdout]    6:     0x5a1e78f86942 - std[617be2ca0a6fd877]::panicking::panic_with_hook
[INFO] [stdout]    7:     0x5a1e78f693e2 - std[617be2ca0a6fd877]::panicking::panic_handler::{closure#0}
[INFO] [stdout]    8:     0x5a1e78f618f9 - std[617be2ca0a6fd877]::sys::backtrace::__rust_end_short_backtrace::<std[617be2ca0a6fd877]::panicking::panic_handler::{closure#0}, !>
[INFO] [stdout]    9:     0x5a1e78f6a2ed - __rustc[ea4f61d10b84890b]::rust_begin_unwind
[INFO] [stdout]   10:     0x5a1e78fa683c - core[a373ad73a504971]::panicking::panic_fmt
[INFO] [stdout]   11:     0x5a1e78fa6612 - core[a373ad73a504971]::result::unwrap_failed
[INFO] [stdout]   12:     0x5a1e78deef5f - <zksync_db_connection[662b6e3c7198bda7]::connection_pool::ConnectionPool<zksync_db_connection[662b6e3c7198bda7]::utils::InternalMarker>>::constrained_test_pool::{closure#0}
[INFO] [stdout]   13:     0x5a1e78df269b - zksync_db_connection[662b6e3c7198bda7]::connection::tests::setting_isolation_level_for_transaction::{closure#0}
[INFO] [stdout]   14:     0x5a1e78df6ef5 - zksync_db_connection[662b6e3c7198bda7]::connection::tests::setting_isolation_level_for_transaction::case_1::{closure#0}
[INFO] [stdout]   15:     0x5a1e78e54056 - <tokio[24eefe03701af54d]::runtime::scheduler::current_thread::CurrentThread>::block_on::<core[a373ad73a504971]::pin::Pin<&mut dyn core[a373ad73a504971]::future::future::Future<Output = ()>>>
[INFO] [stdout]   16:     0x5a1e78e2b292 - <tokio[24eefe03701af54d]::runtime::runtime::Runtime>::block_on::<core[a373ad73a504971]::pin::Pin<&mut dyn core[a373ad73a504971]::future::future::Future<Output = ()>>>
[INFO] [stdout]   17:     0x5a1e78df778e - <zksync_db_connection[662b6e3c7198bda7]::connection::tests::setting_isolation_level_for_transaction::case_1::{closure#0} as core[a373ad73a504971]::ops::function::FnOnce<()>>::call_once
[INFO] [stdout]   18:     0x5a1e78e6194b - test[aada8e7e76ba119b]::__rust_begin_short_backtrace::<core[a373ad73a504971]::result::Result<(), alloc[2e1b2a31b91974c5]::string::String>, fn() -> core[a373ad73a504971]::result::Result<(), alloc[2e1b2a31b91974c5]::string::String>>
[INFO] [stdout]   19:     0x5a1e78e6eb25 - test[aada8e7e76ba119b]::run_test::{closure#0}
[INFO] [stdout]   20:     0x5a1e78e68414 - std[617be2ca0a6fd877]::sys::backtrace::__rust_begin_short_backtrace::<test[aada8e7e76ba119b]::run_test::{closure#1}, ()>
[INFO] [stdout]   21:     0x5a1e78e71bb2 - <std[617be2ca0a6fd877]::thread::lifecycle::spawn_unchecked<test[aada8e7e76ba119b]::run_test::{closure#1}, ()>::{closure#1} as core[a373ad73a504971]::ops::function::FnOnce<()>>::call_once::{shim:vtable#0}
[INFO] [stdout]   22:     0x5a1e78f8dbef - <std[617be2ca0a6fd877]::sys::thread::unix::Thread>::new::thread_start
[INFO] [stdout]   23:     0x7fe919b0bdfa - <unknown>
[INFO] [stdout]   24:     0x7fe919b9f3d4 - clone
[INFO] [stdout]   25:                0x0 - <unknown>
[INFO] [stdout] 
[INFO] [stdout] ---- connection::tests::processor_tags_propagate_to_transactions stdout ----
[INFO] [stdout] 
[INFO] [stdout] thread 'connection::tests::processor_tags_propagate_to_transactions' (3322) panicked at src/connection_pool.rs:320:14:
[INFO] [stdout] failed creating test template: TEST_DATABASE_URL must be set. Normally, this is done by the 'zk' tool. Make sure that you are running the tests with 'zk test rust' command or equivalent.
[INFO] [stdout] 
[INFO] [stdout] Caused by:
[INFO] [stdout]     environment variable not found
[INFO] [stdout] 
[INFO] [stdout] Stack backtrace:
[INFO] [stdout]    0: <zksync_db_connection::connection_pool::TestTemplate>::empty
[INFO] [stdout]    1: <zksync_db_connection::connection_pool::ConnectionPool<zksync_db_connection::utils::InternalMarker>>::constrained_test_pool::{closure#0}
[INFO] [stdout]    2: zksync_db_connection::connection::tests::processor_tags_propagate_to_transactions::{closure#0}
[INFO] [stdout]    3: <tokio::runtime::scheduler::current_thread::CurrentThread>::block_on::<core::pin::Pin<&mut dyn core::future::future::Future<Output = ()>>>
[INFO] [stdout]    4: <tokio::runtime::runtime::Runtime>::block_on::<core::pin::Pin<&mut dyn core::future::future::Future<Output = ()>>>
[INFO] [stdout]    5: <zksync_db_connection::connection::tests::processor_tags_propagate_to_transactions::{closure#0} as core::ops::function::FnOnce<()>>::call_once
[INFO] [stdout]    6: test::__rust_begin_short_backtrace::<core::result::Result<(), alloc::string::String>, fn() -> core::result::Result<(), alloc::string::String>>
[INFO] [stdout]    7: test::run_test::{closure#0}
[INFO] [stdout]    8: std::sys::backtrace::__rust_begin_short_backtrace::<test::run_test::{closure#1}, ()>
[INFO] [stdout]    9: <std::thread::lifecycle::spawn_unchecked<test::run_test::{closure#1}, ()>::{closure#1} as core::ops::function::FnOnce<()>>::call_once::{shim:vtable#0}
[INFO] [stdout]   10: <std::sys::thread::unix::Thread>::new::thread_start
[INFO] [stdout]   11: <unknown>
[INFO] [stdout]   12: clone
[INFO] [stdout] stack backtrace:
[INFO] [stdout]    0:     0x5a1e78f8ea51 - <<std[617be2ca0a6fd877]::sys::backtrace::BacktraceLock>::print::DisplayBacktrace as core[a373ad73a504971]::fmt::Display>::fmt
[INFO] [stdout]    1:     0x5a1e78fa60da - core[a373ad73a504971]::fmt::write
[INFO] [stdout]    2:     0x5a1e78f937bc - <alloc[2e1b2a31b91974c5]::vec::Vec<u8> as core[a373ad73a504971]::io::write::Write>::write_fmt
[INFO] [stdout]    3:     0x5a1e78f69336 - std[617be2ca0a6fd877]::panicking::default_hook::{closure#0}
[INFO] [stdout]    4:     0x5a1e78f86619 - std[617be2ca0a6fd877]::panicking::default_hook
[INFO] [stdout]    5:     0x5a1e78e6e500 - test[aada8e7e76ba119b]::test_main_inner::{closure#0}
[INFO] [stdout]    6:     0x5a1e78f86942 - std[617be2ca0a6fd877]::panicking::panic_with_hook
[INFO] [stdout]    7:     0x5a1e78f693e2 - std[617be2ca0a6fd877]::panicking::panic_handler::{closure#0}
[INFO] [stdout]    8:     0x5a1e78f618f9 - std[617be2ca0a6fd877]::sys::backtrace::__rust_end_short_backtrace::<std[617be2ca0a6fd877]::panicking::panic_handler::{closure#0}, !>
[INFO] [stdout]    9:     0x5a1e78f6a2ed - __rustc[ea4f61d10b84890b]::rust_begin_unwind
[INFO] [stdout]   10:     0x5a1e78fa683c - core[a373ad73a504971]::panicking::panic_fmt
[INFO] [stdout]   11:     0x5a1e78fa6612 - core[a373ad73a504971]::result::unwrap_failed
[INFO] [stdout]   12:     0x5a1e78dffb8f - <zksync_db_connection[662b6e3c7198bda7]::connection_pool::ConnectionPool<zksync_db_connection[662b6e3c7198bda7]::utils::InternalMarker>>::constrained_test_pool::{closure#0}
[INFO] [stdout]   13:     0x5a1e78e03dd9 - zksync_db_connection[662b6e3c7198bda7]::connection::tests::processor_tags_propagate_to_transactions::{closure#0}
[INFO] [stdout]   14:     0x5a1e78e54056 - <tokio[24eefe03701af54d]::runtime::scheduler::current_thread::CurrentThread>::block_on::<core[a373ad73a504971]::pin::Pin<&mut dyn core[a373ad73a504971]::future::future::Future<Output = ()>>>
[INFO] [stdout]   15:     0x5a1e78e2b292 - <tokio[24eefe03701af54d]::runtime::runtime::Runtime>::block_on::<core[a373ad73a504971]::pin::Pin<&mut dyn core[a373ad73a504971]::future::future::Future<Output = ()>>>
[INFO] [stdout]   16:     0x5a1e78e04bbe - <zksync_db_connection[662b6e3c7198bda7]::connection::tests::processor_tags_propagate_to_transactions::{closure#0} as core[a373ad73a504971]::ops::function::FnOnce<()>>::call_once
[INFO] [stdout]   17:     0x5a1e78e6194b - test[aada8e7e76ba119b]::__rust_begin_short_backtrace::<core[a373ad73a504971]::result::Result<(), alloc[2e1b2a31b91974c5]::string::String>, fn() -> core[a373ad73a504971]::result::Result<(), alloc[2e1b2a31b91974c5]::string::String>>
[INFO] [stdout]   18:     0x5a1e78e6eb25 - test[aada8e7e76ba119b]::run_test::{closure#0}
[INFO] [stdout]   19:     0x5a1e78e68414 - std[617be2ca0a6fd877]::sys::backtrace::__rust_begin_short_backtrace::<test[aada8e7e76ba119b]::run_test::{closure#1}, ()>
[INFO] [stdout]   20:     0x5a1e78e71bb2 - <std[617be2ca0a6fd877]::thread::lifecycle::spawn_unchecked<test[aada8e7e76ba119b]::run_test::{closure#1}, ()>::{closure#1} as core[a373ad73a504971]::ops::function::FnOnce<()>>::call_once::{shim:vtable#0}
[INFO] [stdout]   21:     0x5a1e78f8dbef - <std[617be2ca0a6fd877]::sys::thread::unix::Thread>::new::thread_start
[INFO] [stdout]   22:     0x7fe919b0bdfa - <unknown>
[INFO] [stdout]   23:     0x7fe919b9f3d4 - clone
[INFO] [stdout]   24:                0x0 - <unknown>
[INFO] [stdout] 
[INFO] [stdout] ---- connection::tests::creating_readonly_transaction::case_3 stdout ----
[INFO] [stdout] Testing case #3: level = Some(Serializable)
[INFO] [stdout] 
[INFO] [stdout] thread 'connection::tests::creating_readonly_transaction::case_3' (3321) panicked at src/connection_pool.rs:320:14:
[INFO] [stdout] failed creating test template: TEST_DATABASE_URL must be set. Normally, this is done by the 'zk' tool. Make sure that you are running the tests with 'zk test rust' command or equivalent.
[INFO] [stdout] 
[INFO] [stdout] Caused by:
[INFO] [stdout]     environment variable not found
[INFO] [stdout] 
[INFO] [stdout] Stack backtrace:
[INFO] [stdout]    0: <zksync_db_connection::connection_pool::TestTemplate>::empty
[INFO] [stdout]    1: <zksync_db_connection::connection_pool::ConnectionPool<zksync_db_connection::utils::InternalMarker>>::constrained_test_pool::{closure#0}
[INFO] [stdout]    2: zksync_db_connection::connection::tests::creating_readonly_transaction::{closure#0}
[INFO] [stdout]    3: zksync_db_connection::connection::tests::creating_readonly_transaction::case_3::{closure#0}
[INFO] [stdout]    4: <tokio::runtime::scheduler::current_thread::CurrentThread>::block_on::<core::pin::Pin<&mut dyn core::future::future::Future<Output = ()>>>
[INFO] [stdout]    5: <tokio::runtime::runtime::Runtime>::block_on::<core::pin::Pin<&mut dyn core::future::future::Future<Output = ()>>>
[INFO] [stdout]    6: <zksync_db_connection::connection::tests::creating_readonly_transaction::case_3::{closure#0} as core::ops::function::FnOnce<()>>::call_once
[INFO] [stdout]    7: test::__rust_begin_short_backtrace::<core::result::Result<(), alloc::string::String>, fn() -> core::result::Result<(), alloc::string::String>>
[INFO] [stdout]    8: test::run_test::{closure#0}
[INFO] [stdout]    9: std::sys::backtrace::__rust_begin_short_backtrace::<test::run_test::{closure#1}, ()>
[INFO] [stdout]   10: <std::thread::lifecycle::spawn_unchecked<test::run_test::{closure#1}, ()>::{closure#1} as core::ops::function::FnOnce<()>>::call_once::{shim:vtable#0}
[INFO] [stdout]   11: <std::sys::thread::unix::Thread>::new::thread_start
[INFO] [stdout]   12: <unknown>
[INFO] [stdout]   13: clone
[INFO] [stdout] stack backtrace:
[INFO] [stdout]    0:     0x5a1e78f8ea51 - <<std[617be2ca0a6fd877]::sys::backtrace::BacktraceLock>::print::DisplayBacktrace as core[a373ad73a504971]::fmt::Display>::fmt
[INFO] [stdout]    1:     0x5a1e78fa60da - core[a373ad73a504971]::fmt::write
[INFO] [stdout]    2:     0x5a1e78f937bc - <alloc[2e1b2a31b91974c5]::vec::Vec<u8> as core[a373ad73a504971]::io::write::Write>::write_fmt
[INFO] [stdout]    3:     0x5a1e78f69336 - std[617be2ca0a6fd877]::panicking::default_hook::{closure#0}
[INFO] [stdout]    4:     0x5a1e78f86619 - std[617be2ca0a6fd877]::panicking::default_hook
[INFO] [stdout]    5:     0x5a1e78e6e500 - test[aada8e7e76ba119b]::test_main_inner::{closure#0}
[INFO] [stdout]    6:     0x5a1e78f86942 - std[617be2ca0a6fd877]::panicking::panic_with_hook
[INFO] [stdout]    7:     0x5a1e78f693e2 - std[617be2ca0a6fd877]::panicking::panic_handler::{closure#0}
[INFO] [stdout]    8:     0x5a1e78f618f9 - std[617be2ca0a6fd877]::sys::backtrace::__rust_end_short_backtrace::<std[617be2ca0a6fd877]::panicking::panic_handler::{closure#0}, !>
[INFO] [stdout]    9:     0x5a1e78f6a2ed - __rustc[ea4f61d10b84890b]::rust_begin_unwind
[INFO] [stdout]   10:     0x5a1e78fa683c - core[a373ad73a504971]::panicking::panic_fmt
[INFO] [stdout]   11:     0x5a1e78fa6612 - core[a373ad73a504971]::result::unwrap_failed
[INFO] [stdout]   12:     0x5a1e78ddd21f - <zksync_db_connection[662b6e3c7198bda7]::connection_pool::ConnectionPool<zksync_db_connection[662b6e3c7198bda7]::utils::InternalMarker>>::constrained_test_pool::{closure#0}
[INFO] [stdout]   13:     0x5a1e78de095b - zksync_db_connection[662b6e3c7198bda7]::connection::tests::creating_readonly_transaction::{closure#0}
[INFO] [stdout]   14:     0x5a1e78de54b5 - zksync_db_connection[662b6e3c7198bda7]::connection::tests::creating_readonly_transaction::case_3::{closure#0}
[INFO] [stdout]   15:     0x5a1e78e54056 - <tokio[24eefe03701af54d]::runtime::scheduler::current_thread::CurrentThread>::block_on::<core[a373ad73a504971]::pin::Pin<&mut dyn core[a373ad73a504971]::future::future::Future<Output = ()>>>
[INFO] [stdout]   16:     0x5a1e78e2b292 - <tokio[24eefe03701af54d]::runtime::runtime::Runtime>::block_on::<core[a373ad73a504971]::pin::Pin<&mut dyn core[a373ad73a504971]::future::future::Future<Output = ()>>>
[INFO] [stdout]   17:     0x5a1e78de5d5e - <zksync_db_connection[662b6e3c7198bda7]::connection::tests::creating_readonly_transaction::case_3::{closure#0} as core[a373ad73a504971]::ops::function::FnOnce<()>>::call_once
[INFO] [stdout]   18:     0x5a1e78e6194b - test[aada8e7e76ba119b]::__rust_begin_short_backtrace::<core[a373ad73a504971]::result::Result<(), alloc[2e1b2a31b91974c5]::string::String>, fn() -> core[a373ad73a504971]::result::Result<(), alloc[2e1b2a31b91974c5]::string::String>>
[INFO] [stdout]   19:     0x5a1e78e6eb25 - test[aada8e7e76ba119b]::run_test::{closure#0}
[INFO] [stdout]   20:     0x5a1e78e68414 - std[617be2ca0a6fd877]::sys::backtrace::__rust_begin_short_backtrace::<test[aada8e7e76ba119b]::run_test::{closure#1}, ()>
[INFO] [stdout]   21:     0x5a1e78e71bb2 - <std[617be2ca0a6fd877]::thread::lifecycle::spawn_unchecked<test[aada8e7e76ba119b]::run_test::{closure#1}, ()>::{closure#1} as core[a373ad73a504971]::ops::function::FnOnce<()>>::call_once::{shim:vtable#0}
[INFO] [stdout]   22:     0x5a1e78f8dbef - <std[617be2ca0a6fd877]::sys::thread::unix::Thread>::new::thread_start
[INFO] [stdout]   23:     0x7fe919b0bdfa - <unknown>
[INFO] [stdout]   24:     0x7fe919b9f3d4 - clone
[INFO] [stdout]   25:                0x0 - <unknown>
[INFO] [stdout] 
[INFO] [stdout] ---- connection::tests::tracing_connections stdout ----
[INFO] [stdout] 
[INFO] [stdout] thread 'connection::tests::tracing_connections' (3327) panicked at src/connection_pool.rs:320:14:
[INFO] [stdout] failed creating test template: TEST_DATABASE_URL must be set. Normally, this is done by the 'zk' tool. Make sure that you are running the tests with 'zk test rust' command or equivalent.
[INFO] [stdout] 
[INFO] [stdout] Caused by:
[INFO] [stdout]     environment variable not found
[INFO] [stdout] 
[INFO] [stdout] Stack backtrace:
[INFO] [stdout]    0: <zksync_db_connection::connection_pool::TestTemplate>::empty
[INFO] [stdout]    1: <zksync_db_connection::connection_pool::ConnectionPool<zksync_db_connection::utils::InternalMarker>>::constrained_test_pool::{closure#0}
[INFO] [stdout]    2: zksync_db_connection::connection::tests::tracing_connections::{closure#0}
[INFO] [stdout]    3: <tokio::runtime::scheduler::current_thread::CurrentThread>::block_on::<core::pin::Pin<&mut dyn core::future::future::Future<Output = ()>>>
[INFO] [stdout]    4: <tokio::runtime::runtime::Runtime>::block_on::<core::pin::Pin<&mut dyn core::future::future::Future<Output = ()>>>
[INFO] [stdout]    5: <zksync_db_connection::connection::tests::tracing_connections::{closure#0} as core::ops::function::FnOnce<()>>::call_once
[INFO] [stdout]    6: test::__rust_begin_short_backtrace::<core::result::Result<(), alloc::string::String>, fn() -> core::result::Result<(), alloc::string::String>>
[INFO] [stdout]    7: test::run_test::{closure#0}
[INFO] [stdout]    8: std::sys::backtrace::__rust_begin_short_backtrace::<test::run_test::{closure#1}, ()>
[INFO] [stdout]    9: <std::thread::lifecycle::spawn_unchecked<test::run_test::{closure#1}, ()>::{closure#1} as core::ops::function::FnOnce<()>>::call_once::{shim:vtable#0}
[INFO] [stdout]   10: <std::sys::thread::unix::Thread>::new::thread_start
[INFO] [stdout]   11: <unknown>
[INFO] [stdout]   12: clone
[INFO] [stdout] stack backtrace:
[INFO] [stdout]    0:     0x5a1e78f8ea51 - <<std[617be2ca0a6fd877]::sys::backtrace::BacktraceLock>::print::DisplayBacktrace as core[a373ad73a504971]::fmt::Display>::fmt
[INFO] [stdout]    1:     0x5a1e78fa60da - core[a373ad73a504971]::fmt::write
[INFO] [stdout]    2:     0x5a1e78f937bc - <alloc[2e1b2a31b91974c5]::vec::Vec<u8> as core[a373ad73a504971]::io::write::Write>::write_fmt
[INFO] [stdout]    3:     0x5a1e78f69336 - std[617be2ca0a6fd877]::panicking::default_hook::{closure#0}
[INFO] [stdout]    4:     0x5a1e78f86619 - std[617be2ca0a6fd877]::panicking::default_hook
[INFO] [stdout]    5:     0x5a1e78e6e500 - test[aada8e7e76ba119b]::test_main_inner::{closure#0}
[INFO] [stdout]    6:     0x5a1e78f86942 - std[617be2ca0a6fd877]::panicking::panic_with_hook
[INFO] [stdout]    7:     0x5a1e78f693e2 - std[617be2ca0a6fd877]::panicking::panic_handler::{closure#0}
[INFO] [stdout]    8:     0x5a1e78f618f9 - std[617be2ca0a6fd877]::sys::backtrace::__rust_end_short_backtrace::<std[617be2ca0a6fd877]::panicking::panic_handler::{closure#0}, !>
[INFO] [stdout]    9:     0x5a1e78f6a2ed - __rustc[ea4f61d10b84890b]::rust_begin_unwind
[INFO] [stdout]   10:     0x5a1e78fa683c - core[a373ad73a504971]::panicking::panic_fmt
[INFO] [stdout]   11:     0x5a1e78fa6612 - core[a373ad73a504971]::result::unwrap_failed
[INFO] [stdout]   12:     0x5a1e78dffb8f - <zksync_db_connection[662b6e3c7198bda7]::connection_pool::ConnectionPool<zksync_db_connection[662b6e3c7198bda7]::utils::InternalMarker>>::constrained_test_pool::{closure#0}
[INFO] [stdout]   13:     0x5a1e78e032b9 - zksync_db_connection[662b6e3c7198bda7]::connection::tests::tracing_connections::{closure#0}
[INFO] [stdout]   14:     0x5a1e78e54056 - <tokio[24eefe03701af54d]::runtime::scheduler::current_thread::CurrentThread>::block_on::<core[a373ad73a504971]::pin::Pin<&mut dyn core[a373ad73a504971]::future::future::Future<Output = ()>>>
[INFO] [stdout]   15:     0x5a1e78e2b292 - <tokio[24eefe03701af54d]::runtime::runtime::Runtime>::block_on::<core[a373ad73a504971]::pin::Pin<&mut dyn core[a373ad73a504971]::future::future::Future<Output = ()>>>
[INFO] [stdout]   16:     0x5a1e78e04a1e - <zksync_db_connection[662b6e3c7198bda7]::connection::tests::tracing_connections::{closure#0} as core[a373ad73a504971]::ops::function::FnOnce<()>>::call_once
[INFO] [stdout]   17:     0x5a1e78e6194b - test[aada8e7e76ba119b]::__rust_begin_short_backtrace::<core[a373ad73a504971]::result::Result<(), alloc[2e1b2a31b91974c5]::string::String>, fn() -> core[a373ad73a504971]::result::Result<(), alloc[2e1b2a31b91974c5]::string::String>>
[INFO] [stdout]   18:     0x5a1e78e6eb25 - test[aada8e7e76ba119b]::run_test::{closure#0}
[INFO] [stdout]   19:     0x5a1e78e68414 - std[617be2ca0a6fd877]::sys::backtrace::__rust_begin_short_backtrace::<test[aada8e7e76ba119b]::run_test::{closure#1}, ()>
[INFO] [stdout]   20:     0x5a1e78e71bb2 - <std[617be2ca0a6fd877]::thread::lifecycle::spawn_unchecked<test[aada8e7e76ba119b]::run_test::{closure#1}, ()>::{closure#1} as core[a373ad73a504971]::ops::function::FnOnce<()>>::call_once::{shim:vtable#0}
[INFO] [stdout]   21:     0x5a1e78f8dbef - <std[617be2ca0a6fd877]::sys::thread::unix::Thread>::new::thread_start
[INFO] [stdout]   22:     0x7fe919b0bdfa - <unknown>
[INFO] [stdout]   23:     0x7fe919b9f3d4 - clone
[INFO] [stdout]   24:                0x0 - <unknown>
[INFO] [stdout] 
[INFO] [stdout] ---- connection::tests::setting_isolation_level_for_transaction::case_3 stdout ----
[INFO] [stdout] Testing case #3: level = Some(Serializable)
[INFO] [stdout] 
[INFO] [stdout] thread 'connection::tests::setting_isolation_level_for_transaction::case_3' (3326) panicked at src/connection_pool.rs:320:14:
[INFO] [stdout] failed creating test template: TEST_DATABASE_URL must be set. Normally, this is done by the 'zk' tool. Make sure that you are running the tests with 'zk test rust' command or equivalent.
[INFO] [stdout] 
[INFO] [stdout] Caused by:
[INFO] [stdout]     environment variable not found
[INFO] [stdout] 
[INFO] [stdout] Stack backtrace:
[INFO] [stdout]    0: <zksync_db_connection::connection_pool::TestTemplate>::empty
[INFO] [stdout]    1: <zksync_db_connection::connection_pool::ConnectionPool<zksync_db_connection::utils::InternalMarker>>::constrained_test_pool::{closure#0}
[INFO] [stdout]    2: zksync_db_connection::connection::tests::setting_isolation_level_for_transaction::{closure#0}
[INFO] [stdout]    3: zksync_db_connection::connection::tests::setting_isolation_level_for_transaction::case_3::{closure#0}
[INFO] [stdout]    4: <tokio::runtime::scheduler::current_thread::CurrentThread>::block_on::<core::pin::Pin<&mut dyn core::future::future::Future<Output = ()>>>
[INFO] [stdout]    5: <tokio::runtime::runtime::Runtime>::block_on::<core::pin::Pin<&mut dyn core::future::future::Future<Output = ()>>>
[INFO] [stdout]    6: <zksync_db_connection::connection::tests::setting_isolation_level_for_transaction::case_3::{closure#0} as core::ops::function::FnOnce<()>>::call_once
[INFO] [stdout]    7: test::__rust_begin_short_backtrace::<core::result::Result<(), alloc::string::String>, fn() -> core::result::Result<(), alloc::string::String>>
[INFO] [stdout]    8: test::run_test::{closure#0}
[INFO] [stdout]    9: std::sys::backtrace::__rust_begin_short_backtrace::<test::run_test::{closure#1}, ()>
[INFO] [stdout]   10: <std::thread::lifecycle::spawn_unchecked<test::run_test::{closure#1}, ()>::{closure#1} as core::ops::function::FnOnce<()>>::call_once::{shim:vtable#0}
[INFO] [stdout]   11: <std::sys::thread::unix::Thread>::new::thread_start
[INFO] [stdout]   12: <unknown>
[INFO] [stdout]   13: clone
[INFO] [stdout] stack backtrace:
[INFO] [stdout]    0:     0x5a1e78f8ea51 - <<std[617be2ca0a6fd877]::sys::backtrace::BacktraceLock>::print::DisplayBacktrace as core[a373ad73a504971]::fmt::Display>::fmt
[INFO] [stdout]    1:     0x5a1e78fa60da - core[a373ad73a504971]::fmt::write
[INFO] [stdout]    2:     0x5a1e78f937bc - <alloc[2e1b2a31b91974c5]::vec::Vec<u8> as core[a373ad73a504971]::io::write::Write>::write_fmt
[INFO] [stdout]    3:     0x5a1e78f69336 - std[617be2ca0a6fd877]::panicking::default_hook::{closure#0}
[INFO] [stdout]    4:     0x5a1e78f86619 - std[617be2ca0a6fd877]::panicking::default_hook
[INFO] [stdout]    5:     0x5a1e78e6e500 - test[aada8e7e76ba119b]::test_main_inner::{closure#0}
[INFO] [stdout]    6:     0x5a1e78f86942 - std[617be2ca0a6fd877]::panicking::panic_with_hook
[INFO] [stdout]    7:     0x5a1e78f693e2 - std[617be2ca0a6fd877]::panicking::panic_handler::{closure#0}
[INFO] [stdout]    8:     0x5a1e78f618f9 - std[617be2ca0a6fd877]::sys::backtrace::__rust_end_short_backtrace::<std[617be2ca0a6fd877]::panicking::panic_handler::{closure#0}, !>
[INFO] [stdout]    9:     0x5a1e78f6a2ed - __rustc[ea4f61d10b84890b]::rust_begin_unwind
[INFO] [stdout]   10:     0x5a1e78fa683c - core[a373ad73a504971]::panicking::panic_fmt
[INFO] [stdout]   11:     0x5a1e78fa6612 - core[a373ad73a504971]::result::unwrap_failed
[INFO] [stdout]   12:     0x5a1e78deef5f - <zksync_db_connection[662b6e3c7198bda7]::connection_pool::ConnectionPool<zksync_db_connection[662b6e3c7198bda7]::utils::InternalMarker>>::constrained_test_pool::{closure#0}
[INFO] [stdout]   13:     0x5a1e78df269b - zksync_db_connection[662b6e3c7198bda7]::connection::tests::setting_isolation_level_for_transaction::{closure#0}
[INFO] [stdout]   14:     0x5a1e78df7215 - zksync_db_connection[662b6e3c7198bda7]::connection::tests::setting_isolation_level_for_transaction::case_3::{closure#0}
[INFO] [stdout]   15:     0x5a1e78e54056 - <tokio[24eefe03701af54d]::runtime::scheduler::current_thread::CurrentThread>::block_on::<core[a373ad73a504971]::pin::Pin<&mut dyn core[a373ad73a504971]::future::future::Future<Output = ()>>>
[INFO] [stdout]   16:     0x5a1e78e2b292 - <tokio[24eefe03701af54d]::runtime::runtime::Runtime>::block_on::<core[a373ad73a504971]::pin::Pin<&mut dyn core[a373ad73a504971]::future::future::Future<Output = ()>>>
[INFO] [stdout]   17:     0x5a1e78df7a6e - <zksync_db_connection[662b6e3c7198bda7]::connection::tests::setting_isolation_level_for_transaction::case_3::{closure#0} as core[a373ad73a504971]::ops::function::FnOnce<()>>::call_once
[INFO] [stdout]   18:     0x5a1e78e6194b - test[aada8e7e76ba119b]::__rust_begin_short_backtrace::<core[a373ad73a504971]::result::Result<(), alloc[2e1b2a31b91974c5]::string::String>, fn() -> core[a373ad73a504971]::result::Result<(), alloc[2e1b2a31b91974c5]::string::String>>
[INFO] [stdout]   19:     0x5a1e78e6eb25 - test[aada8e7e76ba119b]::run_test::{closure#0}
[INFO] [stdout]   20:     0x5a1e78e68414 - std[617be2ca0a6fd877]::sys::backtrace::__rust_begin_short_backtrace::<test[aada8e7e76ba119b]::run_test::{closure#1}, ()>
[INFO] [stdout]   21:     0x5a1e78e71bb2 - <std[617be2ca0a6fd877]::thread::lifecycle::spawn_unchecked<test[aada8e7e76ba119b]::run_test::{closure#1}, ()>::{closure#1} as core[a373ad73a504971]::ops::function::FnOnce<()>>::call_once::{shim:vtable#0}
[INFO] [stdout]   22:     0x5a1e78f8dbef - <std[617be2ca0a6fd877]::sys::thread::unix::Thread>::new::thread_start
[INFO] [stdout]   23:     0x7fe919b0bdfa - <unknown>
[INFO] [stdout]   24:     0x7fe919b9f3d4 - clone
[INFO] [stdout]   25:                0x0 - <unknown>
[INFO] [stdout] 
[INFO] [stdout] ---- connection::tests::setting_isolation_level_for_transaction::case_0 stdout ----
[INFO] [stdout] Testing case #0: level = None
[INFO] [stdout] 
[INFO] [stdout] thread 'connection::tests::setting_isolation_level_for_transaction::case_0' (3323) panicked at src/connection_pool.rs:320:14:
[INFO] [stdout] failed creating test template: TEST_DATABASE_URL must be set. Normally, this is done by the 'zk' tool. Make sure that you are running the tests with 'zk test rust' command or equivalent.
[INFO] [stdout] 
[INFO] [stdout] Caused by:
[INFO] [stdout]     environment variable not found
[INFO] [stdout] 
[INFO] [stdout] Stack backtrace:
[INFO] [stdout]    0: <zksync_db_connection::connection_pool::TestTemplate>::empty
[INFO] [stdout]    1: <zksync_db_connection::connection_pool::ConnectionPool<zksync_db_connection::utils::InternalMarker>>::constrained_test_pool::{closure#0}
[INFO] [stdout]    2: zksync_db_connection::connection::tests::setting_isolation_level_for_transaction::{closure#0}
[INFO] [stdout]    3: zksync_db_connection::connection::tests::setting_isolation_level_for_transaction::case_0::{closure#0}
[INFO] [stdout]    4: <tokio::runtime::scheduler::current_thread::CurrentThread>::block_on::<core::pin::Pin<&mut dyn core::future::future::Future<Output = ()>>>
[INFO] [stdout]    5: <tokio::runtime::runtime::Runtime>::block_on::<core::pin::Pin<&mut dyn core::future::future::Future<Output = ()>>>
[INFO] [stdout]    6: <zksync_db_connection::connection::tests::setting_isolation_level_for_transaction::case_0::{closure#0} as core::ops::function::FnOnce<()>>::call_once
[INFO] [stdout]    7: test::__rust_begin_short_backtrace::<core::result::Result<(), alloc::string::String>, fn() -> core::result::Result<(), alloc::string::String>>
[INFO] [stdout]    8: test::run_test::{closure#0}
[INFO] [stdout]    9: std::sys::backtrace::__rust_begin_short_backtrace::<test::run_test::{closure#1}, ()>
[INFO] [stdout]   10: <std::thread::lifecycle::spawn_unchecked<test::run_test::{closure#1}, ()>::{closure#1} as core::ops::function::FnOnce<()>>::call_once::{shim:vtable#0}
[INFO] [stdout]   11: <std::sys::thread::unix::Thread>::new::thread_start
[INFO] [stdout]   12: <unknown>
[INFO] [stdout]   13: clone
[INFO] [stdout] stack backtrace:
[INFO] [stdout]    0:     0x5a1e78f8ea51 - <<std[617be2ca0a6fd877]::sys::backtrace::BacktraceLock>::print::DisplayBacktrace as core[a373ad73a504971]::fmt::Display>::fmt
[INFO] [stdout]    1:     0x5a1e78fa60da - core[a373ad73a504971]::fmt::write
[INFO] [stdout]    2:     0x5a1e78f937bc - <alloc[2e1b2a31b91974c5]::vec::Vec<u8> as core[a373ad73a504971]::io::write::Write>::write_fmt
[INFO] [stdout]    3:     0x5a1e78f69336 - std[617be2ca0a6fd877]::panicking::default_hook::{closure#0}
[INFO] [stdout]    4:     0x5a1e78f86619 - std[617be2ca0a6fd877]::panicking::default_hook
[INFO] [stdout]    5:     0x5a1e78e6e500 - test[aada8e7e76ba119b]::test_main_inner::{closure#0}
[INFO] [stdout]    6:     0x5a1e78f86942 - std[617be2ca0a6fd877]::panicking::panic_with_hook
[INFO] [stdout]    7:     0x5a1e78f693e2 - std[617be2ca0a6fd877]::panicking::panic_handler::{closure#0}
[INFO] [stdout]    8:     0x5a1e78f618f9 - std[617be2ca0a6fd877]::sys::backtrace::__rust_end_short_backtrace::<std[617be2ca0a6fd877]::panicking::panic_handler::{closure#0}, !>
[INFO] [stdout]    9:     0x5a1e78f6a2ed - __rustc[ea4f61d10b84890b]::rust_begin_unwind
[INFO] [stdout]   10:     0x5a1e78fa683c - core[a373ad73a504971]::panicking::panic_fmt
[INFO] [stdout]   11:     0x5a1e78fa6612 - core[a373ad73a504971]::result::unwrap_failed
[INFO] [stdout]   12:     0x5a1e78deef5f - <zksync_db_connection[662b6e3c7198bda7]::connection_pool::ConnectionPool<zksync_db_connection[662b6e3c7198bda7]::utils::InternalMarker>>::constrained_test_pool::{closure#0}
[INFO] [stdout]   13:     0x5a1e78df269b - zksync_db_connection[662b6e3c7198bda7]::connection::tests::setting_isolation_level_for_transaction::{closure#0}
[INFO] [stdout]   14:     0x5a1e78df6d65 - zksync_db_connection[662b6e3c7198bda7]::connection::tests::setting_isolation_level_for_transaction::case_0::{closure#0}
[INFO] [stdout]   15:     0x5a1e78e54056 - <tokio[24eefe03701af54d]::runtime::scheduler::current_thread::CurrentThread>::block_on::<core[a373ad73a504971]::pin::Pin<&mut dyn core[a373ad73a504971]::future::future::Future<Output = ()>>>
[INFO] [stdout]   16:     0x5a1e78e2b292 - <tokio[24eefe03701af54d]::runtime::runtime::Runtime>::block_on::<core[a373ad73a504971]::pin::Pin<&mut dyn core[a373ad73a504971]::future::future::Future<Output = ()>>>
[INFO] [stdout]   17:     0x5a1e78df761e - <zksync_db_connection[662b6e3c7198bda7]::connection::tests::setting_isolation_level_for_transaction::case_0::{closure#0} as core[a373ad73a504971]::ops::function::FnOnce<()>>::call_once
[INFO] [stdout]   18:     0x5a1e78e6194b - test[aada8e7e76ba119b]::__rust_begin_short_backtrace::<core[a373ad73a504971]::result::Result<(), alloc[2e1b2a31b91974c5]::string::String>, fn() -> core[a373ad73a504971]::result::Result<(), alloc[2e1b2a31b91974c5]::string::String>>
[INFO] [stdout]   19:     0x5a1e78e6eb25 - test[aada8e7e76ba119b]::run_test::{closure#0}
[INFO] [stdout]   20:     0x5a1e78e68414 - std[617be2ca0a6fd877]::sys::backtrace::__rust_begin_short_backtrace::<test[aada8e7e76ba119b]::run_test::{closure#1}, ()>
[INFO] [stdout]   21:     0x5a1e78e71bb2 - <std[617be2ca0a6fd877]::thread::lifecycle::spawn_unchecked<test[aada8e7e76ba119b]::run_test::{closure#1}, ()>::{closure#1} as core[a373ad73a504971]::ops::function::FnOnce<()>>::call_once::{shim:vtable#0}
[INFO] [stdout]   22:     0x5a1e78f8dbef - <std[617be2ca0a6fd877]::sys::thread::unix::Thread>::new::thread_start
[INFO] [stdout]   23:     0x7fe919b0bdfa - <unknown>
[INFO] [stdout]   24:     0x7fe919b9f3d4 - clone
[INFO] [stdout]   25:                0x0 - <unknown>
[INFO] [stdout] 
[INFO] [stdout] ---- connection::tests::creating_readonly_transaction::case_2 stdout ----
[INFO] [stdout] Testing case #2: level = Some(RepeatableRead)
[INFO] [stdout] 
[INFO] [stdout] thread 'connection::tests::creating_readonly_transaction::case_2' (3320) panicked at src/connection_pool.rs:320:14:
[INFO] [stdout] failed creating test template: TEST_DATABASE_URL must be set. Normally, this is done by the 'zk' tool. Make sure that you are running the tests with 'zk test rust' command or equivalent.
[INFO] [stdout] 
[INFO] [stdout] Caused by:
[INFO] [stdout]     environment variable not found
[INFO] [stdout] 
[INFO] [stdout] Stack backtrace:
[INFO] [stdout]    0: <zksync_db_connection::connection_pool::TestTemplate>::empty
[INFO] [stdout]    1: <zksync_db_connection::connection_pool::ConnectionPool<zksync_db_connection::utils::InternalMarker>>::constrained_test_pool::{closure#0}
[INFO] [stdout]    2: zksync_db_connection::connection::tests::creating_readonly_transaction::{closure#0}
[INFO] [stdout]    3: zksync_db_connection::connection::tests::creating_readonly_transaction::case_2::{closure#0}
[INFO] [stdout]    4: <tokio::runtime::scheduler::current_thread::CurrentThread>::block_on::<core::pin::Pin<&mut dyn core::future::future::Future<Output = ()>>>
[INFO] [stdout]    5: <tokio::runtime::runtime::Runtime>::block_on::<core::pin::Pin<&mut dyn core::future::future::Future<Output = ()>>>
[INFO] [stdout]    6: <zksync_db_connection::connection::tests::creating_readonly_transaction::case_2::{closure#0} as core::ops::function::FnOnce<()>>::call_once
[INFO] [stdout]    7: test::__rust_begin_short_backtrace::<core::result::Result<(), alloc::string::String>, fn() -> core::result::Result<(), alloc::string::String>>
[INFO] [stdout]    8: test::run_test::{closure#0}
[INFO] [stdout]    9: std::sys::backtrace::__rust_begin_short_backtrace::<test::run_test::{closure#1}, ()>
[INFO] [stdout]   10: <std::thread::lifecycle::spawn_unchecked<test::run_test::{closure#1}, ()>::{closure#1} as core::ops::function::FnOnce<()>>::call_once::{shim:vtable#0}
[INFO] [stdout]   11: <std::sys::thread::unix::Thread>::new::thread_start
[INFO] [stdout]   12: <unknown>
[INFO] [stdout]   13: clone
[INFO] [stdout] stack backtrace:
[INFO] [stdout]    0:     0x5a1e78f8ea51 - <<std[617be2ca0a6fd877]::sys::backtrace::BacktraceLock>::print::DisplayBacktrace as core[a373ad73a504971]::fmt::Display>::fmt
[INFO] [stdout]    1:     0x5a1e78fa60da - core[a373ad73a504971]::fmt::write
[INFO] [stdout]    2:     0x5a1e78f937bc - <alloc[2e1b2a31b91974c5]::vec::Vec<u8> as core[a373ad73a504971]::io::write::Write>::write_fmt
[INFO] [stdout]    3:     0x5a1e78f69336 - std[617be2ca0a6fd877]::panicking::default_hook::{closure#0}
[INFO] [stdout]    4:     0x5a1e78f86619 - std[617be2ca0a6fd877]::panicking::default_hook
[INFO] [stdout]    5:     0x5a1e78e6e500 - test[aada8e7e76ba119b]::test_main_inner::{closure#0}
[INFO] [stdout]    6:     0x5a1e78f86942 - std[617be2ca0a6fd877]::panicking::panic_with_hook
[INFO] [stdout]    7:     0x5a1e78f693e2 - std[617be2ca0a6fd877]::panicking::panic_handler::{closure#0}
[INFO] [stdout]    8:     0x5a1e78f618f9 - std[617be2ca0a6fd877]::sys::backtrace::__rust_end_short_backtrace::<std[617be2ca0a6fd877]::panicking::panic_handler::{closure#0}, !>
[INFO] [stdout]    9:     0x5a1e78f6a2ed - __rustc[ea4f61d10b84890b]::rust_begin_unwind
[INFO] [stdout]   10:     0x5a1e78fa683c - core[a373ad73a504971]::panicking::panic_fmt
[INFO] [stdout]   11:     0x5a1e78fa6612 - core[a373ad73a504971]::result::unwrap_failed
[INFO] [stdout]   12:     0x5a1e78ddd21f - <zksync_db_connection[662b6e3c7198bda7]::connection_pool::ConnectionPool<zksync_db_connection[662b6e3c7198bda7]::utils::InternalMarker>>::constrained_test_pool::{closure#0}
[INFO] [stdout]   13:     0x5a1e78de095b - zksync_db_connection[662b6e3c7198bda7]::connection::tests::creating_readonly_transaction::{closure#0}
[INFO] [stdout]   14:     0x5a1e78de5325 - zksync_db_connection[662b6e3c7198bda7]::connection::tests::creating_readonly_transaction::case_2::{closure#0}
[INFO] [stdout]   15:     0x5a1e78e54056 - <tokio[24eefe03701af54d]::runtime::scheduler::current_thread::CurrentThread>::block_on::<core[a373ad73a504971]::pin::Pin<&mut dyn core[a373ad73a504971]::future::future::Future<Output = ()>>>
[INFO] [stdout]   16:     0x5a1e78e2b292 - <tokio[24eefe03701af54d]::runtime::runtime::Runtime>::block_on::<core[a373ad73a504971]::pin::Pin<&mut dyn core[a373ad73a504971]::future::future::Future<Output = ()>>>
[INFO] [stdout]   17:     0x5a1e78de5bee - <zksync_db_connection[662b6e3c7198bda7]::connection::tests::creating_readonly_transaction::case_2::{closure#0} as core[a373ad73a504971]::ops::function::FnOnce<()>>::call_once
[INFO] [stdout]   18:     0x5a1e78e6194b - test[aada8e7e76ba119b]::__rust_begin_short_backtrace::<core[a373ad73a504971]::result::Result<(), alloc[2e1b2a31b91974c5]::string::String>, fn() -> core[a373ad73a504971]::result::Result<(), alloc[2e1b2a31b91974c5]::string::String>>
[INFO] [stdout]   19:     0x5a1e78e6eb25 - test[aada8e7e76ba119b]::run_test::{closure#0}
[INFO] [stdout]   20:     0x5a1e78e68414 - std[617be2ca0a6fd877]::sys::backtrace::__rust_begin_short_backtrace::<test[aada8e7e76ba119b]::run_test::{closure#1}, ()>
[INFO] [stdout]   21:     0x5a1e78e71bb2 - <std[617be2ca0a6fd877]::thread::lifecycle::spawn_unchecked<test[aada8e7e76ba119b]::run_test::{closure#1}, ()>::{closure#1} as core[a373ad73a504971]::ops::function::FnOnce<()>>::call_once::{shim:vtable#0}
[INFO] [stdout]   22:     0x5a1e78f8dbef - <std[617be2ca0a6fd877]::sys::thread::unix::Thread>::new::thread_start
[INFO] [stdout]   23:     0x7fe919b0bdfa - <unknown>
[INFO] [stdout]   24:     0x7fe919b9f3d4 - clone
[INFO] [stdout]   25:                0x0 - <unknown>
[INFO] [stdout] 
[INFO] [stdout] ---- instrument::tests::instrumenting_slow_query stdout ----
[INFO] [stdout] 
[INFO] [stdout] thread 'instrument::tests::instrumenting_slow_query' (3330) panicked at src/connection_pool.rs:320:14:
[INFO] [stdout] failed creating test template: TEST_DATABASE_URL must be set. Normally, this is done by the 'zk' tool. Make sure that you are running the tests with 'zk test rust' command or equivalent.
[INFO] [stdout] 
[INFO] [stdout] Caused by:
[INFO] [stdout]     environment variable not found
[INFO] [stdout] 
[INFO] [stdout] Stack backtrace:
[INFO] [stdout]    0: <zksync_db_connection::connection_pool::TestTemplate>::empty
[INFO] [stdout]    1: <zksync_db_connection::connection_pool::ConnectionPool<zksync_db_connection::utils::InternalMarker>>::constrained_test_pool::{closure#0}
[INFO] [stdout]    2: zksync_db_connection::instrument::tests::instrumenting_slow_query::{closure#0}
[INFO] [stdout]    3: <tokio::runtime::scheduler::current_thread::CurrentThread>::block_on::<core::pin::Pin<&mut dyn core::future::future::Future<Output = ()>>>
[INFO] [stdout]    4: <tokio::runtime::runtime::Runtime>::block_on::<core::pin::Pin<&mut dyn core::future::future::Future<Output = ()>>>
[INFO] [stdout]    5: <zksync_db_connection::instrument::tests::instrumenting_slow_query::{closure#0} as core::ops::function::FnOnce<()>>::call_once
[INFO] [stdout]    6: test::__rust_begin_short_backtrace::<core::result::Result<(), alloc::string::String>, fn() -> core::result::Result<(), alloc::string::String>>
[INFO] [stdout]    7: test::run_test::{closure#0}
[INFO] [stdout]    8: std::sys::backtrace::__rust_begin_short_backtrace::<test::run_test::{closure#1}, ()>
[INFO] [stdout]    9: <std::thread::lifecycle::spawn_unchecked<test::run_test::{closure#1}, ()>::{closure#1} as core::ops::function::FnOnce<()>>::call_once::{shim:vtable#0}
[INFO] [stdout]   10: <std::sys::thread::unix::Thread>::new::thread_start
[INFO] [stdout]   11: <unknown>
[INFO] [stdout]   12: clone
[INFO] [stdout] stack backtrace:
[INFO] [stdout]    0:     0x5a1e78f8ea51 - <<std[617be2ca0a6fd877]::sys::backtrace::BacktraceLock>::print::DisplayBacktrace as core[a373ad73a504971]::fmt::Display>::fmt
[INFO] [stdout]    1:     0x5a1e78fa60da - core[a373ad73a504971]::fmt::write
[INFO] [stdout]    2:     0x5a1e78f937bc - <alloc[2e1b2a31b91974c5]::vec::Vec<u8> as core[a373ad73a504971]::io::write::Write>::write_fmt
[INFO] [stdout]    3:     0x5a1e78f69336 - std[617be2ca0a6fd877]::panicking::default_hook::{closure#0}
[INFO] [stdout]    4:     0x5a1e78f86619 - std[617be2ca0a6fd877]::panicking::default_hook
[INFO] [stdout]    5:     0x5a1e78e6e500 - test[aada8e7e76ba119b]::test_main_inner::{closure#0}
[INFO] [stdout]    6:     0x5a1e78f86942 - std[617be2ca0a6fd877]::panicking::panic_with_hook
[INFO] [stdout]    7:     0x5a1e78f693e2 - std[617be2ca0a6fd877]::panicking::panic_handler::{closure#0}
[INFO] [stdout]    8:     0x5a1e78f618f9 - std[617be2ca0a6fd877]::sys::backtrace::__rust_end_short_backtrace::<std[617be2ca0a6fd877]::panicking::panic_handler::{closure#0}, !>
[INFO] [stdout]    9:     0x5a1e78f6a2ed - __rustc[ea4f61d10b84890b]::rust_begin_unwind
[INFO] [stdout]   10:     0x5a1e78fa683c - core[a373ad73a504971]::panicking::panic_fmt
[INFO] [stdout]   11:     0x5a1e78fa6612 - core[a373ad73a504971]::result::unwrap_failed
[INFO] [stdout]   12:     0x5a1e78e1b90f - <zksync_db_connection[662b6e3c7198bda7]::connection_pool::ConnectionPool<zksync_db_connection[662b6e3c7198bda7]::utils::InternalMarker>>::constrained_test_pool::{closure#0}
[INFO] [stdout]   13:     0x5a1e78e1f06e - zksync_db_connection[662b6e3c7198bda7]::instrument::tests::instrumenting_slow_query::{closure#0}
[INFO] [stdout]   14:     0x5a1e78e54056 - <tokio[24eefe03701af54d]::runtime::scheduler::current_thread::CurrentThread>::block_on::<core[a373ad73a504971]::pin::Pin<&mut dyn core[a373ad73a504971]::future::future::Future<Output = ()>>>
[INFO] [stdout]   15:     0x5a1e78e2b292 - <tokio[24eefe03701af54d]::runtime::runtime::Runtime>::block_on::<core[a373ad73a504971]::pin::Pin<&mut dyn core[a373ad73a504971]::future::future::Future<Output = ()>>>
[INFO] [stdout]   16:     0x5a1e78e2033e - <zksync_db_connection[662b6e3c7198bda7]::instrument::tests::instrumenting_slow_query::{closure#0} as core[a373ad73a504971]::ops::function::FnOnce<()>>::call_once
[INFO] [stdout]   17:     0x5a1e78e6194b - test[aada8e7e76ba119b]::__rust_begin_short_backtrace::<core[a373ad73a504971]::result::Result<(), alloc[2e1b2a31b91974c5]::string::String>, fn() -> core[a373ad73a504971]::result::Result<(), alloc[2e1b2a31b91974c5]::string::String>>
[INFO] [stdout]   18:     0x5a1e78e6eb25 - test[aada8e7e76ba119b]::run_test::{closure#0}
[INFO] [stdout]   19:     0x5a1e78e68414 - std[617be2ca0a6fd877]::sys::backtrace::__rust_begin_short_backtrace::<test[aada8e7e76ba119b]::run_test::{closure#1}, ()>
[INFO] [stdout]   20:     0x5a1e78e71bb2 - <std[617be2ca0a6fd877]::thread::lifecycle::spawn_unchecked<test[aada8e7e76ba119b]::run_test::{closure#1}, ()>::{closure#1} as core[a373ad73a504971]::ops::function::FnOnce<()>>::call_once::{shim:vtable#0}
[INFO] [stdout]   21:     0x5a1e78f8dbef - <std[617be2ca0a6fd877]::sys::thread::unix::Thread>::new::thread_start
[INFO] [stdout]   22:     0x7fe919b0bdfa - <unknown>
[INFO] [stdout]   23:     0x7fe919b9f3d4 - clone
[INFO] [stdout]   24:                0x0 - <unknown>
[INFO] [stdout] 
[INFO] [stdout] ---- connection_pool::tests::setting_statement_timeout stdout ----
[INFO] [stdout] 
[INFO] [stdout] thread 'connection_pool::tests::setting_statement_timeout' (3328) panicked at src/connection_pool.rs:482:14:
[INFO] [stdout] called `Result::unwrap()` on an `Err` value: TEST_DATABASE_URL must be set. Normally, this is done by the 'zk' tool. Make sure that you are running the tests with 'zk test rust' command or equivalent.
[INFO] [stdout] 
[INFO] [stdout] Caused by:
[INFO] [stdout]     environment variable not found
[INFO] [stdout] 
[INFO] [stdout] Stack backtrace:
[INFO] [stdout]    0: <zksync_db_connection::connection_pool::TestTemplate>::empty
[INFO] [stdout]    1: zksync_db_connection::connection_pool::tests::setting_statement_timeout::{closure#0}
[INFO] [stdout]    2: <tokio::runtime::scheduler::current_thread::CurrentThread>::block_on::<core::pin::Pin<&mut dyn core::future::future::Future<Output = ()>>>
[INFO] [stdout]    3: <tokio::runtime::runtime::Runtime>::block_on::<core::pin::Pin<&mut dyn core::future::future::Future<Output = ()>>>
[INFO] [stdout]    4: <zksync_db_connection::connection_pool::tests::setting_statement_timeout::{closure#0} as core::ops::function::FnOnce<()>>::call_once
[INFO] [stdout]    5: test::__rust_begin_short_backtrace::<core::result::Result<(), alloc::string::String>, fn() -> core::result::Result<(), alloc::string::String>>
[INFO] [stdout]    6: test::run_test::{closure#0}
[INFO] [stdout]    7: std::sys::backtrace::__rust_begin_short_backtrace::<test::run_test::{closure#1}, ()>
[INFO] [stdout]    8: <std::thread::lifecycle::spawn_unchecked<test::run_test::{closure#1}, ()>::{closure#1} as core::ops::function::FnOnce<()>>::call_once::{shim:vtable#0}
[INFO] [stdout]    9: <std::sys::thread::unix::Thread>::new::thread_start
[INFO] [stdout]   10: <unknown>
[INFO] [stdout]   11: clone
[INFO] [stdout] stack backtrace:
[INFO] [stdout]    0:     0x5a1e78f8ea51 - <<std[617be2ca0a6fd877]::sys::backtrace::BacktraceLock>::print::DisplayBacktrace as core[a373ad73a504971]::fmt::Display>::fmt
[INFO] [stdout]    1:     0x5a1e78fa60da - core[a373ad73a504971]::fmt::write
[INFO] [stdout]    2:     0x5a1e78f937bc - <alloc[2e1b2a31b91974c5]::vec::Vec<u8> as core[a373ad73a504971]::io::write::Write>::write_fmt
[INFO] [stdout]    3:     0x5a1e78f69336 - std[617be2ca0a6fd877]::panicking::default_hook::{closure#0}
[INFO] [stdout]    4:     0x5a1e78f86619 - std[617be2ca0a6fd877]::panicking::default_hook
[INFO] [stdout]    5:     0x5a1e78e6e500 - test[aada8e7e76ba119b]::test_main_inner::{closure#0}
[INFO] [stdout]    6:     0x5a1e78f86942 - std[617be2ca0a6fd877]::panicking::panic_with_hook
[INFO] [stdout]    7:     0x5a1e78f693e2 - std[617be2ca0a6fd877]::panicking::panic_handler::{closure#0}
[INFO] [stdout]    8:     0x5a1e78f618f9 - std[617be2ca0a6fd877]::sys::backtrace::__rust_end_short_backtrace::<std[617be2ca0a6fd877]::panicking::panic_handler::{closure#0}, !>
[INFO] [stdout]    9:     0x5a1e78f6a2ed - __rustc[ea4f61d10b84890b]::rust_begin_unwind
[INFO] [stdout]   10:     0x5a1e78fa683c - core[a373ad73a504971]::panicking::panic_fmt
[INFO] [stdout]   11:     0x5a1e78fa6612 - core[a373ad73a504971]::result::unwrap_failed
[INFO] [stdout]   12:     0x5a1e78e0c017 - zksync_db_connection[662b6e3c7198bda7]::connection_pool::tests::setting_statement_timeout::{closure#0}
[INFO] [stdout]   13:     0x5a1e78e54056 - <tokio[24eefe03701af54d]::runtime::scheduler::current_thread::CurrentThread>::block_on::<core[a373ad73a504971]::pin::Pin<&mut dyn core[a373ad73a504971]::future::future::Future<Output = ()>>>
[INFO] [stdout]   14:     0x5a1e78e2b292 - <tokio[24eefe03701af54d]::runtime::runtime::Runtime>::block_on::<core[a373ad73a504971]::pin::Pin<&mut dyn core[a373ad73a504971]::future::future::Future<Output = ()>>>
[INFO] [stdout]   15:     0x5a1e78e119ae - <zksync_db_connection[662b6e3c7198bda7]::connection_pool::tests::setting_statement_timeout::{closure#0} as core[a373ad73a504971]::ops::function::FnOnce<()>>::call_once
[INFO] [stdout]   16:     0x5a1e78e6194b - test[aada8e7e76ba119b]::__rust_begin_short_backtrace::<core[a373ad73a504971]::result::Result<(), alloc[2e1b2a31b91974c5]::string::String>, fn() -> core[a373ad73a504971]::result::Result<(), alloc[2e1b2a31b91974c5]::string::String>>
[INFO] [stdout]   17:     0x5a1e78e6eb25 - test[aada8e7e76ba119b]::run_test::{closure#0}
[INFO] [stdout]   18:     0x5a1e78e68414 - std[617be2ca0a6fd877]::sys::backtrace::__rust_begin_short_backtrace::<test[aada8e7e76ba119b]::run_test::{closure#1}, ()>
[INFO] [stdout]   19:     0x5a1e78e71bb2 - <std[617be2ca0a6fd877]::thread::lifecycle::spawn_unchecked<test[aada8e7e76ba119b]::run_test::{closure#1}, ()>::{closure#1} as core[a373ad73a504971]::ops::function::FnOnce<()>>::call_once::{shim:vtable#0}
[INFO] [stdout]   20:     0x5a1e78f8dbef - <std[617be2ca0a6fd877]::sys::thread::unix::Thread>::new::thread_start
[INFO] [stdout]   21:     0x7fe919b0bdfa - <unknown>
[INFO] [stdout]   22:     0x7fe919b9f3d4 - clone
[INFO] [stdout]   23:                0x0 - <unknown>
[INFO] [stdout] 
[INFO] [stdout] ---- connection::tests::creating_readonly_transaction::case_1 stdout ----
[INFO] [stdout] Testing case #1: level = Some(ReadCommitted)
[INFO] [stdout] 
[INFO] [stdout] thread 'connection::tests::creating_readonly_transaction::case_1' (3319) panicked at src/connection_pool.rs:320:14:
[INFO] [stdout] failed creating test template: TEST_DATABASE_URL must be set. Normally, this is done by the 'zk' tool. Make sure that you are running the tests with 'zk test rust' command or equivalent.
[INFO] [stdout] 
[INFO] [stdout] Caused by:
[INFO] [stdout]     environment variable not found
[INFO] [stdout] 
[INFO] [stdout] Stack backtrace:
[INFO] [stdout]    0: <zksync_db_connection::connection_pool::TestTemplate>::empty
[INFO] [stdout]    1: <zksync_db_connection::connection_pool::ConnectionPool<zksync_db_connection::utils::InternalMarker>>::constrained_test_pool::{closure#0}
[INFO] [stdout]    2: zksync_db_connection::connection::tests::creating_readonly_transaction::{closure#0}
[INFO] [stdout]    3: zksync_db_connection::connection::tests::creating_readonly_transaction::case_1::{closure#0}
[INFO] [stdout]    4: <tokio::runtime::scheduler::current_thread::CurrentThread>::block_on::<core::pin::Pin<&mut dyn core::future::future::Future<Output = ()>>>
[INFO] [stdout]    5: <tokio::runtime::runtime::Runtime>::block_on::<core::pin::Pin<&mut dyn core::future::future::Future<Output = ()>>>
[INFO] [stdout]    6: <zksync_db_connection::connection::tests::creating_readonly_transaction::case_1::{closure#0} as core::ops::function::FnOnce<()>>::call_once
[INFO] [stdout]    7: test::__rust_begin_short_backtrace::<core::result::Result<(), alloc::string::String>, fn() -> core::result::Result<(), alloc::string::String>>
[INFO] [stdout]    8: test::run_test::{closure#0}
[INFO] [stdout]    9: std::sys::backtrace::__rust_begin_short_backtrace::<test::run_test::{closure#1}, ()>
[INFO] [stdout]   10: <std::thread::lifecycle::spawn_unchecked<test::run_test::{closure#1}, ()>::{closure#1} as core::ops::function::FnOnce<()>>::call_once::{shim:vtable#0}
[INFO] [stdout]   11: <std::sys::thread::unix::Thread>::new::thread_start
[INFO] [stdout]   12: <unknown>
[INFO] [stdout]   13: clone
[INFO] [stdout] stack backtrace:
[INFO] [stdout]    0:     0x5a1e78f8ea51 - <<std[617be2ca0a6fd877]::sys::backtrace::BacktraceLock>::print::DisplayBacktrace as core[a373ad73a504971]::fmt::Display>::fmt
[INFO] [stdout]    1:     0x5a1e78fa60da - core[a373ad73a504971]::fmt::write
[INFO] [stdout]    2:     0x5a1e78f937bc - <alloc[2e1b2a31b91974c5]::vec::Vec<u8> as core[a373ad73a504971]::io::write::Write>::write_fmt
[INFO] [stdout]    3:     0x5a1e78f69336 - std[617be2ca0a6fd877]::panicking::default_hook::{closure#0}
[INFO] [stdout]    4:     0x5a1e78f86619 - std[617be2ca0a6fd877]::panicking::default_hook
[INFO] [stdout]    5:     0x5a1e78e6e500 - test[aada8e7e76ba119b]::test_main_inner::{closure#0}
[INFO] [stdout]    6:     0x5a1e78f86942 - std[617be2ca0a6fd877]::panicking::panic_with_hook
[INFO] [stdout]    7:     0x5a1e78f693e2 - std[617be2ca0a6fd877]::panicking::panic_handler::{closure#0}
[INFO] [stdout]    8:     0x5a1e78f618f9 - std[617be2ca0a6fd877]::sys::backtrace::__rust_end_short_backtrace::<std[617be2ca0a6fd877]::panicking::panic_handler::{closure#0}, !>
[INFO] [stdout]    9:     0x5a1e78f6a2ed - __rustc[ea4f61d10b84890b]::rust_begin_unwind
[INFO] [stdout]   10:     0x5a1e78fa683c - core[a373ad73a504971]::panicking::panic_fmt
[INFO] [stdout]   11:     0x5a1e78fa6612 - core[a373ad73a504971]::result::unwrap_failed
[INFO] [stdout]   12:     0x5a1e78ddd21f - <zksync_db_connection[662b6e3c7198bda7]::connection_pool::ConnectionPool<zksync_db_connection[662b6e3c7198bda7]::utils::InternalMarker>>::constrained_test_pool::{closure#0}
[INFO] [stdout]   13:     0x5a1e78de095b - zksync_db_connection[662b6e3c7198bda7]::connection::tests::creating_readonly_transaction::{closure#0}
[INFO] [stdout]   14:     0x5a1e78de5195 - zksync_db_connection[662b6e3c7198bda7]::connection::tests::creating_readonly_transaction::case_1::{closure#0}
[INFO] [stdout]   15:     0x5a1e78e54056 - <tokio[24eefe03701af54d]::runtime::scheduler::current_thread::CurrentThread>::block_on::<core[a373ad73a504971]::pin::Pin<&mut dyn core[a373ad73a504971]::future::future::Future<Output = ()>>>
[INFO] [stdout]   16:     0x5a1e78e2b292 - <tokio[24eefe03701af54d]::runtime::runtime::Runtime>::block_on::<core[a373ad73a504971]::pin::Pin<&mut dyn core[a373ad73a504971]::future::future::Future<Output = ()>>>
[INFO] [stdout]   17:     0x5a1e78de5a7e - <zksync_db_connection[662b6e3c7198bda7]::connection::tests::creating_readonly_transaction::case_1::{closure#0} as core[a373ad73a504971]::ops::function::FnOnce<()>>::call_once
[INFO] [stdout]   18:     0x5a1e78e6194b - test[aada8e7e76ba119b]::__rust_begin_short_backtrace::<core[a373ad73a504971]::result::Result<(), alloc[2e1b2a31b91974c5]::string::String>, fn() -> core[a373ad73a504971]::result::Result<(), alloc[2e1b2a31b91974c5]::string::String>>
[INFO] [stdout]   19:     0x5a1e78e6eb25 - test[aada8e7e76ba119b]::run_test::{closure#0}
[INFO] [stdout]   20:     0x5a1e78e68414 - std[617be2ca0a6fd877]::sys::backtrace::__rust_begin_short_backtrace::<test[aada8e7e76ba119b]::run_test::{closure#1}, ()>
[INFO] [stdout]   21:     0x5a1e78e71bb2 - <std[617be2ca0a6fd877]::thread::lifecycle::spawn_unchecked<test[aada8e7e76ba119b]::run_test::{closure#1}, ()>::{closure#1} as core[a373ad73a504971]::ops::function::FnOnce<()>>::call_once::{shim:vtable#0}
[INFO] [stdout]   22:     0x5a1e78f8dbef - <std[617be2ca0a6fd877]::sys::thread::unix::Thread>::new::thread_start
[INFO] [stdout]   23:     0x7fe919b0bdfa - <unknown>
[INFO] [stdout]   24:     0x7fe919b9f3d4 - clone
[INFO] [stdout]   25:                0x0 - <unknown>
[INFO] [stdout] 
[INFO] [stdout] ---- connection::tests::setting_isolation_level_for_transaction::case_2 stdout ----
[INFO] [stdout] Testing case #2: level = Some(RepeatableRead)
[INFO] [stdout] 
[INFO] [stdout] thread 'connection::tests::setting_isolation_level_for_transaction::case_2' (3325) panicked at src/connection_pool.rs:320:14:
[INFO] [stdout] failed creating test template: TEST_DATABASE_URL must be set. Normally, this is done by the 'zk' tool. Make sure that you are running the tests with 'zk test rust' command or equivalent.
[INFO] [stdout] 
[INFO] [stdout] Caused by:
[INFO] [stdout]     environment variable not found
[INFO] [stdout] 
[INFO] [stdout] Stack backtrace:
[INFO] [stdout]    0: <zksync_db_connection::connection_pool::TestTemplate>::empty
[INFO] [stdout]    1: <zksync_db_connection::connection_pool::ConnectionPool<zksync_db_connection::utils::InternalMarker>>::constrained_test_pool::{closure#0}
[INFO] [stdout]    2: zksync_db_connection::connection::tests::setting_isolation_level_for_transaction::{closure#0}
[INFO] [stdout]    3: zksync_db_connection::connection::tests::setting_isolation_level_for_transaction::case_2::{closure#0}
[INFO] [stdout]    4: <tokio::runtime::scheduler::current_thread::CurrentThread>::block_on::<core::pin::Pin<&mut dyn core::future::future::Future<Output = ()>>>
[INFO] [stdout]    5: <tokio::runtime::runtime::Runtime>::block_on::<core::pin::Pin<&mut dyn core::future::future::Future<Output = ()>>>
[INFO] [stdout]    6: <zksync_db_connection::connection::tests::setting_isolation_level_for_transaction::case_2::{closure#0} as core::ops::function::FnOnce<()>>::call_once
[INFO] [stdout]    7: test::__rust_begin_short_backtrace::<core::result::Result<(), alloc::string::String>, fn() -> core::result::Result<(), alloc::string::String>>
[INFO] [stdout]    8: test::run_test::{closure#0}
[INFO] [stdout]    9: std::sys::backtrace::__rust_begin_short_backtrace::<test::run_test::{closure#1}, ()>
[INFO] [stdout]   10: <std::thread::lifecycle::spawn_unchecked<test::run_test::{closure#1}, ()>::{closure#1} as core::ops::function::FnOnce<()>>::call_once::{shim:vtable#0}
[INFO] [stdout]   11: <std::sys::thread::unix::Thread>::new::thread_start
[INFO] [stdout]   12: <unknown>
[INFO] [stdout]   13: clone
[INFO] [stdout] stack backtrace:
[INFO] [stdout]    0:     0x5a1e78f8ea51 - <<std[617be2ca0a6fd877]::sys::backtrace::BacktraceLock>::print::DisplayBacktrace as core[a373ad73a504971]::fmt::Display>::fmt
[INFO] [stdout]    1:     0x5a1e78fa60da - core[a373ad73a504971]::fmt::write
[INFO] [stdout]    2:     0x5a1e78f937bc - <alloc[2e1b2a31b91974c5]::vec::Vec<u8> as core[a373ad73a504971]::io::write::Write>::write_fmt
[INFO] [stdout]    3:     0x5a1e78f69336 - std[617be2ca0a6fd877]::panicking::default_hook::{closure#0}
[INFO] [stdout]    4:     0x5a1e78f86619 - std[617be2ca0a6fd877]::panicking::default_hook
[INFO] [stdout]    5:     0x5a1e78e6e500 - test[aada8e7e76ba119b]::test_main_inner::{closure#0}
[INFO] [stdout]    6:     0x5a1e78f86942 - std[617be2ca0a6fd877]::panicking::panic_with_hook
[INFO] [stdout]    7:     0x5a1e78f693e2 - std[617be2ca0a6fd877]::panicking::panic_handler::{closure#0}
[INFO] [stdout]    8:     0x5a1e78f618f9 - std[617be2ca0a6fd877]::sys::backtrace::__rust_end_short_backtrace::<std[617be2ca0a6fd877]::panicking::panic_handler::{closure#0}, !>
[INFO] [stdout]    9:     0x5a1e78f6a2ed - __rustc[ea4f61d10b84890b]::rust_begin_unwind
[INFO] [stdout]   10:     0x5a1e78fa683c - core[a373ad73a504971]::panicking::panic_fmt
[INFO] [stdout]   11:     0x5a1e78fa6612 - core[a373ad73a504971]::result::unwrap_failed
[INFO] [stdout]   12:     0x5a1e78deef5f - <zksync_db_connection[662b6e3c7198bda7]::connection_pool::ConnectionPool<zksync_db_connection[662b6e3c7198bda7]::utils::InternalMarker>>::constrained_test_pool::{closure#0}
[INFO] [stdout]   13:     0x5a1e78df269b - zksync_db_connection[662b6e3c7198bda7]::connection::tests::setting_isolation_level_for_transaction::{closure#0}
[INFO] [stdout]   14:     0x5a1e78df7085 - zksync_db_connection[662b6e3c7198bda7]::connection::tests::setting_isolation_level_for_transaction::case_2::{closure#0}
[INFO] [stdout]   15:     0x5a1e78e54056 - <tokio[24eefe03701af54d]::runtime::scheduler::current_thread::CurrentThread>::block_on::<core[a373ad73a504971]::pin::Pin<&mut dyn core[a373ad73a504971]::future::future::Future<Output = ()>>>
[INFO] [stdout]   16:     0x5a1e78e2b292 - <tokio[24eefe03701af54d]::runtime::runtime::Runtime>::block_on::<core[a373ad73a504971]::pin::Pin<&mut dyn core[a373ad73a504971]::future::future::Future<Output = ()>>>
[INFO] [stdout]   17:     0x5a1e78df78fe - <zksync_db_connection[662b6e3c7198bda7]::connection::tests::setting_isolation_level_for_transaction::case_2::{closure#0} as core[a373ad73a504971]::ops::function::FnOnce<()>>::call_once
[INFO] [stdout]   18:     0x5a1e78e6194b - test[aada8e7e76ba119b]::__rust_begin_short_backtrace::<core[a373ad73a504971]::result::Result<(), alloc[2e1b2a31b91974c5]::string::String>, fn() -> core[a373ad73a504971]::result::Result<(), alloc[2e1b2a31b91974c5]::string::String>>
[INFO] [stdout]   19:     0x5a1e78e6eb25 - test[aada8e7e76ba119b]::run_test::{closure#0}
[INFO] [stdout]   20:     0x5a1e78e68414 - std[617be2ca0a6fd877]::sys::backtrace::__rust_begin_short_backtrace::<test[aada8e7e76ba119b]::run_test::{closure#1}, ()>
[INFO] [stdout]   21:     0x5a1e78e71bb2 - <std[617be2ca0a6fd877]::thread::lifecycle::spawn_unchecked<test[aada8e7e76ba119b]::run_test::{closure#1}, ()>::{closure#1} as core[a373ad73a504971]::ops::function::FnOnce<()>>::call_once::{shim:vtable#0}
[INFO] [stdout]   22:     0x5a1e78f8dbef - <std[617be2ca0a6fd877]::sys::thread::unix::Thread>::new::thread_start
[INFO] [stdout]   23:     0x7fe919b0bdfa - <unknown>
[INFO] [stdout]   24:     0x7fe919b9f3d4 - clone
[INFO] [stdout]   25:                0x0 - <unknown>
[INFO] [stdout] 
[INFO] [stdout] ---- instrument::tests::instrumenting_erroneous_query stdout ----
[INFO] [stdout] 
[INFO] [stdout] thread 'instrument::tests::instrumenting_erroneous_query' (3329) panicked at src/connection_pool.rs:320:14:
[INFO] [stdout] failed creating test template: TEST_DATABASE_URL must be set. Normally, this is done by the 'zk' tool. Make sure that you are running the tests with 'zk test rust' command or equivalent.
[INFO] [stdout] 
[INFO] [stdout] Caused by:
[INFO] [stdout]     environment variable not found
[INFO] [stdout] 
[INFO] [stdout] Stack backtrace:
[INFO] [stdout]    0: <zksync_db_connection::connection_pool::TestTemplate>::empty
[INFO] [stdout]    1: <zksync_db_connection::connection_pool::ConnectionPool<zksync_db_connection::utils::InternalMarker>>::constrained_test_pool::{closure#0}
[INFO] [stdout]    2: zksync_db_connection::instrument::tests::instrumenting_erroneous_query::{closure#0}
[INFO] [stdout]    3: <tokio::runtime::scheduler::current_thread::CurrentThread>::block_on::<core::pin::Pin<&mut dyn core::future::future::Future<Output = ()>>>
[INFO] [stdout]    4: <tokio::runtime::runtime::Runtime>::block_on::<core::pin::Pin<&mut dyn core::future::future::Future<Output = ()>>>
[INFO] [stdout]    5: <zksync_db_connection::instrument::tests::instrumenting_erroneous_query::{closure#0} as core::ops::function::FnOnce<()>>::call_once
[INFO] [stdout]    6: test::__rust_begin_short_backtrace::<core::result::Result<(), alloc::string::String>, fn() -> core::result::Result<(), alloc::string::String>>
[INFO] [stdout]    7: test::run_test::{closure#0}
[INFO] [stdout]    8: std::sys::backtrace::__rust_begin_short_backtrace::<test::run_test::{closure#1}, ()>
[INFO] [stdout]    9: <std::thread::lifecycle::spawn_unchecked<test::run_test::{closure#1}, ()>::{closure#1} as core::ops::function::FnOnce<()>>::call_once::{shim:vtable#0}
[INFO] [stdout]   10: <std::sys::thread::unix::Thread>::new::thread_start
[INFO] [stdout]   11: <unknown>
[INFO] [stdout]   12: clone
[INFO] [stdout] stack backtrace:
[INFO] [stdout]    0:     0x5a1e78f8ea51 - <<std[617be2ca0a6fd877]::sys::backtrace::BacktraceLock>::print::DisplayBacktrace as core[a373ad73a504971]::fmt::Display>::fmt
[INFO] [stdout]    1:     0x5a1e78fa60da - core[a373ad73a504971]::fmt::write
[INFO] [stdout]    2:     0x5a1e78f937bc - <alloc[2e1b2a31b91974c5]::vec::Vec<u8> as core[a373ad73a504971]::io::write::Write>::write_fmt
[INFO] [stdout]    3:     0x5a1e78f69336 - std[617be2ca0a6fd877]::panicking::default_hook::{closure#0}
[INFO] [stdout]    4:     0x5a1e78f86619 - std[617be2ca0a6fd877]::panicking::default_hook
[INFO] [stdout]    5:     0x5a1e78e6e500 - test[aada8e7e76ba119b]::test_main_inner::{closure#0}
[INFO] [stdout]    6:     0x5a1e78f86942 - std[617be2ca0a6fd877]::panicking::panic_with_hook
[INFO] [stdout]    7:     0x5a1e78f693e2 - std[617be2ca0a6fd877]::panicking::panic_handler::{closure#0}
[INFO] [stdout]    8:     0x5a1e78f618f9 - std[617be2ca0a6fd877]::sys::backtrace::__rust_end_short_backtrace::<std[617be2ca0a6fd877]::panicking::panic_handler::{closure#0}, !>
[INFO] [stdout]    9:     0x5a1e78f6a2ed - __rustc[ea4f61d10b84890b]::rust_begin_unwind
[INFO] [stdout]   10:     0x5a1e78fa683c - core[a373ad73a504971]::panicking::panic_fmt
[INFO] [stdout]   11:     0x5a1e78fa6612 - core[a373ad73a504971]::result::unwrap_failed
[INFO] [stdout]   12:     0x5a1e78e1b90f - <zksync_db_connection[662b6e3c7198bda7]::connection_pool::ConnectionPool<zksync_db_connection[662b6e3c7198bda7]::utils::InternalMarker>>::constrained_test_pool::{closure#0}
[INFO] [stdout]   13:     0x5a1e78e1f84e - zksync_db_connection[662b6e3c7198bda7]::instrument::tests::instrumenting_erroneous_query::{closure#0}
[INFO] [stdout]   14:     0x5a1e78e54056 - <tokio[24eefe03701af54d]::runtime::scheduler::current_thread::CurrentThread>::block_on::<core[a373ad73a504971]::pin::Pin<&mut dyn core[a373ad73a504971]::future::future::Future<Output = ()>>>
[INFO] [stdout]   15:     0x5a1e78e2b292 - <tokio[24eefe03701af54d]::runtime::runtime::Runtime>::block_on::<core[a373ad73a504971]::pin::Pin<&mut dyn core[a373ad73a504971]::future::future::Future<Output = ()>>>
[INFO] [stdout]   16:     0x5a1e78e2049e - <zksync_db_connection[662b6e3c7198bda7]::instrument::tests::instrumenting_erroneous_query::{closure#0} as core[a373ad73a504971]::ops::function::FnOnce<()>>::call_once
[INFO] [stdout]   17:     0x5a1e78e6194b - test[aada8e7e76ba119b]::__rust_begin_short_backtrace::<core[a373ad73a504971]::result::Result<(), alloc[2e1b2a31b91974c5]::string::String>, fn() -> core[a373ad73a504971]::result::Result<(), alloc[2e1b2a31b91974c5]::string::String>>
[INFO] [stdout]   18:     0x5a1e78e6eb25 - test[aada8e7e76ba119b]::run_test::{closure#0}
[INFO] [stdout]   19:     0x5a1e78e68414 - std[617be2ca0a6fd877]::sys::backtrace::__rust_begin_short_backtrace::<test[aada8e7e76ba119b]::run_test::{closure#1}, ()>
[INFO] [stdout]   20:     0x5a1e78e71bb2 - <std[617be2ca0a6fd877]::thread::lifecycle::spawn_unchecked<test[aada8e7e76ba119b]::run_test::{closure#1}, ()>::{closure#1} as core[a373ad73a504971]::ops::function::FnOnce<()>>::call_once::{shim:vtable#0}
[INFO] [stdout]   21:     0x5a1e78f8dbef - <std[617be2ca0a6fd877]::sys::thread::unix::Thread>::new::thread_start
[INFO] [stdout]   22:     0x7fe919b0bdfa - <unknown>
[INFO] [stdout]   23:     0x7fe919b9f3d4 - clone
[INFO] [stdout]   24:                0x0 - <unknown>
[INFO] [stdout] 
[INFO] [stdout] 
[INFO] [stdout] failures:
[INFO] [stdout]     connection::tests::creating_readonly_transaction::case_0
[INFO] [stdout]     connection::tests::creating_readonly_transaction::case_1
[INFO] [stdout]     connection::tests::creating_readonly_transaction::case_2
[INFO] [stdout]     connection::tests::creating_readonly_transaction::case_3
[INFO] [stdout]     connection::tests::processor_tags_propagate_to_transactions
[INFO] [stdout]     connection::tests::setting_isolation_level_for_transaction::case_0
[INFO] [stdout]     connection::tests::setting_isolation_level_for_transaction::case_1
[INFO] [stdout]     connection::tests::setting_isolation_level_for_transaction::case_2
[INFO] [stdout]     connection::tests::setting_isolation_level_for_transaction::case_3
[INFO] [stdout]     connection::tests::tracing_connections
[INFO] [stdout]     connection_pool::tests::setting_statement_timeout
[INFO] [stdout]     instrument::tests::instrumenting_erroneous_query
[INFO] [stdout]     instrument::tests::instrumenting_slow_query
[INFO] [stdout] 
[INFO] [stdout] test result: FAILED. 0 passed; 13 failed; 0 ignored; 0 measured; 0 filtered out; finished in 0.01s
[INFO] [stdout] 
[INFO] [stderr] error: test failed, to rerun pass `--lib`
[INFO] running `Command { std: "docker" "inspect" "98692320e541d793b27ad75b5ede313a5e508bea079223eed3a62408d0663307", kill_on_drop: false }`
[INFO] running `Command { std: "docker" "rm" "-f" "98692320e541d793b27ad75b5ede313a5e508bea079223eed3a62408d0663307", kill_on_drop: false }`
[INFO] [stdout] 98692320e541d793b27ad75b5ede313a5e508bea079223eed3a62408d0663307
