[INFO] fetching crate zksync_contracts 31.0.0-non-semver-compat...
[INFO] testing zksync_contracts-31.0.0-non-semver-compat against 1.100.0-beta.1+cargoflags=--release for beta-release-1.100-2
[INFO] extracting crate zksync_contracts 31.0.0-non-semver-compat into /workspace/builds/worker-2-tc2/source
[INFO] started tweaking crates.io crate zksync_contracts 31.0.0-non-semver-compat
[INFO] finished tweaking crates.io crate zksync_contracts 31.0.0-non-semver-compat
[INFO] tweaked toml for crates.io crate zksync_contracts 31.0.0-non-semver-compat written to /workspace/builds/worker-2-tc2/source/Cargo.toml
[INFO] validating manifest of crates.io crate zksync_contracts 31.0.0-non-semver-compat on toolchain 1.100.0-beta.1
[INFO] running `Command { std: CARGO_HOME="/workspace/cargo-home" RUSTUP_HOME="/workspace/rustup-home" "/workspace/cargo-home/bin/cargo" "+1.100.0-beta.1" "metadata" "--manifest-path" "Cargo.toml" "--no-deps", kill_on_drop: false }`
[INFO] crate crates.io crate zksync_contracts 31.0.0-non-semver-compat already has a lockfile, it will not be regenerated
[INFO] running `Command { std: CARGO_HOME="/workspace/cargo-home" RUSTUP_HOME="/workspace/rustup-home" "/workspace/cargo-home/bin/cargo" "+1.100.0-beta.1" "fetch" "--manifest-path" "Cargo.toml", kill_on_drop: false }`
[INFO] running `Command { std: "docker" "create" "-v" "/var/lib/crater-agent-workspace/builds/worker-2-tc2/source:/opt/rustwide/workdir:ro,Z" "-v" "/var/lib/crater-agent-workspace/builds/worker-2-tc2/target:/opt/rustwide/target:rw,Z" "-v" "/var/lib/crater-agent-workspace/cargo-home:/opt/rustwide/cargo-home:ro,Z" "-v" "/var/lib/crater-agent-workspace/rustup-home:/opt/rustwide/rustup-home:ro,Z" "-m" "1610612736" "--network" "none" "ghcr.io/rust-lang/crates-build-env/linux@sha256:77db811e55d90add9212f6832c23229e3de5f1c1f9905e8cb07319ea15df73ac" "sleep" "infinity", kill_on_drop: false }`
[INFO] [stdout] 949819edd7d03990c5d9b9f963c7b4f0f59e93763b04f1f2316e95c526b19ac9
[INFO] running `Command { std: "docker" "start" "949819edd7d03990c5d9b9f963c7b4f0f59e93763b04f1f2316e95c526b19ac9", kill_on_drop: false }`
[INFO] running `Command { std: "docker" "inspect" "949819edd7d03990c5d9b9f963c7b4f0f59e93763b04f1f2316e95c526b19ac9", kill_on_drop: false }`
[INFO] running `Command { std: "docker" "exec" "-e" "SOURCE_DIR=/opt/rustwide/workdir" "-e" "CARGO_HOME=/opt/rustwide/cargo-home" "-e" "RUSTUP_HOME=/opt/rustwide/rustup-home" "-e" "CARGO_TARGET_DIR=/opt/rustwide/target" "-w" "/opt/rustwide/workdir" "--user" "0:0" "949819edd7d03990c5d9b9f963c7b4f0f59e93763b04f1f2316e95c526b19ac9" "/opt/rustwide/cargo-home/bin/cargo" "+1.100.0-beta.1" "metadata" "--no-deps" "--format-version=1", kill_on_drop: false }`
[INFO] running `Command { std: "docker" "inspect" "949819edd7d03990c5d9b9f963c7b4f0f59e93763b04f1f2316e95c526b19ac9", kill_on_drop: false }`
[INFO] running `Command { std: "docker" "exec" "-e" "SOURCE_DIR=/opt/rustwide/workdir" "-e" "CARGO_HOME=/opt/rustwide/cargo-home" "-e" "RUSTUP_HOME=/opt/rustwide/rustup-home" "-e" "CARGO_TARGET_DIR=/opt/rustwide/target" "-e" "CARGO_INCREMENTAL=0" "-e" "RUST_BACKTRACE=full" "-e" "RUSTFLAGS=--cap-lints=warn" "-e" "RUSTDOCFLAGS=--cap-lints=warn" "-w" "/opt/rustwide/workdir" "--user" "0:0" "949819edd7d03990c5d9b9f963c7b4f0f59e93763b04f1f2316e95c526b19ac9" "/opt/rustwide/cargo-home/bin/cargo" "+1.100.0-beta.1" "build" "--frozen" "--message-format=json" "--release", kill_on_drop: false }`
[INFO] [stderr]    Compiling stable_deref_trait v1.2.0
[INFO] [stderr]    Compiling cfg-if v1.0.1
[INFO] [stderr]    Compiling zerocopy v0.8.26
[INFO] [stderr]    Compiling typenum v1.18.0
[INFO] [stderr]    Compiling smallvec v1.15.1
[INFO] [stderr]    Compiling crunchy v0.2.4
[INFO] [stderr]    Compiling rustc-hex v2.1.0
[INFO] [stderr]    Compiling litemap v0.8.0
[INFO] [stderr]    Compiling writeable v0.6.1
[INFO] [stderr]    Compiling proc-macro2 v1.0.95
[INFO] [stderr]    Compiling syn v1.0.109
[INFO] [stderr]    Compiling bytes v1.11.1
[INFO] [stderr]    Compiling icu_normalizer_data v2.0.0
[INFO] [stderr]    Compiling memchr v2.7.5
[INFO] [stderr]    Compiling icu_properties_data v2.0.1
[INFO] [stderr]    Compiling getrandom v0.2.16
[INFO] [stderr]    Compiling lock_api v0.4.13
[INFO] [stderr]    Compiling rustversion v1.0.21
[INFO] [stderr]    Compiling parking_lot_core v0.9.11
[INFO] [stderr]    Compiling rand_core v0.6.4
[INFO] [stderr]    Compiling tiny-keccak v2.0.2
[INFO] [stderr]    Compiling serde_json v1.0.140
[INFO] [stderr]    Compiling winnow v0.7.14
[INFO] [stderr]    Compiling toml_datetime v0.6.11
[INFO] [stderr]    Compiling uint v0.9.5
[INFO] [stderr]    Compiling prometheus-client v0.23.1
[INFO] [stderr]    Compiling anyhow v1.0.98
[INFO] [stderr]    Compiling percent-encoding v2.3.1
[INFO] [stderr]    Compiling dtoa v1.0.10
[INFO] [stderr]    Compiling compile-fmt v0.1.0
[INFO] [stderr]    Compiling rlp v0.5.2
[INFO] [stderr]    Compiling form_urlencoded v1.2.1
[INFO] [stderr]    Compiling elsa v1.11.2
[INFO] [stderr]    Compiling zeroize v1.8.1
[INFO] [stderr]    Compiling tokio v1.46.0
[INFO] [stderr]    Compiling quote v1.0.40
[INFO] [stderr]    Compiling generic-array v0.14.7
[INFO] [stderr]    Compiling parking_lot v0.12.4
[INFO] [stderr]    Compiling impl-rlp v0.3.0
[INFO] [stderr]    Compiling syn v2.0.104
[INFO] [stderr]    Compiling aho-corasick v1.1.3
[INFO] [stderr]    Compiling secrecy v0.10.3
[INFO] [stderr]    Compiling const-decoder v0.4.0
[INFO] [stderr]    Compiling chrono v0.4.41
[INFO] [stderr]    Compiling block-buffer v0.10.4
[INFO] [stderr]    Compiling crypto-common v0.1.6
[INFO] [stderr]    Compiling digest v0.10.7
[INFO] [stderr]    Compiling sha3 v0.10.8
[INFO] [stderr]    Compiling sha2 v0.10.8
[INFO] [stderr]    Compiling toml_edit v0.22.27
[INFO] [stderr]    Compiling regex-automata v0.4.9
[INFO] [stderr]    Compiling ppv-lite86 v0.2.21
[INFO] [stderr]    Compiling proc-macro-crate v3.3.0
[INFO] [stderr]    Compiling rand_chacha v0.3.1
[INFO] [stderr]    Compiling rand v0.8.5
[INFO] [stderr]    Compiling fixed-hash v0.8.0
[INFO] [stderr]    Compiling darling_core v0.13.4
[INFO] [stderr]    Compiling regex v1.11.1
[INFO] [stderr]    Compiling synstructure v0.13.2
[INFO] [stderr]    Compiling darling_macro v0.13.4
[INFO] [stderr]    Compiling zerofrom-derive v0.1.6
[INFO] [stderr]    Compiling yoke-derive v0.8.0
[INFO] [stderr]    Compiling zerovec-derive v0.11.1
[INFO] [stderr]    Compiling displaydoc v0.2.5
[INFO] [stderr]    Compiling serde_derive v1.0.228
[INFO] [stderr]    Compiling darling v0.13.4
[INFO] [stderr]    Compiling prometheus-client-derive-encode v0.4.2
[INFO] [stderr]    Compiling thiserror-impl v1.0.69
[INFO] [stderr]    Compiling serde_with_macros v1.5.2
[INFO] [stderr]    Compiling thiserror-impl v2.0.12
[INFO] [stderr]    Compiling num_enum_derive v0.7.4
[INFO] [stderr]    Compiling vise-macros v0.3.2
[INFO] [stderr]    Compiling ctor v0.2.9
[INFO] [stderr]    Compiling strum_macros v0.26.4
[INFO] [stderr]    Compiling zerofrom v0.1.6
[INFO] [stderr]    Compiling num_enum v0.7.4
[INFO] [stderr]    Compiling yoke v0.8.0
[INFO] [stderr]    Compiling zerotrie v0.2.2
[INFO] [stderr]    Compiling thiserror v1.0.69
[INFO] [stderr]    Compiling vise v0.3.2
[INFO] [stderr]    Compiling zerovec v0.11.2
[INFO] [stderr]    Compiling thiserror v2.0.12
[INFO] [stderr]    Compiling strum v0.26.3
[INFO] [stderr]    Compiling tinystr v0.8.1
[INFO] [stderr]    Compiling potential_utf v0.1.2
[INFO] [stderr]    Compiling serde v1.0.228
[INFO] [stderr]    Compiling icu_collections v2.0.0
[INFO] [stderr]    Compiling icu_locale_core v2.0.0
[INFO] [stderr]    Compiling impl-serde v0.4.0
[INFO] [stderr]    Compiling serde_with v1.14.0
[INFO] [stderr]    Compiling icu_provider v2.0.0
[INFO] [stderr]    Compiling ethbloom v0.13.0
[INFO] [stderr]    Compiling primitive-types v0.12.2
[INFO] [stderr]    Compiling icu_properties v2.0.1
[INFO] [stderr]    Compiling icu_normalizer v2.0.0
[INFO] [stderr]    Compiling zksync_utils v31.0.0-non-semver-compat
[INFO] [stderr]    Compiling ethereum-types v0.14.1
[INFO] [stderr]    Compiling idna_adapter v1.2.1
[INFO] [stderr]    Compiling idna v1.0.3
[INFO] [stderr]    Compiling ethabi v18.0.0
[INFO] [stderr]    Compiling url v2.5.4
[INFO] [stderr]    Compiling zksync_basic_types v31.0.0-non-semver-compat
[INFO] [stderr]    Compiling zksync_contracts v31.0.0-non-semver-compat (/opt/rustwide/workdir)
[INFO] [stderr]     Finished `release` profile [optimized] target(s) in 53.06s
[INFO] [stderr] warning: the following packages contain code that will be rejected by a future version of Rust: const-decoder v0.4.0, ethereum-types v0.14.1, primitive-types v0.12.2
[INFO] [stderr] note: to see what the problems were, use the option `--future-incompat-report`, or run `cargo report future-incompatibilities --id 8`
[INFO] running `Command { std: "docker" "inspect" "949819edd7d03990c5d9b9f963c7b4f0f59e93763b04f1f2316e95c526b19ac9", kill_on_drop: false }`
[INFO] running `Command { std: "docker" "exec" "-e" "SOURCE_DIR=/opt/rustwide/workdir" "-e" "CARGO_HOME=/opt/rustwide/cargo-home" "-e" "RUSTUP_HOME=/opt/rustwide/rustup-home" "-e" "CARGO_TARGET_DIR=/opt/rustwide/target" "-e" "CARGO_INCREMENTAL=0" "-e" "RUST_BACKTRACE=full" "-e" "RUSTFLAGS=--cap-lints=warn" "-e" "RUSTDOCFLAGS=--cap-lints=warn" "-w" "/opt/rustwide/workdir" "--user" "0:0" "949819edd7d03990c5d9b9f963c7b4f0f59e93763b04f1f2316e95c526b19ac9" "/opt/rustwide/cargo-home/bin/cargo" "+1.100.0-beta.1" "test" "--frozen" "--no-run" "--message-format=json" "--release", kill_on_drop: false }`
[INFO] [stderr]    Compiling bincode v1.3.3
[INFO] [stderr]    Compiling zksync_contracts v31.0.0-non-semver-compat (/opt/rustwide/workdir)
[INFO] [stderr]     Finished `release` profile [optimized] target(s) in 2.68s
[INFO] [stderr] warning: the following packages contain code that will be rejected by a future version of Rust: const-decoder v0.4.0, ethereum-types v0.14.1, primitive-types v0.12.2
[INFO] [stderr] note: to see what the problems were, use the option `--future-incompat-report`, or run `cargo report future-incompatibilities --id 8`
[INFO] running `Command { std: "docker" "inspect" "949819edd7d03990c5d9b9f963c7b4f0f59e93763b04f1f2316e95c526b19ac9", kill_on_drop: false }`
[INFO] running `Command { std: "docker" "exec" "-e" "SOURCE_DIR=/opt/rustwide/workdir" "-e" "CARGO_HOME=/opt/rustwide/cargo-home" "-e" "RUSTUP_HOME=/opt/rustwide/rustup-home" "-e" "CARGO_TARGET_DIR=/opt/rustwide/target" "-e" "CARGO_INCREMENTAL=0" "-e" "RUST_BACKTRACE=full" "-e" "RUSTFLAGS=--cap-lints=warn" "-e" "RUSTDOCFLAGS=--cap-lints=warn" "-w" "/opt/rustwide/workdir" "--user" "0:0" "949819edd7d03990c5d9b9f963c7b4f0f59e93763b04f1f2316e95c526b19ac9" "/opt/rustwide/cargo-home/bin/cargo" "+1.100.0-beta.1" "test" "--frozen" "--release", kill_on_drop: false }`
[INFO] [stderr]     Finished `release` profile [optimized] target(s) in 0.14s
[INFO] [stderr] warning: the following packages contain code that will be rejected by a future version of Rust: const-decoder v0.4.0, ethereum-types v0.14.1, primitive-types v0.12.2
[INFO] [stderr] note: to see what the problems were, use the option `--future-incompat-report`, or run `cargo report future-incompatibilities --id 8`
[INFO] [stdout] 
[INFO] [stderr]      Running unittests src/lib.rs (/opt/rustwide/target/release/build/zksync_contracts/a46e37247058f70e/out/zksync_contracts-a46e37247058f70e)
[INFO] [stdout] running 4 tests
[INFO] [stdout] test serde_bytecode::tests::serializing_system_contract_code_using_bincode ... ok
[INFO] [stdout] test serde_bytecode::tests::serializing_system_contract_code ... ok
[INFO] [stdout] test tests::loading_historic_playground_contracts ... FAILED
[INFO] [stdout] test tests::loading_historic_estimation_base_contracts ... FAILED
[INFO] [stdout] 
[INFO] [stdout] failures:
[INFO] [stdout] 
[INFO] [stdout] ---- tests::loading_historic_playground_contracts stdout ----
[INFO] [stdout] Testing base contracts #0
[INFO] [stdout] 
[INFO] [stdout] thread 'tests::loading_historic_playground_contracts' (2117) panicked at src/lib.rs:486:31:
[INFO] [stdout] Can't read .zbin bytecode at "./etc/multivm_bootloaders/vm_1_3_2/playground_block.yul/playground_block.yul.zbin": No such file or directory (os error 2)
[INFO] [stdout] stack backtrace:
[INFO] [stdout]    0:     0x64312ed121f1 - <<std[617be2ca0a6fd877]::sys::backtrace::BacktraceLock>::print::DisplayBacktrace as core[a373ad73a504971]::fmt::Display>::fmt
[INFO] [stdout]    1:     0x64312ed270da - core[a373ad73a504971]::fmt::write
[INFO] [stdout]    2:     0x64312ed1692c - <alloc[2e1b2a31b91974c5]::vec::Vec<u8> as core[a373ad73a504971]::io::write::Write>::write_fmt
[INFO] [stdout]    3:     0x64312eced6b6 - std[617be2ca0a6fd877]::panicking::default_hook::{closure#0}
[INFO] [stdout]    4:     0x64312ed0a3c9 - std[617be2ca0a6fd877]::panicking::default_hook
[INFO] [stdout]    5:     0x64312ec93e10 - test[aada8e7e76ba119b]::test_main_inner::{closure#0}
[INFO] [stdout]    6:     0x64312ed0a582 - std[617be2ca0a6fd877]::panicking::panic_with_hook
[INFO] [stdout]    7:     0x64312eced762 - std[617be2ca0a6fd877]::panicking::panic_handler::{closure#0}
[INFO] [stdout]    8:     0x64312ece5d59 - std[617be2ca0a6fd877]::sys::backtrace::__rust_end_short_backtrace::<std[617be2ca0a6fd877]::panicking::panic_handler::{closure#0}, !>
[INFO] [stdout]    9:     0x64312ecee47d - __rustc[ea4f61d10b84890b]::rust_begin_unwind
[INFO] [stdout]   10:     0x64312ed2780c - core[a373ad73a504971]::panicking::panic_fmt
[INFO] [stdout]   11:     0x64312ec85f4a - zksync_contracts[1dc532819ea4dc7a]::read_zbin_bytecode_from_path::{closure#0}
[INFO] [stdout]   12:     0x64312ec85582 - zksync_contracts[1dc532819ea4dc7a]::read_zbin_bytecode::<&str>
[INFO] [stdout]   13:     0x64312ec8243e - <zksync_contracts[1dc532819ea4dc7a]::tests::loading_historic_playground_contracts::{closure#0} as core[a373ad73a504971]::ops::function::FnOnce<()>>::call_once
[INFO] [stdout]   14:     0x64312ec8725b - test[aada8e7e76ba119b]::__rust_begin_short_backtrace::<core[a373ad73a504971]::result::Result<(), alloc[2e1b2a31b91974c5]::string::String>, fn() -> core[a373ad73a504971]::result::Result<(), alloc[2e1b2a31b91974c5]::string::String>>
[INFO] [stdout]   15:     0x64312ec94435 - test[aada8e7e76ba119b]::run_test::{closure#0}
[INFO] [stdout]   16:     0x64312ec8dd24 - std[617be2ca0a6fd877]::sys::backtrace::__rust_begin_short_backtrace::<test[aada8e7e76ba119b]::run_test::{closure#1}, ()>
[INFO] [stdout]   17:     0x64312ec974c2 - <std[617be2ca0a6fd877]::thread::lifecycle::spawn_unchecked<test[aada8e7e76ba119b]::run_test::{closure#1}, ()>::{closure#1} as core[a373ad73a504971]::ops::function::FnOnce<()>>::call_once::{shim:vtable#0}
[INFO] [stdout]   18:     0x64312ed1170f - <std[617be2ca0a6fd877]::sys::thread::unix::Thread>::new::thread_start
[INFO] [stdout]   19:     0x71694d52ddfa - <unknown>
[INFO] [stdout]   20:     0x71694d5c13d4 - clone
[INFO] [stdout]   21:                0x0 - <unknown>
[INFO] [stdout] 
[INFO] [stdout] ---- tests::loading_historic_estimation_base_contracts stdout ----
[INFO] [stdout] Testing base contracts #0
[INFO] [stdout] 
[INFO] [stdout] thread 'tests::loading_historic_estimation_base_contracts' (2116) panicked at src/lib.rs:486:31:
[INFO] [stdout] Can't read .zbin bytecode at "./etc/multivm_bootloaders/vm_1_3_2/fee_estimate.yul/fee_estimate.yul.zbin": No such file or directory (os error 2)
[INFO] [stdout] stack backtrace:
[INFO] [stdout]    0:     0x64312ed121f1 - <<std[617be2ca0a6fd877]::sys::backtrace::BacktraceLock>::print::DisplayBacktrace as core[a373ad73a504971]::fmt::Display>::fmt
[INFO] [stdout]    1:     0x64312ed270da - core[a373ad73a504971]::fmt::write
[INFO] [stdout]    2:     0x64312ed1692c - <alloc[2e1b2a31b91974c5]::vec::Vec<u8> as core[a373ad73a504971]::io::write::Write>::write_fmt
[INFO] [stdout]    3:     0x64312eced6b6 - std[617be2ca0a6fd877]::panicking::default_hook::{closure#0}
[INFO] [stdout]    4:     0x64312ed0a3c9 - std[617be2ca0a6fd877]::panicking::default_hook
[INFO] [stdout]    5:     0x64312ec93e10 - test[aada8e7e76ba119b]::test_main_inner::{closure#0}
[INFO] [stdout]    6:     0x64312ed0a582 - std[617be2ca0a6fd877]::panicking::panic_with_hook
[INFO] [stdout]    7:     0x64312eced762 - std[617be2ca0a6fd877]::panicking::panic_handler::{closure#0}
[INFO] [stdout]    8:     0x64312ece5d59 - std[617be2ca0a6fd877]::sys::backtrace::__rust_end_short_backtrace::<std[617be2ca0a6fd877]::panicking::panic_handler::{closure#0}, !>
[INFO] [stdout]    9:     0x64312ecee47d - __rustc[ea4f61d10b84890b]::rust_begin_unwind
[INFO] [stdout]   10:     0x64312ed2780c - core[a373ad73a504971]::panicking::panic_fmt
[INFO] [stdout]   11:     0x64312ec85f4a - zksync_contracts[1dc532819ea4dc7a]::read_zbin_bytecode_from_path::{closure#0}
[INFO] [stdout]   12:     0x64312ec85582 - zksync_contracts[1dc532819ea4dc7a]::read_zbin_bytecode::<&str>
[INFO] [stdout]   13:     0x64312ec82f4e - <zksync_contracts[1dc532819ea4dc7a]::tests::loading_historic_estimation_base_contracts::{closure#0} as core[a373ad73a504971]::ops::function::FnOnce<()>>::call_once
[INFO] [stdout]   14:     0x64312ec8725b - test[aada8e7e76ba119b]::__rust_begin_short_backtrace::<core[a373ad73a504971]::result::Result<(), alloc[2e1b2a31b91974c5]::string::String>, fn() -> core[a373ad73a504971]::result::Result<(), alloc[2e1b2a31b91974c5]::string::String>>
[INFO] [stdout]   15:     0x64312ec94435 - test[aada8e7e76ba119b]::run_test::{closure#0}
[INFO] [stdout]   16:     0x64312ec8dd24 - std[617be2ca0a6fd877]::sys::backtrace::__rust_begin_short_backtrace::<test[aada8e7e76ba119b]::run_test::{closure#1}, ()>
[INFO] [stdout]   17:     0x64312ec974c2 - <std[617be2ca0a6fd877]::thread::lifecycle::spawn_unchecked<test[aada8e7e76ba119b]::run_test::{closure#1}, ()>::{closure#1} as core[a373ad73a504971]::ops::function::FnOnce<()>>::call_once::{shim:vtable#0}
[INFO] [stdout]   18:     0x64312ed1170f - <std[617be2ca0a6fd877]::sys::thread::unix::Thread>::new::thread_start
[INFO] [stdout]   19:     0x71694d52ddfa - <unknown>
[INFO] [stdout]   20:     0x71694d5c13d4 - clone
[INFO] [stdout]   21:                0x0 - <unknown>
[INFO] [stdout] 
[INFO] [stdout] 
[INFO] [stdout] failures:
[INFO] [stdout]     tests::loading_historic_estimation_base_contracts
[INFO] [stdout]     tests::loading_historic_playground_contracts
[INFO] [stdout] 
[INFO] [stdout] test result: FAILED. 2 passed; 2 failed; 0 ignored; 0 measured; 0 filtered out; finished in 0.02s
[INFO] [stdout] 
[INFO] [stderr] error: test failed, to rerun pass `--lib`
[INFO] running `Command { std: "docker" "inspect" "949819edd7d03990c5d9b9f963c7b4f0f59e93763b04f1f2316e95c526b19ac9", kill_on_drop: false }`
[INFO] running `Command { std: "docker" "rm" "-f" "949819edd7d03990c5d9b9f963c7b4f0f59e93763b04f1f2316e95c526b19ac9", kill_on_drop: false }`
[INFO] [stdout] 949819edd7d03990c5d9b9f963c7b4f0f59e93763b04f1f2316e95c526b19ac9
