[INFO] fetching crate zks_crypt 0.1.0...
[INFO] testing zks_crypt-0.1.0 against 1.99.0-beta.8+cargoflags=--release for beta-release-1.100-2
[INFO] extracting crate zks_crypt 0.1.0 into /workspace/builds/worker-2-tc1/source
[INFO] started tweaking crates.io crate zks_crypt 0.1.0
[INFO] finished tweaking crates.io crate zks_crypt 0.1.0
[INFO] tweaked toml for crates.io crate zks_crypt 0.1.0 written to /workspace/builds/worker-2-tc1/source/Cargo.toml
[INFO] validating manifest of crates.io crate zks_crypt 0.1.0 on toolchain 1.99.0-beta.8
[INFO] running `Command { std: CARGO_HOME="/workspace/cargo-home" RUSTUP_HOME="/workspace/rustup-home" "/workspace/cargo-home/bin/cargo" "+1.99.0-beta.8" "metadata" "--manifest-path" "Cargo.toml" "--no-deps", kill_on_drop: false }`
[INFO] crate crates.io crate zks_crypt 0.1.0 already has a lockfile, it will not be regenerated
[INFO] running `Command { std: CARGO_HOME="/workspace/cargo-home" RUSTUP_HOME="/workspace/rustup-home" "/workspace/cargo-home/bin/cargo" "+1.99.0-beta.8" "fetch" "--manifest-path" "Cargo.toml", kill_on_drop: false }`
[INFO] [stderr]     Updating crates.io index
[INFO] [stderr]  Downloading crates ...
[INFO] [stderr]   Downloaded zks_types v0.1.0
[INFO] running `Command { std: "docker" "create" "-v" "/var/lib/crater-agent-workspace/builds/worker-2-tc1/source:/opt/rustwide/workdir:ro,Z" "-v" "/var/lib/crater-agent-workspace/builds/worker-2-tc1/target:/opt/rustwide/target:rw,Z" "-v" "/var/lib/crater-agent-workspace/cargo-home:/opt/rustwide/cargo-home:ro,Z" "-v" "/var/lib/crater-agent-workspace/rustup-home:/opt/rustwide/rustup-home:ro,Z" "-m" "1610612736" "--network" "none" "ghcr.io/rust-lang/crates-build-env/linux@sha256:77db811e55d90add9212f6832c23229e3de5f1c1f9905e8cb07319ea15df73ac" "sleep" "infinity", kill_on_drop: false }`
[INFO] [stdout] f32e495fdf07530377f736ab90b1f486077a055bfeda6ee0c3d4a4d5e6d15857
[INFO] running `Command { std: "docker" "start" "f32e495fdf07530377f736ab90b1f486077a055bfeda6ee0c3d4a4d5e6d15857", kill_on_drop: false }`
[INFO] running `Command { std: "docker" "inspect" "f32e495fdf07530377f736ab90b1f486077a055bfeda6ee0c3d4a4d5e6d15857", kill_on_drop: false }`
[INFO] running `Command { std: "docker" "exec" "-e" "SOURCE_DIR=/opt/rustwide/workdir" "-e" "CARGO_HOME=/opt/rustwide/cargo-home" "-e" "RUSTUP_HOME=/opt/rustwide/rustup-home" "-e" "CARGO_TARGET_DIR=/opt/rustwide/target" "-w" "/opt/rustwide/workdir" "--user" "0:0" "f32e495fdf07530377f736ab90b1f486077a055bfeda6ee0c3d4a4d5e6d15857" "/opt/rustwide/cargo-home/bin/cargo" "+1.99.0-beta.8" "metadata" "--no-deps" "--format-version=1", kill_on_drop: false }`
[INFO] running `Command { std: "docker" "inspect" "f32e495fdf07530377f736ab90b1f486077a055bfeda6ee0c3d4a4d5e6d15857", kill_on_drop: false }`
[INFO] running `Command { std: "docker" "exec" "-e" "SOURCE_DIR=/opt/rustwide/workdir" "-e" "CARGO_HOME=/opt/rustwide/cargo-home" "-e" "RUSTUP_HOME=/opt/rustwide/rustup-home" "-e" "CARGO_TARGET_DIR=/opt/rustwide/target" "-e" "CARGO_INCREMENTAL=0" "-e" "RUST_BACKTRACE=full" "-e" "RUSTFLAGS=--cap-lints=warn" "-e" "RUSTDOCFLAGS=--cap-lints=warn" "-w" "/opt/rustwide/workdir" "--user" "0:0" "f32e495fdf07530377f736ab90b1f486077a055bfeda6ee0c3d4a4d5e6d15857" "/opt/rustwide/cargo-home/bin/cargo" "+1.99.0-beta.8" "build" "--frozen" "--message-format=json" "--release", kill_on_drop: false }`
[INFO] [stderr]    Compiling find-msvc-tools v0.1.6
[INFO] [stderr]    Compiling http v0.2.12
[INFO] [stderr]    Compiling syn v2.0.112
[INFO] [stderr]    Compiling getrandom v0.2.16
[INFO] [stderr]    Compiling socket2 v0.6.1
[INFO] [stderr]    Compiling mio v1.1.1
[INFO] [stderr]    Compiling futures-task v0.3.31
[INFO] [stderr]    Compiling inout v0.1.4
[INFO] [stderr]    Compiling socket2 v0.5.10
[INFO] [stderr]    Compiling ryu v1.0.22
[INFO] [stderr]    Compiling serde_json v1.0.148
[INFO] [stderr]    Compiling futures-util v0.3.31
[INFO] [stderr]    Compiling rand_core v0.6.4
[INFO] [stderr]    Compiling cc v1.2.51
[INFO] [stderr]    Compiling crypto-common v0.1.7
[INFO] [stderr]    Compiling digest v0.10.7
[INFO] [stderr]    Compiling universal-hash v0.5.1
[INFO] [stderr]    Compiling aead v0.5.2
[INFO] [stderr]    Compiling poly1305 v0.8.0
[INFO] [stderr]    Compiling hmac v0.12.1
[INFO] [stderr]    Compiling sha2 v0.10.9
[INFO] [stderr]    Compiling hkdf v0.12.4
[INFO] [stderr]    Compiling http-body v0.4.6
[INFO] [stderr]    Compiling openssl-sys v0.9.111
[INFO] [stderr]    Compiling ring v0.17.14
[INFO] [stderr]    Compiling openssl v0.10.75
[INFO] [stderr]    Compiling native-tls v0.2.14
[INFO] [stderr]    Compiling synstructure v0.13.2
[INFO] [stderr]    Compiling zerofrom-derive v0.1.6
[INFO] [stderr]    Compiling yoke-derive v0.8.1
[INFO] [stderr]    Compiling zerovec-derive v0.11.2
[INFO] [stderr]    Compiling displaydoc v0.2.5
[INFO] [stderr]    Compiling tokio-macros v2.6.0
[INFO] [stderr]    Compiling zeroize_derive v1.4.3
[INFO] [stderr]    Compiling openssl-macros v0.1.1
[INFO] [stderr]    Compiling tracing-attributes v0.1.31
[INFO] [stderr]    Compiling serde_derive v1.0.228
[INFO] [stderr]    Compiling zeroize v1.8.2
[INFO] [stderr]    Compiling tokio v1.48.0
[INFO] [stderr]    Compiling cipher v0.4.4
[INFO] [stderr]    Compiling zks_types v0.1.0
[INFO] [stderr]    Compiling chacha20 v0.9.1
[INFO] [stderr]    Compiling zerofrom v0.1.6
[INFO] [stderr]    Compiling chacha20poly1305 v0.10.1
[INFO] [stderr]    Compiling tracing v0.1.44
[INFO] [stderr]    Compiling yoke v0.8.1
[INFO] [stderr]    Compiling zerovec v0.11.5
[INFO] [stderr]    Compiling zerotrie v0.2.3
[INFO] [stderr]    Compiling tinystr v0.8.2
[INFO] [stderr]    Compiling potential_utf v0.1.4
[INFO] [stderr]    Compiling icu_collections v2.1.1
[INFO] [stderr]    Compiling icu_locale_core v2.1.1
[INFO] [stderr]    Compiling serde v1.0.228
[INFO] [stderr]    Compiling icu_provider v2.1.1
[INFO] [stderr]    Compiling icu_normalizer v2.1.1
[INFO] [stderr]    Compiling icu_properties v2.1.2
[INFO] [stderr]    Compiling serde_urlencoded v0.7.1
[INFO] [stderr]    Compiling idna_adapter v1.2.1
[INFO] [stderr]    Compiling idna v1.1.0
[INFO] [stderr]    Compiling url v2.5.7
[INFO] [stderr]    Compiling tokio-util v0.7.17
[INFO] [stderr]    Compiling tokio-native-tls v0.3.1
[INFO] [stderr]    Compiling h2 v0.3.27
[INFO] [stderr]    Compiling hyper v0.14.32
[INFO] [stderr]    Compiling hyper-tls v0.5.0
[INFO] [stderr]    Compiling reqwest v0.11.27
[INFO] [stderr]    Compiling zks_crypt v0.1.0 (/opt/rustwide/workdir)
[INFO] [stdout] warning: constant `MIN_ENTROPY_QUALITY` is never used
[INFO] [stdout]   --> src/true_vernam.rs:45:7
[INFO] [stdout]    |
[INFO] [stdout] 45 | const MIN_ENTROPY_QUALITY: f64 = 0.95;
[INFO] [stdout]    |       ^^^^^^^^^^^^^^^^^^^
[INFO] [stdout]    |
[INFO] [stdout]    = note: `#[warn(dead_code)]` (part of `#[warn(unused)]`) on by default
[INFO] [stdout] 
[INFO] [stdout] 
[INFO] [stdout] warning: missing documentation for a struct field
[INFO] [stdout]    --> src/recursive_chain.rs:195:5
[INFO] [stdout]     |
[INFO] [stdout] 195 |     pub chain: [u8; 32],
[INFO] [stdout]     |     ^^^^^^^^^^^^^^^^^^^
[INFO] [stdout]     |
[INFO] [stdout] note: the lint level is defined here
[INFO] [stdout]    --> src/lib.rs:8:9
[INFO] [stdout]     |
[INFO] [stdout]   8 | #![warn(missing_docs)]
[INFO] [stdout]     |         ^^^^^^^^^^^^
[INFO] [stdout] 
[INFO] [stdout] 
[INFO] [stdout] warning: missing documentation for a struct field
[INFO] [stdout]    --> src/recursive_chain.rs:196:5
[INFO] [stdout]     |
[INFO] [stdout] 196 |     pub alice_key: [u8; 32],
[INFO] [stdout]     |     ^^^^^^^^^^^^^^^^^^^^^^^
[INFO] [stdout] 
[INFO] [stdout] 
[INFO] [stdout] warning: missing documentation for a struct field
[INFO] [stdout]    --> src/recursive_chain.rs:197:5
[INFO] [stdout]     |
[INFO] [stdout] 197 |     pub bob_key: [u8; 32],
[INFO] [stdout]     |     ^^^^^^^^^^^^^^^^^^^^^
[INFO] [stdout] 
[INFO] [stdout] 
[INFO] [stdout] warning: missing documentation for a struct field
[INFO] [stdout]    --> src/recursive_chain.rs:198:5
[INFO] [stdout]     |
[INFO] [stdout] 198 |     pub generation: u64,
[INFO] [stdout]     |     ^^^^^^^^^^^^^^^^^^^
[INFO] [stdout] 
[INFO] [stdout] 
[INFO] [stdout] warning: missing documentation for a struct field
[INFO] [stdout]    --> src/recursive_chain.rs:199:5
[INFO] [stdout]     |
[INFO] [stdout] 199 |     pub is_alice: bool,
[INFO] [stdout]     |     ^^^^^^^^^^^^^^^^^^
[INFO] [stdout] 
[INFO] [stdout] 
[INFO] [stdout] warning: missing documentation for an associated function
[INFO] [stdout]    --> src/true_vernam.rs:288:5
[INFO] [stdout]     |
[INFO] [stdout] 288 |     pub fn new(vernam_url: String, buffer: Arc<Mutex<TrueVernamBuffer>>) -> Self {
[INFO] [stdout]     |     ^^^^^^^^^^^^^^^^^^^^^^^^^^^^^^^^^^^^^^^^^^^^^^^^^^^^^^^^^^^^^^^^^^^^^^^^^^^^
[INFO] [stdout] 
[INFO] [stdout] 
[INFO] [stdout] warning: missing documentation for a struct field
[INFO] [stdout]    --> src/true_vernam.rs:460:27
[INFO] [stdout]     |
[INFO] [stdout] 460 |     InsufficientEntropy { requested: usize, available: usize },
[INFO] [stdout]     |                           ^^^^^^^^^^^^^^^^
[INFO] [stdout] 
[INFO] [stdout] 
[INFO] [stdout] warning: missing documentation for a struct field
[INFO] [stdout]    --> src/true_vernam.rs:460:45
[INFO] [stdout]     |
[INFO] [stdout] 460 |     InsufficientEntropy { requested: usize, available: usize },
[INFO] [stdout]     |                                             ^^^^^^^^^^^^^^^^
[INFO] [stdout] 
[INFO] [stdout] 
[INFO] [stdout] warning: missing documentation for a struct field
[INFO] [stdout]    --> src/true_vernam.rs:462:25
[INFO] [stdout]     |
[INFO] [stdout] 462 |     InvalidBufferSize { size: usize },
[INFO] [stdout]     |                         ^^^^^^^^^^^
[INFO] [stdout] 
[INFO] [stdout] 
[INFO] [stderr]     Finished `release` profile [optimized] target(s) in 1m 09s
[INFO] running `Command { std: "docker" "inspect" "f32e495fdf07530377f736ab90b1f486077a055bfeda6ee0c3d4a4d5e6d15857", kill_on_drop: false }`
[INFO] running `Command { std: "docker" "exec" "-e" "SOURCE_DIR=/opt/rustwide/workdir" "-e" "CARGO_HOME=/opt/rustwide/cargo-home" "-e" "RUSTUP_HOME=/opt/rustwide/rustup-home" "-e" "CARGO_TARGET_DIR=/opt/rustwide/target" "-e" "CARGO_INCREMENTAL=0" "-e" "RUST_BACKTRACE=full" "-e" "RUSTFLAGS=--cap-lints=warn" "-e" "RUSTDOCFLAGS=--cap-lints=warn" "-w" "/opt/rustwide/workdir" "--user" "0:0" "f32e495fdf07530377f736ab90b1f486077a055bfeda6ee0c3d4a4d5e6d15857" "/opt/rustwide/cargo-home/bin/cargo" "+1.99.0-beta.8" "test" "--frozen" "--no-run" "--message-format=json" "--release", kill_on_drop: false }`
[INFO] [stderr]    Compiling tokio v1.48.0
[INFO] [stderr]    Compiling async-stream-impl v0.3.6
[INFO] [stderr]    Compiling async-stream v0.3.6
[INFO] [stderr]    Compiling tokio-util v0.7.17
[INFO] [stderr]    Compiling tokio-native-tls v0.3.1
[INFO] [stderr]    Compiling tokio-stream v0.1.17
[INFO] [stderr]    Compiling tokio-test v0.4.4
[INFO] [stderr]    Compiling h2 v0.3.27
[INFO] [stderr]    Compiling hyper v0.14.32
[INFO] [stderr]    Compiling hyper-tls v0.5.0
[INFO] [stderr]    Compiling reqwest v0.11.27
[INFO] [stderr]    Compiling zks_crypt v0.1.0 (/opt/rustwide/workdir)
[INFO] [stdout] warning: constant `MIN_ENTROPY_QUALITY` is never used
[INFO] [stdout]   --> src/true_vernam.rs:45:7
[INFO] [stdout]    |
[INFO] [stdout] 45 | const MIN_ENTROPY_QUALITY: f64 = 0.95;
[INFO] [stdout]    |       ^^^^^^^^^^^^^^^^^^^
[INFO] [stdout]    |
[INFO] [stdout]    = note: `#[warn(dead_code)]` (part of `#[warn(unused)]`) on by default
[INFO] [stdout] 
[INFO] [stdout] 
[INFO] [stdout] warning: missing documentation for a struct field
[INFO] [stdout]    --> src/recursive_chain.rs:195:5
[INFO] [stdout]     |
[INFO] [stdout] 195 |     pub chain: [u8; 32],
[INFO] [stdout]     |     ^^^^^^^^^^^^^^^^^^^
[INFO] [stdout]     |
[INFO] [stdout] note: the lint level is defined here
[INFO] [stdout]    --> src/lib.rs:8:9
[INFO] [stdout]     |
[INFO] [stdout]   8 | #![warn(missing_docs)]
[INFO] [stdout]     |         ^^^^^^^^^^^^
[INFO] [stdout] 
[INFO] [stdout] 
[INFO] [stdout] warning: missing documentation for a struct field
[INFO] [stdout]    --> src/recursive_chain.rs:196:5
[INFO] [stdout]     |
[INFO] [stdout] 196 |     pub alice_key: [u8; 32],
[INFO] [stdout]     |     ^^^^^^^^^^^^^^^^^^^^^^^
[INFO] [stdout] 
[INFO] [stdout] 
[INFO] [stdout] warning: missing documentation for a struct field
[INFO] [stdout]    --> src/recursive_chain.rs:197:5
[INFO] [stdout]     |
[INFO] [stdout] 197 |     pub bob_key: [u8; 32],
[INFO] [stdout]     |     ^^^^^^^^^^^^^^^^^^^^^
[INFO] [stdout] 
[INFO] [stdout] 
[INFO] [stdout] warning: missing documentation for a struct field
[INFO] [stdout]    --> src/recursive_chain.rs:198:5
[INFO] [stdout]     |
[INFO] [stdout] 198 |     pub generation: u64,
[INFO] [stdout]     |     ^^^^^^^^^^^^^^^^^^^
[INFO] [stdout] 
[INFO] [stdout] 
[INFO] [stdout] warning: missing documentation for a struct field
[INFO] [stdout]    --> src/recursive_chain.rs:199:5
[INFO] [stdout]     |
[INFO] [stdout] 199 |     pub is_alice: bool,
[INFO] [stdout]     |     ^^^^^^^^^^^^^^^^^^
[INFO] [stdout] 
[INFO] [stdout] 
[INFO] [stdout] warning: missing documentation for an associated function
[INFO] [stdout]    --> src/true_vernam.rs:288:5
[INFO] [stdout]     |
[INFO] [stdout] 288 |     pub fn new(vernam_url: String, buffer: Arc<Mutex<TrueVernamBuffer>>) -> Self {
[INFO] [stdout]     |     ^^^^^^^^^^^^^^^^^^^^^^^^^^^^^^^^^^^^^^^^^^^^^^^^^^^^^^^^^^^^^^^^^^^^^^^^^^^^
[INFO] [stdout] 
[INFO] [stdout] 
[INFO] [stdout] warning: missing documentation for a struct field
[INFO] [stdout]    --> src/true_vernam.rs:460:27
[INFO] [stdout]     |
[INFO] [stdout] 460 |     InsufficientEntropy { requested: usize, available: usize },
[INFO] [stdout]     |                           ^^^^^^^^^^^^^^^^
[INFO] [stdout] 
[INFO] [stdout] 
[INFO] [stdout] warning: missing documentation for a struct field
[INFO] [stdout]    --> src/true_vernam.rs:460:45
[INFO] [stdout]     |
[INFO] [stdout] 460 |     InsufficientEntropy { requested: usize, available: usize },
[INFO] [stdout]     |                                             ^^^^^^^^^^^^^^^^
[INFO] [stdout] 
[INFO] [stdout] 
[INFO] [stdout] warning: missing documentation for a struct field
[INFO] [stdout]    --> src/true_vernam.rs:462:25
[INFO] [stdout]     |
[INFO] [stdout] 462 |     InvalidBufferSize { size: usize },
[INFO] [stdout]     |                         ^^^^^^^^^^^
[INFO] [stdout] 
[INFO] [stdout] 
[INFO] [stdout] warning: constant `MIN_ENTROPY_QUALITY` is never used
[INFO] [stdout]   --> src/true_vernam.rs:45:7
[INFO] [stdout]    |
[INFO] [stdout] 45 | const MIN_ENTROPY_QUALITY: f64 = 0.95;
[INFO] [stdout]    |       ^^^^^^^^^^^^^^^^^^^
[INFO] [stdout]    |
[INFO] [stdout]    = note: `#[warn(dead_code)]` (part of `#[warn(unused)]`) on by default
[INFO] [stdout] 
[INFO] [stdout] 
[INFO] [stdout] warning: missing documentation for a struct field
[INFO] [stdout]    --> src/recursive_chain.rs:195:5
[INFO] [stdout]     |
[INFO] [stdout] 195 |     pub chain: [u8; 32],
[INFO] [stdout]     |     ^^^^^^^^^^^^^^^^^^^
[INFO] [stdout]     |
[INFO] [stdout] note: the lint level is defined here
[INFO] [stdout]    --> src/lib.rs:8:9
[INFO] [stdout]     |
[INFO] [stdout]   8 | #![warn(missing_docs)]
[INFO] [stdout]     |         ^^^^^^^^^^^^
[INFO] [stdout] 
[INFO] [stdout] 
[INFO] [stdout] warning: missing documentation for a struct field
[INFO] [stdout]    --> src/recursive_chain.rs:196:5
[INFO] [stdout]     |
[INFO] [stdout] 196 |     pub alice_key: [u8; 32],
[INFO] [stdout]     |     ^^^^^^^^^^^^^^^^^^^^^^^
[INFO] [stdout] 
[INFO] [stdout] 
[INFO] [stdout] warning: missing documentation for a struct field
[INFO] [stdout]    --> src/recursive_chain.rs:197:5
[INFO] [stdout]     |
[INFO] [stdout] 197 |     pub bob_key: [u8; 32],
[INFO] [stdout]     |     ^^^^^^^^^^^^^^^^^^^^^
[INFO] [stdout] 
[INFO] [stdout] 
[INFO] [stdout] warning: missing documentation for a struct field
[INFO] [stdout]    --> src/recursive_chain.rs:198:5
[INFO] [stdout]     |
[INFO] [stdout] 198 |     pub generation: u64,
[INFO] [stdout]     |     ^^^^^^^^^^^^^^^^^^^
[INFO] [stdout] 
[INFO] [stdout] 
[INFO] [stdout] warning: missing documentation for a struct field
[INFO] [stdout]    --> src/recursive_chain.rs:199:5
[INFO] [stdout]     |
[INFO] [stdout] 199 |     pub is_alice: bool,
[INFO] [stdout]     |     ^^^^^^^^^^^^^^^^^^
[INFO] [stdout] 
[INFO] [stdout] 
[INFO] [stdout] warning: missing documentation for an associated function
[INFO] [stdout]    --> src/true_vernam.rs:288:5
[INFO] [stdout]     |
[INFO] [stdout] 288 |     pub fn new(vernam_url: String, buffer: Arc<Mutex<TrueVernamBuffer>>) -> Self {
[INFO] [stdout]     |     ^^^^^^^^^^^^^^^^^^^^^^^^^^^^^^^^^^^^^^^^^^^^^^^^^^^^^^^^^^^^^^^^^^^^^^^^^^^^
[INFO] [stdout] 
[INFO] [stdout] 
[INFO] [stdout] warning: missing documentation for a struct field
[INFO] [stdout]    --> src/true_vernam.rs:460:27
[INFO] [stdout]     |
[INFO] [stdout] 460 |     InsufficientEntropy { requested: usize, available: usize },
[INFO] [stdout]     |                           ^^^^^^^^^^^^^^^^
[INFO] [stdout] 
[INFO] [stdout] 
[INFO] [stdout] warning: missing documentation for a struct field
[INFO] [stdout]    --> src/true_vernam.rs:460:45
[INFO] [stdout]     |
[INFO] [stdout] 460 |     InsufficientEntropy { requested: usize, available: usize },
[INFO] [stdout]     |                                             ^^^^^^^^^^^^^^^^
[INFO] [stdout] 
[INFO] [stdout] 
[INFO] [stdout] warning: missing documentation for a struct field
[INFO] [stdout]    --> src/true_vernam.rs:462:25
[INFO] [stdout]     |
[INFO] [stdout] 462 |     InvalidBufferSize { size: usize },
[INFO] [stdout]     |                         ^^^^^^^^^^^
[INFO] [stdout] 
[INFO] [stdout] 
[INFO] [stderr]     Finished `release` profile [optimized] target(s) in 41.55s
[INFO] running `Command { std: "docker" "inspect" "f32e495fdf07530377f736ab90b1f486077a055bfeda6ee0c3d4a4d5e6d15857", kill_on_drop: false }`
[INFO] running `Command { std: "docker" "exec" "-e" "SOURCE_DIR=/opt/rustwide/workdir" "-e" "CARGO_HOME=/opt/rustwide/cargo-home" "-e" "RUSTUP_HOME=/opt/rustwide/rustup-home" "-e" "CARGO_TARGET_DIR=/opt/rustwide/target" "-e" "CARGO_INCREMENTAL=0" "-e" "RUST_BACKTRACE=full" "-e" "RUSTFLAGS=--cap-lints=warn" "-e" "RUSTDOCFLAGS=--cap-lints=warn" "-w" "/opt/rustwide/workdir" "--user" "0:0" "f32e495fdf07530377f736ab90b1f486077a055bfeda6ee0c3d4a4d5e6d15857" "/opt/rustwide/cargo-home/bin/cargo" "+1.99.0-beta.8" "test" "--frozen" "--release", kill_on_drop: false }`
[INFO] [stderr] warning: constant `MIN_ENTROPY_QUALITY` is never used
[INFO] [stderr]   --> src/true_vernam.rs:45:7
[INFO] [stderr]    |
[INFO] [stderr] 45 | const MIN_ENTROPY_QUALITY: f64 = 0.95;
[INFO] [stderr]    |       ^^^^^^^^^^^^^^^^^^^
[INFO] [stderr]    |
[INFO] [stderr]    = note: `#[warn(dead_code)]` (part of `#[warn(unused)]`) on by default
[INFO] [stderr] 
[INFO] [stderr] warning: missing documentation for a struct field
[INFO] [stderr]    --> src/recursive_chain.rs:195:5
[INFO] [stderr]     |
[INFO] [stderr] 195 |     pub chain: [u8; 32],
[INFO] [stderr]     |     ^^^^^^^^^^^^^^^^^^^
[INFO] [stderr]     |
[INFO] [stderr] note: the lint level is defined here
[INFO] [stderr]    --> src/lib.rs:8:9
[INFO] [stderr]     |
[INFO] [stderr]   8 | #![warn(missing_docs)]
[INFO] [stderr]     |         ^^^^^^^^^^^^
[INFO] [stderr] 
[INFO] [stderr] warning: missing documentation for a struct field
[INFO] [stderr]    --> src/recursive_chain.rs:196:5
[INFO] [stderr]     |
[INFO] [stderr] 196 |     pub alice_key: [u8; 32],
[INFO] [stderr]     |     ^^^^^^^^^^^^^^^^^^^^^^^
[INFO] [stderr] 
[INFO] [stderr] warning: missing documentation for a struct field
[INFO] [stderr]    --> src/recursive_chain.rs:197:5
[INFO] [stderr]     |
[INFO] [stderr] 197 |     pub bob_key: [u8; 32],
[INFO] [stderr]     |     ^^^^^^^^^^^^^^^^^^^^^
[INFO] [stderr] 
[INFO] [stderr] warning: missing documentation for a struct field
[INFO] [stderr]    --> src/recursive_chain.rs:198:5
[INFO] [stderr]     |
[INFO] [stderr] 198 |     pub generation: u64,
[INFO] [stderr]     |     ^^^^^^^^^^^^^^^^^^^
[INFO] [stderr] 
[INFO] [stderr] warning: missing documentation for a struct field
[INFO] [stderr]    --> src/recursive_chain.rs:199:5
[INFO] [stderr]     |
[INFO] [stderr] 199 |     pub is_alice: bool,
[INFO] [stderr]     |     ^^^^^^^^^^^^^^^^^^
[INFO] [stderr] 
[INFO] [stderr] warning: missing documentation for an associated function
[INFO] [stderr]    --> src/true_vernam.rs:288:5
[INFO] [stderr]     |
[INFO] [stderr] 288 |     pub fn new(vernam_url: String, buffer: Arc<Mutex<TrueVernamBuffer>>) -> Self {
[INFO] [stderr]     |     ^^^^^^^^^^^^^^^^^^^^^^^^^^^^^^^^^^^^^^^^^^^^^^^^^^^^^^^^^^^^^^^^^^^^^^^^^^^^
[INFO] [stderr] 
[INFO] [stderr] warning: missing documentation for a struct field
[INFO] [stderr]    --> src/true_vernam.rs:460:27
[INFO] [stderr]     |
[INFO] [stderr] 460 |     InsufficientEntropy { requested: usize, available: usize },
[INFO] [stderr]     |                           ^^^^^^^^^^^^^^^^
[INFO] [stderr] 
[INFO] [stderr] warning: missing documentation for a struct field
[INFO] [stderr]    --> src/true_vernam.rs:460:45
[INFO] [stderr]     |
[INFO] [stderr] 460 |     InsufficientEntropy { requested: usize, available: usize },
[INFO] [stderr]     |                                             ^^^^^^^^^^^^^^^^
[INFO] [stderr] 
[INFO] [stderr] warning: missing documentation for a struct field
[INFO] [stderr]    --> src/true_vernam.rs:462:25
[INFO] [stderr]     |
[INFO] [stderr] 462 |     InvalidBufferSize { size: usize },
[INFO] [stderr]     |                         ^^^^^^^^^^^
[INFO] [stderr] 
[INFO] [stderr] warning: `zks_crypt` (lib) generated 10 warnings
[INFO] [stderr] warning: `zks_crypt` (lib test) generated 10 warnings (10 duplicates)
[INFO] [stderr]     Finished `release` profile [optimized] target(s) in 0.22s
[INFO] [stderr]      Running unittests src/lib.rs (/opt/rustwide/target/release/deps/zks_crypt-6f37e11b2d893398)
[INFO] [stdout] 
[INFO] [stdout] running 43 tests
[INFO] [stdout] test anti_replay::tests::test_reject_duplicate_pid ... ok
[INFO] [stdout] test anti_replay::tests::test_delayed_replay_protection ... ok
[INFO] [stdout] test anti_replay::tests::test_reset ... ok
[INFO] [stdout] test constant_time::tests::test_ct_copy ... ok
[INFO] [stdout] test constant_time::tests::test_ct_assign ... ok
[INFO] [stdout] test constant_time::tests::test_ct_eq_different_arrays ... ok
[INFO] [stdout] test constant_time::tests::test_ct_eq_different_lengths ... ok
[INFO] [stdout] test constant_time::tests::test_ct_eq_fixed ... ok
[INFO] [stdout] test constant_time::tests::test_ct_select_bytes ... ok
[INFO] [stdout] test anti_replay::tests::test_window_sliding ... ok
[INFO] [stdout] test constant_time::tests::test_ct_is_zero_all_zeros ... ok
[INFO] [stdout] test constant_time::tests::test_ct_is_zero_not_all_zeros ... ok
[INFO] [stdout] test constant_time::tests::test_ct_swap ... ok
[INFO] [stdout] test constant_time::tests::test_ct_eq_equal_arrays ... ok
[INFO] [stdout] test scramble::tests::test_convenience_functions ... ok
[INFO] [stdout] test anti_replay::tests::test_out_of_order_packets ... ok
[INFO] [stdout] test anti_replay::tests::test_validate_fresh_pid ... ok
[INFO] [stdout] test recursive_chain::tests::test_export_import_state ... ok
[INFO] [stdout] test scramble::tests::test_single_byte ... ok
[INFO] [stdout] test scramble::tests::test_different_entropy_different_result ... ok
[INFO] [stdout] test anti_replay::tests::test_get_next_pid ... ok
[INFO] [stdout] test scramble::tests::test_empty_data ... ok
[INFO] [stdout] test scramble::tests::test_scramble_unscramble_identity ... ok
[INFO] [stdout] test recursive_chain::tests::test_chain_creation ... ok
[INFO] [stdout] test scramble::tests::test_deterministic_scrambling ... ok
[INFO] [stdout] test constant_time::tests::test_ct_xor ... ok
[INFO] [stdout] test debug_tests::test_wasif_encrypt_decrypt ... ok
[INFO] [stdout] test debug_tests::test_wasif_new_debug ... ok
[INFO] [stdout] test true_vernam::tests::test_bytes_never_reused ... ok
[INFO] [stdout] test recursive_chain::tests::test_chain_advance ... ok
[INFO] [stdout] test recursive_chain::tests::test_synchronized_chains ... ok
[INFO] [stdout] test true_vernam::tests::test_entropy_validation ... ok
[INFO] [stdout] test true_vernam::tests::test_buffer_consume_removes_bytes ... ok
[INFO] [stdout] test true_vernam::synchronized_tests::test_true_otp_sync_method ... ok
[INFO] [stdout] test true_vernam::synchronized_tests::test_synchronized_generation ... ok
[INFO] [stdout] test true_vernam::synchronized_tests::test_true_otp_large_message_fallback ... ok
[INFO] [stdout] test true_vernam::synchronized_tests::test_consume_synchronization ... ok
[INFO] [stdout] test drand::tests::test_drand_caching ... FAILED
[INFO] [stdout] test drand::tests::test_mixed_entropy_uniqueness ... FAILED
[INFO] [stdout] test drand::tests::test_drand_fetch ... FAILED
[INFO] [stdout] test true_vernam::synchronized_tests::test_true_otp_generation ... ok
[INFO] [stdout] test true_vernam::synchronized_tests::test_synchronization_failure ... ok
[INFO] [stdout] test true_vernam::synchronized_tests::test_true_otp_synchronization ... ok
[INFO] [stdout] 
[INFO] [stdout] failures:
[INFO] [stdout] 
[INFO] [stdout] ---- drand::tests::test_drand_caching stdout ----
[INFO] [stdout] 
[INFO] [stdout] thread 'drand::tests::test_drand_caching' (1753) panicked at src/drand.rs:698:43:
[INFO] [stdout] called `Result::unwrap()` on an `Err` value: NetworkError("Network error from https://api2.drand.sh: error sending request for url (https://api2.drand.sh/public/latest): error trying to connect: dns error: failed to lookup address information: Temporary failure in name resolution")
[INFO] [stdout] stack backtrace:
[INFO] [stdout]    0:     0x5570076ff1d1 - <<std[70759c8f55707aa4]::sys::backtrace::BacktraceLock>::print::DisplayBacktrace as core[df12db4294e9bfd3]::fmt::Display>::fmt
[INFO] [stdout]    1:     0x55700771510a - core[df12db4294e9bfd3]::fmt::write
[INFO] [stdout]    2:     0x557007703ccc - <alloc[2182bb758b4b3781]::vec::Vec<u8> as core[df12db4294e9bfd3]::io::write::Write>::write_fmt
[INFO] [stdout]    3:     0x5570076da476 - std[70759c8f55707aa4]::panicking::default_hook::{closure#0}
[INFO] [stdout]    4:     0x5570076f71f9 - std[70759c8f55707aa4]::panicking::default_hook
[INFO] [stdout]    5:     0x557007669620 - test[9d35eded1c95d3be]::test_main_inner::<test[9d35eded1c95d3be]::test_main_static::{closure#0}>::{closure#0}
[INFO] [stdout]    6:     0x5570076f7522 - std[70759c8f55707aa4]::panicking::panic_with_hook
[INFO] [stdout]    7:     0x5570076da522 - std[70759c8f55707aa4]::panicking::panic_handler::{closure#0}
[INFO] [stdout]    8:     0x5570076d31c9 - std[70759c8f55707aa4]::sys::backtrace::__rust_end_short_backtrace::<std[70759c8f55707aa4]::panicking::panic_handler::{closure#0}, !>
[INFO] [stdout]    9:     0x5570076db30d - __rustc[8fa7c3cbc660c2b3]::rust_begin_unwind
[INFO] [stdout]   10:     0x55700771586c - core[df12db4294e9bfd3]::panicking::panic_fmt
[INFO] [stdout]   11:     0x557007715642 - core[df12db4294e9bfd3]::result::unwrap_failed
[INFO] [stdout]   12:     0x557007521e8a - zks_crypt[a5b643df01372f5]::drand::tests::test_drand_caching::{closure#0}
[INFO] [stdout]   13:     0x557007531bf8 - <tokio[5da99b7f6845f6da]::runtime::scheduler::current_thread::CoreGuard>::block_on::<core[df12db4294e9bfd3]::pin::Pin<&mut core[df12db4294e9bfd3]::pin::Pin<&mut dyn core[df12db4294e9bfd3]::future::future::Future<Output = ()>>>>
[INFO] [stdout]   14:     0x557007539f77 - tokio[5da99b7f6845f6da]::runtime::context::runtime::enter_runtime::<<tokio[5da99b7f6845f6da]::runtime::scheduler::current_thread::CurrentThread>::block_on<core[df12db4294e9bfd3]::pin::Pin<&mut dyn core[df12db4294e9bfd3]::future::future::Future<Output = ()>>>::{closure#0}, ()>
[INFO] [stdout]   15:     0x557007537c0a - <tokio[5da99b7f6845f6da]::runtime::runtime::Runtime>::block_on::<core[df12db4294e9bfd3]::pin::Pin<&mut dyn core[df12db4294e9bfd3]::future::future::Future<Output = ()>>>
[INFO] [stdout]   16:     0x55700752262b - zks_crypt[a5b643df01372f5]::drand::tests::test_drand_caching
[INFO] [stdout]   17:     0x557007531909 - <zks_crypt[a5b643df01372f5]::drand::tests::test_drand_caching::{closure#0} as core[df12db4294e9bfd3]::ops::function::FnOnce<()>>::call_once
[INFO] [stdout]   18:     0x55700765c90b - test[9d35eded1c95d3be]::__rust_begin_short_backtrace::<core[df12db4294e9bfd3]::result::Result<(), alloc[2182bb758b4b3781]::string::String>, fn() -> core[df12db4294e9bfd3]::result::Result<(), alloc[2182bb758b4b3781]::string::String>>
[INFO] [stdout]   19:     0x557007669f75 - test[9d35eded1c95d3be]::run_test::{closure#0}
[INFO] [stdout]   20:     0x557007663834 - std[70759c8f55707aa4]::sys::backtrace::__rust_begin_short_backtrace::<test[9d35eded1c95d3be]::run_test::{closure#1}, ()>
[INFO] [stdout]   21:     0x55700766d0d2 - <std[70759c8f55707aa4]::thread::lifecycle::spawn_unchecked<test[9d35eded1c95d3be]::run_test::{closure#1}, ()>::{closure#1} as core[df12db4294e9bfd3]::ops::function::FnOnce<()>>::call_once::{shim:vtable#0}
[INFO] [stdout]   22:     0x5570076fe6f9 - <std[70759c8f55707aa4]::sys::thread::unix::Thread>::new::thread_start
[INFO] [stdout]   23:     0x710b6543adfa - <unknown>
[INFO] [stdout]   24:     0x710b654ce3d4 - clone
[INFO] [stdout]   25:                0x0 - <unknown>
[INFO] [stdout] 
[INFO] [stdout] ---- drand::tests::test_mixed_entropy_uniqueness stdout ----
[INFO] [stdout] 
[INFO] [stdout] thread 'drand::tests::test_mixed_entropy_uniqueness' (1755) panicked at src/drand.rs:713:64:
[INFO] [stdout] called `Result::unwrap()` on an `Err` value: NetworkError("Network error from https://api2.drand.sh: error sending request for url (https://api2.drand.sh/public/latest): error trying to connect: dns error: failed to lookup address information: Temporary failure in name resolution")
[INFO] [stdout] stack backtrace:
[INFO] [stdout]    0:     0x5570076ff1d1 - <<std[70759c8f55707aa4]::sys::backtrace::BacktraceLock>::print::DisplayBacktrace as core[df12db4294e9bfd3]::fmt::Display>::fmt
[INFO] [stdout]    1:     0x55700771510a - core[df12db4294e9bfd3]::fmt::write
[INFO] [stdout]    2:     0x557007703ccc - <alloc[2182bb758b4b3781]::vec::Vec<u8> as core[df12db4294e9bfd3]::io::write::Write>::write_fmt
[INFO] [stdout]    3:     0x5570076da476 - std[70759c8f55707aa4]::panicking::default_hook::{closure#0}
[INFO] [stdout]    4:     0x5570076f71f9 - std[70759c8f55707aa4]::panicking::default_hook
[INFO] [stdout]    5:     0x557007669620 - test[9d35eded1c95d3be]::test_main_inner::<test[9d35eded1c95d3be]::test_main_static::{closure#0}>::{closure#0}
[INFO] [stdout]    6:     0x5570076f7522 - std[70759c8f55707aa4]::panicking::panic_with_hook
[INFO] [stdout]    7:     0x5570076da522 - std[70759c8f55707aa4]::panicking::panic_handler::{closure#0}
[INFO] [stdout]    8:     0x5570076d31c9 - std[70759c8f55707aa4]::sys::backtrace::__rust_end_short_backtrace::<std[70759c8f55707aa4]::panicking::panic_handler::{closure#0}, !>
[INFO] [stdout]    9:     0x5570076db30d - __rustc[8fa7c3cbc660c2b3]::rust_begin_unwind
[INFO] [stdout]   10:     0x55700771586c - core[df12db4294e9bfd3]::panicking::panic_fmt
[INFO] [stdout]   11:     0x557007715642 - core[df12db4294e9bfd3]::result::unwrap_failed
[INFO] [stdout]   12:     0x5570075222c3 - zks_crypt[a5b643df01372f5]::drand::tests::test_mixed_entropy_uniqueness::{closure#0}
[INFO] [stdout]   13:     0x557007531bf8 - <tokio[5da99b7f6845f6da]::runtime::scheduler::current_thread::CoreGuard>::block_on::<core[df12db4294e9bfd3]::pin::Pin<&mut core[df12db4294e9bfd3]::pin::Pin<&mut dyn core[df12db4294e9bfd3]::future::future::Future<Output = ()>>>>
[INFO] [stdout]   14:     0x557007539f77 - tokio[5da99b7f6845f6da]::runtime::context::runtime::enter_runtime::<<tokio[5da99b7f6845f6da]::runtime::scheduler::current_thread::CurrentThread>::block_on<core[df12db4294e9bfd3]::pin::Pin<&mut dyn core[df12db4294e9bfd3]::future::future::Future<Output = ()>>>::{closure#0}, ()>
[INFO] [stdout]   15:     0x557007537c0a - <tokio[5da99b7f6845f6da]::runtime::runtime::Runtime>::block_on::<core[df12db4294e9bfd3]::pin::Pin<&mut dyn core[df12db4294e9bfd3]::future::future::Future<Output = ()>>>
[INFO] [stdout]   16:     0x55700752277b - zks_crypt[a5b643df01372f5]::drand::tests::test_mixed_entropy_uniqueness
[INFO] [stdout]   17:     0x557007531929 - <zks_crypt[a5b643df01372f5]::drand::tests::test_mixed_entropy_uniqueness::{closure#0} as core[df12db4294e9bfd3]::ops::function::FnOnce<()>>::call_once
[INFO] [stdout]   18:     0x55700765c90b - test[9d35eded1c95d3be]::__rust_begin_short_backtrace::<core[df12db4294e9bfd3]::result::Result<(), alloc[2182bb758b4b3781]::string::String>, fn() -> core[df12db4294e9bfd3]::result::Result<(), alloc[2182bb758b4b3781]::string::String>>
[INFO] [stdout]   19:     0x557007669f75 - test[9d35eded1c95d3be]::run_test::{closure#0}
[INFO] [stdout]   20:     0x557007663834 - std[70759c8f55707aa4]::sys::backtrace::__rust_begin_short_backtrace::<test[9d35eded1c95d3be]::run_test::{closure#1}, ()>
[INFO] [stdout]   21:     0x55700766d0d2 - <std[70759c8f55707aa4]::thread::lifecycle::spawn_unchecked<test[9d35eded1c95d3be]::run_test::{closure#1}, ()>::{closure#1} as core[df12db4294e9bfd3]::ops::function::FnOnce<()>>::call_once::{shim:vtable#0}
[INFO] [stdout]   22:     0x5570076fe6f9 - <std[70759c8f55707aa4]::sys::thread::unix::Thread>::new::thread_start
[INFO] [stdout]   23:     0x710b6543adfa - <unknown>
[INFO] [stdout]   24:     0x710b654ce3d4 - clone
[INFO] [stdout]   25:                0x0 - <unknown>
[INFO] [stdout] 
[INFO] [stdout] ---- drand::tests::test_drand_fetch stdout ----
[INFO] [stdout] 
[INFO] [stdout] thread 'drand::tests::test_drand_fetch' (1754) panicked at src/drand.rs:687:9:
[INFO] [stdout] Should fetch entropy from drand
[INFO] [stdout] stack backtrace:
[INFO] [stdout]    0:     0x5570076ff1d1 - <<std[70759c8f55707aa4]::sys::backtrace::BacktraceLock>::print::DisplayBacktrace as core[df12db4294e9bfd3]::fmt::Display>::fmt
[INFO] [stdout]    1:     0x55700771510a - core[df12db4294e9bfd3]::fmt::write
[INFO] [stdout]    2:     0x557007703ccc - <alloc[2182bb758b4b3781]::vec::Vec<u8> as core[df12db4294e9bfd3]::io::write::Write>::write_fmt
[INFO] [stdout]    3:     0x5570076da476 - std[70759c8f55707aa4]::panicking::default_hook::{closure#0}
[INFO] [stdout]    4:     0x5570076f71f9 - std[70759c8f55707aa4]::panicking::default_hook
[INFO] [stdout]    5:     0x557007669620 - test[9d35eded1c95d3be]::test_main_inner::<test[9d35eded1c95d3be]::test_main_static::{closure#0}>::{closure#0}
[INFO] [stdout]    6:     0x5570076f7522 - std[70759c8f55707aa4]::panicking::panic_with_hook
[INFO] [stdout]    7:     0x5570076da554 - std[70759c8f55707aa4]::panicking::panic_handler::{closure#0}
[INFO] [stdout]    8:     0x5570076d31c9 - std[70759c8f55707aa4]::sys::backtrace::__rust_end_short_backtrace::<std[70759c8f55707aa4]::panicking::panic_handler::{closure#0}, !>
[INFO] [stdout]    9:     0x5570076db30d - __rustc[8fa7c3cbc660c2b3]::rust_begin_unwind
[INFO] [stdout]   10:     0x55700771586c - core[df12db4294e9bfd3]::panicking::panic_fmt
[INFO] [stdout]   11:     0x557007521acd - zks_crypt[a5b643df01372f5]::drand::tests::test_drand_fetch::{closure#0}
[INFO] [stdout]   12:     0x557007531bf8 - <tokio[5da99b7f6845f6da]::runtime::scheduler::current_thread::CoreGuard>::block_on::<core[df12db4294e9bfd3]::pin::Pin<&mut core[df12db4294e9bfd3]::pin::Pin<&mut dyn core[df12db4294e9bfd3]::future::future::Future<Output = ()>>>>
[INFO] [stdout]   13:     0x557007539f77 - tokio[5da99b7f6845f6da]::runtime::context::runtime::enter_runtime::<<tokio[5da99b7f6845f6da]::runtime::scheduler::current_thread::CurrentThread>::block_on<core[df12db4294e9bfd3]::pin::Pin<&mut dyn core[df12db4294e9bfd3]::future::future::Future<Output = ()>>>::{closure#0}, ()>
[INFO] [stdout]   14:     0x557007537c0a - <tokio[5da99b7f6845f6da]::runtime::runtime::Runtime>::block_on::<core[df12db4294e9bfd3]::pin::Pin<&mut dyn core[df12db4294e9bfd3]::future::future::Future<Output = ()>>>
[INFO] [stdout]   15:     0x5570075224db - zks_crypt[a5b643df01372f5]::drand::tests::test_drand_fetch
[INFO] [stdout]   16:     0x5570075318e9 - <zks_crypt[a5b643df01372f5]::drand::tests::test_drand_fetch::{closure#0} as core[df12db4294e9bfd3]::ops::function::FnOnce<()>>::call_once
[INFO] [stdout]   17:     0x55700765c90b - test[9d35eded1c95d3be]::__rust_begin_short_backtrace::<core[df12db4294e9bfd3]::result::Result<(), alloc[2182bb758b4b3781]::string::String>, fn() -> core[df12db4294e9bfd3]::result::Result<(), alloc[2182bb758b4b3781]::string::String>>
[INFO] [stdout]   18:     0x557007669f75 - test[9d35eded1c95d3be]::run_test::{closure#0}
[INFO] [stdout]   19:     0x557007663834 - std[70759c8f55707aa4]::sys::backtrace::__rust_begin_short_backtrace::<test[9d35eded1c95d3be]::run_test::{closure#1}, ()>
[INFO] [stdout]   20:     0x55700766d0d2 - <std[70759c8f55707aa4]::thread::lifecycle::spawn_unchecked<test[9d35eded1c95d3be]::run_test::{closure#1}, ()>::{closure#1} as core[df12db4294e9bfd3]::ops::function::FnOnce<()>>::call_once::{shim:vtable#0}
[INFO] [stdout]   21:     0x5570076fe6f9 - <std[70759c8f55707aa4]::sys::thread::unix::Thread>::new::thread_start
[INFO] [stdout]   22:     0x710b6543adfa - <unknown>
[INFO] [stdout]   23:     0x710b654ce3d4 - clone
[INFO] [stdout]   24:                0x0 - <unknown>
[INFO] [stdout] 
[INFO] [stdout] 
[INFO] [stdout] failures:
[INFO] [stdout]     drand::tests::test_drand_caching
[INFO] [stdout]     drand::tests::test_drand_fetch
[INFO] [stdout]     drand::tests::test_mixed_entropy_uniqueness
[INFO] [stdout] 
[INFO] [stdout] test result: FAILED. 40 passed; 3 failed; 0 ignored; 0 measured; 0 filtered out; finished in 13.94s
[INFO] [stdout] 
[INFO] [stderr] error: test failed, to rerun pass `--lib`
[INFO] running `Command { std: "docker" "inspect" "f32e495fdf07530377f736ab90b1f486077a055bfeda6ee0c3d4a4d5e6d15857", kill_on_drop: false }`
[INFO] running `Command { std: "docker" "rm" "-f" "f32e495fdf07530377f736ab90b1f486077a055bfeda6ee0c3d4a4d5e6d15857", kill_on_drop: false }`
[INFO] [stdout] f32e495fdf07530377f736ab90b1f486077a055bfeda6ee0c3d4a4d5e6d15857
