[INFO] fetching crate zkml-verifier 0.0.1...
[INFO] testing zkml-verifier-0.0.1 against 1.100.0-beta.1+cargoflags=--release for beta-release-1.100-2
[INFO] extracting crate zkml-verifier 0.0.1 into /workspace/builds/worker-4-tc2/source
[INFO] started tweaking crates.io crate zkml-verifier 0.0.1
[INFO] finished tweaking crates.io crate zkml-verifier 0.0.1
[INFO] tweaked toml for crates.io crate zkml-verifier 0.0.1 written to /workspace/builds/worker-4-tc2/source/Cargo.toml
[INFO] validating manifest of crates.io crate zkml-verifier 0.0.1 on toolchain 1.100.0-beta.1
[INFO] running `Command { std: CARGO_HOME="/workspace/cargo-home" RUSTUP_HOME="/workspace/rustup-home" "/workspace/cargo-home/bin/cargo" "+1.100.0-beta.1" "metadata" "--manifest-path" "Cargo.toml" "--no-deps", kill_on_drop: false }`
[INFO] crate crates.io crate zkml-verifier 0.0.1 already has a lockfile, it will not be regenerated
[INFO] running `Command { std: CARGO_HOME="/workspace/cargo-home" RUSTUP_HOME="/workspace/rustup-home" "/workspace/cargo-home/bin/cargo" "+1.100.0-beta.1" "fetch" "--manifest-path" "Cargo.toml", kill_on_drop: false }`
[INFO] [stderr] warning: `package.homepage` is redundant with `package.repository`
[INFO] [stderr]   --> Cargo.toml:25:12
[INFO] [stderr]    |
[INFO] [stderr] 25 | homepage = "https://github.com/ZKML-Soroban/ZKML-Soroban"
[INFO] [stderr]    |            ^^^^^^^^^^^^^^^^^^^^^^^^^^^^^^^^^^^^^^^^^^^^^^
[INFO] [stderr] ...
[INFO] [stderr] 30 | repository = "https://github.com/ZKML-Soroban/ZKML-Soroban"
[INFO] [stderr]    |              ----------------------------------------------
[INFO] [stderr]    |
[INFO] [stderr]    = note: `cargo::redundant_homepage` is set to `warn` by default
[INFO] [stderr] help: consider removing `package.homepage`
[INFO] [stderr] warning: `zkml-verifier` (manifest) generated 1 warning
[INFO] running `Command { std: "docker" "create" "-v" "/var/lib/crater-agent-workspace/builds/worker-4-tc2/source:/opt/rustwide/workdir:ro,Z" "-v" "/var/lib/crater-agent-workspace/builds/worker-4-tc2/target:/opt/rustwide/target:rw,Z" "-v" "/var/lib/crater-agent-workspace/cargo-home:/opt/rustwide/cargo-home:ro,Z" "-v" "/var/lib/crater-agent-workspace/rustup-home:/opt/rustwide/rustup-home:ro,Z" "-m" "1610612736" "--network" "none" "ghcr.io/rust-lang/crates-build-env/linux@sha256:77db811e55d90add9212f6832c23229e3de5f1c1f9905e8cb07319ea15df73ac" "sleep" "infinity", kill_on_drop: false }`
[INFO] [stdout] 298892e150e8e54bbd35b196b80ce76c0042ea1e8597b8e22f38a1733fc7f636
[INFO] running `Command { std: "docker" "start" "298892e150e8e54bbd35b196b80ce76c0042ea1e8597b8e22f38a1733fc7f636", kill_on_drop: false }`
[INFO] running `Command { std: "docker" "inspect" "298892e150e8e54bbd35b196b80ce76c0042ea1e8597b8e22f38a1733fc7f636", kill_on_drop: false }`
[INFO] running `Command { std: "docker" "exec" "-e" "SOURCE_DIR=/opt/rustwide/workdir" "-e" "CARGO_HOME=/opt/rustwide/cargo-home" "-e" "RUSTUP_HOME=/opt/rustwide/rustup-home" "-e" "CARGO_TARGET_DIR=/opt/rustwide/target" "-w" "/opt/rustwide/workdir" "--user" "0:0" "298892e150e8e54bbd35b196b80ce76c0042ea1e8597b8e22f38a1733fc7f636" "/opt/rustwide/cargo-home/bin/cargo" "+1.100.0-beta.1" "metadata" "--no-deps" "--format-version=1", kill_on_drop: false }`
[INFO] running `Command { std: "docker" "inspect" "298892e150e8e54bbd35b196b80ce76c0042ea1e8597b8e22f38a1733fc7f636", kill_on_drop: false }`
[INFO] running `Command { std: "docker" "exec" "-e" "SOURCE_DIR=/opt/rustwide/workdir" "-e" "CARGO_HOME=/opt/rustwide/cargo-home" "-e" "RUSTUP_HOME=/opt/rustwide/rustup-home" "-e" "CARGO_TARGET_DIR=/opt/rustwide/target" "-e" "CARGO_INCREMENTAL=0" "-e" "RUST_BACKTRACE=full" "-e" "RUSTFLAGS=--cap-lints=warn" "-e" "RUSTDOCFLAGS=--cap-lints=warn" "-w" "/opt/rustwide/workdir" "--user" "0:0" "298892e150e8e54bbd35b196b80ce76c0042ea1e8597b8e22f38a1733fc7f636" "/opt/rustwide/cargo-home/bin/cargo" "+1.100.0-beta.1" "build" "--frozen" "--message-format=json" "--release", kill_on_drop: false }`
[INFO] [stderr] warning: `package.homepage` is redundant with `package.repository`
[INFO] [stderr]   --> Cargo.toml:25:12
[INFO] [stderr]    |
[INFO] [stderr] 25 | homepage = "https://github.com/ZKML-Soroban/ZKML-Soroban"
[INFO] [stderr]    |            ^^^^^^^^^^^^^^^^^^^^^^^^^^^^^^^^^^^^^^^^^^^^^^
[INFO] [stderr] ...
[INFO] [stderr] 30 | repository = "https://github.com/ZKML-Soroban/ZKML-Soroban"
[INFO] [stderr]    |              ----------------------------------------------
[INFO] [stderr]    |
[INFO] [stderr]    = note: `cargo::redundant_homepage` is set to `warn` by default
[INFO] [stderr] help: consider removing `package.homepage`
[INFO] [stderr] warning: `zkml-verifier` (manifest) generated 1 warning
[INFO] [stderr]    Compiling typenum v1.20.0
[INFO] [stderr]    Compiling subtle v2.6.1
[INFO] [stderr]    Compiling libc v0.2.185
[INFO] [stderr]    Compiling serde_json v1.0.149
[INFO] [stderr]    Compiling generic-array v0.14.9
[INFO] [stderr]    Compiling schemars v0.8.22
[INFO] [stderr]    Compiling syn v2.0.117
[INFO] [stderr]    Compiling num-traits v0.2.19
[INFO] [stderr]    Compiling data-encoding v2.10.0
[INFO] [stderr]    Compiling ethnum v1.5.3
[INFO] [stderr]    Compiling escape-bytes v0.1.1
[INFO] [stderr]    Compiling num-bigint v0.4.6
[INFO] [stderr]    Compiling base16ct v0.2.0
[INFO] [stderr]    Compiling either v1.15.0
[INFO] [stderr]    Compiling itertools v0.13.0
[INFO] [stderr]    Compiling once_cell v1.21.4
[INFO] [stderr]    Compiling hashbrown v0.17.0
[INFO] [stderr]    Compiling downcast-rs v1.2.1
[INFO] [stderr]    Compiling indexmap-nostd v0.4.0
[INFO] [stderr]    Compiling ahash v0.8.12
[INFO] [stderr]    Compiling wasmi_core v0.13.0
[INFO] [stderr]    Compiling heapless v0.8.0
[INFO] [stderr]    Compiling wasmparser-nostd v0.100.2
[INFO] [stderr]    Compiling wasmi_arena v0.4.1
[INFO] [stderr]    Compiling indexmap v2.14.0
[INFO] [stderr]    Compiling smallvec v1.15.1
[INFO] [stderr]    Compiling spin v0.9.8
[INFO] [stderr]    Compiling semver v1.0.28
[INFO] [stderr]    Compiling hash32 v0.3.1
[INFO] [stderr]    Compiling num-integer v0.1.46
[INFO] [stderr]    Compiling static_assertions v1.1.0
[INFO] [stderr]    Compiling soroban-env-host v27.0.1
[INFO] [stderr]    Compiling hex-literal v0.4.1
[INFO] [stderr]    Compiling wasmparser v0.116.1
[INFO] [stderr]    Compiling getrandom v0.2.17
[INFO] [stderr]    Compiling rand_core v0.6.4
[INFO] [stderr]    Compiling crypto-common v0.1.6
[INFO] [stderr]    Compiling block-buffer v0.10.4
[INFO] [stderr]    Compiling rand_chacha v0.3.1
[INFO] [stderr]    Compiling ff v0.13.1
[INFO] [stderr]    Compiling digest v0.10.7
[INFO] [stderr]    Compiling group v0.13.0
[INFO] [stderr]    Compiling sha2 v0.10.9
[INFO] [stderr]    Compiling rand v0.8.6
[INFO] [stderr]    Compiling ark-std v0.5.0
[INFO] [stderr]    Compiling darling_core v0.23.0
[INFO] [stderr]    Compiling darling_core v0.20.11
[INFO] [stderr]    Compiling prettyplease v0.2.37
[INFO] [stderr]    Compiling macro-string v0.1.4
[INFO] [stderr]    Compiling serde_derive v1.0.228
[INFO] [stderr]    Compiling zeroize_derive v1.4.3
[INFO] [stderr]    Compiling cfg_eval v0.1.2
[INFO] [stderr]    Compiling enum-ordinalize-derive v4.4.1
[INFO] [stderr]    Compiling ark-serialize-derive v0.5.0
[INFO] [stderr]    Compiling ark-ff-macros v0.5.0
[INFO] [stderr]    Compiling ark-ff-asm v0.5.0
[INFO] [stderr]    Compiling thiserror-impl v1.0.69
[INFO] [stderr]    Compiling num-derive v0.4.2
[INFO] [stderr]    Compiling curve25519-dalek-derive v0.1.1
[INFO] [stderr]    Compiling soroban-builtin-sdk-macros v27.0.1
[INFO] [stderr]    Compiling visibility v0.1.1
[INFO] [stderr]    Compiling bytes-lit v0.0.6
[INFO] [stderr]    Compiling enum-ordinalize v4.4.1
[INFO] [stderr]    Compiling zeroize v1.8.2
[INFO] [stderr]    Compiling educe v0.6.0
[INFO] [stderr]    Compiling der v0.7.10
[INFO] [stderr]    Compiling soroban-wasmi v0.31.1-soroban.20.0.1
[INFO] [stderr]    Compiling thiserror v1.0.69
[INFO] [stderr]    Compiling darling_macro v0.20.11
[INFO] [stderr]    Compiling darling v0.20.11
[INFO] [stderr]    Compiling darling_macro v0.23.0
[INFO] [stderr]    Compiling crypto-bigint v0.5.5
[INFO] [stderr]    Compiling darling v0.23.0
[INFO] [stderr]    Compiling serde_with_macros v3.18.0
[INFO] [stderr]    Compiling signature v2.2.0
[INFO] [stderr]    Compiling ark-serialize v0.5.0
[INFO] [stderr]    Compiling sec1 v0.7.3
[INFO] [stderr]    Compiling hmac v0.12.1
[INFO] [stderr]    Compiling ed25519 v2.2.3
[INFO] [stderr]    Compiling curve25519-dalek v4.1.3
[INFO] [stderr]    Compiling ark-ff v0.5.0
[INFO] [stderr]    Compiling rfc6979 v0.4.0
[INFO] [stderr]    Compiling sha3 v0.10.9
[INFO] [stderr]    Compiling serde v1.0.228
[INFO] [stderr]    Compiling elliptic-curve v0.13.8
[INFO] [stderr]    Compiling ecdsa v0.16.9
[INFO] [stderr]    Compiling primeorder v0.13.6
[INFO] [stderr]    Compiling crate-git-revision v0.0.6
[INFO] [stderr]    Compiling hex v0.4.3
[INFO] [stderr]    Compiling crate-git-revision v0.0.9
[INFO] [stderr]    Compiling soroban-sdk v27.0.3
[INFO] [stderr]    Compiling stellar-strkey v0.0.13
[INFO] [stderr]    Compiling stellar-xdr v27.0.0
[INFO] [stderr]    Compiling soroban-env-common v27.0.1
[INFO] [stderr]    Compiling stellar-strkey v0.0.16
[INFO] [stderr]    Compiling k256 v0.13.4
[INFO] [stderr]    Compiling p256 v0.13.2
[INFO] [stderr]    Compiling serde_with v3.18.0
[INFO] [stderr]    Compiling ed25519-dalek v2.2.0
[INFO] [stderr]    Compiling ark-poly v0.5.0
[INFO] [stderr]    Compiling ark-ec v0.5.0
[INFO] [stderr]    Compiling ark-bn254 v0.5.0
[INFO] [stderr]    Compiling ark-bls12-381 v0.5.0
[INFO] [stderr]    Compiling soroban-spec v27.0.3
[INFO] [stderr]    Compiling soroban-spec-rust v27.0.3
[INFO] [stderr]    Compiling soroban-env-macros v27.0.1
[INFO] [stderr]    Compiling soroban-sdk-macros v27.0.3
[INFO] [stderr]    Compiling zkml-verifier v0.0.1 (/opt/rustwide/workdir)
[INFO] [stderr]     Finished `release` profile [optimized] target(s) in 1m 27s
[INFO] running `Command { std: "docker" "inspect" "298892e150e8e54bbd35b196b80ce76c0042ea1e8597b8e22f38a1733fc7f636", kill_on_drop: false }`
[INFO] running `Command { std: "docker" "exec" "-e" "SOURCE_DIR=/opt/rustwide/workdir" "-e" "CARGO_HOME=/opt/rustwide/cargo-home" "-e" "RUSTUP_HOME=/opt/rustwide/rustup-home" "-e" "CARGO_TARGET_DIR=/opt/rustwide/target" "-e" "CARGO_INCREMENTAL=0" "-e" "RUST_BACKTRACE=full" "-e" "RUSTFLAGS=--cap-lints=warn" "-e" "RUSTDOCFLAGS=--cap-lints=warn" "-w" "/opt/rustwide/workdir" "--user" "0:0" "298892e150e8e54bbd35b196b80ce76c0042ea1e8597b8e22f38a1733fc7f636" "/opt/rustwide/cargo-home/bin/cargo" "+1.100.0-beta.1" "test" "--frozen" "--no-run" "--message-format=json" "--release", kill_on_drop: false }`
[INFO] [stderr] warning: `package.homepage` is redundant with `package.repository`
[INFO] [stderr]   --> Cargo.toml:25:12
[INFO] [stderr]    |
[INFO] [stderr] 25 | homepage = "https://github.com/ZKML-Soroban/ZKML-Soroban"
[INFO] [stderr]    |            ^^^^^^^^^^^^^^^^^^^^^^^^^^^^^^^^^^^^^^^^^^^^^^
[INFO] [stderr] ...
[INFO] [stderr] 30 | repository = "https://github.com/ZKML-Soroban/ZKML-Soroban"
[INFO] [stderr]    |              ----------------------------------------------
[INFO] [stderr]    |
[INFO] [stderr]    = note: `cargo::redundant_homepage` is set to `warn` by default
[INFO] [stderr] help: consider removing `package.homepage`
[INFO] [stderr] warning: `zkml-verifier` (manifest) generated 1 warning
[INFO] [stderr]    Compiling serde v1.0.228
[INFO] [stderr]    Compiling schemars v0.8.22
[INFO] [stderr]    Compiling serde_json v1.0.149
[INFO] [stderr]    Compiling stellar-xdr v27.0.0
[INFO] [stderr]    Compiling derive_arbitrary v1.3.2
[INFO] [stderr]    Compiling soroban-env-common v27.0.1
[INFO] [stderr]    Compiling soroban-env-host v27.0.1
[INFO] [stderr]    Compiling dtor-proc-macro v0.0.6
[INFO] [stderr]    Compiling thiserror v1.0.69
[INFO] [stderr]    Compiling soroban-sdk v27.0.3
[INFO] [stderr]    Compiling ctor-proc-macro v0.0.6
[INFO] [stderr]    Compiling soroban-sdk-macros v27.0.3
[INFO] [stderr]    Compiling dtor v0.1.1
[INFO] [stderr]    Compiling ctor v0.5.0
[INFO] [stderr]    Compiling arbitrary v1.3.2
[INFO] [stderr]    Compiling hex v0.4.3
[INFO] [stderr]    Compiling serde_with v3.18.0
[INFO] [stderr]    Compiling soroban-ledger-snapshot v27.0.3
[INFO] [stderr]    Compiling zkml-verifier v0.0.1 (/opt/rustwide/workdir)
[INFO] [stderr]     Finished `release` profile [optimized] target(s) in 43.79s
[INFO] running `Command { std: "docker" "inspect" "298892e150e8e54bbd35b196b80ce76c0042ea1e8597b8e22f38a1733fc7f636", kill_on_drop: false }`
[INFO] running `Command { std: "docker" "exec" "-e" "SOURCE_DIR=/opt/rustwide/workdir" "-e" "CARGO_HOME=/opt/rustwide/cargo-home" "-e" "RUSTUP_HOME=/opt/rustwide/rustup-home" "-e" "CARGO_TARGET_DIR=/opt/rustwide/target" "-e" "CARGO_INCREMENTAL=0" "-e" "RUST_BACKTRACE=full" "-e" "RUSTFLAGS=--cap-lints=warn" "-e" "RUSTDOCFLAGS=--cap-lints=warn" "-w" "/opt/rustwide/workdir" "--user" "0:0" "298892e150e8e54bbd35b196b80ce76c0042ea1e8597b8e22f38a1733fc7f636" "/opt/rustwide/cargo-home/bin/cargo" "+1.100.0-beta.1" "test" "--frozen" "--release", kill_on_drop: false }`
[INFO] [stderr] warning: `package.homepage` is redundant with `package.repository`
[INFO] [stderr]   --> Cargo.toml:25:12
[INFO] [stderr]    |
[INFO] [stderr] 25 | homepage = "https://github.com/ZKML-Soroban/ZKML-Soroban"
[INFO] [stderr]    |            ^^^^^^^^^^^^^^^^^^^^^^^^^^^^^^^^^^^^^^^^^^^^^^
[INFO] [stderr] ...
[INFO] [stderr] 30 | repository = "https://github.com/ZKML-Soroban/ZKML-Soroban"
[INFO] [stderr]    |              ----------------------------------------------
[INFO] [stderr]    |
[INFO] [stderr]    = note: `cargo::redundant_homepage` is set to `warn` by default
[INFO] [stderr] help: consider removing `package.homepage`
[INFO] [stderr] warning: `zkml-verifier` (manifest) generated 1 warning
[INFO] [stderr]     Finished `release` profile [optimized] target(s) in 0.20s
[INFO] [stderr]      Running unittests src/lib.rs (/opt/rustwide/target/release/build/zkml-verifier/05e9d68accaa6680/out/zkml_verifier-05e9d68accaa6680)
[INFO] [stdout] 
[INFO] [stdout] running 26 tests
[INFO] [stdout] test test::test_initialize ... FAILED
[INFO] [stdout] test test_admin_auth::contract_state_accessible_after_key_rotation ... FAILED
[INFO] [stdout] test test_admin_auth::initialize_without_admin_auth_fails ... FAILED
[INFO] [stdout] test test_admin_auth::initialize_with_admin_auth_succeeds ... FAILED
[INFO] [stdout] test test_admin_auth::get_admin_returns_stored_admin ... FAILED
[INFO] [stdout] test test_admin_auth::set_admin_authorized_succeeds ... FAILED
[INFO] [stdout] test test_admin_auth::is_paused_returns_correct_state ... FAILED
[INFO] [stdout] test test_guards::verify_malformed_proof_c ... FAILED
[INFO] [stdout] test test_admin_auth::set_model_hash_authorized_succeeds ... FAILED
[INFO] [stdout] test test_poseidon_cross_check::model_commitment_is_reproducible ... ok
[INFO] [stdout] test test_guards::verify_distinct_inputs_independent ... FAILED
[INFO] [stdout] test test_admin_auth::set_verification_key_authorized_succeeds ... FAILED
[INFO] [stdout] test test_guards::verify_distinct_outputs_independent ... FAILED
[INFO] [stdout] test test_guards::verify_malformed_proof_a ... FAILED
[INFO] [stdout] test test_guards::verify_wrong_model_hash ... FAILED
[INFO] [stdout] test test_verified_event::verify_emits_verified_event_with_model_hash_and_output ... FAILED
[INFO] [stdout] test test_guards::verify_malformed_proof_b ... FAILED
[INFO] [stdout] test test_admin_auth::set_model_hash_unauthorized_fails ... FAILED
[INFO] [stdout] test test_guards::verify_public_inputs_too_short ... FAILED
[INFO] [stdout] test test_guards::verify_vk_length_mismatch ... FAILED
[INFO] [stdout] test test_poseidon_cross_check::verify_before_initialize_returns_error ... FAILED
[INFO] [stdout] test test_guards::verify_invalid_output_length ... FAILED
[INFO] [stdout] 
[INFO] [stderr] 
[INFO] [stdout] thread 'test::test_double_initialize' (2842) panicked at /opt/rustwide/cargo-home/registry/src/index.crates.io-1949cf8c6b5b557f/soroban-env-host-27.0.1/src/host.rs:910:9:
[INFO] [stderr] thread 'test::test_double_initialize' (2842) panicked at /rustc/e3feeb59cd1bdd011a2bfcc0747b55125d9b8527/library/core/src/panicking.rs:233:5:
[INFO] [stdout] HostError: Error(WasmVm, InvalidAction)
[INFO] [stderr] panic in a destructor during cleanup
[INFO] [stdout] 
[INFO] [stderr] thread caused non-unwinding panic. aborting.
[INFO] [stdout] Event log (newest first):
[INFO] [stdout]    0: [Diagnostic Event] topics:[error, Error(WasmVm, InvalidAction)], data:"escalating error to panic"
[INFO] [stdout]    1: [Diagnostic Event] topics:[error, Error(WasmVm, InvalidAction)], data:["contract call failed", initialize, [CAAAAAAAAAAAAAAAAAAAAAAAAAAAAAAAAAAAAAAAAAAAAAAAAAAAFCT4, Bytes(0101010101010101010101010101010101010101010101010101010101010101), {alpha: Bytes(00000000000000000000000000000000000000000000000000000000000000010000000000000000000000000000000000000000000000000000000000000002), beta: Bytes(0000000000000000000000000000000000000000000000000000000000000000000000000000000000000000000000000000000000000000000000000000000000000000000000000000000000000000000000000000000000000000000000000000000000000000000000000000000000000000000000000000000000000000), delta: Bytes(0000000000000000000000000000000000000000000000000000000000000000000000000000000000000000000000000000000000000000000000000000000000000000000000000000000000000000000000000000000000000000000000000000000000000000000000000000000000000000000000000000000000000000), gamma: Bytes(0000000000000000000000000000000000000000000000000000000000000000000000000000000000000000000000000000000000000000000000000000000000000000000000000000000000000000000000000000000000000000000000000000000000000000000000000000000000000000000000000000000000000000), ic: [Bytes(00000000000000000000000000000000000000000000000000000000000000010000000000000000000000000000000000000000000000000000000000000002), Bytes(00000000000000000000000000000000000000000000000000000000000000010000000000000000000000000000000000000000000000000000000000000002), Bytes(00000000000000000000000000000000000000000000000000000000000000010000000000000000000000000000000000000000000000000000000000000002), Bytes(00000000000000000000000000000000000000000000000000000000000000010000000000000000000000000000000000000000000000000000000000000002)]}]]
[INFO] [stdout]    2: [Failed Diagnostic Event (not emitted)] contract:CAAAAAAAAAAAAAAAAAAAAAAAAAAAAAAAAAAAAAAAAAAAAAAAAAAAD2KM, topics:[error, Error(WasmVm, InvalidAction)], data:"caught error from function"
[INFO] [stdout]    3: [Failed Diagnostic Event (not emitted)] contract:CAAAAAAAAAAAAAAAAAAAAAAAAAAAAAAAAAAAAAAAAAAAAAAAAAAAD2KM, topics:[log], data:["caught panic 'contract is already initialized' from contract function 'Symbol(obj#57)'", CAAAAAAAAAAAAAAAAAAAAAAAAAAAAAAAAAAAAAAAAAAAAAAAAAAAFCT4, Bytes(0101010101010101010101010101010101010101010101010101010101010101), {alpha: Bytes(00000000000000000000000000000000000000000000000000000000000000010000000000000000000000000000000000000000000000000000000000000002), beta: Bytes(0000000000000000000000000000000000000000000000000000000000000000000000000000000000000000000000000000000000000000000000000000000000000000000000000000000000000000000000000000000000000000000000000000000000000000000000000000000000000000000000000000000000000000), delta: Bytes(0000000000000000000000000000000000000000000000000000000000000000000000000000000000000000000000000000000000000000000000000000000000000000000000000000000000000000000000000000000000000000000000000000000000000000000000000000000000000000000000000000000000000000), gamma: Bytes(0000000000000000000000000000000000000000000000000000000000000000000000000000000000000000000000000000000000000000000000000000000000000000000000000000000000000000000000000000000000000000000000000000000000000000000000000000000000000000000000000000000000000000), ic: [Bytes(00000000000000000000000000000000000000000000000000000000000000010000000000000000000000000000000000000000000000000000000000000002), Bytes(00000000000000000000000000000000000000000000000000000000000000010000000000000000000000000000000000000000000000000000000000000002), Bytes(00000000000000000000000000000000000000000000000000000000000000010000000000000000000000000000000000000000000000000000000000000002), Bytes(00000000000000000000000000000000000000000000000000000000000000010000000000000000000000000000000000000000000000000000000000000002)]}]
[INFO] [stdout]    4: [Diagnostic Event] topics:[fn_call, CAAAAAAAAAAAAAAAAAAAAAAAAAAAAAAAAAAAAAAAAAAAAAAAAAAAD2KM, initialize], data:[CAAAAAAAAAAAAAAAAAAAAAAAAAAAAAAAAAAAAAAAAAAAAAAAAAAAFCT4, Bytes(0101010101010101010101010101010101010101010101010101010101010101), {alpha: Bytes(00000000000000000000000000000000000000000000000000000000000000010000000000000000000000000000000000000000000000000000000000000002), beta: Bytes(0000000000000000000000000000000000000000000000000000000000000000000000000000000000000000000000000000000000000000000000000000000000000000000000000000000000000000000000000000000000000000000000000000000000000000000000000000000000000000000000000000000000000000), delta: Bytes(0000000000000000000000000000000000000000000000000000000000000000000000000000000000000000000000000000000000000000000000000000000000000000000000000000000000000000000000000000000000000000000000000000000000000000000000000000000000000000000000000000000000000000), gamma: Bytes(0000000000000000000000000000000000000000000000000000000000000000000000000000000000000000000000000000000000000000000000000000000000000000000000000000000000000000000000000000000000000000000000000000000000000000000000000000000000000000000000000000000000000000), ic: [Bytes(00000000000000000000000000000000000000000000000000000000000000010000000000000000000000000000000000000000000000000000000000000002), Bytes(00000000000000000000000000000000000000000000000000000000000000010000000000000000000000000000000000000000000000000000000000000002), Bytes(00000000000000000000000000000000000000000000000000000000000000010000000000000000000000000000000000000000000000000000000000000002), Bytes(00000000000000000000000000000000000000000000000000000000000000010000000000000000000000000000000000000000000000000000000000000002)]}]
[INFO] [stdout] 
[INFO] [stdout] stack backtrace:
[INFO] [stdout]    0:     0x5e5322b132f1 - <<std[617be2ca0a6fd877]::sys::backtrace::BacktraceLock>::print::DisplayBacktrace as core[a373ad73a504971]::fmt::Display>::fmt
[INFO] [stdout]    1:     0x5e5322b2882a - core[a373ad73a504971]::fmt::write
[INFO] [stdout]    2:     0x5e5322b175bc - <alloc[2e1b2a31b91974c5]::vec::Vec<u8> as core[a373ad73a504971]::io::write::Write>::write_fmt
[INFO] [stdout]    3:     0x5e5322aeeaa6 - std[617be2ca0a6fd877]::panicking::default_hook::{closure#0}
[INFO] [stdout]    4:     0x5e5322b0b949 - std[617be2ca0a6fd877]::panicking::default_hook
[INFO] [stdout]    5:     0x5e53227032d0 - test[aada8e7e76ba119b]::test_main_inner::{closure#0}
[INFO] [stdout]    6:     0x5e5322b0bb02 - std[617be2ca0a6fd877]::panicking::panic_with_hook
[INFO] [stdout]    7:     0x5e5322aeeb52 - std[617be2ca0a6fd877]::panicking::panic_handler::{closure#0}
[INFO] [stdout]    8:     0x5e5322ae7719 - std[617be2ca0a6fd877]::sys::backtrace::__rust_end_short_backtrace::<std[617be2ca0a6fd877]::panicking::panic_handler::{closure#0}, !>
[INFO] [stdout]    9:     0x5e5322aef75d - __rustc[ea4f61d10b84890b]::rust_begin_unwind
[INFO] [stdout]   10:     0x5e5322b28f8c - core[a373ad73a504971]::panicking::panic_fmt
[INFO] [stdout]   11:     0x5e53227a5658 - <soroban_env_host[1a490534bc30826e]::host::Host as soroban_env_common[59f72cf196f3fb58]::env::EnvBase>::escalate_error_to_panic
[INFO] [stdout]   12:     0x5e5322751905 - <soroban_sdk[cf43e32169c973fa]::env::Env as soroban_env_common[59f72cf196f3fb58]::env::Env>::call
[INFO] [stdout]   13:     0x5e53226d9edc - <zkml_verifier[a12202a5b8572e0e]::ZkmlVerifierContractClient>::initialize
[INFO] [stdout]   14:     0x5e53226e52ab - <zkml_verifier[a12202a5b8572e0e]::test::test_double_initialize::{closure#0} as core[a373ad73a504971]::ops::function::FnOnce<()>>::call_once
[INFO] [stdout]   15:     0x5e53226f671b - test[aada8e7e76ba119b]::__rust_begin_short_backtrace::<core[a373ad73a504971]::result::Result<(), alloc[2e1b2a31b91974c5]::string::String>, fn() -> core[a373ad73a504971]::result::Result<(), alloc[2e1b2a31b91974c5]::string::String>>
[INFO] [stdout]   16:     0x5e53227038f5 - test[aada8e7e76ba119b]::run_test::{closure#0}
[INFO] [stdout]   17:     0x5e53226fd1e4 - std[617be2ca0a6fd877]::sys::backtrace::__rust_begin_short_backtrace::<test[aada8e7e76ba119b]::run_test::{closure#1}, ()>
[INFO] [stdout]   18:     0x5e5322706982 - <std[617be2ca0a6fd877]::thread::lifecycle::spawn_unchecked<test[aada8e7e76ba119b]::run_test::{closure#1}, ()>::{closure#1} as core[a373ad73a504971]::ops::function::FnOnce<()>>::call_once::{shim:vtable#0}
[INFO] [stdout]   19:     0x5e5322b12b4f - <std[617be2ca0a6fd877]::sys::thread::unix::Thread>::new::thread_start
[INFO] [stdout]   20:     0x7738ec9cbdfa - <unknown>
[INFO] [stdout]   21:     0x7738eca5f3d4 - clone
[INFO] [stdout]   22:                0x0 - <unknown>
[INFO] [stdout] Writing test snapshot file for test "test::test_double_initialize" to "test_snapshots/test/test_double_initialize.1.json".
[INFO] [stdout] 
[INFO] [stdout] thread 'test::test_double_initialize' (2842) panicked at /opt/rustwide/cargo-home/registry/src/index.crates.io-1949cf8c6b5b557f/soroban-sdk-27.0.3/src/env.rs:2056:32:
[INFO] [stdout] called `Result::unwrap()` on an `Err` value: Os { code: 30, kind: ReadOnlyFilesystem, message: "Read-only file system" }
[INFO] [stdout] stack backtrace:
[INFO] [stdout]    0:     0x5e5322b132f1 - <<std[617be2ca0a6fd877]::sys::backtrace::BacktraceLock>::print::DisplayBacktrace as core[a373ad73a504971]::fmt::Display>::fmt
[INFO] [stdout]    1:     0x5e5322b2882a - core[a373ad73a504971]::fmt::write
[INFO] [stdout]    2:     0x5e5322b175bc - <alloc[2e1b2a31b91974c5]::vec::Vec<u8> as core[a373ad73a504971]::io::write::Write>::write_fmt
[INFO] [stdout]    3:     0x5e5322aeeaa6 - std[617be2ca0a6fd877]::panicking::default_hook::{closure#0}
[INFO] [stdout]    4:     0x5e5322b0b949 - std[617be2ca0a6fd877]::panicking::default_hook
[INFO] [stdout]    5:     0x5e53227032d0 - test[aada8e7e76ba119b]::test_main_inner::{closure#0}
[INFO] [stdout]    6:     0x5e5322b0bb02 - std[617be2ca0a6fd877]::panicking::panic_with_hook
[INFO] [stdout]    7:     0x5e5322aeeb52 - std[617be2ca0a6fd877]::panicking::panic_handler::{closure#0}
[INFO] [stdout]    8:     0x5e5322ae7719 - std[617be2ca0a6fd877]::sys::backtrace::__rust_end_short_backtrace::<std[617be2ca0a6fd877]::panicking::panic_handler::{closure#0}, !>
[INFO] [stdout]    9:     0x5e5322aef75d - __rustc[ea4f61d10b84890b]::rust_begin_unwind
[INFO] [stdout]   10:     0x5e5322b28f8c - core[a373ad73a504971]::panicking::panic_fmt
[INFO] [stdout]   11:     0x5e5322b28d62 - core[a373ad73a504971]::result::unwrap_failed
[INFO] [stdout]   12:     0x5e532275048b - <soroban_sdk[cf43e32169c973fa]::env::Env>::to_test_snapshot_file
[INFO] [stdout]   13:     0x5e53226e334d - core[a373ad73a504971]::ptr::drop_glue::<soroban_sdk[cf43e32169c973fa]::env::Env>
[INFO] [stdout]   14:     0x5e53226e53c4 - <zkml_verifier[a12202a5b8572e0e]::test::test_double_initialize::{closure#0} as core[a373ad73a504971]::ops::function::FnOnce<()>>::call_once
[INFO] [stdout]   15:     0x5e53226f671b - test[aada8e7e76ba119b]::__rust_begin_short_backtrace::<core[a373ad73a504971]::result::Result<(), alloc[2e1b2a31b91974c5]::string::String>, fn() -> core[a373ad73a504971]::result::Result<(), alloc[2e1b2a31b91974c5]::string::String>>
[INFO] [stdout]   16:     0x5e53227038f5 - test[aada8e7e76ba119b]::run_test::{closure#0}
[INFO] [stdout]   17:     0x5e53226fd1e4 - std[617be2ca0a6fd877]::sys::backtrace::__rust_begin_short_backtrace::<test[aada8e7e76ba119b]::run_test::{closure#1}, ()>
[INFO] [stdout]   18:     0x5e5322706982 - <std[617be2ca0a6fd877]::thread::lifecycle::spawn_unchecked<test[aada8e7e76ba119b]::run_test::{closure#1}, ()>::{closure#1} as core[a373ad73a504971]::ops::function::FnOnce<()>>::call_once::{shim:vtable#0}
[INFO] [stdout]   19:     0x5e5322b12b4f - <std[617be2ca0a6fd877]::sys::thread::unix::Thread>::new::thread_start
[INFO] [stdout]   20:     0x7738ec9cbdfa - <unknown>
[INFO] [stdout]   21:     0x7738eca5f3d4 - clone
[INFO] [stdout]   22:                0x0 - <unknown>
[INFO] [stderr] error: test failed, to rerun pass `--lib`
[INFO] [stderr] 
[INFO] [stderr] Caused by:
[INFO] [stderr]   process didn't exit successfully: `/opt/rustwide/target/release/build/zkml-verifier/05e9d68accaa6680/out/zkml_verifier-05e9d68accaa6680` (signal: 6, SIGABRT: process abort signal)
[INFO] running `Command { std: "docker" "inspect" "298892e150e8e54bbd35b196b80ce76c0042ea1e8597b8e22f38a1733fc7f636", kill_on_drop: false }`
[INFO] running `Command { std: "docker" "rm" "-f" "298892e150e8e54bbd35b196b80ce76c0042ea1e8597b8e22f38a1733fc7f636", kill_on_drop: false }`
[INFO] [stdout] 298892e150e8e54bbd35b196b80ce76c0042ea1e8597b8e22f38a1733fc7f636
