[INFO] fetching crate zkmcu-verifier 0.1.0...
[INFO] testing zkmcu-verifier-0.1.0 against 1.100.0-beta.1+cargoflags=--release for beta-release-1.100-2
[INFO] extracting crate zkmcu-verifier 0.1.0 into /workspace/builds/worker-6-tc2/source
[INFO] started tweaking crates.io crate zkmcu-verifier 0.1.0
[INFO] removed 0 missing tests
[INFO] finished tweaking crates.io crate zkmcu-verifier 0.1.0
[INFO] tweaked toml for crates.io crate zkmcu-verifier 0.1.0 written to /workspace/builds/worker-6-tc2/source/Cargo.toml
[INFO] validating manifest of crates.io crate zkmcu-verifier 0.1.0 on toolchain 1.100.0-beta.1
[INFO] running `Command { std: CARGO_HOME="/workspace/cargo-home" RUSTUP_HOME="/workspace/rustup-home" "/workspace/cargo-home/bin/cargo" "+1.100.0-beta.1" "metadata" "--manifest-path" "Cargo.toml" "--no-deps", kill_on_drop: false }`
[INFO] crate crates.io crate zkmcu-verifier 0.1.0 already has a lockfile, it will not be regenerated
[INFO] running `Command { std: CARGO_HOME="/workspace/cargo-home" RUSTUP_HOME="/workspace/rustup-home" "/workspace/cargo-home/bin/cargo" "+1.100.0-beta.1" "fetch" "--manifest-path" "Cargo.toml", kill_on_drop: false }`
[INFO] [stderr] warning: `package.homepage` is redundant with `package.repository`
[INFO] [stderr]   --> Cargo.toml:89:12
[INFO] [stderr]    |
[INFO] [stderr] 89 | homepage = "https://github.com/Niek-Kamer/zkmcu"
[INFO] [stderr]    |            ^^^^^^^^^^^^^^^^^^^^^^^^^^^^^^^^^^^^^
[INFO] [stderr] ...
[INFO] [stderr] 94 | repository = "https://github.com/Niek-Kamer/zkmcu"
[INFO] [stderr]    |              -------------------------------------
[INFO] [stderr]    |
[INFO] [stderr]    = note: `cargo::redundant_homepage` is set to `warn` by default
[INFO] [stderr] help: consider removing `package.homepage`
[INFO] [stderr] warning: `zkmcu-verifier` (manifest) generated 1 warning
[INFO] running `Command { std: "docker" "create" "-v" "/var/lib/crater-agent-workspace/builds/worker-6-tc2/source:/opt/rustwide/workdir:ro,Z" "-v" "/var/lib/crater-agent-workspace/builds/worker-6-tc2/target:/opt/rustwide/target:rw,Z" "-v" "/var/lib/crater-agent-workspace/cargo-home:/opt/rustwide/cargo-home:ro,Z" "-v" "/var/lib/crater-agent-workspace/rustup-home:/opt/rustwide/rustup-home:ro,Z" "-m" "1610612736" "--network" "none" "ghcr.io/rust-lang/crates-build-env/linux@sha256:77db811e55d90add9212f6832c23229e3de5f1c1f9905e8cb07319ea15df73ac" "sleep" "infinity", kill_on_drop: false }`
[INFO] [stdout] f09a7a88fea432d44f695f56a9624207c05e357bd5d131988c4f1172f50a8eda
[INFO] running `Command { std: "docker" "start" "f09a7a88fea432d44f695f56a9624207c05e357bd5d131988c4f1172f50a8eda", kill_on_drop: false }`
[INFO] running `Command { std: "docker" "inspect" "f09a7a88fea432d44f695f56a9624207c05e357bd5d131988c4f1172f50a8eda", kill_on_drop: false }`
[INFO] running `Command { std: "docker" "exec" "-e" "SOURCE_DIR=/opt/rustwide/workdir" "-e" "CARGO_HOME=/opt/rustwide/cargo-home" "-e" "RUSTUP_HOME=/opt/rustwide/rustup-home" "-e" "CARGO_TARGET_DIR=/opt/rustwide/target" "-w" "/opt/rustwide/workdir" "--user" "0:0" "f09a7a88fea432d44f695f56a9624207c05e357bd5d131988c4f1172f50a8eda" "/opt/rustwide/cargo-home/bin/cargo" "+1.100.0-beta.1" "metadata" "--no-deps" "--format-version=1", kill_on_drop: false }`
[INFO] running `Command { std: "docker" "inspect" "f09a7a88fea432d44f695f56a9624207c05e357bd5d131988c4f1172f50a8eda", kill_on_drop: false }`
[INFO] running `Command { std: "docker" "exec" "-e" "SOURCE_DIR=/opt/rustwide/workdir" "-e" "CARGO_HOME=/opt/rustwide/cargo-home" "-e" "RUSTUP_HOME=/opt/rustwide/rustup-home" "-e" "CARGO_TARGET_DIR=/opt/rustwide/target" "-e" "CARGO_INCREMENTAL=0" "-e" "RUST_BACKTRACE=full" "-e" "RUSTFLAGS=--cap-lints=warn" "-e" "RUSTDOCFLAGS=--cap-lints=warn" "-w" "/opt/rustwide/workdir" "--user" "0:0" "f09a7a88fea432d44f695f56a9624207c05e357bd5d131988c4f1172f50a8eda" "/opt/rustwide/cargo-home/bin/cargo" "+1.100.0-beta.1" "build" "--frozen" "--message-format=json" "--release", kill_on_drop: false }`
[INFO] [stderr] warning: `package.homepage` is redundant with `package.repository`
[INFO] [stderr]   --> Cargo.toml:89:12
[INFO] [stderr]    |
[INFO] [stderr] 89 | homepage = "https://github.com/Niek-Kamer/zkmcu"
[INFO] [stderr]    |            ^^^^^^^^^^^^^^^^^^^^^^^^^^^^^^^^^^^^^
[INFO] [stderr] ...
[INFO] [stderr] 94 | repository = "https://github.com/Niek-Kamer/zkmcu"
[INFO] [stderr]    |              -------------------------------------
[INFO] [stderr]    |
[INFO] [stderr]    = note: `cargo::redundant_homepage` is set to `warn` by default
[INFO] [stderr] help: consider removing `package.homepage`
[INFO] [stderr] warning: `zkmcu-verifier` (manifest) generated 1 warning
[INFO] [stderr]    Compiling crunchy v0.2.4
[INFO] [stderr]    Compiling rand_core v0.6.4
[INFO] [stderr]    Compiling spin v0.9.8
[INFO] [stderr]    Compiling byteorder v1.5.0
[INFO] [stderr]    Compiling rustc-hex v2.1.0
[INFO] [stderr]    Compiling lazy_static v1.5.0
[INFO] [stderr]    Compiling rand v0.8.6
[INFO] [stderr]    Compiling substrate-bn v0.6.0
[INFO] [stderr]    Compiling zkmcu-verifier v0.1.0 (/opt/rustwide/workdir)
[INFO] [stderr]     Finished `release` profile [optimized] target(s) in 3.46s
[INFO] running `Command { std: "docker" "inspect" "f09a7a88fea432d44f695f56a9624207c05e357bd5d131988c4f1172f50a8eda", kill_on_drop: false }`
[INFO] running `Command { std: "docker" "exec" "-e" "SOURCE_DIR=/opt/rustwide/workdir" "-e" "CARGO_HOME=/opt/rustwide/cargo-home" "-e" "RUSTUP_HOME=/opt/rustwide/rustup-home" "-e" "CARGO_TARGET_DIR=/opt/rustwide/target" "-e" "CARGO_INCREMENTAL=0" "-e" "RUST_BACKTRACE=full" "-e" "RUSTFLAGS=--cap-lints=warn" "-e" "RUSTDOCFLAGS=--cap-lints=warn" "-w" "/opt/rustwide/workdir" "--user" "0:0" "f09a7a88fea432d44f695f56a9624207c05e357bd5d131988c4f1172f50a8eda" "/opt/rustwide/cargo-home/bin/cargo" "+1.100.0-beta.1" "test" "--frozen" "--no-run" "--message-format=json" "--release", kill_on_drop: false }`
[INFO] [stderr] warning: `package.homepage` is redundant with `package.repository`
[INFO] [stderr]   --> Cargo.toml:89:12
[INFO] [stderr]    |
[INFO] [stderr] 89 | homepage = "https://github.com/Niek-Kamer/zkmcu"
[INFO] [stderr]    |            ^^^^^^^^^^^^^^^^^^^^^^^^^^^^^^^^^^^^^
[INFO] [stderr] ...
[INFO] [stderr] 94 | repository = "https://github.com/Niek-Kamer/zkmcu"
[INFO] [stderr]    |              -------------------------------------
[INFO] [stderr]    |
[INFO] [stderr]    = note: `cargo::redundant_homepage` is set to `warn` by default
[INFO] [stderr] help: consider removing `package.homepage`
[INFO] [stderr] warning: `zkmcu-verifier` (manifest) generated 1 warning
[INFO] [stderr]    Compiling libc v0.2.185
[INFO] [stderr]    Compiling zerocopy v0.8.48
[INFO] [stderr]    Compiling getrandom v0.4.2
[INFO] [stderr]    Compiling bitflags v2.11.1
[INFO] [stderr]    Compiling num-traits v0.2.19
[INFO] [stderr]    Compiling fastrand v2.4.1
[INFO] [stderr]    Compiling once_cell v1.21.4
[INFO] [stderr]    Compiling quick-error v1.2.3
[INFO] [stderr]    Compiling bit-vec v0.8.0
[INFO] [stderr]    Compiling rustix v1.1.4
[INFO] [stderr]    Compiling unarray v0.1.4
[INFO] [stderr]    Compiling regex-syntax v0.8.10
[INFO] [stderr]    Compiling bit-set v0.8.0
[INFO] [stderr]    Compiling getrandom v0.3.4
[INFO] [stderr]    Compiling wait-timeout v0.2.1
[INFO] [stderr]    Compiling rand_core v0.9.5
[INFO] [stderr]    Compiling rand_xorshift v0.4.0
[INFO] [stderr]    Compiling rand v0.9.4
[INFO] [stderr]    Compiling tempfile v3.27.0
[INFO] [stderr]    Compiling rusty-fork v0.3.1
[INFO] [stderr]    Compiling ppv-lite86 v0.2.21
[INFO] [stderr]    Compiling rand_chacha v0.9.0
[INFO] [stderr]    Compiling proptest v1.11.0
[INFO] [stderr]    Compiling zkmcu-verifier v0.1.0 (/opt/rustwide/workdir)
[INFO] [stderr]     Finished `release` profile [optimized] target(s) in 39.34s
[INFO] running `Command { std: "docker" "inspect" "f09a7a88fea432d44f695f56a9624207c05e357bd5d131988c4f1172f50a8eda", kill_on_drop: false }`
[INFO] running `Command { std: "docker" "exec" "-e" "SOURCE_DIR=/opt/rustwide/workdir" "-e" "CARGO_HOME=/opt/rustwide/cargo-home" "-e" "RUSTUP_HOME=/opt/rustwide/rustup-home" "-e" "CARGO_TARGET_DIR=/opt/rustwide/target" "-e" "CARGO_INCREMENTAL=0" "-e" "RUST_BACKTRACE=full" "-e" "RUSTFLAGS=--cap-lints=warn" "-e" "RUSTDOCFLAGS=--cap-lints=warn" "-w" "/opt/rustwide/workdir" "--user" "0:0" "f09a7a88fea432d44f695f56a9624207c05e357bd5d131988c4f1172f50a8eda" "/opt/rustwide/cargo-home/bin/cargo" "+1.100.0-beta.1" "test" "--frozen" "--release", kill_on_drop: false }`
[INFO] [stderr] warning: `package.homepage` is redundant with `package.repository`
[INFO] [stderr]   --> Cargo.toml:89:12
[INFO] [stderr]    |
[INFO] [stderr] 89 | homepage = "https://github.com/Niek-Kamer/zkmcu"
[INFO] [stderr]    |            ^^^^^^^^^^^^^^^^^^^^^^^^^^^^^^^^^^^^^
[INFO] [stderr] ...
[INFO] [stderr] 94 | repository = "https://github.com/Niek-Kamer/zkmcu"
[INFO] [stderr]    |              -------------------------------------
[INFO] [stderr]    |
[INFO] [stderr]    = note: `cargo::redundant_homepage` is set to `warn` by default
[INFO] [stderr] help: consider removing `package.homepage`
[INFO] [stderr] warning: `zkmcu-verifier` (manifest) generated 1 warning
[INFO] [stderr]     Finished `release` profile [optimized] target(s) in 0.13s
[INFO] [stderr]      Running unittests src/lib.rs (/opt/rustwide/target/release/build/zkmcu-verifier/fc1b256b5275eef6/out/zkmcu_verifier-fc1b256b5275eef6)
[INFO] [stdout] 
[INFO] [stdout] running 0 tests
[INFO] [stdout] 
[INFO] [stdout] test result: ok. 0 passed; 0 failed; 0 ignored; 0 measured; 0 filtered out; finished in 0.00s
[INFO] [stdout] 
[INFO] [stderr]      Running tests/adversarial.rs (/opt/rustwide/target/release/build/zkmcu-verifier/d8d03afb500566c7/out/adversarial-d8d03afb500566c7)
[INFO] [stdout] 
[INFO] [stdout] running 23 tests
[INFO] [stdout] test parse_proof_empty ... ok
[INFO] [stdout] test parse_proof_field_element_above_modulus ... FAILED
[INFO] [stdout] test parse_proof_all_zero_is_identity_points ... FAILED
[INFO] [stdout] test parse_proof_one_byte_short ... FAILED
[INFO] [stdout] test parse_public_empty ... ok
[INFO] [stdout] test parse_vk_all_zero_header_and_no_ic ... ok
[INFO] [stdout] test parse_vk_claimed_ic_count_overflows ... FAILED
[INFO] [stdout] test parse_vk_empty ... ok
[INFO] [stdout] test parse_vk_field_element_above_modulus ... FAILED
[INFO] [stdout] test parse_public_count_exceeds_available_bytes ... ok
[INFO] [stdout] test parse_vk_truncated_before_ic ... FAILED
[INFO] [stdout] test parse_public_count_astronomical ... ok
[INFO] [stdout] test parse_vk_zero_ic_count ... FAILED
[INFO] [stdout] test parse_vk_one_byte_short ... FAILED
[INFO] [stdout] test verify_cross_vector_rejects ... FAILED
[INFO] [stdout] test verify_rejects_all_zero_proof ... FAILED
[INFO] [stdout] test verify_rejects_bitflip_in_every_proof_byte ... FAILED
[INFO] [stdout] test verify_rejects_bitflip_in_every_public_byte ... FAILED
[INFO] [stdout] test verify_rejects_bitflip_in_every_vk_byte ... FAILED
[INFO] [stdout] test verify_rejects_mismatched_public_count ... FAILED
[INFO] [stdout] test parse_proof_point_not_on_curve ... ok
[INFO] [stdout] test parse_public_scalar_above_modulus ... ok
[INFO] [stdout] test parse_public_count_only_no_elements ... ok
[INFO] [stdout] 
[INFO] [stdout] failures:
[INFO] [stdout] 
[INFO] [stdout] ---- parse_proof_field_element_above_modulus stdout ----
[INFO] [stdout] 
[INFO] [stdout] thread 'parse_proof_field_element_above_modulus' (694) panicked at tests/adversarial.rs:37:40:
[INFO] [stdout] reading /opt/rustwide/zkmcu-vectors/data/square/vk.bin: No such file or directory (os error 2)
[INFO] [stdout] stack backtrace:
[INFO] [stdout]    0:     0x5a48a3a7f1f1 - <<std[617be2ca0a6fd877]::sys::backtrace::BacktraceLock>::print::DisplayBacktrace as core[a373ad73a504971]::fmt::Display>::fmt
[INFO] [stdout]    1:     0x5a48a3a9313a - core[a373ad73a504971]::fmt::write
[INFO] [stdout]    2:     0x5a48a3a8342c - <alloc[2e1b2a31b91974c5]::vec::Vec<u8> as core[a373ad73a504971]::io::write::Write>::write_fmt
[INFO] [stdout]    3:     0x5a48a3a5b136 - std[617be2ca0a6fd877]::panicking::default_hook::{closure#0}
[INFO] [stdout]    4:     0x5a48a3a77579 - std[617be2ca0a6fd877]::panicking::default_hook
[INFO] [stdout]    5:     0x5a48a39fea20 - test[aada8e7e76ba119b]::test_main_inner::{closure#0}
[INFO] [stdout]    6:     0x5a48a3a77732 - std[617be2ca0a6fd877]::panicking::panic_with_hook
[INFO] [stdout]    7:     0x5a48a3a5b1e2 - std[617be2ca0a6fd877]::panicking::panic_handler::{closure#0}
[INFO] [stdout]    8:     0x5a48a3a53d69 - std[617be2ca0a6fd877]::sys::backtrace::__rust_end_short_backtrace::<std[617be2ca0a6fd877]::panicking::panic_handler::{closure#0}, !>
[INFO] [stdout]    9:     0x5a48a3a5bded - __rustc[ea4f61d10b84890b]::rust_begin_unwind
[INFO] [stdout]   10:     0x5a48a3a9386c - core[a373ad73a504971]::panicking::panic_fmt
[INFO] [stdout]   11:     0x5a48a39ee6d9 - adversarial[5a74a047af4d1c3]::load_from::{closure#0}
[INFO] [stdout]   12:     0x5a48a39eeb5b - adversarial[5a74a047af4d1c3]::load_from
[INFO] [stdout]   13:     0x5a48a39ee75e - adversarial[5a74a047af4d1c3]::known_good
[INFO] [stdout]   14:     0x5a48a39f0f19 - <adversarial[5a74a047af4d1c3]::parse_proof_field_element_above_modulus::{closure#0} as core[a373ad73a504971]::ops::function::FnOnce<()>>::call_once
[INFO] [stdout]   15:     0x5a48a39f1e6b - test[aada8e7e76ba119b]::__rust_begin_short_backtrace::<core[a373ad73a504971]::result::Result<(), alloc[2e1b2a31b91974c5]::string::String>, fn() -> core[a373ad73a504971]::result::Result<(), alloc[2e1b2a31b91974c5]::string::String>>
[INFO] [stdout]   16:     0x5a48a39ff045 - test[aada8e7e76ba119b]::run_test::{closure#0}
[INFO] [stdout]   17:     0x5a48a39f8934 - std[617be2ca0a6fd877]::sys::backtrace::__rust_begin_short_backtrace::<test[aada8e7e76ba119b]::run_test::{closure#1}, ()>
[INFO] [stdout]   18:     0x5a48a3a020d2 - <std[617be2ca0a6fd877]::thread::lifecycle::spawn_unchecked<test[aada8e7e76ba119b]::run_test::{closure#1}, ()>::{closure#1} as core[a373ad73a504971]::ops::function::FnOnce<()>>::call_once::{shim:vtable#0}
[INFO] [stdout]   19:     0x5a48a3a7e73f - <std[617be2ca0a6fd877]::sys::thread::unix::Thread>::new::thread_start
[INFO] [stdout]   20:     0x7ed9d19dbdfa - <unknown>
[INFO] [stdout]   21:     0x7ed9d1a6f3d4 - clone
[INFO] [stdout]   22:                0x0 - <unknown>
[INFO] [stdout] 
[INFO] [stdout] ---- parse_proof_all_zero_is_identity_points stdout ----
[INFO] [stdout] 
[INFO] [stdout] thread 'parse_proof_all_zero_is_identity_points' (692) panicked at tests/adversarial.rs:37:40:
[INFO] [stdout] reading /opt/rustwide/zkmcu-vectors/data/square/vk.bin: No such file or directory (os error 2)
[INFO] [stdout] stack backtrace:
[INFO] [stdout]    0:     0x5a48a3a7f1f1 - <<std[617be2ca0a6fd877]::sys::backtrace::BacktraceLock>::print::DisplayBacktrace as core[a373ad73a504971]::fmt::Display>::fmt
[INFO] [stdout]    1:     0x5a48a3a9313a - core[a373ad73a504971]::fmt::write
[INFO] [stdout]    2:     0x5a48a3a8342c - <alloc[2e1b2a31b91974c5]::vec::Vec<u8> as core[a373ad73a504971]::io::write::Write>::write_fmt
[INFO] [stdout]    3:     0x5a48a3a5b136 - std[617be2ca0a6fd877]::panicking::default_hook::{closure#0}
[INFO] [stdout]    4:     0x5a48a3a77579 - std[617be2ca0a6fd877]::panicking::default_hook
[INFO] [stdout]    5:     0x5a48a39fea20 - test[aada8e7e76ba119b]::test_main_inner::{closure#0}
[INFO] [stdout]    6:     0x5a48a3a77732 - std[617be2ca0a6fd877]::panicking::panic_with_hook
[INFO] [stdout]    7:     0x5a48a3a5b1e2 - std[617be2ca0a6fd877]::panicking::panic_handler::{closure#0}
[INFO] [stdout]    8:     0x5a48a3a53d69 - std[617be2ca0a6fd877]::sys::backtrace::__rust_end_short_backtrace::<std[617be2ca0a6fd877]::panicking::panic_handler::{closure#0}, !>
[INFO] [stdout]    9:     0x5a48a3a5bded - __rustc[ea4f61d10b84890b]::rust_begin_unwind
[INFO] [stdout]   10:     0x5a48a3a9386c - core[a373ad73a504971]::panicking::panic_fmt
[INFO] [stdout]   11:     0x5a48a39ee6d9 - adversarial[5a74a047af4d1c3]::load_from::{closure#0}
[INFO] [stdout]   12:     0x5a48a39eeb5b - adversarial[5a74a047af4d1c3]::load_from
[INFO] [stdout]   13:     0x5a48a39ee75e - adversarial[5a74a047af4d1c3]::known_good
[INFO] [stdout]   14:     0x5a48a39f0bf6 - <adversarial[5a74a047af4d1c3]::parse_proof_all_zero_is_identity_points::{closure#0} as core[a373ad73a504971]::ops::function::FnOnce<()>>::call_once
[INFO] [stdout]   15:     0x5a48a39f1e6b - test[aada8e7e76ba119b]::__rust_begin_short_backtrace::<core[a373ad73a504971]::result::Result<(), alloc[2e1b2a31b91974c5]::string::String>, fn() -> core[a373ad73a504971]::result::Result<(), alloc[2e1b2a31b91974c5]::string::String>>
[INFO] [stdout]   16:     0x5a48a39ff045 - test[aada8e7e76ba119b]::run_test::{closure#0}
[INFO] [stdout]   17:     0x5a48a39f8934 - std[617be2ca0a6fd877]::sys::backtrace::__rust_begin_short_backtrace::<test[aada8e7e76ba119b]::run_test::{closure#1}, ()>
[INFO] [stdout]   18:     0x5a48a3a020d2 - <std[617be2ca0a6fd877]::thread::lifecycle::spawn_unchecked<test[aada8e7e76ba119b]::run_test::{closure#1}, ()>::{closure#1} as core[a373ad73a504971]::ops::function::FnOnce<()>>::call_once::{shim:vtable#0}
[INFO] [stdout]   19:     0x5a48a3a7e73f - <std[617be2ca0a6fd877]::sys::thread::unix::Thread>::new::thread_start
[INFO] [stdout]   20:     0x7ed9d19dbdfa - <unknown>
[INFO] [stdout]   21:     0x7ed9d1a6f3d4 - clone
[INFO] [stdout]   22:                0x0 - <unknown>
[INFO] [stdout] 
[INFO] [stdout] ---- parse_proof_one_byte_short stdout ----
[INFO] [stdout] 
[INFO] [stdout] thread 'parse_proof_one_byte_short' (695) panicked at tests/adversarial.rs:37:40:
[INFO] [stdout] reading /opt/rustwide/zkmcu-vectors/data/square/vk.bin: No such file or directory (os error 2)
[INFO] [stdout] stack backtrace:
[INFO] [stdout]    0:     0x5a48a3a7f1f1 - <<std[617be2ca0a6fd877]::sys::backtrace::BacktraceLock>::print::DisplayBacktrace as core[a373ad73a504971]::fmt::Display>::fmt
[INFO] [stdout]    1:     0x5a48a3a9313a - core[a373ad73a504971]::fmt::write
[INFO] [stdout]    2:     0x5a48a3a8342c - <alloc[2e1b2a31b91974c5]::vec::Vec<u8> as core[a373ad73a504971]::io::write::Write>::write_fmt
[INFO] [stdout]    3:     0x5a48a3a5b136 - std[617be2ca0a6fd877]::panicking::default_hook::{closure#0}
[INFO] [stdout]    4:     0x5a48a3a77579 - std[617be2ca0a6fd877]::panicking::default_hook
[INFO] [stdout]    5:     0x5a48a39fea20 - test[aada8e7e76ba119b]::test_main_inner::{closure#0}
[INFO] [stdout]    6:     0x5a48a3a77732 - std[617be2ca0a6fd877]::panicking::panic_with_hook
[INFO] [stdout]    7:     0x5a48a3a5b1e2 - std[617be2ca0a6fd877]::panicking::panic_handler::{closure#0}
[INFO] [stdout]    8:     0x5a48a3a53d69 - std[617be2ca0a6fd877]::sys::backtrace::__rust_end_short_backtrace::<std[617be2ca0a6fd877]::panicking::panic_handler::{closure#0}, !>
[INFO] [stdout]    9:     0x5a48a3a5bded - __rustc[ea4f61d10b84890b]::rust_begin_unwind
[INFO] [stdout]   10:     0x5a48a3a9386c - core[a373ad73a504971]::panicking::panic_fmt
[INFO] [stdout]   11:     0x5a48a39ee6d9 - adversarial[5a74a047af4d1c3]::load_from::{closure#0}
[INFO] [stdout]   12:     0x5a48a39eeb5b - adversarial[5a74a047af4d1c3]::load_from
[INFO] [stdout]   13:     0x5a48a39ee75e - adversarial[5a74a047af4d1c3]::known_good
[INFO] [stdout]   14:     0x5a48a39ef4a9 - <adversarial[5a74a047af4d1c3]::parse_proof_one_byte_short::{closure#0} as core[a373ad73a504971]::ops::function::FnOnce<()>>::call_once
[INFO] [stdout]   15:     0x5a48a39f1e6b - test[aada8e7e76ba119b]::__rust_begin_short_backtrace::<core[a373ad73a504971]::result::Result<(), alloc[2e1b2a31b91974c5]::string::String>, fn() -> core[a373ad73a504971]::result::Result<(), alloc[2e1b2a31b91974c5]::string::String>>
[INFO] [stdout]   16:     0x5a48a39ff045 - test[aada8e7e76ba119b]::run_test::{closure#0}
[INFO] [stdout]   17:     0x5a48a39f8934 - std[617be2ca0a6fd877]::sys::backtrace::__rust_begin_short_backtrace::<test[aada8e7e76ba119b]::run_test::{closure#1}, ()>
[INFO] [stdout]   18:     0x5a48a3a020d2 - <std[617be2ca0a6fd877]::thread::lifecycle::spawn_unchecked<test[aada8e7e76ba119b]::run_test::{closure#1}, ()>::{closure#1} as core[a373ad73a504971]::ops::function::FnOnce<()>>::call_once::{shim:vtable#0}
[INFO] [stdout]   19:     0x5a48a3a7e73f - <std[617be2ca0a6fd877]::sys::thread::unix::Thread>::new::thread_start
[INFO] [stdout]   20:     0x7ed9d19dbdfa - <unknown>
[INFO] [stdout]   21:     0x7ed9d1a6f3d4 - clone
[INFO] [stdout]   22:                0x0 - <unknown>
[INFO] [stdout] 
[INFO] [stdout] ---- parse_vk_claimed_ic_count_overflows stdout ----
[INFO] [stdout] 
[INFO] [stdout] thread 'parse_vk_claimed_ic_count_overflows' (703) panicked at tests/adversarial.rs:37:40:
[INFO] [stdout] reading /opt/rustwide/zkmcu-vectors/data/square/vk.bin: No such file or directory (os error 2)
[INFO] [stdout] stack backtrace:
[INFO] [stdout]    0:     0x5a48a3a7f1f1 - <<std[617be2ca0a6fd877]::sys::backtrace::BacktraceLock>::print::DisplayBacktrace as core[a373ad73a504971]::fmt::Display>::fmt
[INFO] [stdout]    1:     0x5a48a3a9313a - core[a373ad73a504971]::fmt::write
[INFO] [stdout]    2:     0x5a48a3a8342c - <alloc[2e1b2a31b91974c5]::vec::Vec<u8> as core[a373ad73a504971]::io::write::Write>::write_fmt
[INFO] [stdout]    3:     0x5a48a3a5b136 - std[617be2ca0a6fd877]::panicking::default_hook::{closure#0}
[INFO] [stdout]    4:     0x5a48a3a77579 - std[617be2ca0a6fd877]::panicking::default_hook
[INFO] [stdout]    5:     0x5a48a39fea20 - test[aada8e7e76ba119b]::test_main_inner::{closure#0}
[INFO] [stdout]    6:     0x5a48a3a77732 - std[617be2ca0a6fd877]::panicking::panic_with_hook
[INFO] [stdout]    7:     0x5a48a3a5b1e2 - std[617be2ca0a6fd877]::panicking::panic_handler::{closure#0}
[INFO] [stdout]    8:     0x5a48a3a53d69 - std[617be2ca0a6fd877]::sys::backtrace::__rust_end_short_backtrace::<std[617be2ca0a6fd877]::panicking::panic_handler::{closure#0}, !>
[INFO] [stdout]    9:     0x5a48a3a5bded - __rustc[ea4f61d10b84890b]::rust_begin_unwind
[INFO] [stdout]   10:     0x5a48a3a9386c - core[a373ad73a504971]::panicking::panic_fmt
[INFO] [stdout]   11:     0x5a48a39ee6d9 - adversarial[5a74a047af4d1c3]::load_from::{closure#0}
[INFO] [stdout]   12:     0x5a48a39eeb5b - adversarial[5a74a047af4d1c3]::load_from
[INFO] [stdout]   13:     0x5a48a39ee75e - adversarial[5a74a047af4d1c3]::known_good
[INFO] [stdout]   14:     0x5a48a39f0659 - <adversarial[5a74a047af4d1c3]::parse_vk_claimed_ic_count_overflows::{closure#0} as core[a373ad73a504971]::ops::function::FnOnce<()>>::call_once
[INFO] [stdout]   15:     0x5a48a39f1e6b - test[aada8e7e76ba119b]::__rust_begin_short_backtrace::<core[a373ad73a504971]::result::Result<(), alloc[2e1b2a31b91974c5]::string::String>, fn() -> core[a373ad73a504971]::result::Result<(), alloc[2e1b2a31b91974c5]::string::String>>
[INFO] [stdout]   16:     0x5a48a39ff045 - test[aada8e7e76ba119b]::run_test::{closure#0}
[INFO] [stdout]   17:     0x5a48a39f8934 - std[617be2ca0a6fd877]::sys::backtrace::__rust_begin_short_backtrace::<test[aada8e7e76ba119b]::run_test::{closure#1}, ()>
[INFO] [stdout]   18:     0x5a48a3a020d2 - <std[617be2ca0a6fd877]::thread::lifecycle::spawn_unchecked<test[aada8e7e76ba119b]::run_test::{closure#1}, ()>::{closure#1} as core[a373ad73a504971]::ops::function::FnOnce<()>>::call_once::{shim:vtable#0}
[INFO] [stdout]   19:     0x5a48a3a7e73f - <std[617be2ca0a6fd877]::sys::thread::unix::Thread>::new::thread_start
[INFO] [stdout]   20:     0x7ed9d19dbdfa - <unknown>
[INFO] [stdout]   21:     0x7ed9d1a6f3d4 - clone
[INFO] [stdout]   22:                0x0 - <unknown>
[INFO] [stdout] 
[INFO] [stdout] ---- parse_vk_field_element_above_modulus stdout ----
[INFO] [stdout] 
[INFO] [stdout] thread 'parse_vk_field_element_above_modulus' (705) panicked at tests/adversarial.rs:37:40:
[INFO] [stdout] reading /opt/rustwide/zkmcu-vectors/data/square/vk.bin: No such file or directory (os error 2)
[INFO] [stdout] stack backtrace:
[INFO] [stdout]    0:     0x5a48a3a7f1f1 - <<std[617be2ca0a6fd877]::sys::backtrace::BacktraceLock>::print::DisplayBacktrace as core[a373ad73a504971]::fmt::Display>::fmt
[INFO] [stdout]    1:     0x5a48a3a9313a - core[a373ad73a504971]::fmt::write
[INFO] [stdout]    2:     0x5a48a3a8342c - <alloc[2e1b2a31b91974c5]::vec::Vec<u8> as core[a373ad73a504971]::io::write::Write>::write_fmt
[INFO] [stdout]    3:     0x5a48a3a5b136 - std[617be2ca0a6fd877]::panicking::default_hook::{closure#0}
[INFO] [stdout]    4:     0x5a48a3a77579 - std[617be2ca0a6fd877]::panicking::default_hook
[INFO] [stdout]    5:     0x5a48a39fea20 - test[aada8e7e76ba119b]::test_main_inner::{closure#0}
[INFO] [stdout]    6:     0x5a48a3a77732 - std[617be2ca0a6fd877]::panicking::panic_with_hook
[INFO] [stdout]    7:     0x5a48a3a5b1e2 - std[617be2ca0a6fd877]::panicking::panic_handler::{closure#0}
[INFO] [stdout]    8:     0x5a48a3a53d69 - std[617be2ca0a6fd877]::sys::backtrace::__rust_end_short_backtrace::<std[617be2ca0a6fd877]::panicking::panic_handler::{closure#0}, !>
[INFO] [stdout]    9:     0x5a48a3a5bded - __rustc[ea4f61d10b84890b]::rust_begin_unwind
[INFO] [stdout]   10:     0x5a48a3a9386c - core[a373ad73a504971]::panicking::panic_fmt
[INFO] [stdout]   11:     0x5a48a39ee6d9 - adversarial[5a74a047af4d1c3]::load_from::{closure#0}
[INFO] [stdout]   12:     0x5a48a39eeb5b - adversarial[5a74a047af4d1c3]::load_from
[INFO] [stdout]   13:     0x5a48a39ee75e - adversarial[5a74a047af4d1c3]::known_good
[INFO] [stdout]   14:     0x5a48a39f0799 - <adversarial[5a74a047af4d1c3]::parse_vk_field_element_above_modulus::{closure#0} as core[a373ad73a504971]::ops::function::FnOnce<()>>::call_once
[INFO] [stdout]   15:     0x5a48a39f1e6b - test[aada8e7e76ba119b]::__rust_begin_short_backtrace::<core[a373ad73a504971]::result::Result<(), alloc[2e1b2a31b91974c5]::string::String>, fn() -> core[a373ad73a504971]::result::Result<(), alloc[2e1b2a31b91974c5]::string::String>>
[INFO] [stdout]   16:     0x5a48a39ff045 - test[aada8e7e76ba119b]::run_test::{closure#0}
[INFO] [stdout]   17:     0x5a48a39f8934 - std[617be2ca0a6fd877]::sys::backtrace::__rust_begin_short_backtrace::<test[aada8e7e76ba119b]::run_test::{closure#1}, ()>
[INFO] [stdout]   18:     0x5a48a3a020d2 - <std[617be2ca0a6fd877]::thread::lifecycle::spawn_unchecked<test[aada8e7e76ba119b]::run_test::{closure#1}, ()>::{closure#1} as core[a373ad73a504971]::ops::function::FnOnce<()>>::call_once::{shim:vtable#0}
[INFO] [stdout]   19:     0x5a48a3a7e73f - <std[617be2ca0a6fd877]::sys::thread::unix::Thread>::new::thread_start
[INFO] [stdout]   20:     0x7ed9d19dbdfa - <unknown>
[INFO] [stdout]   21:     0x7ed9d1a6f3d4 - clone
[INFO] [stdout]   22:                0x0 - <unknown>
[INFO] [stdout] 
[INFO] [stdout] ---- parse_vk_truncated_before_ic stdout ----
[INFO] [stdout] 
[INFO] [stdout] thread 'parse_vk_truncated_before_ic' (707) panicked at tests/adversarial.rs:37:40:
[INFO] [stdout] reading /opt/rustwide/zkmcu-vectors/data/square/vk.bin: No such file or directory (os error 2)
[INFO] [stdout] stack backtrace:
[INFO] [stdout]    0:     0x5a48a3a7f1f1 - <<std[617be2ca0a6fd877]::sys::backtrace::BacktraceLock>::print::DisplayBacktrace as core[a373ad73a504971]::fmt::Display>::fmt
[INFO] [stdout]    1:     0x5a48a3a9313a - core[a373ad73a504971]::fmt::write
[INFO] [stdout]    2:     0x5a48a3a8342c - <alloc[2e1b2a31b91974c5]::vec::Vec<u8> as core[a373ad73a504971]::io::write::Write>::write_fmt
[INFO] [stdout]    3:     0x5a48a3a5b136 - std[617be2ca0a6fd877]::panicking::default_hook::{closure#0}
[INFO] [stdout]    4:     0x5a48a3a77579 - std[617be2ca0a6fd877]::panicking::default_hook
[INFO] [stdout]    5:     0x5a48a39fea20 - test[aada8e7e76ba119b]::test_main_inner::{closure#0}
[INFO] [stdout]    6:     0x5a48a3a77732 - std[617be2ca0a6fd877]::panicking::panic_with_hook
[INFO] [stdout]    7:     0x5a48a3a5b1e2 - std[617be2ca0a6fd877]::panicking::panic_handler::{closure#0}
[INFO] [stdout]    8:     0x5a48a3a53d69 - std[617be2ca0a6fd877]::sys::backtrace::__rust_end_short_backtrace::<std[617be2ca0a6fd877]::panicking::panic_handler::{closure#0}, !>
[INFO] [stdout]    9:     0x5a48a3a5bded - __rustc[ea4f61d10b84890b]::rust_begin_unwind
[INFO] [stdout]   10:     0x5a48a3a9386c - core[a373ad73a504971]::panicking::panic_fmt
[INFO] [stdout]   11:     0x5a48a39ee6d9 - adversarial[5a74a047af4d1c3]::load_from::{closure#0}
[INFO] [stdout]   12:     0x5a48a39eeb5b - adversarial[5a74a047af4d1c3]::load_from
[INFO] [stdout]   13:     0x5a48a39ee75e - adversarial[5a74a047af4d1c3]::known_good
[INFO] [stdout]   14:     0x5a48a39efd49 - <adversarial[5a74a047af4d1c3]::parse_vk_truncated_before_ic::{closure#0} as core[a373ad73a504971]::ops::function::FnOnce<()>>::call_once
[INFO] [stdout]   15:     0x5a48a39f1e6b - test[aada8e7e76ba119b]::__rust_begin_short_backtrace::<core[a373ad73a504971]::result::Result<(), alloc[2e1b2a31b91974c5]::string::String>, fn() -> core[a373ad73a504971]::result::Result<(), alloc[2e1b2a31b91974c5]::string::String>>
[INFO] [stdout]   16:     0x5a48a39ff045 - test[aada8e7e76ba119b]::run_test::{closure#0}
[INFO] [stdout]   17:     0x5a48a39f8934 - std[617be2ca0a6fd877]::sys::backtrace::__rust_begin_short_backtrace::<test[aada8e7e76ba119b]::run_test::{closure#1}, ()>
[INFO] [stdout]   18:     0x5a48a3a020d2 - <std[617be2ca0a6fd877]::thread::lifecycle::spawn_unchecked<test[aada8e7e76ba119b]::run_test::{closure#1}, ()>::{closure#1} as core[a373ad73a504971]::ops::function::FnOnce<()>>::call_once::{shim:vtable#0}
[INFO] [stdout]   19:     0x5a48a3a7e73f - <std[617be2ca0a6fd877]::sys::thread::unix::Thread>::new::thread_start
[INFO] [stdout]   20:     0x7ed9d19dbdfa - <unknown>
[INFO] [stdout]   21:     0x7ed9d1a6f3d4 - clone
[INFO] [stdout]   22:                0x0 - <unknown>
[INFO] [stdout] 
[INFO] [stdout] ---- parse_vk_zero_ic_count stdout ----
[INFO] [stdout] 
[INFO] [stdout] thread 'parse_vk_zero_ic_count' (708) panicked at tests/adversarial.rs:37:40:
[INFO] [stdout] reading /opt/rustwide/zkmcu-vectors/data/square/vk.bin: No such file or directory (os error 2)
[INFO] [stdout] stack backtrace:
[INFO] [stdout]    0:     0x5a48a3a7f1f1 - <<std[617be2ca0a6fd877]::sys::backtrace::BacktraceLock>::print::DisplayBacktrace as core[a373ad73a504971]::fmt::Display>::fmt
[INFO] [stdout]    1:     0x5a48a3a9313a - core[a373ad73a504971]::fmt::write
[INFO] [stdout]    2:     0x5a48a3a8342c - <alloc[2e1b2a31b91974c5]::vec::Vec<u8> as core[a373ad73a504971]::io::write::Write>::write_fmt
[INFO] [stdout]    3:     0x5a48a3a5b136 - std[617be2ca0a6fd877]::panicking::default_hook::{closure#0}
[INFO] [stdout]    4:     0x5a48a3a77579 - std[617be2ca0a6fd877]::panicking::default_hook
[INFO] [stdout]    5:     0x5a48a39fea20 - test[aada8e7e76ba119b]::test_main_inner::{closure#0}
[INFO] [stdout]    6:     0x5a48a3a77732 - std[617be2ca0a6fd877]::panicking::panic_with_hook
[INFO] [stdout]    7:     0x5a48a3a5b1e2 - std[617be2ca0a6fd877]::panicking::panic_handler::{closure#0}
[INFO] [stdout]    8:     0x5a48a3a53d69 - std[617be2ca0a6fd877]::sys::backtrace::__rust_end_short_backtrace::<std[617be2ca0a6fd877]::panicking::panic_handler::{closure#0}, !>
[INFO] [stdout]    9:     0x5a48a3a5bded - __rustc[ea4f61d10b84890b]::rust_begin_unwind
[INFO] [stdout]   10:     0x5a48a3a9386c - core[a373ad73a504971]::panicking::panic_fmt
[INFO] [stdout]   11:     0x5a48a39ee6d9 - adversarial[5a74a047af4d1c3]::load_from::{closure#0}
[INFO] [stdout]   12:     0x5a48a39eeb5b - adversarial[5a74a047af4d1c3]::load_from
[INFO] [stdout]   13:     0x5a48a39ee75e - adversarial[5a74a047af4d1c3]::known_good
[INFO] [stdout]   14:     0x5a48a39ef13e - <adversarial[5a74a047af4d1c3]::parse_vk_zero_ic_count::{closure#0} as core[a373ad73a504971]::ops::function::FnOnce<()>>::call_once
[INFO] [stdout]   15:     0x5a48a39f1e6b - test[aada8e7e76ba119b]::__rust_begin_short_backtrace::<core[a373ad73a504971]::result::Result<(), alloc[2e1b2a31b91974c5]::string::String>, fn() -> core[a373ad73a504971]::result::Result<(), alloc[2e1b2a31b91974c5]::string::String>>
[INFO] [stdout]   16:     0x5a48a39ff045 - test[aada8e7e76ba119b]::run_test::{closure#0}
[INFO] [stdout]   17:     0x5a48a39f8934 - std[617be2ca0a6fd877]::sys::backtrace::__rust_begin_short_backtrace::<test[aada8e7e76ba119b]::run_test::{closure#1}, ()>
[INFO] [stdout]   18:     0x5a48a3a020d2 - <std[617be2ca0a6fd877]::thread::lifecycle::spawn_unchecked<test[aada8e7e76ba119b]::run_test::{closure#1}, ()>::{closure#1} as core[a373ad73a504971]::ops::function::FnOnce<()>>::call_once::{shim:vtable#0}
[INFO] [stdout]   19:     0x5a48a3a7e73f - <std[617be2ca0a6fd877]::sys::thread::unix::Thread>::new::thread_start
[INFO] [stdout]   20:     0x7ed9d19dbdfa - <unknown>
[INFO] [stdout]   21:     0x7ed9d1a6f3d4 - clone
[INFO] [stdout]   22:                0x0 - <unknown>
[INFO] [stdout] 
[INFO] [stdout] ---- parse_vk_one_byte_short stdout ----
[INFO] [stdout] 
[INFO] [stdout] thread 'parse_vk_one_byte_short' (706) panicked at tests/adversarial.rs:37:40:
[INFO] [stdout] reading /opt/rustwide/zkmcu-vectors/data/square/vk.bin: No such file or directory (os error 2)
[INFO] [stdout] stack backtrace:
[INFO] [stdout]    0:     0x5a48a3a7f1f1 - <<std[617be2ca0a6fd877]::sys::backtrace::BacktraceLock>::print::DisplayBacktrace as core[a373ad73a504971]::fmt::Display>::fmt
[INFO] [stdout]    1:     0x5a48a3a9313a - core[a373ad73a504971]::fmt::write
[INFO] [stdout]    2:     0x5a48a3a8342c - <alloc[2e1b2a31b91974c5]::vec::Vec<u8> as core[a373ad73a504971]::io::write::Write>::write_fmt
[INFO] [stdout]    3:     0x5a48a3a5b136 - std[617be2ca0a6fd877]::panicking::default_hook::{closure#0}
[INFO] [stdout]    4:     0x5a48a3a77579 - std[617be2ca0a6fd877]::panicking::default_hook
[INFO] [stdout]    5:     0x5a48a39fea20 - test[aada8e7e76ba119b]::test_main_inner::{closure#0}
[INFO] [stdout]    6:     0x5a48a3a77732 - std[617be2ca0a6fd877]::panicking::panic_with_hook
[INFO] [stdout]    7:     0x5a48a3a5b1e2 - std[617be2ca0a6fd877]::panicking::panic_handler::{closure#0}
[INFO] [stdout]    8:     0x5a48a3a53d69 - std[617be2ca0a6fd877]::sys::backtrace::__rust_end_short_backtrace::<std[617be2ca0a6fd877]::panicking::panic_handler::{closure#0}, !>
[INFO] [stdout]    9:     0x5a48a3a5bded - __rustc[ea4f61d10b84890b]::rust_begin_unwind
[INFO] [stdout]   10:     0x5a48a3a9386c - core[a373ad73a504971]::panicking::panic_fmt
[INFO] [stdout]   11:     0x5a48a39ee6d9 - adversarial[5a74a047af4d1c3]::load_from::{closure#0}
[INFO] [stdout]   12:     0x5a48a39eeb5b - adversarial[5a74a047af4d1c3]::load_from
[INFO] [stdout]   13:     0x5a48a39ee75e - adversarial[5a74a047af4d1c3]::known_good
[INFO] [stdout]   14:     0x5a48a39ef379 - <adversarial[5a74a047af4d1c3]::parse_vk_one_byte_short::{closure#0} as core[a373ad73a504971]::ops::function::FnOnce<()>>::call_once
[INFO] [stdout]   15:     0x5a48a39f1e6b - test[aada8e7e76ba119b]::__rust_begin_short_backtrace::<core[a373ad73a504971]::result::Result<(), alloc[2e1b2a31b91974c5]::string::String>, fn() -> core[a373ad73a504971]::result::Result<(), alloc[2e1b2a31b91974c5]::string::String>>
[INFO] [stdout]   16:     0x5a48a39ff045 - test[aada8e7e76ba119b]::run_test::{closure#0}
[INFO] [stdout]   17:     0x5a48a39f8934 - std[617be2ca0a6fd877]::sys::backtrace::__rust_begin_short_backtrace::<test[aada8e7e76ba119b]::run_test::{closure#1}, ()>
[INFO] [stdout]   18:     0x5a48a3a020d2 - <std[617be2ca0a6fd877]::thread::lifecycle::spawn_unchecked<test[aada8e7e76ba119b]::run_test::{closure#1}, ()>::{closure#1} as core[a373ad73a504971]::ops::function::FnOnce<()>>::call_once::{shim:vtable#0}
[INFO] [stdout]   19:     0x5a48a3a7e73f - <std[617be2ca0a6fd877]::sys::thread::unix::Thread>::new::thread_start
[INFO] [stdout]   20:     0x7ed9d19dbdfa - <unknown>
[INFO] [stdout]   21:     0x7ed9d1a6f3d4 - clone
[INFO] [stdout]   22:                0x0 - <unknown>
[INFO] [stdout] 
[INFO] [stdout] ---- verify_cross_vector_rejects stdout ----
[INFO] [stdout] 
[INFO] [stdout] thread 'verify_cross_vector_rejects' (709) panicked at tests/adversarial.rs:37:40:
[INFO] [stdout] reading /opt/rustwide/zkmcu-vectors/data/square/vk.bin: No such file or directory (os error 2)
[INFO] [stdout] stack backtrace:
[INFO] [stdout]    0:     0x5a48a3a7f1f1 - <<std[617be2ca0a6fd877]::sys::backtrace::BacktraceLock>::print::DisplayBacktrace as core[a373ad73a504971]::fmt::Display>::fmt
[INFO] [stdout]    1:     0x5a48a3a9313a - core[a373ad73a504971]::fmt::write
[INFO] [stdout]    2:     0x5a48a3a8342c - <alloc[2e1b2a31b91974c5]::vec::Vec<u8> as core[a373ad73a504971]::io::write::Write>::write_fmt
[INFO] [stdout]    3:     0x5a48a3a5b136 - std[617be2ca0a6fd877]::panicking::default_hook::{closure#0}
[INFO] [stdout]    4:     0x5a48a3a77579 - std[617be2ca0a6fd877]::panicking::default_hook
[INFO] [stdout]    5:     0x5a48a39fea20 - test[aada8e7e76ba119b]::test_main_inner::{closure#0}
[INFO] [stdout]    6:     0x5a48a3a77732 - std[617be2ca0a6fd877]::panicking::panic_with_hook
[INFO] [stdout]    7:     0x5a48a3a5b1e2 - std[617be2ca0a6fd877]::panicking::panic_handler::{closure#0}
[INFO] [stdout]    8:     0x5a48a3a53d69 - std[617be2ca0a6fd877]::sys::backtrace::__rust_end_short_backtrace::<std[617be2ca0a6fd877]::panicking::panic_handler::{closure#0}, !>
[INFO] [stdout]    9:     0x5a48a3a5bded - __rustc[ea4f61d10b84890b]::rust_begin_unwind
[INFO] [stdout]   10:     0x5a48a3a9386c - core[a373ad73a504971]::panicking::panic_fmt
[INFO] [stdout]   11:     0x5a48a39ee6d9 - adversarial[5a74a047af4d1c3]::load_from::{closure#0}
[INFO] [stdout]   12:     0x5a48a39eeb5b - adversarial[5a74a047af4d1c3]::load_from
[INFO] [stdout]   13:     0x5a48a39ef5ea - <adversarial[5a74a047af4d1c3]::verify_cross_vector_rejects::{closure#0} as core[a373ad73a504971]::ops::function::FnOnce<()>>::call_once
[INFO] [stdout]   14:     0x5a48a39f1e6b - test[aada8e7e76ba119b]::__rust_begin_short_backtrace::<core[a373ad73a504971]::result::Result<(), alloc[2e1b2a31b91974c5]::string::String>, fn() -> core[a373ad73a504971]::result::Result<(), alloc[2e1b2a31b91974c5]::string::String>>
[INFO] [stdout]   15:     0x5a48a39ff045 - test[aada8e7e76ba119b]::run_test::{closure#0}
[INFO] [stdout]   16:     0x5a48a39f8934 - std[617be2ca0a6fd877]::sys::backtrace::__rust_begin_short_backtrace::<test[aada8e7e76ba119b]::run_test::{closure#1}, ()>
[INFO] [stdout]   17:     0x5a48a3a020d2 - <std[617be2ca0a6fd877]::thread::lifecycle::spawn_unchecked<test[aada8e7e76ba119b]::run_test::{closure#1}, ()>::{closure#1} as core[a373ad73a504971]::ops::function::FnOnce<()>>::call_once::{shim:vtable#0}
[INFO] [stdout]   18:     0x5a48a3a7e73f - <std[617be2ca0a6fd877]::sys::thread::unix::Thread>::new::thread_start
[INFO] [stdout]   19:     0x7ed9d19dbdfa - <unknown>
[INFO] [stdout]   20:     0x7ed9d1a6f3d4 - clone
[INFO] [stdout]   21:                0x0 - <unknown>
[INFO] [stdout] 
[INFO] [stdout] ---- verify_rejects_all_zero_proof stdout ----
[INFO] [stdout] 
[INFO] [stdout] thread 'verify_rejects_all_zero_proof' (710) panicked at tests/adversarial.rs:37:40:
[INFO] [stdout] reading /opt/rustwide/zkmcu-vectors/data/square/vk.bin: No such file or directory (os error 2)
[INFO] [stdout] stack backtrace:
[INFO] [stdout]    0:     0x5a48a3a7f1f1 - <<std[617be2ca0a6fd877]::sys::backtrace::BacktraceLock>::print::DisplayBacktrace as core[a373ad73a504971]::fmt::Display>::fmt
[INFO] [stdout]    1:     0x5a48a3a9313a - core[a373ad73a504971]::fmt::write
[INFO] [stdout]    2:     0x5a48a3a8342c - <alloc[2e1b2a31b91974c5]::vec::Vec<u8> as core[a373ad73a504971]::io::write::Write>::write_fmt
[INFO] [stdout]    3:     0x5a48a3a5b136 - std[617be2ca0a6fd877]::panicking::default_hook::{closure#0}
[INFO] [stdout]    4:     0x5a48a3a77579 - std[617be2ca0a6fd877]::panicking::default_hook
[INFO] [stdout]    5:     0x5a48a39fea20 - test[aada8e7e76ba119b]::test_main_inner::{closure#0}
[INFO] [stdout]    6:     0x5a48a3a77732 - std[617be2ca0a6fd877]::panicking::panic_with_hook
[INFO] [stdout]    7:     0x5a48a3a5b1e2 - std[617be2ca0a6fd877]::panicking::panic_handler::{closure#0}
[INFO] [stdout]    8:     0x5a48a3a53d69 - std[617be2ca0a6fd877]::sys::backtrace::__rust_end_short_backtrace::<std[617be2ca0a6fd877]::panicking::panic_handler::{closure#0}, !>
[INFO] [stdout]    9:     0x5a48a3a5bded - __rustc[ea4f61d10b84890b]::rust_begin_unwind
[INFO] [stdout]   10:     0x5a48a3a9386c - core[a373ad73a504971]::panicking::panic_fmt
[INFO] [stdout]   11:     0x5a48a39ee6d9 - adversarial[5a74a047af4d1c3]::load_from::{closure#0}
[INFO] [stdout]   12:     0x5a48a39eeb5b - adversarial[5a74a047af4d1c3]::load_from
[INFO] [stdout]   13:     0x5a48a39ee75e - adversarial[5a74a047af4d1c3]::known_good
[INFO] [stdout]   14:     0x5a48a39efe7e - <adversarial[5a74a047af4d1c3]::verify_rejects_all_zero_proof::{closure#0} as core[a373ad73a504971]::ops::function::FnOnce<()>>::call_once
[INFO] [stdout]   15:     0x5a48a39f1e6b - test[aada8e7e76ba119b]::__rust_begin_short_backtrace::<core[a373ad73a504971]::result::Result<(), alloc[2e1b2a31b91974c5]::string::String>, fn() -> core[a373ad73a504971]::result::Result<(), alloc[2e1b2a31b91974c5]::string::String>>
[INFO] [stdout]   16:     0x5a48a39ff045 - test[aada8e7e76ba119b]::run_test::{closure#0}
[INFO] [stdout]   17:     0x5a48a39f8934 - std[617be2ca0a6fd877]::sys::backtrace::__rust_begin_short_backtrace::<test[aada8e7e76ba119b]::run_test::{closure#1}, ()>
[INFO] [stdout]   18:     0x5a48a3a020d2 - <std[617be2ca0a6fd877]::thread::lifecycle::spawn_unchecked<test[aada8e7e76ba119b]::run_test::{closure#1}, ()>::{closure#1} as core[a373ad73a504971]::ops::function::FnOnce<()>>::call_once::{shim:vtable#0}
[INFO] [stdout]   19:     0x5a48a3a7e73f - <std[617be2ca0a6fd877]::sys::thread::unix::Thread>::new::thread_start
[INFO] [stdout]   20:     0x7ed9d19dbdfa - <unknown>
[INFO] [stdout]   21:     0x7ed9d1a6f3d4 - clone
[INFO] [stdout]   22:                0x0 - <unknown>
[INFO] [stdout] 
[INFO] [stdout] ---- verify_rejects_bitflip_in_every_proof_byte stdout ----
[INFO] [stdout] 
[INFO] [stdout] thread 'verify_rejects_bitflip_in_every_proof_byte' (711) panicked at tests/adversarial.rs:37:40:
[INFO] [stdout] reading /opt/rustwide/zkmcu-vectors/data/square/vk.bin: No such file or directory (os error 2)
[INFO] [stdout] stack backtrace:
[INFO] [stdout]    0:     0x5a48a3a7f1f1 - <<std[617be2ca0a6fd877]::sys::backtrace::BacktraceLock>::print::DisplayBacktrace as core[a373ad73a504971]::fmt::Display>::fmt
[INFO] [stdout]    1:     0x5a48a3a9313a - core[a373ad73a504971]::fmt::write
[INFO] [stdout]    2:     0x5a48a3a8342c - <alloc[2e1b2a31b91974c5]::vec::Vec<u8> as core[a373ad73a504971]::io::write::Write>::write_fmt
[INFO] [stdout]    3:     0x5a48a3a5b136 - std[617be2ca0a6fd877]::panicking::default_hook::{closure#0}
[INFO] [stdout]    4:     0x5a48a3a77579 - std[617be2ca0a6fd877]::panicking::default_hook
[INFO] [stdout]    5:     0x5a48a39fea20 - test[aada8e7e76ba119b]::test_main_inner::{closure#0}
[INFO] [stdout]    6:     0x5a48a3a77732 - std[617be2ca0a6fd877]::panicking::panic_with_hook
[INFO] [stdout]    7:     0x5a48a3a5b1e2 - std[617be2ca0a6fd877]::panicking::panic_handler::{closure#0}
[INFO] [stdout]    8:     0x5a48a3a53d69 - std[617be2ca0a6fd877]::sys::backtrace::__rust_end_short_backtrace::<std[617be2ca0a6fd877]::panicking::panic_handler::{closure#0}, !>
[INFO] [stdout]    9:     0x5a48a3a5bded - __rustc[ea4f61d10b84890b]::rust_begin_unwind
[INFO] [stdout]   10:     0x5a48a3a9386c - core[a373ad73a504971]::panicking::panic_fmt
[INFO] [stdout]   11:     0x5a48a39ee6d9 - adversarial[5a74a047af4d1c3]::load_from::{closure#0}
[INFO] [stdout]   12:     0x5a48a39eeb5b - adversarial[5a74a047af4d1c3]::load_from
[INFO] [stdout]   13:     0x5a48a39ee75e - adversarial[5a74a047af4d1c3]::known_good
[INFO] [stdout]   14:     0x5a48a39f1570 - <adversarial[5a74a047af4d1c3]::verify_rejects_bitflip_in_every_proof_byte::{closure#0} as core[a373ad73a504971]::ops::function::FnOnce<()>>::call_once
[INFO] [stdout]   15:     0x5a48a39f1e6b - test[aada8e7e76ba119b]::__rust_begin_short_backtrace::<core[a373ad73a504971]::result::Result<(), alloc[2e1b2a31b91974c5]::string::String>, fn() -> core[a373ad73a504971]::result::Result<(), alloc[2e1b2a31b91974c5]::string::String>>
[INFO] [stdout]   16:     0x5a48a39ff045 - test[aada8e7e76ba119b]::run_test::{closure#0}
[INFO] [stdout]   17:     0x5a48a39f8934 - std[617be2ca0a6fd877]::sys::backtrace::__rust_begin_short_backtrace::<test[aada8e7e76ba119b]::run_test::{closure#1}, ()>
[INFO] [stdout]   18:     0x5a48a3a020d2 - <std[617be2ca0a6fd877]::thread::lifecycle::spawn_unchecked<test[aada8e7e76ba119b]::run_test::{closure#1}, ()>::{closure#1} as core[a373ad73a504971]::ops::function::FnOnce<()>>::call_once::{shim:vtable#0}
[INFO] [stdout]   19:     0x5a48a3a7e73f - <std[617be2ca0a6fd877]::sys::thread::unix::Thread>::new::thread_start
[INFO] [stdout]   20:     0x7ed9d19dbdfa - <unknown>
[INFO] [stdout]   21:     0x7ed9d1a6f3d4 - clone
[INFO] [stdout]   22:                0x0 - <unknown>
[INFO] [stdout] 
[INFO] [stdout] ---- verify_rejects_bitflip_in_every_public_byte stdout ----
[INFO] [stdout] 
[INFO] [stdout] thread 'verify_rejects_bitflip_in_every_public_byte' (712) panicked at tests/adversarial.rs:37:40:
[INFO] [stdout] reading /opt/rustwide/zkmcu-vectors/data/square/vk.bin: No such file or directory (os error 2)
[INFO] [stdout] stack backtrace:
[INFO] [stdout]    0:     0x5a48a3a7f1f1 - <<std[617be2ca0a6fd877]::sys::backtrace::BacktraceLock>::print::DisplayBacktrace as core[a373ad73a504971]::fmt::Display>::fmt
[INFO] [stdout]    1:     0x5a48a3a9313a - core[a373ad73a504971]::fmt::write
[INFO] [stdout]    2:     0x5a48a3a8342c - <alloc[2e1b2a31b91974c5]::vec::Vec<u8> as core[a373ad73a504971]::io::write::Write>::write_fmt
[INFO] [stdout]    3:     0x5a48a3a5b136 - std[617be2ca0a6fd877]::panicking::default_hook::{closure#0}
[INFO] [stdout]    4:     0x5a48a3a77579 - std[617be2ca0a6fd877]::panicking::default_hook
[INFO] [stdout]    5:     0x5a48a39fea20 - test[aada8e7e76ba119b]::test_main_inner::{closure#0}
[INFO] [stdout]    6:     0x5a48a3a77732 - std[617be2ca0a6fd877]::panicking::panic_with_hook
[INFO] [stdout]    7:     0x5a48a3a5b1e2 - std[617be2ca0a6fd877]::panicking::panic_handler::{closure#0}
[INFO] [stdout]    8:     0x5a48a3a53d69 - std[617be2ca0a6fd877]::sys::backtrace::__rust_end_short_backtrace::<std[617be2ca0a6fd877]::panicking::panic_handler::{closure#0}, !>
[INFO] [stdout]    9:     0x5a48a3a5bded - __rustc[ea4f61d10b84890b]::rust_begin_unwind
[INFO] [stdout]   10:     0x5a48a3a9386c - core[a373ad73a504971]::panicking::panic_fmt
[INFO] [stdout]   11:     0x5a48a39ee6d9 - adversarial[5a74a047af4d1c3]::load_from::{closure#0}
[INFO] [stdout]   12:     0x5a48a39eeb5b - adversarial[5a74a047af4d1c3]::load_from
[INFO] [stdout]   13:     0x5a48a39ee75e - adversarial[5a74a047af4d1c3]::known_good
[INFO] [stdout]   14:     0x5a48a39f19ce - <adversarial[5a74a047af4d1c3]::verify_rejects_bitflip_in_every_public_byte::{closure#0} as core[a373ad73a504971]::ops::function::FnOnce<()>>::call_once
[INFO] [stdout]   15:     0x5a48a39f1e6b - test[aada8e7e76ba119b]::__rust_begin_short_backtrace::<core[a373ad73a504971]::result::Result<(), alloc[2e1b2a31b91974c5]::string::String>, fn() -> core[a373ad73a504971]::result::Result<(), alloc[2e1b2a31b91974c5]::string::String>>
[INFO] [stdout]   16:     0x5a48a39ff045 - test[aada8e7e76ba119b]::run_test::{closure#0}
[INFO] [stdout]   17:     0x5a48a39f8934 - std[617be2ca0a6fd877]::sys::backtrace::__rust_begin_short_backtrace::<test[aada8e7e76ba119b]::run_test::{closure#1}, ()>
[INFO] [stdout]   18:     0x5a48a3a020d2 - <std[617be2ca0a6fd877]::thread::lifecycle::spawn_unchecked<test[aada8e7e76ba119b]::run_test::{closure#1}, ()>::{closure#1} as core[a373ad73a504971]::ops::function::FnOnce<()>>::call_once::{shim:vtable#0}
[INFO] [stdout]   19:     0x5a48a3a7e73f - <std[617be2ca0a6fd877]::sys::thread::unix::Thread>::new::thread_start
[INFO] [stdout]   20:     0x7ed9d19dbdfa - <unknown>
[INFO] [stdout]   21:     0x7ed9d1a6f3d4 - clone
[INFO] [stdout]   22:                0x0 - <unknown>
[INFO] [stdout] 
[INFO] [stdout] ---- verify_rejects_bitflip_in_every_vk_byte stdout ----
[INFO] [stdout] 
[INFO] [stdout] thread 'verify_rejects_bitflip_in_every_vk_byte' (713) panicked at tests/adversarial.rs:37:40:
[INFO] [stdout] reading /opt/rustwide/zkmcu-vectors/data/square/vk.bin: No such file or directory (os error 2)
[INFO] [stdout] stack backtrace:
[INFO] [stdout]    0:     0x5a48a3a7f1f1 - <<std[617be2ca0a6fd877]::sys::backtrace::BacktraceLock>::print::DisplayBacktrace as core[a373ad73a504971]::fmt::Display>::fmt
[INFO] [stdout]    1:     0x5a48a3a9313a - core[a373ad73a504971]::fmt::write
[INFO] [stdout]    2:     0x5a48a3a8342c - <alloc[2e1b2a31b91974c5]::vec::Vec<u8> as core[a373ad73a504971]::io::write::Write>::write_fmt
[INFO] [stdout]    3:     0x5a48a3a5b136 - std[617be2ca0a6fd877]::panicking::default_hook::{closure#0}
[INFO] [stdout]    4:     0x5a48a3a77579 - std[617be2ca0a6fd877]::panicking::default_hook
[INFO] [stdout]    5:     0x5a48a39fea20 - test[aada8e7e76ba119b]::test_main_inner::{closure#0}
[INFO] [stdout]    6:     0x5a48a3a77732 - std[617be2ca0a6fd877]::panicking::panic_with_hook
[INFO] [stdout]    7:     0x5a48a3a5b1e2 - std[617be2ca0a6fd877]::panicking::panic_handler::{closure#0}
[INFO] [stdout]    8:     0x5a48a3a53d69 - std[617be2ca0a6fd877]::sys::backtrace::__rust_end_short_backtrace::<std[617be2ca0a6fd877]::panicking::panic_handler::{closure#0}, !>
[INFO] [stdout]    9:     0x5a48a3a5bded - __rustc[ea4f61d10b84890b]::rust_begin_unwind
[INFO] [stdout]   10:     0x5a48a3a9386c - core[a373ad73a504971]::panicking::panic_fmt
[INFO] [stdout]   11:     0x5a48a39ee6d9 - adversarial[5a74a047af4d1c3]::load_from::{closure#0}
[INFO] [stdout]   12:     0x5a48a39eeb5b - adversarial[5a74a047af4d1c3]::load_from
[INFO] [stdout]   13:     0x5a48a39ee75e - adversarial[5a74a047af4d1c3]::known_good
[INFO] [stdout]   14:     0x5a48a39f1033 - <adversarial[5a74a047af4d1c3]::verify_rejects_bitflip_in_every_vk_byte::{closure#0} as core[a373ad73a504971]::ops::function::FnOnce<()>>::call_once
[INFO] [stdout]   15:     0x5a48a39f1e6b - test[aada8e7e76ba119b]::__rust_begin_short_backtrace::<core[a373ad73a504971]::result::Result<(), alloc[2e1b2a31b91974c5]::string::String>, fn() -> core[a373ad73a504971]::result::Result<(), alloc[2e1b2a31b91974c5]::string::String>>
[INFO] [stdout]   16:     0x5a48a39ff045 - test[aada8e7e76ba119b]::run_test::{closure#0}
[INFO] [stdout]   17:     0x5a48a39f8934 - std[617be2ca0a6fd877]::sys::backtrace::__rust_begin_short_backtrace::<test[aada8e7e76ba119b]::run_test::{closure#1}, ()>
[INFO] [stdout]   18:     0x5a48a3a020d2 - <std[617be2ca0a6fd877]::thread::lifecycle::spawn_unchecked<test[aada8e7e76ba119b]::run_test::{closure#1}, ()>::{closure#1} as core[a373ad73a504971]::ops::function::FnOnce<()>>::call_once::{shim:vtable#0}
[INFO] [stdout]   19:     0x5a48a3a7e73f - <std[617be2ca0a6fd877]::sys::thread::unix::Thread>::new::thread_start
[INFO] [stdout]   20:     0x7ed9d19dbdfa - <unknown>
[INFO] [stdout]   21:     0x7ed9d1a6f3d4 - clone
[INFO] [stdout]   22:                0x0 - <unknown>
[INFO] [stdout] 
[INFO] [stdout] ---- verify_rejects_mismatched_public_count stdout ----
[INFO] [stdout] 
[INFO] [stdout] thread 'verify_rejects_mismatched_public_count' (714) panicked at tests/adversarial.rs:37:40:
[INFO] [stdout] reading /opt/rustwide/zkmcu-vectors/data/square/vk.bin: No such file or directory (os error 2)
[INFO] [stdout] stack backtrace:
[INFO] [stdout]    0:     0x5a48a3a7f1f1 - <<std[617be2ca0a6fd877]::sys::backtrace::BacktraceLock>::print::DisplayBacktrace as core[a373ad73a504971]::fmt::Display>::fmt
[INFO] [stdout]    1:     0x5a48a3a9313a - core[a373ad73a504971]::fmt::write
[INFO] [stdout]    2:     0x5a48a3a8342c - <alloc[2e1b2a31b91974c5]::vec::Vec<u8> as core[a373ad73a504971]::io::write::Write>::write_fmt
[INFO] [stdout]    3:     0x5a48a3a5b136 - std[617be2ca0a6fd877]::panicking::default_hook::{closure#0}
[INFO] [stdout]    4:     0x5a48a3a77579 - std[617be2ca0a6fd877]::panicking::default_hook
[INFO] [stdout]    5:     0x5a48a39fea20 - test[aada8e7e76ba119b]::test_main_inner::{closure#0}
[INFO] [stdout]    6:     0x5a48a3a77732 - std[617be2ca0a6fd877]::panicking::panic_with_hook
[INFO] [stdout]    7:     0x5a48a3a5b1e2 - std[617be2ca0a6fd877]::panicking::panic_handler::{closure#0}
[INFO] [stdout]    8:     0x5a48a3a53d69 - std[617be2ca0a6fd877]::sys::backtrace::__rust_end_short_backtrace::<std[617be2ca0a6fd877]::panicking::panic_handler::{closure#0}, !>
[INFO] [stdout]    9:     0x5a48a3a5bded - __rustc[ea4f61d10b84890b]::rust_begin_unwind
[INFO] [stdout]   10:     0x5a48a3a9386c - core[a373ad73a504971]::panicking::panic_fmt
[INFO] [stdout]   11:     0x5a48a39ee6d9 - adversarial[5a74a047af4d1c3]::load_from::{closure#0}
[INFO] [stdout]   12:     0x5a48a39eeb5b - adversarial[5a74a047af4d1c3]::load_from
[INFO] [stdout]   13:     0x5a48a39ee75e - adversarial[5a74a047af4d1c3]::known_good
[INFO] [stdout]   14:     0x5a48a39f092e - <adversarial[5a74a047af4d1c3]::verify_rejects_mismatched_public_count::{closure#0} as core[a373ad73a504971]::ops::function::FnOnce<()>>::call_once
[INFO] [stdout]   15:     0x5a48a39f1e6b - test[aada8e7e76ba119b]::__rust_begin_short_backtrace::<core[a373ad73a504971]::result::Result<(), alloc[2e1b2a31b91974c5]::string::String>, fn() -> core[a373ad73a504971]::result::Result<(), alloc[2e1b2a31b91974c5]::string::String>>
[INFO] [stdout]   16:     0x5a48a39ff045 - test[aada8e7e76ba119b]::run_test::{closure#0}
[INFO] [stdout]   17:     0x5a48a39f8934 - std[617be2ca0a6fd877]::sys::backtrace::__rust_begin_short_backtrace::<test[aada8e7e76ba119b]::run_test::{closure#1}, ()>
[INFO] [stdout]   18:     0x5a48a3a020d2 - <std[617be2ca0a6fd877]::thread::lifecycle::spawn_unchecked<test[aada8e7e76ba119b]::run_test::{closure#1}, ()>::{closure#1} as core[a373ad73a504971]::ops::function::FnOnce<()>>::call_once::{shim:vtable#0}
[INFO] [stdout]   19:     0x5a48a3a7e73f - <std[617be2ca0a6fd877]::sys::thread::unix::Thread>::new::thread_start
[INFO] [stdout]   20:     0x7ed9d19dbdfa - <unknown>
[INFO] [stdout]   21:     0x7ed9d1a6f3d4 - clone
[INFO] [stdout]   22:                0x0 - <unknown>
[INFO] [stdout] 
[INFO] [stdout] 
[INFO] [stdout] failures:
[INFO] [stdout]     parse_proof_all_zero_is_identity_points
[INFO] [stdout]     parse_proof_field_element_above_modulus
[INFO] [stdout]     parse_proof_one_byte_short
[INFO] [stdout]     parse_vk_claimed_ic_count_overflows
[INFO] [stdout]     parse_vk_field_element_above_modulus
[INFO] [stdout]     parse_vk_one_byte_short
[INFO] [stdout]     parse_vk_truncated_before_ic
[INFO] [stdout]     parse_vk_zero_ic_count
[INFO] [stdout]     verify_cross_vector_rejects
[INFO] [stdout]     verify_rejects_all_zero_proof
[INFO] [stdout]     verify_rejects_bitflip_in_every_proof_byte
[INFO] [stdout]     verify_rejects_bitflip_in_every_public_byte
[INFO] [stdout]     verify_rejects_bitflip_in_every_vk_byte
[INFO] [stdout]     verify_rejects_mismatched_public_count
[INFO] [stdout] 
[INFO] [stdout] test result: FAILED. 9 passed; 14 failed; 0 ignored; 0 measured; 0 filtered out; finished in 0.01s
[INFO] [stdout] 
[INFO] [stderr] error: test failed, to rerun pass `--test adversarial`
[INFO] running `Command { std: "docker" "inspect" "f09a7a88fea432d44f695f56a9624207c05e357bd5d131988c4f1172f50a8eda", kill_on_drop: false }`
[INFO] running `Command { std: "docker" "rm" "-f" "f09a7a88fea432d44f695f56a9624207c05e357bd5d131988c4f1172f50a8eda", kill_on_drop: false }`
[INFO] [stdout] f09a7a88fea432d44f695f56a9624207c05e357bd5d131988c4f1172f50a8eda
