[INFO] crate zit 0.1.2 is already in cache
[INFO] testing zit-0.1.2 against 1.100.0-beta.1+cargoflags=--release for beta-release-1.100-2
[INFO] extracting crate zit 0.1.2 into /workspace/builds/worker-3-tc2/source
[INFO] started tweaking crates.io crate zit 0.1.2
[INFO] removed 0 missing tests
[INFO] finished tweaking crates.io crate zit 0.1.2
[INFO] tweaked toml for crates.io crate zit 0.1.2 written to /workspace/builds/worker-3-tc2/source/Cargo.toml
[INFO] validating manifest of crates.io crate zit 0.1.2 on toolchain 1.100.0-beta.1
[INFO] running `Command { std: CARGO_HOME="/workspace/cargo-home" RUSTUP_HOME="/workspace/rustup-home" "/workspace/cargo-home/bin/cargo" "+1.100.0-beta.1" "metadata" "--manifest-path" "Cargo.toml" "--no-deps", kill_on_drop: false }`
[INFO] crate crates.io crate zit 0.1.2 already has a lockfile, it will not be regenerated
[INFO] running `Command { std: CARGO_HOME="/workspace/cargo-home" RUSTUP_HOME="/workspace/rustup-home" "/workspace/cargo-home/bin/cargo" "+1.100.0-beta.1" "fetch" "--manifest-path" "Cargo.toml", kill_on_drop: false }`
[INFO] running `Command { std: "docker" "create" "-v" "/var/lib/crater-agent-workspace/builds/worker-3-tc2/source:/opt/rustwide/workdir:ro,Z" "-v" "/var/lib/crater-agent-workspace/builds/worker-3-tc2/target:/opt/rustwide/target:rw,Z" "-v" "/var/lib/crater-agent-workspace/cargo-home:/opt/rustwide/cargo-home:ro,Z" "-v" "/var/lib/crater-agent-workspace/rustup-home:/opt/rustwide/rustup-home:ro,Z" "-m" "1610612736" "--network" "none" "ghcr.io/rust-lang/crates-build-env/linux@sha256:77db811e55d90add9212f6832c23229e3de5f1c1f9905e8cb07319ea15df73ac" "sleep" "infinity", kill_on_drop: false }`
[INFO] [stdout] 9138bb0fd6d78b6d649a072094fe3f0d6c7e573a394c568246fc6ae487d4862b
[INFO] running `Command { std: "docker" "start" "9138bb0fd6d78b6d649a072094fe3f0d6c7e573a394c568246fc6ae487d4862b", kill_on_drop: false }`
[INFO] running `Command { std: "docker" "inspect" "9138bb0fd6d78b6d649a072094fe3f0d6c7e573a394c568246fc6ae487d4862b", kill_on_drop: false }`
[INFO] running `Command { std: "docker" "exec" "-e" "SOURCE_DIR=/opt/rustwide/workdir" "-e" "CARGO_HOME=/opt/rustwide/cargo-home" "-e" "RUSTUP_HOME=/opt/rustwide/rustup-home" "-e" "CARGO_TARGET_DIR=/opt/rustwide/target" "-w" "/opt/rustwide/workdir" "--user" "0:0" "9138bb0fd6d78b6d649a072094fe3f0d6c7e573a394c568246fc6ae487d4862b" "/opt/rustwide/cargo-home/bin/cargo" "+1.100.0-beta.1" "metadata" "--no-deps" "--format-version=1", kill_on_drop: false }`
[INFO] running `Command { std: "docker" "inspect" "9138bb0fd6d78b6d649a072094fe3f0d6c7e573a394c568246fc6ae487d4862b", kill_on_drop: false }`
[INFO] running `Command { std: "docker" "exec" "-e" "SOURCE_DIR=/opt/rustwide/workdir" "-e" "CARGO_HOME=/opt/rustwide/cargo-home" "-e" "RUSTUP_HOME=/opt/rustwide/rustup-home" "-e" "CARGO_TARGET_DIR=/opt/rustwide/target" "-e" "CARGO_INCREMENTAL=0" "-e" "RUST_BACKTRACE=full" "-e" "RUSTFLAGS=--cap-lints=warn" "-e" "RUSTDOCFLAGS=--cap-lints=warn" "-w" "/opt/rustwide/workdir" "--user" "0:0" "9138bb0fd6d78b6d649a072094fe3f0d6c7e573a394c568246fc6ae487d4862b" "/opt/rustwide/cargo-home/bin/cargo" "+1.100.0-beta.1" "build" "--frozen" "--message-format=json" "--release", kill_on_drop: false }`
[INFO] [stderr]    Compiling proc-macro2 v1.0.107
[INFO] [stderr]    Compiling unicode-ident v1.0.26
[INFO] [stderr]    Compiling quote v1.0.47
[INFO] [stderr]    Compiling shlex v2.0.1
[INFO] [stderr]    Compiling find-msvc-tools v0.1.14
[INFO] [stderr]    Compiling libc v0.2.190
[INFO] [stderr]    Compiling equivalent v1.0.2
[INFO] [stderr]    Compiling foldhash v0.2.0
[INFO] [stderr]    Compiling allocator-api2 v0.2.21
[INFO] [stderr]    Compiling cfg-if v1.0.5
[INFO] [stderr]    Compiling cc v1.6.0
[INFO] [stderr]    Compiling heck v0.5.0
[INFO] [stderr]    Compiling tree-sitter-language v0.1.5
[INFO] [stderr]    Compiling zmij v1.0.23
[INFO] [stderr]    Compiling rustversion v1.0.23
[INFO] [stderr]    Compiling thiserror v2.0.21
[INFO] [stderr]    Compiling strsim v0.11.1
[INFO] [stderr]    Compiling ident_case v1.0.1
[INFO] [stderr]    Compiling serde_core v1.0.229
[INFO] [stderr]    Compiling bitflags v2.13.2
[INFO] [stderr]    Compiling hashbrown v0.17.1
[INFO] [stderr]    Compiling version_check v0.9.5
[INFO] [stderr]    Compiling itoa v1.0.18
[INFO] [stderr]    Compiling either v1.18.0
[INFO] [stderr]    Compiling generic-array v0.14.7
[INFO] [stderr]    Compiling hashbrown v0.16.1
[INFO] [stderr]    Compiling castaway v0.2.4
[INFO] [stderr]    Compiling itertools v0.14.0
[INFO] [stderr]    Compiling syn v3.0.6
[INFO] [stderr]    Compiling syn v2.0.119
[INFO] [stderr]    Compiling parking_lot_core v0.9.12
[INFO] [stderr]    Compiling errno v0.3.14
[INFO] [stderr]    Compiling static_assertions v1.1.0
[INFO] [stderr]    Compiling unicode-width v0.2.2
[INFO] [stderr]    Compiling unicode-segmentation v1.13.3
[INFO] [stderr]    Compiling serde v1.0.229
[INFO] [stderr]    Compiling ryu v1.0.23
[INFO] [stderr]    Compiling signal-hook v0.3.18
[INFO] [stderr]    Compiling compact_str v0.9.1
[INFO] [stderr]    Compiling convert_case v0.10.0
[INFO] [stderr]    Compiling signal-hook-registry v1.4.8
[INFO] [stderr]    Compiling lru v0.18.5
[INFO] [stderr]    Compiling critical-section v1.2.0
[INFO] [stderr]    Compiling unicode-truncate v2.0.1
[INFO] [stderr]    Compiling serde_json v1.0.151
[INFO] [stderr]    Compiling utf8parse v0.2.2
[INFO] [stderr]    Compiling rustix v1.1.5
[INFO] [stderr]    Compiling log v0.4.34
[INFO] [stderr]    Compiling memchr v2.8.3
[INFO] [stderr]    Compiling indoc v2.0.7
[INFO] [stderr]    Compiling smallvec v1.16.2
[INFO] [stderr]    Compiling typenum v1.20.1
[INFO] [stderr]    Compiling scopeguard v1.2.0
[INFO] [stderr]    Compiling mio v1.2.3
[INFO] [stderr]    Compiling indexmap v2.14.2
[INFO] [stderr]    Compiling lock_api v0.4.14
[INFO] [stderr]    Compiling anstyle-parse v1.0.0
[INFO] [stderr]    Compiling is_terminal_polyfill v1.70.2
[INFO] [stderr]    Compiling num_threads v0.1.7
[INFO] [stderr]    Compiling strum_macros v0.28.0
[INFO] [stderr]    Compiling derive_more-impl v2.1.1
[INFO] [stderr]    Compiling litrs v1.0.0
[INFO] [stderr]    Compiling anstyle v1.0.14
[INFO] [stderr]    Compiling colorchoice v1.0.5
[INFO] [stderr]    Compiling powerfmt v0.2.0
[INFO] [stderr]    Compiling time-core v0.1.9
[INFO] [stderr]    Compiling anstyle-query v1.1.5
[INFO] [stderr]    Compiling deranged v0.5.8
[INFO] [stderr]    Compiling linux-raw-sys v0.12.1
[INFO] [stderr]    Compiling darling_core v0.24.1
[INFO] [stderr]    Compiling num-conv v0.2.2
[INFO] [stderr]    Compiling document-features v0.2.12
[INFO] [stderr]    Compiling derive_more v2.1.1
[INFO] [stderr]    Compiling anstream v1.0.0
[INFO] [stderr]    Compiling signal-hook-mio v0.2.5
[INFO] [stderr]    Compiling parking_lot v0.12.5
[INFO] [stderr]    Compiling aho-corasick v1.1.5
[INFO] [stderr]    Compiling time v0.3.55
[INFO] [stderr]    Compiling line-clipping v0.3.8
[INFO] [stderr]    Compiling clap_lex v1.1.1
[INFO] [stderr]    Compiling strum v0.28.0
[INFO] [stderr]    Compiling thiserror-impl v2.0.21
[INFO] [stderr]    Compiling serde_derive v1.0.229
[INFO] [stderr]    Compiling regex-syntax v0.8.11
[INFO] [stderr]    Compiling clap_builder v4.6.7
[INFO] [stderr]    Compiling clap_derive v4.6.7
[INFO] [stderr]    Compiling kasuari v0.4.12
[INFO] [stderr]    Compiling darling_macro v0.24.1
[INFO] [stderr]    Compiling ratatui-core v0.1.2
[INFO] [stderr]    Compiling darling v0.24.1
[INFO] [stderr]    Compiling instability v0.3.14
[INFO] [stderr]    Compiling tree-sitter v0.25.10
[INFO] [stderr]    Compiling crossterm v0.29.0
[INFO] [stderr]    Compiling crypto-common v0.1.7
[INFO] [stderr]    Compiling block-buffer v0.10.4
[INFO] [stderr]    Compiling tree-sitter-typescript v0.23.2
[INFO] [stderr]    Compiling tree-sitter-go v0.25.0
[INFO] [stderr]    Compiling regex-automata v0.4.18
[INFO] [stderr]    Compiling tree-sitter-rust v0.24.2
[INFO] [stderr]    Compiling tree-sitter-c-sharp v0.23.5
[INFO] [stderr]    Compiling tree-sitter-ruby v0.23.1
[INFO] [stderr]    Compiling tree-sitter-javascript v0.25.0
[INFO] [stderr]    Compiling tree-sitter-python v0.25.0
[INFO] [stderr]    Compiling tree-sitter-java v0.23.5
[INFO] [stderr]    Compiling toml_write v0.1.2
[INFO] [stderr]    Compiling serde_spanned v0.6.9
[INFO] [stderr]    Compiling toml_datetime v0.6.11
[INFO] [stderr]    Compiling anyhow v1.0.104
[INFO] [stderr]    Compiling winnow v0.7.15
[INFO] [stderr]    Compiling ratatui-widgets v0.3.2
[INFO] [stderr]    Compiling ratatui-crossterm v0.1.2
[INFO] [stderr]    Compiling regex v1.13.1
[INFO] [stderr]    Compiling toml_edit v0.22.27
[INFO] [stderr]    Compiling ratatui-macros v0.7.2
[INFO] [stderr]    Compiling clap v4.6.7
[INFO] [stderr]    Compiling digest v0.10.7
[INFO] [stderr]    Compiling streaming-iterator v0.1.9
[INFO] [stderr]    Compiling cpufeatures v0.2.17
[INFO] [stderr]    Compiling sha2 v0.10.9
[INFO] [stderr]    Compiling toml v0.8.23
[INFO] [stderr]    Compiling clap_complete v4.6.11
[INFO] [stderr]    Compiling ratatui v0.30.2
[INFO] [stderr]    Compiling zit v0.1.2 (/opt/rustwide/workdir)
[INFO] [stderr]     Finished `release` profile [optimized] target(s) in 56.87s
[INFO] running `Command { std: "docker" "inspect" "9138bb0fd6d78b6d649a072094fe3f0d6c7e573a394c568246fc6ae487d4862b", kill_on_drop: false }`
[INFO] running `Command { std: "docker" "exec" "-e" "SOURCE_DIR=/opt/rustwide/workdir" "-e" "CARGO_HOME=/opt/rustwide/cargo-home" "-e" "RUSTUP_HOME=/opt/rustwide/rustup-home" "-e" "CARGO_TARGET_DIR=/opt/rustwide/target" "-e" "CARGO_INCREMENTAL=0" "-e" "RUST_BACKTRACE=full" "-e" "RUSTFLAGS=--cap-lints=warn" "-e" "RUSTDOCFLAGS=--cap-lints=warn" "-w" "/opt/rustwide/workdir" "--user" "0:0" "9138bb0fd6d78b6d649a072094fe3f0d6c7e573a394c568246fc6ae487d4862b" "/opt/rustwide/cargo-home/bin/cargo" "+1.100.0-beta.1" "test" "--frozen" "--no-run" "--message-format=json" "--release", kill_on_drop: false }`
[INFO] [stderr]    Compiling rustix v1.1.5
[INFO] [stderr]    Compiling getrandom v0.4.3
[INFO] [stderr]    Compiling fastrand v2.5.0
[INFO] [stderr]    Compiling once_cell v1.21.4
[INFO] [stderr]    Compiling crossterm v0.29.0
[INFO] [stderr]    Compiling tempfile v3.27.0
[INFO] [stderr]    Compiling ratatui-crossterm v0.1.2
[INFO] [stderr]    Compiling ratatui v0.30.2
[INFO] [stderr]    Compiling zit v0.1.2 (/opt/rustwide/workdir)
[INFO] [stderr]     Finished `release` profile [optimized] target(s) in 1m 35s
[INFO] running `Command { std: "docker" "inspect" "9138bb0fd6d78b6d649a072094fe3f0d6c7e573a394c568246fc6ae487d4862b", kill_on_drop: false }`
[INFO] running `Command { std: "docker" "exec" "-e" "SOURCE_DIR=/opt/rustwide/workdir" "-e" "CARGO_HOME=/opt/rustwide/cargo-home" "-e" "RUSTUP_HOME=/opt/rustwide/rustup-home" "-e" "CARGO_TARGET_DIR=/opt/rustwide/target" "-e" "CARGO_INCREMENTAL=0" "-e" "RUST_BACKTRACE=full" "-e" "RUSTFLAGS=--cap-lints=warn" "-e" "RUSTDOCFLAGS=--cap-lints=warn" "-w" "/opt/rustwide/workdir" "--user" "0:0" "9138bb0fd6d78b6d649a072094fe3f0d6c7e573a394c568246fc6ae487d4862b" "/opt/rustwide/cargo-home/bin/cargo" "+1.100.0-beta.1" "test" "--frozen" "--release", kill_on_drop: false }`
[INFO] [stderr]     Finished `release` profile [optimized] target(s) in 0.16s
[INFO] [stderr]      Running unittests src/lib.rs (/opt/rustwide/target/release/build/zit/ccb00b739eced821/out/zit-ccb00b739eced821)
[INFO] [stdout] 
[INFO] [stdout] running 44 tests
[INFO] [stdout] test change::tests::booleans_are_read_as_git_reads_them ... ok
[INFO] [stdout] test git::tests::a_dead_batch_process_is_an_error_not_a_missing_object ... ok
[INFO] [stdout] test resource::tests::hashes_in_paths_and_names_round_trip ... ok
[INFO] [stdout] test resource::tests::distinct_symbols_in_one_file_do_not_overlap ... ok
[INFO] [stdout] test resource::tests::text_form_round_trips ... ok
[INFO] [stdout] test resource::tests::whole_file_overlaps_everything_inside_it ... ok
[INFO] [stdout] test symbols::tests::an_empty_heading_does_not_hide_the_text_before_it ... ok
[INFO] [stdout] test symbols::tests::code_outside_symbols_is_top ... ok
[INFO] [stdout] test symbols::tests::a_body_change_keeps_the_interface ... ok
[INFO] [stdout] test symbols::tests::comments_inside_a_type_with_methods_are_not_its_interface ... ok
[INFO] [stdout] test symbols::tests::class_methods_are_units_of_their_class_in_every_language ... ok
[INFO] [stdout] test symbols::tests::defining_a_name_is_not_referencing_it ... ok
[INFO] [stdout] test symbols::tests::editing_one_symbol_changes_only_its_hash ... ok
[INFO] [stdout] test symbols::tests::go_methods_are_units_of_their_receiver ... ok
[INFO] [stdout] test symbols::tests::csharp_types_methods_and_usings_are_units ... ok
[INFO] [stdout] test symbols::tests::go_methods_on_generic_types_are_named_after_the_type ... ok
[INFO] [stdout] test symbols::tests::imports_are_their_own_unit ... ok
[INFO] [stdout] test symbols::tests::csharp_interface_is_the_text_without_bodies_and_comments ... ok
[INFO] [stdout] test symbols::tests::markdown_sections_are_symbols ... ok
[INFO] [stdout] test symbols::tests::java_types_methods_and_imports_are_units ... ok
[INFO] [stdout] test symbols::tests::java_interface_is_the_text_without_bodies_and_comments ... ok
[INFO] [stdout] test symbols::tests::members_of_values_are_not_references_but_members_of_modules_are ... ok
[INFO] [stdout] test symbols::tests::python_symbols ... ok
[INFO] [stdout] test symbols::tests::recursion_and_use_as_a_type_are_still_references ... ok
[INFO] [stdout] test symbols::tests::receiver_and_impl_types_are_named_through_pointers_lifetimes_and_generics ... ok
[INFO] [stdout] test symbols::tests::refs_are_the_identifiers_a_symbol_mentions ... ok
[INFO] [stdout] test symbols::tests::rust_methods_are_units_of_their_type ... ok
[INFO] [stdout] test symbols::tests::ruby_interface_is_the_text_without_bodies_and_comments ... ok
[INFO] [stdout] test symbols::tests::toml_tables_and_json_keys_are_units ... ok
[INFO] [stdout] test symbols::tests::ruby_classes_modules_methods_and_requires_are_units ... ok
[INFO] [stdout] test symbols::tests::tsx_and_javascript_symbols ... ok
[INFO] [stdout] test symbols::tests::typescript_overloads_and_ambient_declarations_are_symbols ... ok
[INFO] [stdout] test symbols::tests::unsupported_or_binary_files_have_no_index ... ok
[INFO] [stdout] test symbols::tests::typescript_symbols ... ok
[INFO] [stdout] test workspace::liveness::a_clone_keeps_modification_times ... ok
[INFO] [stdout] test workspace::tests::publishing_holds_the_cache_lock ... ok
[INFO] [stdout] test workspace::liveness::a_clone_is_a_faithful_copy_or_nothing ... ok
[INFO] [stdout] test workspace::tests::states_are_cloned_from_the_cache_exactly_or_by_delta ... ok
[INFO] [stdout] test git::tests::a_git_found_new_enough_is_not_asked_again_until_it_changes ... ok
[INFO] [stdout] test workspace::liveness::a_process_we_may_not_signal_is_still_alive ... ok
[INFO] [stdout] test git::tests::only_content_named_by_an_id_is_remembered ... ok
[INFO] [stdout] test footprint::tests::the_diff_of_a_span_is_shared_but_its_reads_are_not ... ok
[INFO] [stdout] test git::tests::the_object_store_is_the_common_one_wherever_the_repo_was_opened ... ok
[INFO] [stdout] test footprint::tests::a_change_to_many_files_is_indexed_whole ... ok
[INFO] [stdout] 
[INFO] [stdout] test result: ok. 44 passed; 0 failed; 0 ignored; 0 measured; 0 filtered out; finished in 0.07s
[INFO] [stdout] 
[INFO] [stderr]      Running unittests src/bin/git-zit.rs (/opt/rustwide/target/release/build/zit/efb4199f0fc4bd43/out/git_zit-efb4199f0fc4bd43)
[INFO] [stdout] 
[INFO] [stdout] running 0 tests
[INFO] [stdout] 
[INFO] [stdout] test result: ok. 0 passed; 0 failed; 0 ignored; 0 measured; 0 filtered out; finished in 0.00s
[INFO] [stdout] 
[INFO] [stderr]      Running unittests src/main.rs (/opt/rustwide/target/release/build/zit/fd93dad4ce538d9d/out/zit-fd93dad4ce538d9d)
[INFO] [stdout] 
[INFO] [stdout] running 0 tests
[INFO] [stdout] 
[INFO] [stdout] test result: ok. 0 passed; 0 failed; 0 ignored; 0 measured; 0 filtered out; finished in 0.00s
[INFO] [stdout] 
[INFO] [stderr]      Running tests/accept.rs (/opt/rustwide/target/release/build/zit/638de9d776eb0962/out/accept-638de9d776eb0962)
[INFO] [stdout] 
[INFO] [stdout] running 47 tests
[INFO] [stdout] test a_change_based_on_current_becomes_current ... ok
[INFO] [stdout] test a_change_can_add_a_check ... ok
[INFO] [stdout] test a_callee_body_change_does_not_make_its_callers_stale ... ok
[INFO] [stdout] test a_cached_failure_can_be_rerun_at_accept_time ... ok
[INFO] [stdout] test a_batch_skips_what_is_stale_or_conflicts_and_says_why ... ok
[INFO] [stdout] test a_change_cannot_weaken_the_checks_it_is_judged_by ... ok
[INFO] [stdout] test a_change_that_read_what_current_rewrote_is_stale_even_if_git_would_merge_it ... ok
[INFO] [stdout] test a_batch_lands_nothing_when_the_combined_state_fails_a_check ... ok
[INFO] [stdout] test a_batch_composes_every_change_checks_once_and_moves_current_once ... ok
[INFO] [stdout] test a_change_built_on_a_linearly_landed_change_is_not_stale_against_it ... ok
[INFO] [stdout] test a_composed_state_that_does_not_parse_is_rejected_even_when_stale_is_allowed ... ok
[INFO] [stdout] test a_declared_read_sees_a_body_change ... ok
[INFO] [stdout] test a_declared_read_cannot_forge_a_trailer ... ok
[INFO] [stdout] test a_file_one_side_could_not_parse_is_not_a_parse_rejection ... ok
[INFO] [stdout] test a_generated_file_is_not_a_reason_to_be_stale ... ok
[INFO] [stdout] test a_plain_git_commit_is_a_change ... ok
[INFO] [stdout] test a_method_signature_change_stales_users_of_the_type ... ok
[INFO] [stdout] test a_dry_run_rejects_what_accept_would_reject ... ok
[INFO] [stdout] test a_method_call_does_not_read_a_top_level_function_of_the_same_name ... ok
[INFO] [stdout] test a_linear_accept_of_a_chain_tip_accepts_the_chain ... ok
[INFO] [stdout] test accepting_twice_is_a_no_op ... ok
[INFO] [stdout] test a_dry_run_reports_the_outcome_and_the_checks_but_moves_and_runs_nothing ... ok
[INFO] [stdout] test a_textual_conflict_is_reported_as_such ... ok
[INFO] [stdout] test accepting_the_tip_of_a_chain_accepts_the_chain ... ok
[INFO] [stdout] test a_session_id_cannot_forge_a_trailer ... ok
[INFO] [stdout] test a_linear_compose_keeps_the_declared_reads_of_the_change ... ok
[INFO] [stdout] test dry_run_from_the_shell ... ok
[INFO] [stdout] test concurrent_changes_to_different_symbols_of_one_file_compose ... ok
[INFO] [stdout] test dropping_a_derive_rule_brings_its_conflicts_back ... ok
[INFO] [stdout] test concurrent_imports_to_one_file_compose ... ok
[INFO] [stdout] test allowing_stale_still_requires_the_composed_state_to_pass_and_the_text_to_merge ... ok
[INFO] [stdout] test export_fast_forwards_a_checked_out_branch_and_its_files ... ok
[INFO] [stdout] test one_unevaluable_change_does_not_break_status_for_the_rest ... ok
[INFO] [stdout] test export_refuses_a_branch_that_diverged_from_current ... ok
[INFO] [stdout] test edits_to_one_markdown_section_compose_when_the_text_merges ... ok
[INFO] [stdout] test batch_from_the_shell_lists_what_landed_and_what_was_skipped ... ok
[INFO] [stdout] test generated_files_are_regenerated_on_compose_not_conflicted ... ok
[INFO] [stdout] test edits_to_different_methods_of_one_type_compose ... ok
[INFO] [stdout] test retry_rebuilds_a_stale_change_on_current_for_the_agent_to_reconsider ... ok
[INFO] [stdout] test the_acceptance_authority_may_let_evidence_decide_a_stale_change ... ok
[INFO] [stdout] test status_follows_the_evidence ... ok
[INFO] [stdout] test the_parse_check_can_be_turned_off_in_zit_toml ... ok
[INFO] [stdout] test the_parse_check_is_on_by_default_for_text_decided_merges ... ok
[INFO] [stdout] test the_composed_state_must_pass_its_checks ... ok
[INFO] [stdout] test the_default_batch_is_every_verified_change ... ok
[INFO] [stdout] test racing_accepts_all_land_exactly_once ... ok
[INFO] [stdout] test accept_gives_up_instead_of_spinning_when_current_cannot_be_moved ... ok
[INFO] [stdout] 
[INFO] [stdout] test result: ok. 47 passed; 0 failed; 0 ignored; 0 measured; 0 filtered out; finished in 2.55s
[INFO] [stdout] 
[INFO] [stderr]      Running tests/claims.rs (/opt/rustwide/target/release/build/zit/2717e098634360a4/out/claims-2717e098634360a4)
[INFO] [stdout] 
[INFO] [stdout] running 14 tests
[INFO] [stdout] test a_claim_on_a_type_covers_its_methods ... ok
[INFO] [stdout] test a_recorded_workspace_is_not_still_reported_as_writing ... ok
[INFO] [stdout] test claims_lapse_with_their_workspace ... ok
[INFO] [stdout] test a_claim_names_a_file_the_way_git_does_however_it_is_spelt ... ok
[INFO] [stdout] test a_claim_excludes_overlapping_claims_by_other_live_workspaces ... ok
[INFO] [stdout] test a_refused_claim_takes_nothing ... ok
[INFO] [stdout] test a_recorded_change_holds_what_it_wrote_until_it_is_accepted_or_discarded ... ok
[INFO] [stdout] test claim_for_an_edit_takes_only_the_symbols_it_changes ... ok
[INFO] [stdout] test generated_files_are_never_held ... ok
[INFO] [stdout] test live_write_sets_are_reused_briefly_and_recomputed_after ... ok
[INFO] [stdout] test watching_work_in_progress_writes_nothing_into_the_repository ... ok
[INFO] [stdout] test unclaimed_in_flight_writes_are_held_too ... ok
[INFO] [stdout] test status_shows_what_each_workspace_is_writing_and_who_else_is ... ok
[INFO] [stdout] test of_racing_claims_exactly_one_wins ... ok
[INFO] [stdout] 
[INFO] [stdout] test result: ok. 14 passed; 0 failed; 0 ignored; 0 measured; 0 filtered out; finished in 0.32s
[INFO] [stdout] 
[INFO] [stderr]      Running tests/clean.rs (/opt/rustwide/target/release/build/zit/c63375b189c787bb/out/clean-c63375b189c787bb)
[INFO] [stdout] 
[INFO] [stdout] running 8 tests
[INFO] [stdout] test clean_does_not_mistake_a_hand_deleted_view_for_unrecorded_edits ... ok
[INFO] [stdout] test a_reused_pid_is_not_a_running_agent ... ok
[INFO] [stdout] test clean_refuses_to_delete_unrecorded_work ... ok
[INFO] [stdout] test dispose_orphaned_removes_workspaces_whose_owner_is_gone ... ok
[INFO] [stdout] test clean_deletes_every_local_copy_and_keeps_the_graph ... ok
[INFO] [stdout] test clean_waits_out_a_lock_held_for_a_moment ... ok
[INFO] [stdout] test clean_refuses_to_pull_a_workspace_from_under_a_running_agent ... ok
[INFO] [stdout] test clean_refuses_while_a_verification_holds_its_view ... ok
[INFO] [stdout] 
[INFO] [stdout] test result: ok. 8 passed; 0 failed; 0 ignored; 0 measured; 0 filtered out; finished in 1.12s
[INFO] [stdout] 
[INFO] [stderr]      Running tests/cli.rs (/opt/rustwide/target/release/build/zit/3548b59b5cf54cbc/out/cli-3548b59b5cf54cbc)
[INFO] [stdout] 
[INFO] [stdout] running 24 tests
[INFO] [stdout] test an_old_git_is_refused_with_the_version_needed ... ok
[INFO] [stdout] test a_wrong_zit_git_is_named ... ok
[INFO] [stdout] test an_error_under_json_is_json ... ok
[INFO] [stdout] test a_git_error_does_not_print_the_git_directory ... ok
[INFO] [stdout] test commands_fail_clearly_before_init ... ok
[INFO] [stdout] test completions_are_generated_for_each_shell ... ok
[INFO] [stdout] test an_unwritable_zit_home_is_named ... FAILED
[INFO] [stdout] test a_relative_zit_home_is_resolved_against_the_working_directory ... ok
[INFO] [stdout] test init_before_the_first_commit_says_what_is_missing ... ok
[INFO] [stdout] test claim_exits_1_and_names_the_holder_when_refused ... ok
[INFO] [stdout] test dispose_all_removes_every_workspace ... ok
[INFO] [stdout] test doctor_fails_on_a_missing_check_program_or_a_broken_zit_toml ... ok
[INFO] [stdout] test diff_shows_a_change_against_its_base_or_against_current ... ok
[INFO] [stdout] test recording_code_zit_cannot_parse_says_so ... ok
[INFO] [stdout] test check_reports_evidence_and_exits_1_on_failure ... ok
[INFO] [stdout] test json_reports_carry_a_schema_version ... ok
[INFO] [stdout] test ui_without_a_terminal_is_an_error_not_a_crash ... ok
[INFO] [stdout] test doctor_checks_the_machine_the_repository_and_the_agents ... ok
[INFO] [stdout] test log_lists_accepted_changes_with_their_cost_and_totals ... ok
[INFO] [stdout] test zit_is_a_git_extension ... ok
[INFO] [stdout] test a_rejected_accept_exits_1_and_says_why ... ok
[INFO] [stdout] test sync_imports_a_branch_and_publishes_current_to_it ... ok
[INFO] [stdout] test the_whole_loop_from_the_shell ... ok
[INFO] [stdout] test the_github_integrator_script_accepts_fetched_changes_and_publishes_them ... FAILED
[INFO] [stdout] 
[INFO] [stdout] failures:
[INFO] [stdout] 
[INFO] [stdout] ---- an_unwritable_zit_home_is_named stdout ----
[INFO] [stdout] 
[INFO] [stdout] thread 'an_unwritable_zit_home_is_named' (14934) panicked at tests/cli.rs:592:5:
[INFO] [stdout] assertion `left == right` failed
[INFO] [stdout]   left: Some(0)
[INFO] [stdout]  right: Some(2)
[INFO] [stdout] stack backtrace:
[INFO] [stdout]    0:     0x59aeba5b11c6 - <<std[617be2ca0a6fd877]::sys::backtrace::BacktraceLock>::print::DisplayBacktrace as core[a373ad73a504971]::fmt::Display>::fmt
[INFO] [stdout]    1:     0x59aeba55160a - core[a373ad73a504971]::fmt::write
[INFO] [stdout]    2:     0x59aeba5b71fc - <alloc[2e1b2a31b91974c5]::vec::Vec<u8> as core[a373ad73a504971]::io::write::Write>::write_fmt
[INFO] [stdout]    3:     0x59aeba58a002 - std[617be2ca0a6fd877]::panicking::default_hook::{closure#0}
[INFO] [stdout]    4:     0x59aeba5a71a1 - std[617be2ca0a6fd877]::panicking::default_hook
[INFO] [stdout]    5:     0x59aeba5a75e2 - std[617be2ca0a6fd877]::panicking::panic_with_hook
[INFO] [stdout]    6:     0x59aeba58a0b2 - std[617be2ca0a6fd877]::panicking::panic_handler::{closure#0}
[INFO] [stdout]    7:     0x59aeba582a99 - std[617be2ca0a6fd877]::sys::backtrace::__rust_end_short_backtrace::<std[617be2ca0a6fd877]::panicking::panic_handler::{closure#0}, !>
[INFO] [stdout]    8:     0x59aeba58b27d - __rustc[ea4f61d10b84890b]::rust_begin_unwind
[INFO] [stdout]    9:     0x59aeba551cfc - core[a373ad73a504971]::panicking::panic_fmt
[INFO] [stdout]   10:     0x59aeba551c13 - core[a373ad73a504971]::panicking::assert_failed_inner
[INFO] [stdout]   11:     0x59aeba547f32 - core[a373ad73a504971]::panicking::assert_failed::<core[a373ad73a504971]::option::Option<i32>, core[a373ad73a504971]::option::Option<i32>>
[INFO] [stdout]   12:     0x59aeba53272c - <cli[df408fcf8c57157f]::an_unwritable_zit_home_is_named::{closure#0} as core[a373ad73a504971]::ops::function::FnOnce<()>>::call_once
[INFO] [stdout]   13:     0x59aeba5ba24b - test[aada8e7e76ba119b]::__rust_begin_short_backtrace::<core[a373ad73a504971]::result::Result<(), alloc[2e1b2a31b91974c5]::string::String>, fn() -> core[a373ad73a504971]::result::Result<(), alloc[2e1b2a31b91974c5]::string::String>>
[INFO] [stdout]   14:     0x59aeba5c80f4 - test[aada8e7e76ba119b]::run_test::{closure#0}
[INFO] [stdout]   15:     0x59aeba5c1824 - std[617be2ca0a6fd877]::sys::backtrace::__rust_begin_short_backtrace::<test[aada8e7e76ba119b]::run_test::{closure#1}, ()>
[INFO] [stdout]   16:     0x59aeba5cbeb2 - <std[617be2ca0a6fd877]::thread::lifecycle::spawn_unchecked<test[aada8e7e76ba119b]::run_test::{closure#1}, ()>::{closure#1} as core[a373ad73a504971]::ops::function::FnOnce<()>>::call_once::{shim:vtable#0}
[INFO] [stdout]   17:     0x59aeba5afdc4 - <std[617be2ca0a6fd877]::sys::thread::unix::Thread>::new::thread_start
[INFO] [stdout]   18:     0x7f4e61039dfa - <unknown>
[INFO] [stdout]   19:     0x7f4e610cd3d4 - clone
[INFO] [stdout]   20:                0x0 - <unknown>
[INFO] [stdout] 
[INFO] [stdout] ---- the_github_integrator_script_accepts_fetched_changes_and_publishes_them stdout ----
[INFO] [stdout] 
[INFO] [stdout] thread 'the_github_integrator_script_accepts_fetched_changes_and_publishes_them' (15601) panicked at tests/cli.rs:439:5:
[INFO] [stdout] stdout:
[INFO] [stdout] 
[INFO] [stdout] stderr:
[INFO] [stdout] bash: /opt/rustwide/workdir/integrations/github/integrate.sh: No such file or directory
[INFO] [stdout] 
[INFO] [stdout] stack backtrace:
[INFO] [stdout]    0:     0x59aeba5b11c6 - <<std[617be2ca0a6fd877]::sys::backtrace::BacktraceLock>::print::DisplayBacktrace as core[a373ad73a504971]::fmt::Display>::fmt
[INFO] [stdout]    1:     0x59aeba55160a - core[a373ad73a504971]::fmt::write
[INFO] [stdout]    2:     0x59aeba5b71fc - <alloc[2e1b2a31b91974c5]::vec::Vec<u8> as core[a373ad73a504971]::io::write::Write>::write_fmt
[INFO] [stdout]    3:     0x59aeba58a002 - std[617be2ca0a6fd877]::panicking::default_hook::{closure#0}
[INFO] [stdout]    4:     0x59aeba5a71a1 - std[617be2ca0a6fd877]::panicking::default_hook
[INFO] [stdout]    5:     0x59aeba5a75e2 - std[617be2ca0a6fd877]::panicking::panic_with_hook
[INFO] [stdout]    6:     0x59aeba58a0b2 - std[617be2ca0a6fd877]::panicking::panic_handler::{closure#0}
[INFO] [stdout]    7:     0x59aeba582a99 - std[617be2ca0a6fd877]::sys::backtrace::__rust_end_short_backtrace::<std[617be2ca0a6fd877]::panicking::panic_handler::{closure#0}, !>
[INFO] [stdout]    8:     0x59aeba58b27d - __rustc[ea4f61d10b84890b]::rust_begin_unwind
[INFO] [stdout]    9:     0x59aeba551cfc - core[a373ad73a504971]::panicking::panic_fmt
[INFO] [stdout]   10:     0x59aeba542747 - <cli[df408fcf8c57157f]::the_github_integrator_script_accepts_fetched_changes_and_publishes_them::{closure#0} as core[a373ad73a504971]::ops::function::FnOnce<()>>::call_once
[INFO] [stdout]   11:     0x59aeba5ba24b - test[aada8e7e76ba119b]::__rust_begin_short_backtrace::<core[a373ad73a504971]::result::Result<(), alloc[2e1b2a31b91974c5]::string::String>, fn() -> core[a373ad73a504971]::result::Result<(), alloc[2e1b2a31b91974c5]::string::String>>
[INFO] [stdout]   12:     0x59aeba5c80f4 - test[aada8e7e76ba119b]::run_test::{closure#0}
[INFO] [stdout]   13:     0x59aeba5c1824 - std[617be2ca0a6fd877]::sys::backtrace::__rust_begin_short_backtrace::<test[aada8e7e76ba119b]::run_test::{closure#1}, ()>
[INFO] [stdout]   14:     0x59aeba5cbeb2 - <std[617be2ca0a6fd877]::thread::lifecycle::spawn_unchecked<test[aada8e7e76ba119b]::run_test::{closure#1}, ()>::{closure#1} as core[a373ad73a504971]::ops::function::FnOnce<()>>::call_once::{shim:vtable#0}
[INFO] [stdout]   15:     0x59aeba5afdc4 - <std[617be2ca0a6fd877]::sys::thread::unix::Thread>::new::thread_start
[INFO] [stdout]   16:     0x7f4e61039dfa - <unknown>
[INFO] [stdout]   17:     0x7f4e610cd3d4 - clone
[INFO] [stdout]   18:                0x0 - <unknown>
[INFO] [stdout] 
[INFO] [stdout] 
[INFO] [stdout] failures:
[INFO] [stdout]     an_unwritable_zit_home_is_named
[INFO] [stdout]     the_github_integrator_script_accepts_fetched_changes_and_publishes_them
[INFO] [stdout] 
[INFO] [stdout] test result: FAILED. 22 passed; 2 failed; 0 ignored; 0 measured; 0 filtered out; finished in 0.50s
[INFO] [stdout] 
[INFO] [stderr] error: test failed, to rerun pass `--test cli`
[INFO] running `Command { std: "docker" "inspect" "9138bb0fd6d78b6d649a072094fe3f0d6c7e573a394c568246fc6ae487d4862b", kill_on_drop: false }`
[INFO] running `Command { std: "docker" "rm" "-f" "9138bb0fd6d78b6d649a072094fe3f0d6c7e573a394c568246fc6ae487d4862b", kill_on_drop: false }`
[INFO] [stdout] 9138bb0fd6d78b6d649a072094fe3f0d6c7e573a394c568246fc6ae487d4862b
