[INFO] fetching crate zirv-queue 0.1.0...
[INFO] testing zirv-queue-0.1.0 against 1.100.0-beta.1+cargoflags=--release for beta-release-1.100-2
[INFO] extracting crate zirv-queue 0.1.0 into /workspace/builds/worker-1-tc2/source
[INFO] started tweaking crates.io crate zirv-queue 0.1.0
[INFO] finished tweaking crates.io crate zirv-queue 0.1.0
[INFO] tweaked toml for crates.io crate zirv-queue 0.1.0 written to /workspace/builds/worker-1-tc2/source/Cargo.toml
[INFO] validating manifest of crates.io crate zirv-queue 0.1.0 on toolchain 1.100.0-beta.1
[INFO] running `Command { std: CARGO_HOME="/workspace/cargo-home" RUSTUP_HOME="/workspace/rustup-home" "/workspace/cargo-home/bin/cargo" "+1.100.0-beta.1" "metadata" "--manifest-path" "Cargo.toml" "--no-deps", kill_on_drop: false }`
[INFO] running `Command { std: CARGO_HOME="/workspace/cargo-home" RUSTUP_HOME="/workspace/rustup-home" "/workspace/cargo-home/bin/cargo" "+1.100.0-beta.1" "generate-lockfile" "--manifest-path" "Cargo.toml", kill_on_drop: false }`
[INFO] [stderr]     Updating crates.io index
[INFO] [stderr]      Locking 143 packages to highest compatible versions
[INFO] running `Command { std: CARGO_HOME="/workspace/cargo-home" RUSTUP_HOME="/workspace/rustup-home" "/workspace/cargo-home/bin/cargo" "+1.100.0-beta.1" "fetch" "--manifest-path" "Cargo.toml", kill_on_drop: false }`
[INFO] running `Command { std: "docker" "create" "-v" "/var/lib/crater-agent-workspace/builds/worker-1-tc2/source:/opt/rustwide/workdir:ro,Z" "-v" "/var/lib/crater-agent-workspace/builds/worker-1-tc2/target:/opt/rustwide/target:rw,Z" "-v" "/var/lib/crater-agent-workspace/cargo-home:/opt/rustwide/cargo-home:ro,Z" "-v" "/var/lib/crater-agent-workspace/rustup-home:/opt/rustwide/rustup-home:ro,Z" "-m" "1610612736" "--network" "none" "ghcr.io/rust-lang/crates-build-env/linux@sha256:77db811e55d90add9212f6832c23229e3de5f1c1f9905e8cb07319ea15df73ac" "sleep" "infinity", kill_on_drop: false }`
[INFO] [stdout] a5683e8e4a288a8b99fd538128721890e50565b61ca34943bfd37028690b0009
[INFO] running `Command { std: "docker" "start" "a5683e8e4a288a8b99fd538128721890e50565b61ca34943bfd37028690b0009", kill_on_drop: false }`
[INFO] running `Command { std: "docker" "inspect" "a5683e8e4a288a8b99fd538128721890e50565b61ca34943bfd37028690b0009", kill_on_drop: false }`
[INFO] running `Command { std: "docker" "exec" "-e" "SOURCE_DIR=/opt/rustwide/workdir" "-e" "CARGO_HOME=/opt/rustwide/cargo-home" "-e" "RUSTUP_HOME=/opt/rustwide/rustup-home" "-e" "CARGO_TARGET_DIR=/opt/rustwide/target" "-w" "/opt/rustwide/workdir" "--user" "0:0" "a5683e8e4a288a8b99fd538128721890e50565b61ca34943bfd37028690b0009" "/opt/rustwide/cargo-home/bin/cargo" "+1.100.0-beta.1" "metadata" "--no-deps" "--format-version=1", kill_on_drop: false }`
[INFO] running `Command { std: "docker" "inspect" "a5683e8e4a288a8b99fd538128721890e50565b61ca34943bfd37028690b0009", kill_on_drop: false }`
[INFO] running `Command { std: "docker" "exec" "-e" "SOURCE_DIR=/opt/rustwide/workdir" "-e" "CARGO_HOME=/opt/rustwide/cargo-home" "-e" "RUSTUP_HOME=/opt/rustwide/rustup-home" "-e" "CARGO_TARGET_DIR=/opt/rustwide/target" "-e" "CARGO_INCREMENTAL=0" "-e" "RUST_BACKTRACE=full" "-e" "RUSTFLAGS=--cap-lints=warn" "-e" "RUSTDOCFLAGS=--cap-lints=warn" "-w" "/opt/rustwide/workdir" "--user" "0:0" "a5683e8e4a288a8b99fd538128721890e50565b61ca34943bfd37028690b0009" "/opt/rustwide/cargo-home/bin/cargo" "+1.100.0-beta.1" "build" "--frozen" "--message-format=json" "--release", kill_on_drop: false }`
[INFO] [stderr]    Compiling serde_core v1.0.229
[INFO] [stderr]    Compiling mysqlclient-sys v0.5.2
[INFO] [stderr]    Compiling winnow v1.0.4
[INFO] [stderr]    Compiling either v1.19.0
[INFO] [stderr]    Compiling diesel_derives v2.3.10
[INFO] [stderr]    Compiling syn v2.0.119
[INFO] [stderr]    Compiling parking_lot_core v0.9.12
[INFO] [stderr]    Compiling typeid v1.0.3
[INFO] [stderr]    Compiling winnow v0.7.15
[INFO] [stderr]    Compiling regex-automata v0.4.18
[INFO] [stderr]    Compiling toml_parser v1.1.5+spec-1.1.0
[INFO] [stderr]    Compiling serde v1.0.229
[INFO] [stderr]    Compiling toml_datetime v0.7.5+spec-1.1.0
[INFO] [stderr]    Compiling serde_spanned v1.1.2
[INFO] [stderr]    Compiling url v2.5.8
[INFO] [stderr]    Compiling erased-serde v0.4.10
[INFO] [stderr]    Compiling uuid v1.28.0
[INFO] [stderr]    Compiling downcast-rs v2.0.2
[INFO] [stderr]    Compiling parking_lot v0.12.5
[INFO] [stderr]    Compiling typetag v0.2.23
[INFO] [stderr]    Compiling jiff-core v0.1.1
[INFO] [stderr]    Compiling anstream v1.0.0
[INFO] [stderr]    Compiling scheduled-thread-pool v0.2.7
[INFO] [stderr]    Compiling r2d2 v0.8.10
[INFO] [stderr]    Compiling chrono v0.4.45
[INFO] [stderr]    Compiling thiserror-impl v2.0.21
[INFO] [stderr]    Compiling typetag-impl v0.2.23
[INFO] [stderr]    Compiling once_cell v1.21.4
[INFO] [stderr]    Compiling dotenvy v0.15.7
[INFO] [stderr]    Compiling inventory v0.3.25
[INFO] [stderr]    Compiling envy v0.4.2
[INFO] [stderr]    Compiling jiff v0.2.38
[INFO] [stderr]    Compiling thiserror v2.0.21
[INFO] [stderr]    Compiling toml v0.9.12+spec-1.1.0
[INFO] [stderr]    Compiling migrations_internals v2.3.0
[INFO] [stderr]    Compiling regex v1.13.1
[INFO] [stderr]    Compiling env_filter v2.0.0
[INFO] [stderr]    Compiling migrations_macros v2.3.1
[INFO] [stderr]    Compiling darling_core v0.21.3
[INFO] [stderr]    Compiling diesel_table_macro_syntax v0.3.0
[INFO] [stderr]    Compiling env_logger v0.11.11
[INFO] [stderr]    Compiling darling_macro v0.21.3
[INFO] [stderr]    Compiling darling v0.21.3
[INFO] [stderr]    Compiling dsl_auto_type v0.2.0
[INFO] [stderr]    Compiling diesel v2.3.14
[INFO] [stderr]    Compiling zirv-db v0.0.1
[INFO] [stderr]    Compiling diesel_migrations v2.3.2
[INFO] [stderr]    Compiling zirv-queue v0.1.0 (/opt/rustwide/workdir)
[INFO] [stderr] warning: unused dependency `thiserror`
[INFO] [stderr]   --> Cargo.toml:28:15
[INFO] [stderr]    |
[INFO] [stderr] 28 | [dependencies.thiserror]
[INFO] [stderr]    |               ^^^^^^^^^^
[INFO] [stderr]    |
[INFO] [stderr]    = note: `cargo::unused_dependencies` is set to `warn` by default
[INFO] [stderr] help: consider removing the dependency on `thiserror`
[INFO] [stderr] warning: `zirv-queue` (manifest) generated 1 warning
[INFO] [stderr]     Finished `release` profile [optimized] target(s) in 21.42s
[INFO] running `Command { std: "docker" "inspect" "a5683e8e4a288a8b99fd538128721890e50565b61ca34943bfd37028690b0009", kill_on_drop: false }`
[INFO] running `Command { std: "docker" "exec" "-e" "SOURCE_DIR=/opt/rustwide/workdir" "-e" "CARGO_HOME=/opt/rustwide/cargo-home" "-e" "RUSTUP_HOME=/opt/rustwide/rustup-home" "-e" "CARGO_TARGET_DIR=/opt/rustwide/target" "-e" "CARGO_INCREMENTAL=0" "-e" "RUST_BACKTRACE=full" "-e" "RUSTFLAGS=--cap-lints=warn" "-e" "RUSTDOCFLAGS=--cap-lints=warn" "-w" "/opt/rustwide/workdir" "--user" "0:0" "a5683e8e4a288a8b99fd538128721890e50565b61ca34943bfd37028690b0009" "/opt/rustwide/cargo-home/bin/cargo" "+1.100.0-beta.1" "test" "--frozen" "--no-run" "--message-format=json" "--release", kill_on_drop: false }`
[INFO] [stderr]    Compiling zirv-queue v0.1.0 (/opt/rustwide/workdir)
[INFO] [stderr] warning: unused dependency `thiserror`
[INFO] [stderr]   --> Cargo.toml:28:15
[INFO] [stderr]    |
[INFO] [stderr] 28 | [dependencies.thiserror]
[INFO] [stderr]    |               ^^^^^^^^^^
[INFO] [stderr]    |
[INFO] [stderr]    = note: `cargo::unused_dependencies` is set to `warn` by default
[INFO] [stderr] help: consider removing the dependency on `thiserror`
[INFO] [stderr] warning: `zirv-queue` (manifest) generated 1 warning
[INFO] [stderr]     Finished `release` profile [optimized] target(s) in 1.61s
[INFO] running `Command { std: "docker" "inspect" "a5683e8e4a288a8b99fd538128721890e50565b61ca34943bfd37028690b0009", kill_on_drop: false }`
[INFO] running `Command { std: "docker" "exec" "-e" "SOURCE_DIR=/opt/rustwide/workdir" "-e" "CARGO_HOME=/opt/rustwide/cargo-home" "-e" "RUSTUP_HOME=/opt/rustwide/rustup-home" "-e" "CARGO_TARGET_DIR=/opt/rustwide/target" "-e" "CARGO_INCREMENTAL=0" "-e" "RUST_BACKTRACE=full" "-e" "RUSTFLAGS=--cap-lints=warn" "-e" "RUSTDOCFLAGS=--cap-lints=warn" "-w" "/opt/rustwide/workdir" "--user" "0:0" "a5683e8e4a288a8b99fd538128721890e50565b61ca34943bfd37028690b0009" "/opt/rustwide/cargo-home/bin/cargo" "+1.100.0-beta.1" "test" "--frozen" "--release", kill_on_drop: false }`
[INFO] [stderr] warning: unused dependency `thiserror`
[INFO] [stderr]   --> Cargo.toml:28:15
[INFO] [stderr]    |
[INFO] [stderr] 28 | [dependencies.thiserror]
[INFO] [stderr]    |               ^^^^^^^^^^
[INFO] [stderr]    |
[INFO] [stderr]    = note: `cargo::unused_dependencies` is set to `warn` by default
[INFO] [stderr] help: consider removing the dependency on `thiserror`
[INFO] [stderr] warning: `zirv-queue` (manifest) generated 1 warning
[INFO] [stderr]     Finished `release` profile [optimized] target(s) in 0.26s
[INFO] [stderr]      Running unittests src/lib.rs (/opt/rustwide/target/release/build/zirv-queue/3b05c1a1ef288318/out/zirv_queue-3b05c1a1ef288318)
[INFO] [stdout] 
[INFO] [stdout] running 5 tests
[INFO] [stdout] test config::tests::test_custom_env_values ... ok
[INFO] [stdout] test config::tests::test_defaults_when_env_not_set ... FAILED
[INFO] [stdout] test config::tests::test_get_config_lazy_initialization ... FAILED
[INFO] [stdout] test config::tests::test_invalid_numeric_parse_panics - should panic ... ok
[INFO] [stdout] test config::tests::test_missing_db_url_panics - should panic ... ok
[INFO] [stdout] 
[INFO] [stdout] failures:
[INFO] [stdout] 
[INFO] [stdout] ---- config::tests::test_defaults_when_env_not_set stdout ----
[INFO] [stdout] 
[INFO] [stdout] thread 'config::tests::test_defaults_when_env_not_set' (1104) panicked at src/config/mod.rs:189:9:
[INFO] [stdout] assertion `left == right` failed
[INFO] [stdout]   left: "postgres://user:pass@localhost/custom_db"
[INFO] [stdout]  right: "mysql://root:password@localhost/db"
[INFO] [stdout] stack backtrace:
[INFO] [stdout]    0:     0x64c46ce4d1e1 - <<std[617be2ca0a6fd877]::sys::backtrace::BacktraceLock>::print::DisplayBacktrace as core[a373ad73a504971]::fmt::Display>::fmt
[INFO] [stdout]    1:     0x64c46ce6201a - core[a373ad73a504971]::fmt::write
[INFO] [stdout]    2:     0x64c46ce5167c - <alloc[2e1b2a31b91974c5]::vec::Vec<u8> as core[a373ad73a504971]::io::write::Write>::write_fmt
[INFO] [stdout]    3:     0x64c46ce29056 - std[617be2ca0a6fd877]::panicking::default_hook::{closure#0}
[INFO] [stdout]    4:     0x64c46ce456c9 - std[617be2ca0a6fd877]::panicking::default_hook
[INFO] [stdout]    5:     0x64c46cddc960 - test[aada8e7e76ba119b]::test_main_inner::{closure#0}
[INFO] [stdout]    6:     0x64c46ce45882 - std[617be2ca0a6fd877]::panicking::panic_with_hook
[INFO] [stdout]    7:     0x64c46ce29102 - std[617be2ca0a6fd877]::panicking::panic_handler::{closure#0}
[INFO] [stdout]    8:     0x64c46ce21ba9 - std[617be2ca0a6fd877]::sys::backtrace::__rust_end_short_backtrace::<std[617be2ca0a6fd877]::panicking::panic_handler::{closure#0}, !>
[INFO] [stdout]    9:     0x64c46ce29f2d - __rustc[ea4f61d10b84890b]::rust_begin_unwind
[INFO] [stdout]   10:     0x64c46ce6274c - core[a373ad73a504971]::panicking::panic_fmt
[INFO] [stdout]   11:     0x64c46ce62663 - core[a373ad73a504971]::panicking::assert_failed_inner
[INFO] [stdout]   12:     0x64c46cdcd9cd - core[a373ad73a504971]::panicking::assert_failed::<alloc[2e1b2a31b91974c5]::string::String, &str>
[INFO] [stdout]   13:     0x64c46cdcf9bb - <zirv_queue[85d7efa8f7eae560]::config::tests::test_defaults_when_env_not_set::{closure#0} as core[a373ad73a504971]::ops::function::FnOnce<()>>::call_once
[INFO] [stdout]   14:     0x64c46cdcfdab - test[aada8e7e76ba119b]::__rust_begin_short_backtrace::<core[a373ad73a504971]::result::Result<(), alloc[2e1b2a31b91974c5]::string::String>, fn() -> core[a373ad73a504971]::result::Result<(), alloc[2e1b2a31b91974c5]::string::String>>
[INFO] [stdout]   15:     0x64c46cddcf85 - test[aada8e7e76ba119b]::run_test::{closure#0}
[INFO] [stdout]   16:     0x64c46cdd6874 - std[617be2ca0a6fd877]::sys::backtrace::__rust_begin_short_backtrace::<test[aada8e7e76ba119b]::run_test::{closure#1}, ()>
[INFO] [stdout]   17:     0x64c46cde0012 - <std[617be2ca0a6fd877]::thread::lifecycle::spawn_unchecked<test[aada8e7e76ba119b]::run_test::{closure#1}, ()>::{closure#1} as core[a373ad73a504971]::ops::function::FnOnce<()>>::call_once::{shim:vtable#0}
[INFO] [stdout]   18:     0x64c46ce4ca3f - <std[617be2ca0a6fd877]::sys::thread::unix::Thread>::new::thread_start
[INFO] [stdout]   19:     0x78869ddafdfa - <unknown>
[INFO] [stdout]   20:     0x78869de433d4 - clone
[INFO] [stdout]   21:                0x0 - <unknown>
[INFO] [stdout] 
[INFO] [stdout] ---- config::tests::test_get_config_lazy_initialization stdout ----
[INFO] [stdout] 
[INFO] [stdout] thread 'config::tests::test_get_config_lazy_initialization' (1105) panicked at src/config/mod.rs:141:36:
[INFO] [stdout] Failed to read configuration from environment: Custom("invalid digit found in string while parsing value 'not_a_number' provided by MAX_CONCURRENT_JOBS")
[INFO] [stdout] stack backtrace:
[INFO] [stdout]    0:     0x64c46ce4d1e1 - <<std[617be2ca0a6fd877]::sys::backtrace::BacktraceLock>::print::DisplayBacktrace as core[a373ad73a504971]::fmt::Display>::fmt
[INFO] [stdout]    1:     0x64c46ce6201a - core[a373ad73a504971]::fmt::write
[INFO] [stderr] error: test failed, to rerun pass `--lib`
[INFO] [stdout]    2:     0x64c46ce5167c - <alloc[2e1b2a31b91974c5]::vec::Vec<u8> as core[a373ad73a504971]::io::write::Write>::write_fmt
[INFO] [stdout]    3:     0x64c46ce29056 - std[617be2ca0a6fd877]::panicking::default_hook::{closure#0}
[INFO] [stdout]    4:     0x64c46ce456c9 - std[617be2ca0a6fd877]::panicking::default_hook
[INFO] [stdout]    5:     0x64c46cddc960 - test[aada8e7e76ba119b]::test_main_inner::{closure#0}
[INFO] [stdout]    6:     0x64c46ce45882 - std[617be2ca0a6fd877]::panicking::panic_with_hook
[INFO] [stdout]    7:     0x64c46ce29102 - std[617be2ca0a6fd877]::panicking::panic_handler::{closure#0}
[INFO] [stdout]    8:     0x64c46ce21ba9 - std[617be2ca0a6fd877]::sys::backtrace::__rust_end_short_backtrace::<std[617be2ca0a6fd877]::panicking::panic_handler::{closure#0}, !>
[INFO] [stdout]    9:     0x64c46ce29f2d - __rustc[ea4f61d10b84890b]::rust_begin_unwind
[INFO] [stdout]   10:     0x64c46ce6274c - core[a373ad73a504971]::panicking::panic_fmt
[INFO] [stdout]   11:     0x64c46ce62522 - core[a373ad73a504971]::result::unwrap_failed
[INFO] [stdout]   12:     0x64c46cdcf259 - <zirv_queue[85d7efa8f7eae560]::config::Config>::from_env
[INFO] [stdout]   13:     0x64c46cdcda31 - <std[617be2ca0a6fd877]::sync::once::Once>::call_once_force::<<std[617be2ca0a6fd877]::sync::once_lock::OnceLock<zirv_queue[85d7efa8f7eae560]::config::Config>>::initialize<<std[617be2ca0a6fd877]::sync::once_lock::OnceLock<zirv_queue[85d7efa8f7eae560]::config::Config>>::get_or_init<<zirv_queue[85d7efa8f7eae560]::config::Config>::from_env>::{closure#0}, !>::{closure#0}>::{closure#0}
[INFO] [stdout]   14:     0x64c46ce2ee59 - <std[617be2ca0a6fd877]::sys::sync::once::futex::Once>::call
[INFO] [stdout]   15:     0x64c46cdcd846 - <std[617be2ca0a6fd877]::sync::once_lock::OnceLock<zirv_queue[85d7efa8f7eae560]::config::Config>>::initialize::<<std[617be2ca0a6fd877]::sync::once_lock::OnceLock<zirv_queue[85d7efa8f7eae560]::config::Config>>::get_or_init<<zirv_queue[85d7efa8f7eae560]::config::Config>::from_env>::{closure#0}, !>
[INFO] [stdout]   16:     0x64c46cdcfc77 - <zirv_queue[85d7efa8f7eae560]::config::tests::test_get_config_lazy_initialization::{closure#0} as core[a373ad73a504971]::ops::function::FnOnce<()>>::call_once
[INFO] [stdout]   17:     0x64c46cdcfdab - test[aada8e7e76ba119b]::__rust_begin_short_backtrace::<core[a373ad73a504971]::result::Result<(), alloc[2e1b2a31b91974c5]::string::String>, fn() -> core[a373ad73a504971]::result::Result<(), alloc[2e1b2a31b91974c5]::string::String>>
[INFO] [stdout]   18:     0x64c46cddcf85 - test[aada8e7e76ba119b]::run_test::{closure#0}
[INFO] [stdout]   19:     0x64c46cdd6874 - std[617be2ca0a6fd877]::sys::backtrace::__rust_begin_short_backtrace::<test[aada8e7e76ba119b]::run_test::{closure#1}, ()>
[INFO] [stdout]   20:     0x64c46cde0012 - <std[617be2ca0a6fd877]::thread::lifecycle::spawn_unchecked<test[aada8e7e76ba119b]::run_test::{closure#1}, ()>::{closure#1} as core[a373ad73a504971]::ops::function::FnOnce<()>>::call_once::{shim:vtable#0}
[INFO] [stdout]   21:     0x64c46ce4ca3f - <std[617be2ca0a6fd877]::sys::thread::unix::Thread>::new::thread_start
[INFO] [stdout]   22:     0x78869ddafdfa - <unknown>
[INFO] [stdout]   23:     0x78869de433d4 - clone
[INFO] [stdout]   24:                0x0 - <unknown>
[INFO] [stdout] 
[INFO] [stdout] 
[INFO] [stdout] failures:
[INFO] [stdout]     config::tests::test_defaults_when_env_not_set
[INFO] [stdout]     config::tests::test_get_config_lazy_initialization
[INFO] [stdout] 
[INFO] [stdout] test result: FAILED. 3 passed; 2 failed; 0 ignored; 0 measured; 0 filtered out; finished in 0.00s
[INFO] [stdout] 
[INFO] running `Command { std: "docker" "inspect" "a5683e8e4a288a8b99fd538128721890e50565b61ca34943bfd37028690b0009", kill_on_drop: false }`
[INFO] running `Command { std: "docker" "rm" "-f" "a5683e8e4a288a8b99fd538128721890e50565b61ca34943bfd37028690b0009", kill_on_drop: false }`
[INFO] [stdout] a5683e8e4a288a8b99fd538128721890e50565b61ca34943bfd37028690b0009
