[INFO] fetching crate zinit-updater 0.3.5...
[INFO] testing zinit-updater-0.3.5 against 1.99.0-beta.8+cargoflags=--release for beta-release-1.100-2
[INFO] extracting crate zinit-updater 0.3.5 into /workspace/builds/worker-6-tc1/source
[INFO] started tweaking crates.io crate zinit-updater 0.3.5
[INFO] removed 0 missing tests
[INFO] finished tweaking crates.io crate zinit-updater 0.3.5
[INFO] tweaked toml for crates.io crate zinit-updater 0.3.5 written to /workspace/builds/worker-6-tc1/source/Cargo.toml
[INFO] validating manifest of crates.io crate zinit-updater 0.3.5 on toolchain 1.99.0-beta.8
[INFO] running `Command { std: CARGO_HOME="/workspace/cargo-home" RUSTUP_HOME="/workspace/rustup-home" "/workspace/cargo-home/bin/cargo" "+1.99.0-beta.8" "metadata" "--manifest-path" "Cargo.toml" "--no-deps", kill_on_drop: false }`
[INFO] crate crates.io crate zinit-updater 0.3.5 already has a lockfile, it will not be regenerated
[INFO] running `Command { std: CARGO_HOME="/workspace/cargo-home" RUSTUP_HOME="/workspace/rustup-home" "/workspace/cargo-home/bin/cargo" "+1.99.0-beta.8" "fetch" "--manifest-path" "Cargo.toml", kill_on_drop: false }`
[INFO] [stderr]  Downloading crates ...
[INFO] [stderr]   Downloaded rustls-webpki v0.103.8
[INFO] running `Command { std: "docker" "create" "-v" "/var/lib/crater-agent-workspace/builds/worker-6-tc1/source:/opt/rustwide/workdir:ro,Z" "-v" "/var/lib/crater-agent-workspace/builds/worker-6-tc1/target:/opt/rustwide/target:rw,Z" "-v" "/var/lib/crater-agent-workspace/cargo-home:/opt/rustwide/cargo-home:ro,Z" "-v" "/var/lib/crater-agent-workspace/rustup-home:/opt/rustwide/rustup-home:ro,Z" "-m" "1610612736" "--network" "none" "ghcr.io/rust-lang/crates-build-env/linux@sha256:77db811e55d90add9212f6832c23229e3de5f1c1f9905e8cb07319ea15df73ac" "sleep" "infinity", kill_on_drop: false }`
[INFO] [stdout] 488e04adb1ef4384dd2e49950819b3908b1979a3c1f5bdc45ef391bd656a1942
[INFO] running `Command { std: "docker" "start" "488e04adb1ef4384dd2e49950819b3908b1979a3c1f5bdc45ef391bd656a1942", kill_on_drop: false }`
[INFO] running `Command { std: "docker" "inspect" "488e04adb1ef4384dd2e49950819b3908b1979a3c1f5bdc45ef391bd656a1942", kill_on_drop: false }`
[INFO] running `Command { std: "docker" "exec" "-e" "SOURCE_DIR=/opt/rustwide/workdir" "-e" "CARGO_HOME=/opt/rustwide/cargo-home" "-e" "RUSTUP_HOME=/opt/rustwide/rustup-home" "-e" "CARGO_TARGET_DIR=/opt/rustwide/target" "-w" "/opt/rustwide/workdir" "--user" "0:0" "488e04adb1ef4384dd2e49950819b3908b1979a3c1f5bdc45ef391bd656a1942" "/opt/rustwide/cargo-home/bin/cargo" "+1.99.0-beta.8" "metadata" "--no-deps" "--format-version=1", kill_on_drop: false }`
[INFO] running `Command { std: "docker" "inspect" "488e04adb1ef4384dd2e49950819b3908b1979a3c1f5bdc45ef391bd656a1942", kill_on_drop: false }`
[INFO] running `Command { std: "docker" "exec" "-e" "SOURCE_DIR=/opt/rustwide/workdir" "-e" "CARGO_HOME=/opt/rustwide/cargo-home" "-e" "RUSTUP_HOME=/opt/rustwide/rustup-home" "-e" "CARGO_TARGET_DIR=/opt/rustwide/target" "-e" "CARGO_INCREMENTAL=0" "-e" "RUST_BACKTRACE=full" "-e" "RUSTFLAGS=--cap-lints=warn" "-e" "RUSTDOCFLAGS=--cap-lints=warn" "-w" "/opt/rustwide/workdir" "--user" "0:0" "488e04adb1ef4384dd2e49950819b3908b1979a3c1f5bdc45ef391bd656a1942" "/opt/rustwide/cargo-home/bin/cargo" "+1.99.0-beta.8" "build" "--frozen" "--message-format=json" "--release", kill_on_drop: false }`
[INFO] [stderr]    Compiling syn v2.0.104
[INFO] [stderr]    Compiling libc v0.2.174
[INFO] [stderr]    Compiling cc v1.2.30
[INFO] [stderr]    Compiling smallvec v1.15.1
[INFO] [stderr]    Compiling rustls-pki-types v1.13.2
[INFO] [stderr]    Compiling rustls v0.23.35
[INFO] [stderr]    Compiling crc32fast v1.5.0
[INFO] [stderr]    Compiling indexmap v2.12.1
[INFO] [stderr]    Compiling nix v0.29.0
[INFO] [stderr]    Compiling log v0.4.27
[INFO] [stderr]    Compiling winnow v0.7.14
[INFO] [stderr]    Compiling bitflags v2.9.1
[INFO] [stderr]    Compiling md5 v0.7.0
[INFO] [stderr]    Compiling flate2 v1.1.5
[INFO] [stderr]    Compiling webpki-roots v1.0.4
[INFO] [stderr]    Compiling webpki-roots v0.26.11
[INFO] [stderr]    Compiling ring v0.17.14
[INFO] [stderr]    Compiling getrandom v0.2.16
[INFO] [stderr]    Compiling signal-hook-registry v1.4.5
[INFO] [stderr]    Compiling signal-hook v0.3.18
[INFO] [stderr]    Compiling synstructure v0.13.2
[INFO] [stderr]    Compiling zerovec-derive v0.11.2
[INFO] [stderr]    Compiling displaydoc v0.2.5
[INFO] [stderr]    Compiling serde_derive v1.0.228
[INFO] [stderr]    Compiling zerofrom-derive v0.1.6
[INFO] [stderr]    Compiling yoke-derive v0.8.1
[INFO] [stderr]    Compiling zerofrom v0.1.6
[INFO] [stderr]    Compiling yoke v0.8.1
[INFO] [stderr]    Compiling zerovec v0.11.5
[INFO] [stderr]    Compiling zerotrie v0.2.3
[INFO] [stderr]    Compiling tinystr v0.8.2
[INFO] [stderr]    Compiling potential_utf v0.1.4
[INFO] [stderr]    Compiling icu_collections v2.1.1
[INFO] [stderr]    Compiling icu_locale_core v2.1.1
[INFO] [stderr]    Compiling icu_provider v2.1.1
[INFO] [stderr]    Compiling icu_normalizer v2.1.1
[INFO] [stderr]    Compiling icu_properties v2.1.2
[INFO] [stderr]    Compiling serde v1.0.228
[INFO] [stderr]    Compiling toml_datetime v0.6.11
[INFO] [stderr]    Compiling serde_spanned v0.6.9
[INFO] [stderr]    Compiling toml_edit v0.22.27
[INFO] [stderr]    Compiling idna_adapter v1.2.1
[INFO] [stderr]    Compiling idna v1.1.0
[INFO] [stderr]    Compiling url v2.5.7
[INFO] [stderr]    Compiling toml v0.8.23
[INFO] [stderr]    Compiling rustls-webpki v0.103.8
[INFO] [stderr]    Compiling ureq v2.12.1
[INFO] [stderr]    Compiling zinit-updater v0.3.5 (/opt/rustwide/workdir)
[INFO] [stderr]     Finished `release` profile [optimized] target(s) in 36.61s
[INFO] running `Command { std: "docker" "inspect" "488e04adb1ef4384dd2e49950819b3908b1979a3c1f5bdc45ef391bd656a1942", kill_on_drop: false }`
[INFO] running `Command { std: "docker" "exec" "-e" "SOURCE_DIR=/opt/rustwide/workdir" "-e" "CARGO_HOME=/opt/rustwide/cargo-home" "-e" "RUSTUP_HOME=/opt/rustwide/rustup-home" "-e" "CARGO_TARGET_DIR=/opt/rustwide/target" "-e" "CARGO_INCREMENTAL=0" "-e" "RUST_BACKTRACE=full" "-e" "RUSTFLAGS=--cap-lints=warn" "-e" "RUSTDOCFLAGS=--cap-lints=warn" "-w" "/opt/rustwide/workdir" "--user" "0:0" "488e04adb1ef4384dd2e49950819b3908b1979a3c1f5bdc45ef391bd656a1942" "/opt/rustwide/cargo-home/bin/cargo" "+1.99.0-beta.8" "test" "--frozen" "--no-run" "--message-format=json" "--release", kill_on_drop: false }`
[INFO] [stderr]    Compiling zinit-updater v0.3.5 (/opt/rustwide/workdir)
[INFO] [stderr]     Finished `release` profile [optimized] target(s) in 0.55s
[INFO] running `Command { std: "docker" "inspect" "488e04adb1ef4384dd2e49950819b3908b1979a3c1f5bdc45ef391bd656a1942", kill_on_drop: false }`
[INFO] running `Command { std: "docker" "exec" "-e" "SOURCE_DIR=/opt/rustwide/workdir" "-e" "CARGO_HOME=/opt/rustwide/cargo-home" "-e" "RUSTUP_HOME=/opt/rustwide/rustup-home" "-e" "CARGO_TARGET_DIR=/opt/rustwide/target" "-e" "CARGO_INCREMENTAL=0" "-e" "RUST_BACKTRACE=full" "-e" "RUSTFLAGS=--cap-lints=warn" "-e" "RUSTDOCFLAGS=--cap-lints=warn" "-w" "/opt/rustwide/workdir" "--user" "0:0" "488e04adb1ef4384dd2e49950819b3908b1979a3c1f5bdc45ef391bd656a1942" "/opt/rustwide/cargo-home/bin/cargo" "+1.99.0-beta.8" "test" "--frozen" "--release", kill_on_drop: false }`
[INFO] [stderr]     Finished `release` profile [optimized] target(s) in 0.06s
[INFO] [stderr]      Running unittests src/main.rs (/opt/rustwide/target/release/deps/zinit_updater-4c0bf516840857f5)
[INFO] [stdout] 
[INFO] [stdout] running 0 tests
[INFO] [stdout] 
[INFO] [stdout] test result: ok. 0 passed; 0 failed; 0 ignored; 0 measured; 0 filtered out; finished in 0.00s
[INFO] [stderr]      Running tests/init_mode.rs (/opt/rustwide/target/release/deps/init_mode-38b8353f266f6769)
[INFO] [stdout] 
[INFO] [stdout] 
[INFO] [stdout] running 5 tests
[INFO] [stdout] test test_multiple_soft_restarts ... FAILED
[INFO] [stdout] test test_sigusr1_soft_restart ... FAILED
[INFO] [stdout] test test_sigterm_full_shutdown ... FAILED
[INFO] [stdout] test test_sigint_full_shutdown ... FAILED
[INFO] [stdout] test test_server_auto_restart_on_crash ... FAILED
[INFO] [stdout] 
[INFO] [stdout] failures:
[INFO] [stdout] 
[INFO] [stdout] ---- test_multiple_soft_restarts stdout ----
[INFO] [stdout] 
[INFO] [stdout] thread 'test_multiple_soft_restarts' (1206) panicked at tests/init_mode.rs:128:9:
[INFO] [stdout] zinit-server did not start within timeout
[INFO] [stdout] stack backtrace:
[INFO] [stdout]    0:     0x559dddf9f321 - <<std[70759c8f55707aa4]::sys::backtrace::BacktraceLock>::print::DisplayBacktrace as core[df12db4294e9bfd3]::fmt::Display>::fmt
[INFO] [stdout]    1:     0x559dddfb364a - core[df12db4294e9bfd3]::fmt::write
[INFO] [stdout]    2:     0x559dddfa37bc - <alloc[2182bb758b4b3781]::vec::Vec<u8> as core[df12db4294e9bfd3]::io::write::Write>::write_fmt
[INFO] [stdout]    3:     0x559dddf7b3d6 - std[70759c8f55707aa4]::panicking::default_hook::{closure#0}
[INFO] [stdout]    4:     0x559dddf978f9 - std[70759c8f55707aa4]::panicking::default_hook
[INFO] [stdout]    5:     0x559dddf338d0 - test[9d35eded1c95d3be]::test_main_inner::<test[9d35eded1c95d3be]::test_main_static::{closure#0}>::{closure#0}
[INFO] [stdout]    6:     0x559dddf97ab2 - std[70759c8f55707aa4]::panicking::panic_with_hook
[INFO] [stdout]    7:     0x559dddf7b4b4 - std[70759c8f55707aa4]::panicking::panic_handler::{closure#0}
[INFO] [stdout]    8:     0x559dddf74159 - std[70759c8f55707aa4]::sys::backtrace::__rust_end_short_backtrace::<std[70759c8f55707aa4]::panicking::panic_handler::{closure#0}, !>
[INFO] [stdout]    9:     0x559dddf7c07d - __rustc[8fa7c3cbc660c2b3]::rust_begin_unwind
[INFO] [stdout]   10:     0x559dddfb3d7c - core[df12db4294e9bfd3]::panicking::panic_fmt
[INFO] [stdout]   11:     0x559dddf255b9 - <init_mode[96f254f5af8a6452]::TestFixture>::start_updater
[INFO] [stdout]   12:     0x559dddf25c1a - <init_mode[96f254f5af8a6452]::test_multiple_soft_restarts::{closure#0} as core[df12db4294e9bfd3]::ops::function::FnOnce<()>>::call_once
[INFO] [stdout]   13:     0x559dddf26bbb - test[9d35eded1c95d3be]::__rust_begin_short_backtrace::<core[df12db4294e9bfd3]::result::Result<(), alloc[2182bb758b4b3781]::string::String>, fn() -> core[df12db4294e9bfd3]::result::Result<(), alloc[2182bb758b4b3781]::string::String>>
[INFO] [stdout]   14:     0x559dddf34225 - test[9d35eded1c95d3be]::run_test::{closure#0}
[INFO] [stdout]   15:     0x559dddf2dae4 - std[70759c8f55707aa4]::sys::backtrace::__rust_begin_short_backtrace::<test[9d35eded1c95d3be]::run_test::{closure#1}, ()>
[INFO] [stdout]   16:     0x559dddf37382 - <std[70759c8f55707aa4]::thread::lifecycle::spawn_unchecked<test[9d35eded1c95d3be]::run_test::{closure#1}, ()>::{closure#1} as core[df12db4294e9bfd3]::ops::function::FnOnce<()>>::call_once::{shim:vtable#0}
[INFO] [stdout]   17:     0x559dddf9ebf9 - <std[70759c8f55707aa4]::sys::thread::unix::Thread>::new::thread_start
[INFO] [stdout]   18:     0x79e56088edfa - <unknown>
[INFO] [stdout]   19:     0x79e5609223d4 - clone
[INFO] [stdout]   20:                0x0 - <unknown>
[INFO] [stdout] 
[INFO] [stdout] ---- test_sigusr1_soft_restart stdout ----
[INFO] [stdout] 
[INFO] [stdout] thread 'test_sigusr1_soft_restart' (1210) panicked at tests/init_mode.rs:128:9:
[INFO] [stdout] zinit-server did not start within timeout
[INFO] [stdout] stack backtrace:
[INFO] [stdout]    0:     0x559dddf9f321 - <<std[70759c8f55707aa4]::sys::backtrace::BacktraceLock>::print::DisplayBacktrace as core[df12db4294e9bfd3]::fmt::Display>::fmt
[INFO] [stdout]    1:     0x559dddfb364a - core[df12db4294e9bfd3]::fmt::write
[INFO] [stdout]    2:     0x559dddfa37bc - <alloc[2182bb758b4b3781]::vec::Vec<u8> as core[df12db4294e9bfd3]::io::write::Write>::write_fmt
[INFO] [stdout]    3:     0x559dddf7b3d6 - std[70759c8f55707aa4]::panicking::default_hook::{closure#0}
[INFO] [stdout]    4:     0x559dddf978f9 - std[70759c8f55707aa4]::panicking::default_hook
[INFO] [stdout]    5:     0x559dddf338d0 - test[9d35eded1c95d3be]::test_main_inner::<test[9d35eded1c95d3be]::test_main_static::{closure#0}>::{closure#0}
[INFO] [stdout]    6:     0x559dddf97ab2 - std[70759c8f55707aa4]::panicking::panic_with_hook
[INFO] [stdout]    7:     0x559dddf7b4b4 - std[70759c8f55707aa4]::panicking::panic_handler::{closure#0}
[INFO] [stdout]    8:     0x559dddf74159 - std[70759c8f55707aa4]::sys::backtrace::__rust_end_short_backtrace::<std[70759c8f55707aa4]::panicking::panic_handler::{closure#0}, !>
[INFO] [stdout]    9:     0x559dddf7c07d - __rustc[8fa7c3cbc660c2b3]::rust_begin_unwind
[INFO] [stdout]   10:     0x559dddfb3d7c - core[df12db4294e9bfd3]::panicking::panic_fmt
[INFO] [stdout]   11:     0x559dddf255b9 - <init_mode[96f254f5af8a6452]::TestFixture>::start_updater
[INFO] [stdout]   12:     0x559dddf25898 - <init_mode[96f254f5af8a6452]::test_sigusr1_soft_restart::{closure#0} as core[df12db4294e9bfd3]::ops::function::FnOnce<()>>::call_once
[INFO] [stdout]   13:     0x559dddf26bbb - test[9d35eded1c95d3be]::__rust_begin_short_backtrace::<core[df12db4294e9bfd3]::result::Result<(), alloc[2182bb758b4b3781]::string::String>, fn() -> core[df12db4294e9bfd3]::result::Result<(), alloc[2182bb758b4b3781]::string::String>>
[INFO] [stdout]   14:     0x559dddf34225 - test[9d35eded1c95d3be]::run_test::{closure#0}
[INFO] [stdout]   15:     0x559dddf2dae4 - std[70759c8f55707aa4]::sys::backtrace::__rust_begin_short_backtrace::<test[9d35eded1c95d3be]::run_test::{closure#1}, ()>
[INFO] [stdout]   16:     0x559dddf37382 - <std[70759c8f55707aa4]::thread::lifecycle::spawn_unchecked<test[9d35eded1c95d3be]::run_test::{closure#1}, ()>::{closure#1} as core[df12db4294e9bfd3]::ops::function::FnOnce<()>>::call_once::{shim:vtable#0}
[INFO] [stdout]   17:     0x559dddf9ebf9 - <std[70759c8f55707aa4]::sys::thread::unix::Thread>::new::thread_start
[INFO] [stdout]   18:     0x79e56088edfa - <unknown>
[INFO] [stdout]   19:     0x79e5609223d4 - clone
[INFO] [stdout]   20:                0x0 - <unknown>
[INFO] [stdout] 
[INFO] [stdout] ---- test_sigterm_full_shutdown stdout ----
[INFO] [stdout] 
[INFO] [stdout] thread 'test_sigterm_full_shutdown' (1209) panicked at tests/init_mode.rs:128:9:
[INFO] [stdout] zinit-server did not start within timeout
[INFO] [stdout] stack backtrace:
[INFO] [stdout]    0:     0x559dddf9f321 - <<std[70759c8f55707aa4]::sys::backtrace::BacktraceLock>::print::DisplayBacktrace as core[df12db4294e9bfd3]::fmt::Display>::fmt
[INFO] [stdout]    1:     0x559dddfb364a - core[df12db4294e9bfd3]::fmt::write
[INFO] [stdout]    2:     0x559dddfa37bc - <alloc[2182bb758b4b3781]::vec::Vec<u8> as core[df12db4294e9bfd3]::io::write::Write>::write_fmt
[INFO] [stdout]    3:     0x559dddf7b3d6 - std[70759c8f55707aa4]::panicking::default_hook::{closure#0}
[INFO] [stdout]    4:     0x559dddf978f9 - std[70759c8f55707aa4]::panicking::default_hook
[INFO] [stdout]    5:     0x559dddf338d0 - test[9d35eded1c95d3be]::test_main_inner::<test[9d35eded1c95d3be]::test_main_static::{closure#0}>::{closure#0}
[INFO] [stdout]    6:     0x559dddf97ab2 - std[70759c8f55707aa4]::panicking::panic_with_hook
[INFO] [stdout]    7:     0x559dddf7b4b4 - std[70759c8f55707aa4]::panicking::panic_handler::{closure#0}
[INFO] [stdout]    8:     0x559dddf74159 - std[70759c8f55707aa4]::sys::backtrace::__rust_end_short_backtrace::<std[70759c8f55707aa4]::panicking::panic_handler::{closure#0}, !>
[INFO] [stdout]    9:     0x559dddf7c07d - __rustc[8fa7c3cbc660c2b3]::rust_begin_unwind
[INFO] [stdout]   10:     0x559dddfb3d7c - core[df12db4294e9bfd3]::panicking::panic_fmt
[INFO] [stdout]   11:     0x559dddf255b9 - <init_mode[96f254f5af8a6452]::TestFixture>::start_updater
[INFO] [stdout]   12:     0x559dddf25a75 - <init_mode[96f254f5af8a6452]::test_sigterm_full_shutdown::{closure#0} as core[df12db4294e9bfd3]::ops::function::FnOnce<()>>::call_once
[INFO] [stdout]   13:     0x559dddf26bbb - test[9d35eded1c95d3be]::__rust_begin_short_backtrace::<core[df12db4294e9bfd3]::result::Result<(), alloc[2182bb758b4b3781]::string::String>, fn() -> core[df12db4294e9bfd3]::result::Result<(), alloc[2182bb758b4b3781]::string::String>>
[INFO] [stdout]   14:     0x559dddf34225 - test[9d35eded1c95d3be]::run_test::{closure#0}
[INFO] [stdout]   15:     0x559dddf2dae4 - std[70759c8f55707aa4]::sys::backtrace::__rust_begin_short_backtrace::<test[9d35eded1c95d3be]::run_test::{closure#1}, ()>
[INFO] [stdout]   16:     0x559dddf37382 - <std[70759c8f55707aa4]::thread::lifecycle::spawn_unchecked<test[9d35eded1c95d3be]::run_test::{closure#1}, ()>::{closure#1} as core[df12db4294e9bfd3]::ops::function::FnOnce<()>>::call_once::{shim:vtable#0}
[INFO] [stdout]   17:     0x559dddf9ebf9 - <std[70759c8f55707aa4]::sys::thread::unix::Thread>::new::thread_start
[INFO] [stdout]   18:     0x79e56088edfa - <unknown>
[INFO] [stdout]   19:     0x79e5609223d4 - clone
[INFO] [stdout]   20:                0x0 - <unknown>
[INFO] [stdout] 
[INFO] [stdout] ---- test_sigint_full_shutdown stdout ----
[INFO] [stdout] 
[INFO] [stdout] thread 'test_sigint_full_shutdown' (1208) panicked at tests/init_mode.rs:128:9:
[INFO] [stdout] zinit-server did not start within timeout
[INFO] [stdout] stack backtrace:
[INFO] [stdout]    0:     0x559dddf9f321 - <<std[70759c8f55707aa4]::sys::backtrace::BacktraceLock>::print::DisplayBacktrace as core[df12db4294e9bfd3]::fmt::Display>::fmt
[INFO] [stdout]    1:     0x559dddfb364a - core[df12db4294e9bfd3]::fmt::write
[INFO] [stdout]    2:     0x559dddfa37bc - <alloc[2182bb758b4b3781]::vec::Vec<u8> as core[df12db4294e9bfd3]::io::write::Write>::write_fmt
[INFO] [stdout]    3:     0x559dddf7b3d6 - std[70759c8f55707aa4]::panicking::default_hook::{closure#0}
[INFO] [stdout]    4:     0x559dddf978f9 - std[70759c8f55707aa4]::panicking::default_hook
[INFO] [stdout]    5:     0x559dddf338d0 - test[9d35eded1c95d3be]::test_main_inner::<test[9d35eded1c95d3be]::test_main_static::{closure#0}>::{closure#0}
[INFO] [stdout]    6:     0x559dddf97ab2 - std[70759c8f55707aa4]::panicking::panic_with_hook
[INFO] [stdout]    7:     0x559dddf7b4b4 - std[70759c8f55707aa4]::panicking::panic_handler::{closure#0}
[INFO] [stdout]    8:     0x559dddf74159 - std[70759c8f55707aa4]::sys::backtrace::__rust_end_short_backtrace::<std[70759c8f55707aa4]::panicking::panic_handler::{closure#0}, !>
[INFO] [stdout]    9:     0x559dddf7c07d - __rustc[8fa7c3cbc660c2b3]::rust_begin_unwind
[INFO] [stdout]   10:     0x559dddfb3d7c - core[df12db4294e9bfd3]::panicking::panic_fmt
[INFO] [stdout]   11:     0x559dddf255b9 - <init_mode[96f254f5af8a6452]::TestFixture>::start_updater
[INFO] [stdout]   12:     0x559dddf25755 - <init_mode[96f254f5af8a6452]::test_sigint_full_shutdown::{closure#0} as core[df12db4294e9bfd3]::ops::function::FnOnce<()>>::call_once
[INFO] [stdout]   13:     0x559dddf26bbb - test[9d35eded1c95d3be]::__rust_begin_short_backtrace::<core[df12db4294e9bfd3]::result::Result<(), alloc[2182bb758b4b3781]::string::String>, fn() -> core[df12db4294e9bfd3]::result::Result<(), alloc[2182bb758b4b3781]::string::String>>
[INFO] [stdout]   14:     0x559dddf34225 - test[9d35eded1c95d3be]::run_test::{closure#0}
[INFO] [stdout]   15:     0x559dddf2dae4 - std[70759c8f55707aa4]::sys::backtrace::__rust_begin_short_backtrace::<test[9d35eded1c95d3be]::run_test::{closure#1}, ()>
[INFO] [stdout]   16:     0x559dddf37382 - <std[70759c8f55707aa4]::thread::lifecycle::spawn_unchecked<test[9d35eded1c95d3be]::run_test::{closure#1}, ()>::{closure#1} as core[df12db4294e9bfd3]::ops::function::FnOnce<()>>::call_once::{shim:vtable#0}
[INFO] [stdout]   17:     0x559dddf9ebf9 - <std[70759c8f55707aa4]::sys::thread::unix::Thread>::new::thread_start
[INFO] [stdout]   18:     0x79e56088edfa - <unknown>
[INFO] [stdout]   19:     0x79e5609223d4 - clone
[INFO] [stdout]   20:                0x0 - <unknown>
[INFO] [stdout] 
[INFO] [stdout] ---- test_server_auto_restart_on_crash stdout ----
[INFO] [stdout] 
[INFO] [stdout] thread 'test_server_auto_restart_on_crash' (1207) panicked at tests/init_mode.rs:128:9:
[INFO] [stdout] zinit-server did not start within timeout
[INFO] [stdout] stack backtrace:
[INFO] [stdout]    0:     0x559dddf9f321 - <<std[70759c8f55707aa4]::sys::backtrace::BacktraceLock>::print::DisplayBacktrace as core[df12db4294e9bfd3]::fmt::Display>::fmt
[INFO] [stdout]    1:     0x559dddfb364a - core[df12db4294e9bfd3]::fmt::write
[INFO] [stdout]    2:     0x559dddfa37bc - <alloc[2182bb758b4b3781]::vec::Vec<u8> as core[df12db4294e9bfd3]::io::write::Write>::write_fmt
[INFO] [stdout]    3:     0x559dddf7b3d6 - std[70759c8f55707aa4]::panicking::default_hook::{closure#0}
[INFO] [stdout]    4:     0x559dddf978f9 - std[70759c8f55707aa4]::panicking::default_hook
[INFO] [stdout]    5:     0x559dddf338d0 - test[9d35eded1c95d3be]::test_main_inner::<test[9d35eded1c95d3be]::test_main_static::{closure#0}>::{closure#0}
[INFO] [stdout]    6:     0x559dddf97ab2 - std[70759c8f55707aa4]::panicking::panic_with_hook
[INFO] [stdout]    7:     0x559dddf7b4b4 - std[70759c8f55707aa4]::panicking::panic_handler::{closure#0}
[INFO] [stdout]    8:     0x559dddf74159 - std[70759c8f55707aa4]::sys::backtrace::__rust_end_short_backtrace::<std[70759c8f55707aa4]::panicking::panic_handler::{closure#0}, !>
[INFO] [stdout]    9:     0x559dddf7c07d - __rustc[8fa7c3cbc660c2b3]::rust_begin_unwind
[INFO] [stdout]   10:     0x559dddfb3d7c - core[df12db4294e9bfd3]::panicking::panic_fmt
[INFO] [stdout]   11:     0x559dddf255b9 - <init_mode[96f254f5af8a6452]::TestFixture>::start_updater
[INFO] [stdout]   12:     0x559dddf25fe8 - <init_mode[96f254f5af8a6452]::test_server_auto_restart_on_crash::{closure#0} as core[df12db4294e9bfd3]::ops::function::FnOnce<()>>::call_once
[INFO] [stdout]   13:     0x559dddf26bbb - test[9d35eded1c95d3be]::__rust_begin_short_backtrace::<core[df12db4294e9bfd3]::result::Result<(), alloc[2182bb758b4b3781]::string::String>, fn() -> core[df12db4294e9bfd3]::result::Result<(), alloc[2182bb758b4b3781]::string::String>>
[INFO] [stdout]   14:     0x559dddf34225 - test[9d35eded1c95d3be]::run_test::{closure#0}
[INFO] [stdout]   15:     0x559dddf2dae4 - std[70759c8f55707aa4]::sys::backtrace::__rust_begin_short_backtrace::<test[9d35eded1c95d3be]::run_test::{closure#1}, ()>
[INFO] [stdout]   16:     0x559dddf37382 - <std[70759c8f55707aa4]::thread::lifecycle::spawn_unchecked<test[9d35eded1c95d3be]::run_test::{closure#1}, ()>::{closure#1} as core[df12db4294e9bfd3]::ops::function::FnOnce<()>>::call_once::{shim:vtable#0}
[INFO] [stdout]   17:     0x559dddf9ebf9 - <std[70759c8f55707aa4]::sys::thread::unix::Thread>::new::thread_start
[INFO] [stdout]   18:     0x79e56088edfa - <unknown>
[INFO] [stdout]   19:     0x79e5609223d4 - clone
[INFO] [stdout]   20:                0x0 - <unknown>
[INFO] [stdout] 
[INFO] [stdout] 
[INFO] [stdout] failures:
[INFO] [stdout]     test_multiple_soft_restarts
[INFO] [stdout]     test_server_auto_restart_on_crash
[INFO] [stdout]     test_sigint_full_shutdown
[INFO] [stdout]     test_sigterm_full_shutdown
[INFO] [stdout]     test_sigusr1_soft_restart
[INFO] [stdout] 
[INFO] [stdout] test result: FAILED. 0 passed; 5 failed; 0 ignored; 0 measured; 0 filtered out; finished in 6.12s
[INFO] [stdout] 
[INFO] [stderr] error: test failed, to rerun pass `--test init_mode`
[INFO] running `Command { std: "docker" "inspect" "488e04adb1ef4384dd2e49950819b3908b1979a3c1f5bdc45ef391bd656a1942", kill_on_drop: false }`
[INFO] running `Command { std: "docker" "rm" "-f" "488e04adb1ef4384dd2e49950819b3908b1979a3c1f5bdc45ef391bd656a1942", kill_on_drop: false }`
[INFO] [stdout] 488e04adb1ef4384dd2e49950819b3908b1979a3c1f5bdc45ef391bd656a1942
