[INFO] fetching crate zinfo 0.3.1...
[INFO] testing zinfo-0.3.1 against 1.100.0-beta.1+cargoflags=--release for beta-release-1.100-2
[INFO] extracting crate zinfo 0.3.1 into /workspace/builds/worker-3-tc2/source
[INFO] started tweaking crates.io crate zinfo 0.3.1
[INFO] finished tweaking crates.io crate zinfo 0.3.1
[INFO] tweaked toml for crates.io crate zinfo 0.3.1 written to /workspace/builds/worker-3-tc2/source/Cargo.toml
[INFO] validating manifest of crates.io crate zinfo 0.3.1 on toolchain 1.100.0-beta.1
[INFO] running `Command { std: CARGO_HOME="/workspace/cargo-home" RUSTUP_HOME="/workspace/rustup-home" "/workspace/cargo-home/bin/cargo" "+1.100.0-beta.1" "metadata" "--manifest-path" "Cargo.toml" "--no-deps", kill_on_drop: false }`
[INFO] crate crates.io crate zinfo 0.3.1 already has a lockfile, it will not be regenerated
[INFO] running `Command { std: CARGO_HOME="/workspace/cargo-home" RUSTUP_HOME="/workspace/rustup-home" "/workspace/cargo-home/bin/cargo" "+1.100.0-beta.1" "fetch" "--manifest-path" "Cargo.toml", kill_on_drop: false }`
[INFO] running `Command { std: "docker" "create" "-v" "/var/lib/crater-agent-workspace/builds/worker-3-tc2/source:/opt/rustwide/workdir:ro,Z" "-v" "/var/lib/crater-agent-workspace/builds/worker-3-tc2/target:/opt/rustwide/target:rw,Z" "-v" "/var/lib/crater-agent-workspace/cargo-home:/opt/rustwide/cargo-home:ro,Z" "-v" "/var/lib/crater-agent-workspace/rustup-home:/opt/rustwide/rustup-home:ro,Z" "-m" "1610612736" "--network" "none" "ghcr.io/rust-lang/crates-build-env/linux@sha256:77db811e55d90add9212f6832c23229e3de5f1c1f9905e8cb07319ea15df73ac" "sleep" "infinity", kill_on_drop: false }`
[INFO] [stdout] 170f9744c2b302c9f4d530f722a942f75353f0abcf66f78d6e917e62f40358ad
[INFO] running `Command { std: "docker" "start" "170f9744c2b302c9f4d530f722a942f75353f0abcf66f78d6e917e62f40358ad", kill_on_drop: false }`
[INFO] running `Command { std: "docker" "inspect" "170f9744c2b302c9f4d530f722a942f75353f0abcf66f78d6e917e62f40358ad", kill_on_drop: false }`
[INFO] running `Command { std: "docker" "exec" "-e" "SOURCE_DIR=/opt/rustwide/workdir" "-e" "CARGO_HOME=/opt/rustwide/cargo-home" "-e" "RUSTUP_HOME=/opt/rustwide/rustup-home" "-e" "CARGO_TARGET_DIR=/opt/rustwide/target" "-w" "/opt/rustwide/workdir" "--user" "0:0" "170f9744c2b302c9f4d530f722a942f75353f0abcf66f78d6e917e62f40358ad" "/opt/rustwide/cargo-home/bin/cargo" "+1.100.0-beta.1" "metadata" "--no-deps" "--format-version=1", kill_on_drop: false }`
[INFO] running `Command { std: "docker" "inspect" "170f9744c2b302c9f4d530f722a942f75353f0abcf66f78d6e917e62f40358ad", kill_on_drop: false }`
[INFO] running `Command { std: "docker" "exec" "-e" "SOURCE_DIR=/opt/rustwide/workdir" "-e" "CARGO_HOME=/opt/rustwide/cargo-home" "-e" "RUSTUP_HOME=/opt/rustwide/rustup-home" "-e" "CARGO_TARGET_DIR=/opt/rustwide/target" "-e" "CARGO_INCREMENTAL=0" "-e" "RUST_BACKTRACE=full" "-e" "RUSTFLAGS=--cap-lints=warn" "-e" "RUSTDOCFLAGS=--cap-lints=warn" "-w" "/opt/rustwide/workdir" "--user" "0:0" "170f9744c2b302c9f4d530f722a942f75353f0abcf66f78d6e917e62f40358ad" "/opt/rustwide/cargo-home/bin/cargo" "+1.100.0-beta.1" "build" "--frozen" "--message-format=json" "--release", kill_on_drop: false }`
[INFO] [stderr]    Compiling libc v0.2.140
[INFO] [stderr]    Compiling cfg-if v1.0.0
[INFO] [stderr]    Compiling autocfg v1.1.0
[INFO] [stderr]    Compiling log v0.4.17
[INFO] [stderr]    Compiling signal-hook v0.3.15
[INFO] [stderr]    Compiling parking_lot_core v0.9.7
[INFO] [stderr]    Compiling scopeguard v1.1.0
[INFO] [stderr]    Compiling smallvec v1.10.0
[INFO] [stderr]    Compiling bitflags v1.3.2
[INFO] [stderr]    Compiling lock_api v0.4.9
[INFO] [stderr]    Compiling signal-hook-registry v1.4.1
[INFO] [stderr]    Compiling mio v0.8.6
[INFO] [stderr]    Compiling parking_lot v0.12.1
[INFO] [stderr]    Compiling signal-hook-mio v0.2.3
[INFO] [stderr]    Compiling crossterm v0.26.1
[INFO] [stderr]    Compiling zinfo v0.3.1 (/opt/rustwide/workdir)
[INFO] [stderr]     Finished `release` profile [optimized] target(s) in 7.57s
[INFO] running `Command { std: "docker" "inspect" "170f9744c2b302c9f4d530f722a942f75353f0abcf66f78d6e917e62f40358ad", kill_on_drop: false }`
[INFO] running `Command { std: "docker" "exec" "-e" "SOURCE_DIR=/opt/rustwide/workdir" "-e" "CARGO_HOME=/opt/rustwide/cargo-home" "-e" "RUSTUP_HOME=/opt/rustwide/rustup-home" "-e" "CARGO_TARGET_DIR=/opt/rustwide/target" "-e" "CARGO_INCREMENTAL=0" "-e" "RUST_BACKTRACE=full" "-e" "RUSTFLAGS=--cap-lints=warn" "-e" "RUSTDOCFLAGS=--cap-lints=warn" "-w" "/opt/rustwide/workdir" "--user" "0:0" "170f9744c2b302c9f4d530f722a942f75353f0abcf66f78d6e917e62f40358ad" "/opt/rustwide/cargo-home/bin/cargo" "+1.100.0-beta.1" "test" "--frozen" "--no-run" "--message-format=json" "--release", kill_on_drop: false }`
[INFO] [stderr]    Compiling libc v0.2.140
[INFO] [stderr]    Compiling cfg-if v1.0.0
[INFO] [stderr]    Compiling scopeguard v1.1.0
[INFO] [stderr]    Compiling smallvec v1.10.0
[INFO] [stderr]    Compiling bitflags v1.3.2
[INFO] [stderr]    Compiling log v0.4.17
[INFO] [stderr]    Compiling lock_api v0.4.9
[INFO] [stderr]    Compiling signal-hook-registry v1.4.1
[INFO] [stderr]    Compiling parking_lot_core v0.9.7
[INFO] [stderr]    Compiling mio v0.8.6
[INFO] [stderr]    Compiling parking_lot v0.12.1
[INFO] [stderr]    Compiling signal-hook v0.3.15
[INFO] [stderr]    Compiling signal-hook-mio v0.2.3
[INFO] [stderr]    Compiling crossterm v0.26.1
[INFO] [stderr]    Compiling zinfo v0.3.1 (/opt/rustwide/workdir)
[INFO] [stderr]     Finished `release` profile [optimized] target(s) in 7.84s
[INFO] running `Command { std: "docker" "inspect" "170f9744c2b302c9f4d530f722a942f75353f0abcf66f78d6e917e62f40358ad", kill_on_drop: false }`
[INFO] running `Command { std: "docker" "exec" "-e" "SOURCE_DIR=/opt/rustwide/workdir" "-e" "CARGO_HOME=/opt/rustwide/cargo-home" "-e" "RUSTUP_HOME=/opt/rustwide/rustup-home" "-e" "CARGO_TARGET_DIR=/opt/rustwide/target" "-e" "CARGO_INCREMENTAL=0" "-e" "RUST_BACKTRACE=full" "-e" "RUSTFLAGS=--cap-lints=warn" "-e" "RUSTDOCFLAGS=--cap-lints=warn" "-w" "/opt/rustwide/workdir" "--user" "0:0" "170f9744c2b302c9f4d530f722a942f75353f0abcf66f78d6e917e62f40358ad" "/opt/rustwide/cargo-home/bin/cargo" "+1.100.0-beta.1" "test" "--frozen" "--release", kill_on_drop: false }`
[INFO] [stderr]     Finished `release` profile [optimized] target(s) in 0.08s
[INFO] [stderr]      Running unittests src/lib.rs (/opt/rustwide/target/release/build/zinfo/32f605f656c66ae4/out/zinfo-32f605f656c66ae4)
[INFO] [stderr]      Running unittests src/main.rs (/opt/rustwide/target/release/build/zinfo/e181c45a409be866/out/zinfo-e181c45a409be866)
[INFO] [stdout] 
[INFO] [stderr]      Running tests/test.rs (/opt/rustwide/target/release/build/zinfo/a03db8e105a11209/out/test-a03db8e105a11209)
[INFO] [stdout] running 0 tests
[INFO] [stdout] 
[INFO] [stdout] test result: ok. 0 passed; 0 failed; 0 ignored; 0 measured; 0 filtered out; finished in 0.00s
[INFO] [stdout] 
[INFO] [stdout] 
[INFO] [stdout] running 0 tests
[INFO] [stdout] 
[INFO] [stdout] test result: ok. 0 passed; 0 failed; 0 ignored; 0 measured; 0 filtered out; finished in 0.00s
[INFO] [stdout] 
[INFO] [stdout] 
[INFO] [stdout] running 1 test
[INFO] [stdout] test tests::still_works ... FAILED
[INFO] [stdout] 
[INFO] [stdout] failures:
[INFO] [stdout] 
[INFO] [stdout] ---- tests::still_works stdout ----
[INFO] [stdout] 
[INFO] [stdout] thread 'tests::still_works' (648) panicked at tests/test.rs:26:22:
[INFO] [stdout] called `Result::unwrap()` on an `Err` value: Os { code: 2, kind: NotFound, message: "No such file or directory" }
[INFO] [stdout] stack backtrace:
[INFO] [stdout]    0:     0x5c0091c832a1 - <unknown>
[INFO] [stdout]    1:     0x5c0091c9726a - <unknown>
[INFO] [stdout]    2:     0x5c0091c874bc - <unknown>
[INFO] [stdout]    3:     0x5c0091c5f606 - <unknown>
[INFO] [stdout]    4:     0x5c0091c7b939 - <unknown>
[INFO] [stdout]    5:     0x5c0091c17ee0 - <unknown>
[INFO] [stdout]    6:     0x5c0091c7baf2 - <unknown>
[INFO] [stdout]    7:     0x5c0091c5f6b2 - <unknown>
[INFO] [stdout]    8:     0x5c0091c583c9 - <unknown>
[INFO] [stdout]    9:     0x5c0091c602bd - <unknown>
[INFO] [stdout]   10:     0x5c0091c9799c - <unknown>
[INFO] [stdout]   11:     0x5c0091c97772 - <unknown>
[INFO] [stdout]   12:     0x5c0091c0b0be - <unknown>
[INFO] [stdout]   13:     0x5c0091c0b32b - <unknown>
[INFO] [stdout]   14:     0x5c0091c18505 - <unknown>
[INFO] [stdout]   15:     0x5c0091c11df4 - <unknown>
[INFO] [stdout]   16:     0x5c0091c1b592 - <unknown>
[INFO] [stdout]   17:     0x5c0091c82aff - <unknown>
[INFO] [stdout]   18:     0x72c7e8630dfa - <unknown>
[INFO] [stdout]   19:     0x72c7e86c43d4 - clone
[INFO] [stdout]   20:                0x0 - <unknown>
[INFO] [stdout] 
[INFO] [stdout] 
[INFO] [stdout] failures:
[INFO] [stdout]     tests::still_works
[INFO] [stdout] 
[INFO] [stdout] test result: FAILED. 0 passed; 1 failed; 0 ignored; 0 measured; 0 filtered out; finished in 0.00s
[INFO] [stdout] 
[INFO] [stderr] error: test failed, to rerun pass `--test test`
[INFO] running `Command { std: "docker" "inspect" "170f9744c2b302c9f4d530f722a942f75353f0abcf66f78d6e917e62f40358ad", kill_on_drop: false }`
[INFO] running `Command { std: "docker" "rm" "-f" "170f9744c2b302c9f4d530f722a942f75353f0abcf66f78d6e917e62f40358ad", kill_on_drop: false }`
[INFO] [stdout] 170f9744c2b302c9f4d530f722a942f75353f0abcf66f78d6e917e62f40358ad
