[INFO] fetching crate zincio 0.2.25...
[INFO] testing zincio-0.2.25 against 1.99.0-beta.8+cargoflags=--release for beta-release-1.100-2
[INFO] extracting crate zincio 0.2.25 into /workspace/builds/worker-5-tc1/source
[INFO] started tweaking crates.io crate zincio 0.2.25
[INFO] finished tweaking crates.io crate zincio 0.2.25
[INFO] tweaked toml for crates.io crate zincio 0.2.25 written to /workspace/builds/worker-5-tc1/source/Cargo.toml
[INFO] validating manifest of crates.io crate zincio 0.2.25 on toolchain 1.99.0-beta.8
[INFO] running `Command { std: CARGO_HOME="/workspace/cargo-home" RUSTUP_HOME="/workspace/rustup-home" "/workspace/cargo-home/bin/cargo" "+1.99.0-beta.8" "metadata" "--manifest-path" "Cargo.toml" "--no-deps", kill_on_drop: false }`
[INFO] crate crates.io crate zincio 0.2.25 already has a lockfile, it will not be regenerated
[INFO] running `Command { std: CARGO_HOME="/workspace/cargo-home" RUSTUP_HOME="/workspace/rustup-home" "/workspace/cargo-home/bin/cargo" "+1.99.0-beta.8" "fetch" "--manifest-path" "Cargo.toml", kill_on_drop: false }`
[INFO] [stderr]     Updating crates.io index
[INFO] [stderr]  Downloading crates ...
[INFO] [stderr]   Downloaded futures-io v0.3.33
[INFO] [stderr]   Downloaded futures-executor v0.3.33
[INFO] [stderr]   Downloaded futures-macro v0.3.33
[INFO] [stderr]   Downloaded futures-sink v0.3.33
[INFO] [stderr]   Downloaded rusty_pool v0.7.0
[INFO] [stderr]   Downloaded crossbeam-queue v0.3.13
[INFO] [stderr]   Downloaded event-listener v5.4.2
[INFO] [stderr]   Downloaded futures-channel v0.3.33
[INFO] [stderr]   Downloaded io-uring v0.7.13
[INFO] [stderr]   Downloaded io-uring v0.6.4
[INFO] [stderr]   Downloaded futures v0.3.33
[INFO] [stderr]   Downloaded crossbeam-channel v0.5.16
[INFO] running `Command { std: "docker" "create" "-v" "/var/lib/crater-agent-workspace/builds/worker-5-tc1/source:/opt/rustwide/workdir:ro,Z" "-v" "/var/lib/crater-agent-workspace/builds/worker-5-tc1/target:/opt/rustwide/target:rw,Z" "-v" "/var/lib/crater-agent-workspace/cargo-home:/opt/rustwide/cargo-home:ro,Z" "-v" "/var/lib/crater-agent-workspace/rustup-home:/opt/rustwide/rustup-home:ro,Z" "-m" "1610612736" "--network" "none" "ghcr.io/rust-lang/crates-build-env/linux@sha256:77db811e55d90add9212f6832c23229e3de5f1c1f9905e8cb07319ea15df73ac" "sleep" "infinity", kill_on_drop: false }`
[INFO] [stdout] 1c4e5084e824a67005e647c6d4cc98ccf214569ad069799ee5a0f1b4eae3b3ac
[INFO] running `Command { std: "docker" "start" "1c4e5084e824a67005e647c6d4cc98ccf214569ad069799ee5a0f1b4eae3b3ac", kill_on_drop: false }`
[INFO] running `Command { std: "docker" "inspect" "1c4e5084e824a67005e647c6d4cc98ccf214569ad069799ee5a0f1b4eae3b3ac", kill_on_drop: false }`
[INFO] running `Command { std: "docker" "exec" "-e" "SOURCE_DIR=/opt/rustwide/workdir" "-e" "CARGO_HOME=/opt/rustwide/cargo-home" "-e" "RUSTUP_HOME=/opt/rustwide/rustup-home" "-e" "CARGO_TARGET_DIR=/opt/rustwide/target" "-w" "/opt/rustwide/workdir" "--user" "0:0" "1c4e5084e824a67005e647c6d4cc98ccf214569ad069799ee5a0f1b4eae3b3ac" "/opt/rustwide/cargo-home/bin/cargo" "+1.99.0-beta.8" "metadata" "--no-deps" "--format-version=1", kill_on_drop: false }`
[INFO] running `Command { std: "docker" "inspect" "1c4e5084e824a67005e647c6d4cc98ccf214569ad069799ee5a0f1b4eae3b3ac", kill_on_drop: false }`
[INFO] running `Command { std: "docker" "exec" "-e" "SOURCE_DIR=/opt/rustwide/workdir" "-e" "CARGO_HOME=/opt/rustwide/cargo-home" "-e" "RUSTUP_HOME=/opt/rustwide/rustup-home" "-e" "CARGO_TARGET_DIR=/opt/rustwide/target" "-e" "CARGO_INCREMENTAL=0" "-e" "RUST_BACKTRACE=full" "-e" "RUSTFLAGS=--cap-lints=warn" "-e" "RUSTDOCFLAGS=--cap-lints=warn" "-w" "/opt/rustwide/workdir" "--user" "0:0" "1c4e5084e824a67005e647c6d4cc98ccf214569ad069799ee5a0f1b4eae3b3ac" "/opt/rustwide/cargo-home/bin/cargo" "+1.99.0-beta.8" "build" "--frozen" "--message-format=json" "--release", kill_on_drop: false }`
[INFO] [stderr]    Compiling crossbeam-utils v0.8.22
[INFO] [stderr]    Compiling futures-core v0.3.33
[INFO] [stderr]    Compiling futures-sink v0.3.33
[INFO] [stderr]    Compiling futures-task v0.3.33
[INFO] [stderr]    Compiling futures-io v0.3.33
[INFO] [stderr]    Compiling io-uring v0.7.13
[INFO] [stderr]    Compiling log v0.4.33
[INFO] [stderr]    Compiling zincio v0.2.25 (/opt/rustwide/workdir)
[INFO] [stderr]    Compiling bitflags v2.13.1
[INFO] [stderr]    Compiling event-listener v5.4.2
[INFO] [stderr]    Compiling tokio v1.53.1
[INFO] [stderr]    Compiling oneshot v0.2.1
[INFO] [stderr]    Compiling futures-macro v0.3.33
[INFO] [stderr]    Compiling futures-channel v0.3.33
[INFO] [stderr]    Compiling mio v1.2.2
[INFO] [stderr]    Compiling event-listener-strategy v0.5.4
[INFO] [stderr]    Compiling concurrent-queue v2.5.0
[INFO] [stderr]    Compiling crossbeam-channel v0.5.16
[INFO] [stderr]    Compiling crossbeam-queue v0.3.13
[INFO] [stderr]    Compiling futures-util v0.3.33
[INFO] [stderr]    Compiling async-channel v2.5.0
[INFO] [stderr]    Compiling futures-executor v0.3.33
[INFO] [stderr]    Compiling futures v0.3.33
[INFO] [stderr]    Compiling rusty_pool v0.7.0
[INFO] [stderr]     Finished `release` profile [optimized] target(s) in 4.25s
[INFO] running `Command { std: "docker" "inspect" "1c4e5084e824a67005e647c6d4cc98ccf214569ad069799ee5a0f1b4eae3b3ac", kill_on_drop: false }`
[INFO] running `Command { std: "docker" "exec" "-e" "SOURCE_DIR=/opt/rustwide/workdir" "-e" "CARGO_HOME=/opt/rustwide/cargo-home" "-e" "RUSTUP_HOME=/opt/rustwide/rustup-home" "-e" "CARGO_TARGET_DIR=/opt/rustwide/target" "-e" "CARGO_INCREMENTAL=0" "-e" "RUST_BACKTRACE=full" "-e" "RUSTFLAGS=--cap-lints=warn" "-e" "RUSTDOCFLAGS=--cap-lints=warn" "-w" "/opt/rustwide/workdir" "--user" "0:0" "1c4e5084e824a67005e647c6d4cc98ccf214569ad069799ee5a0f1b4eae3b3ac" "/opt/rustwide/cargo-home/bin/cargo" "+1.99.0-beta.8" "test" "--frozen" "--no-run" "--message-format=json" "--release", kill_on_drop: false }`
[INFO] [stderr]    Compiling zincio v0.2.25 (/opt/rustwide/workdir)
[INFO] [stderr]     Finished `release` profile [optimized] target(s) in 4.25s
[INFO] running `Command { std: "docker" "inspect" "1c4e5084e824a67005e647c6d4cc98ccf214569ad069799ee5a0f1b4eae3b3ac", kill_on_drop: false }`
[INFO] running `Command { std: "docker" "exec" "-e" "SOURCE_DIR=/opt/rustwide/workdir" "-e" "CARGO_HOME=/opt/rustwide/cargo-home" "-e" "RUSTUP_HOME=/opt/rustwide/rustup-home" "-e" "CARGO_TARGET_DIR=/opt/rustwide/target" "-e" "CARGO_INCREMENTAL=0" "-e" "RUST_BACKTRACE=full" "-e" "RUSTFLAGS=--cap-lints=warn" "-e" "RUSTDOCFLAGS=--cap-lints=warn" "-w" "/opt/rustwide/workdir" "--user" "0:0" "1c4e5084e824a67005e647c6d4cc98ccf214569ad069799ee5a0f1b4eae3b3ac" "/opt/rustwide/cargo-home/bin/cargo" "+1.99.0-beta.8" "test" "--frozen" "--release", kill_on_drop: false }`
[INFO] [stderr]     Finished `release` profile [optimized] target(s) in 0.03s
[INFO] [stderr]      Running unittests src/lib.rs (/opt/rustwide/target/release/deps/zincio-fa8df948b24d515d)
[INFO] [stdout] 
[INFO] [stdout] running 60 tests
[INFO] [stdout] test driver::mio::tests::wait_wakes_task_for_ready_token ... ok
[INFO] [stdout] test driver::tests::test_mock_driver_interrupt_basic ... ok
[INFO] [stdout] test driver::tests::test_mio_driver_interrupt_basic ... ok
[INFO] [stdout] test executor::tests::block_on_repolls_root_future_after_self_wake ... ok
[INFO] [stdout] test executor::tests::block_on_returns_future_output ... ok
[INFO] [stdout] test executor::tests::runtime_spawn_returns_join_handle ... ok
[INFO] [stdout] test executor::tests::spawn_join_handle_returns_task_output ... ok
[INFO] [stdout] test driver::tests::test_interrupt_mio ... ok
[INFO] [stdout] test executor::tests::spawn_blocking_returns_task_output ... ok
[INFO] [stdout] test driver::tests::test_interruptor_uring ... FAILED
[INFO] [stdout] test driver::tests::test_uring_driver_interrupt_basic ... FAILED
[INFO] [stdout] test fs::tests::metadata_directory ... ok
[INFO] [stdout] test net::tcp::tests::poll_tcp_stream_uses_readiness_path ... ok
[INFO] [stdout] test fs::tests::create_dir_works ... ok
[INFO] [stdout] test net::udp::tests::poll_udp_send_recv_and_peek_variants_work ... ok
[INFO] [stdout] test net::udp::tests::udp_send_recv_and_peek_variants_work ... ok
[INFO] [stdout] test net::tcp::tests::tcp_listener_and_stream_exchange_data ... ok
[INFO] [stdout] test net::unix::tests::poll_unix_stream_uses_readiness_path ... ok
[INFO] [stdout] test net::unix::tests::unix_listener_and_stream_exchange_data ... ok
[INFO] [stdout] test op::vectored_uring_tests::io_uring_vectored_read_write_pipe ... FAILED
[INFO] [stdout] test fs::tests::metadata_empty_file ... ok
[INFO] [stdout] test fs::tests::metadata_file_type ... ok
[INFO] [stdout] test fs::tests::symlink_metadata_on_regular_file ... ok
[INFO] [stdout] test net::udp::tests::poll_udp_into_poll_roundtrip ... ok
[INFO] [stdout] test process::tests::command_spawn_stdio_roundtrip ... FAILED
[INFO] [stdout] test fs::tests::metadata_timestamps ... ok
[INFO] [stdout] test fs::tests::metadata_permissions ... ok
[INFO] [stdout] test fs::tests::metadata_basic_properties ... ok
[INFO] [stdout] test time::tests::timeout_succeeds_if_future_completes ... ok
[INFO] [stdout] test timer::tests::test_timer_submit_and_deadline ... ok
[INFO] [stdout] test timer::tests::test_timer_cancel ... ok
[INFO] [stdout] test timer::tests::test_timing_wheel_boundary_values ... ok
[INFO] [stdout] test time::tests::sleep_completes ... ok
[INFO] [stdout] test timer::tests::test_timing_wheel_cancel ... ok
[INFO] [stdout] test timer::tests::test_timing_wheel_cancel_wrong_generation ... ok
[INFO] [stdout] test fs::tests::file_read_at_and_write_exact_at_work ... ok
[INFO] [stdout] test timer::tests::test_timing_wheel_cascade_from_higher_levels ... ok
[INFO] [stdout] test time::tests::interval_ticks_skip ... ok
[INFO] [stdout] test timer::tests::test_timing_wheel_insert_and_expire_immediate ... ok
[INFO] [stdout] test time::tests::interval_catchup_returns_multiple ... ok
[INFO] [stdout] test timer::tests::test_timing_wheel_insert_and_expire_single ... ok
[INFO] [stdout] test timer::tests::test_timing_wheel_empty ... ok
[INFO] [stdout] test fs::tests::symlink_metadata_works ... ok
[INFO] [stdout] test timer::tests::test_timing_wheel_large_advance ... ok
[INFO] [stdout] test time::tests::timeout_expires ... ok
[INFO] [stdout] test timer::tests::test_timing_wheel_many_timers ... ok
[INFO] [stdout] test timer::tests::test_timing_wheel_multiple_timers_different_levels ... ok
[INFO] [stdout] test timer::tests::test_timing_wheel_multiple_timers_same_slot ... ok
[INFO] [stdout] test timer::tests::test_timing_wheel_nearest_wakeup_updates ... ok
[INFO] [stdout] test fs::tests::fs_read_write_helpers_work ... ok
[INFO] [stdout] test timer::tests::test_timing_wheel_reinsert_on_early_wake ... ok
[INFO] [stdout] test timer::tests::test_timing_wheel_wrap_around_level_0 ... ok
[INFO] [stdout] test timer::tests::test_timing_wheel_zero_advance ... ok
[INFO] [stdout] test fs::tests::create_dir_all_works ... ok
[INFO] [stdout] test util::async_wrap::tests::async_wrap_read_buffers_leftover ... ok
[INFO] [stdout] test util::async_wrap::tests::async_wrap_rejects_concurrent_operations ... ok
[INFO] [stdout] test util::async_wrap::tests::async_wrap_write_writes_all_and_flushes ... ok
[INFO] [stdout] test timer::tests::test_timer_wake ... ok
[INFO] [stdout] test signal::unix::tests::ctrl_c_unblocks_on_sigint ... ok
[INFO] [stdout] test signal::unix::tests::signal_recv_unblocks ... ok
[INFO] [stdout] 
[INFO] [stdout] failures:
[INFO] [stdout] 
[INFO] [stdout] ---- driver::tests::test_interruptor_uring stdout ----
[INFO] [stdout] 
[INFO] [stdout] thread 'driver::tests::test_interruptor_uring' (521) panicked at src/driver/mod.rs:543:36:
[INFO] [stdout] Failed to create UringDriver: Os { code: 1, kind: PermissionDenied, message: "Operation not permitted" }
[INFO] [stdout] stack backtrace:
[INFO] [stdout]    0:     0x5bc334a68721 - <<std[70759c8f55707aa4]::sys::backtrace::BacktraceLock>::print::DisplayBacktrace as core[df12db4294e9bfd3]::fmt::Display>::fmt
[INFO] [stdout]    1:     0x5bc334a7dc1a - core[df12db4294e9bfd3]::fmt::write
[INFO] [stdout]    2:     0x5bc334a6ce9c - <alloc[2182bb758b4b3781]::vec::Vec<u8> as core[df12db4294e9bfd3]::io::write::Write>::write_fmt
[INFO] [stdout]    3:     0x5bc334a42456 - std[70759c8f55707aa4]::panicking::default_hook::{closure#0}
[INFO] [stdout]    4:     0x5bc334a60229 - std[70759c8f55707aa4]::panicking::default_hook
[INFO] [stdout]    5:     0x5bc3349f9700 - test[9d35eded1c95d3be]::test_main_inner::<test[9d35eded1c95d3be]::test_main_static::{closure#0}>::{closure#0}
[INFO] [stdout]    6:     0x5bc334a603e2 - std[70759c8f55707aa4]::panicking::panic_with_hook
[INFO] [stdout]    7:     0x5bc334a42502 - std[70759c8f55707aa4]::panicking::panic_handler::{closure#0}
[INFO] [stdout]    8:     0x5bc334a3b0d9 - std[70759c8f55707aa4]::sys::backtrace::__rust_end_short_backtrace::<std[70759c8f55707aa4]::panicking::panic_handler::{closure#0}, !>
[INFO] [stdout]    9:     0x5bc334a431ed - __rustc[8fa7c3cbc660c2b3]::rust_begin_unwind
[INFO] [stdout]   10:     0x5bc334a7e37c - core[df12db4294e9bfd3]::panicking::panic_fmt
[INFO] [stdout]   11:     0x5bc334a7e152 - core[df12db4294e9bfd3]::result::unwrap_failed
[INFO] [stdout]   12:     0x5bc33499bc66 - zincio[af031fcc79e6e33c]::driver::tests::test_interruptor_uring
[INFO] [stdout]   13:     0x5bc3349e2339 - <zincio[af031fcc79e6e33c]::driver::tests::test_interruptor_uring::{closure#0} as core[df12db4294e9bfd3]::ops::function::FnOnce<()>>::call_once
[INFO] [stdout]   14:     0x5bc3349ec9eb - test[9d35eded1c95d3be]::__rust_begin_short_backtrace::<core[df12db4294e9bfd3]::result::Result<(), alloc[2182bb758b4b3781]::string::String>, fn() -> core[df12db4294e9bfd3]::result::Result<(), alloc[2182bb758b4b3781]::string::String>>
[INFO] [stdout]   15:     0x5bc3349fa055 - test[9d35eded1c95d3be]::run_test::{closure#0}
[INFO] [stdout]   16:     0x5bc3349f3914 - std[70759c8f55707aa4]::sys::backtrace::__rust_begin_short_backtrace::<test[9d35eded1c95d3be]::run_test::{closure#1}, ()>
[INFO] [stdout]   17:     0x5bc3349fd1b2 - <std[70759c8f55707aa4]::thread::lifecycle::spawn_unchecked<test[9d35eded1c95d3be]::run_test::{closure#1}, ()>::{closure#1} as core[df12db4294e9bfd3]::ops::function::FnOnce<()>>::call_once::{shim:vtable#0}
[INFO] [stdout]   18:     0x5bc334a67d79 - <std[70759c8f55707aa4]::sys::thread::unix::Thread>::new::thread_start
[INFO] [stdout]   19:     0x73411aa5cdfa - <unknown>
[INFO] [stdout]   20:     0x73411aaf03d4 - clone
[INFO] [stdout]   21:                0x0 - <unknown>
[INFO] [stdout] 
[INFO] [stdout] ---- driver::tests::test_uring_driver_interrupt_basic stdout ----
[INFO] [stdout] 
[INFO] [stdout] thread 'driver::tests::test_uring_driver_interrupt_basic' (524) panicked at src/driver/mod.rs:481:45:
[INFO] [stdout] Failed to create UringDriver: Os { code: 1, kind: PermissionDenied, message: "Operation not permitted" }
[INFO] [stdout] stack backtrace:
[INFO] [stdout]    0:     0x5bc334a68721 - <<std[70759c8f55707aa4]::sys::backtrace::BacktraceLock>::print::DisplayBacktrace as core[df12db4294e9bfd3]::fmt::Display>::fmt
[INFO] [stdout]    1:     0x5bc334a7dc1a - core[df12db4294e9bfd3]::fmt::write
[INFO] [stdout]    2:     0x5bc334a6ce9c - <alloc[2182bb758b4b3781]::vec::Vec<u8> as core[df12db4294e9bfd3]::io::write::Write>::write_fmt
[INFO] [stdout]    3:     0x5bc334a42456 - std[70759c8f55707aa4]::panicking::default_hook::{closure#0}
[INFO] [stdout]    4:     0x5bc334a60229 - std[70759c8f55707aa4]::panicking::default_hook
[INFO] [stdout]    5:     0x5bc3349f9700 - test[9d35eded1c95d3be]::test_main_inner::<test[9d35eded1c95d3be]::test_main_static::{closure#0}>::{closure#0}
[INFO] [stdout]    6:     0x5bc334a603e2 - std[70759c8f55707aa4]::panicking::panic_with_hook
[INFO] [stdout]    7:     0x5bc334a42502 - std[70759c8f55707aa4]::panicking::panic_handler::{closure#0}
[INFO] [stdout]    8:     0x5bc334a3b0d9 - std[70759c8f55707aa4]::sys::backtrace::__rust_end_short_backtrace::<std[70759c8f55707aa4]::panicking::panic_handler::{closure#0}, !>
[INFO] [stdout]    9:     0x5bc334a431ed - __rustc[8fa7c3cbc660c2b3]::rust_begin_unwind
[INFO] [stdout]   10:     0x5bc334a7e37c - core[df12db4294e9bfd3]::panicking::panic_fmt
[INFO] [stdout]   11:     0x5bc334a7e152 - core[df12db4294e9bfd3]::result::unwrap_failed
[INFO] [stdout]   12:     0x5bc33499c67f - zincio[af031fcc79e6e33c]::driver::tests::test_uring_driver_interrupt_basic
[INFO] [stdout]   13:     0x5bc3349e2399 - <zincio[af031fcc79e6e33c]::driver::tests::test_uring_driver_interrupt_basic::{closure#0} as core[df12db4294e9bfd3]::ops::function::FnOnce<()>>::call_once
[INFO] [stdout]   14:     0x5bc3349ec9eb - test[9d35eded1c95d3be]::__rust_begin_short_backtrace::<core[df12db4294e9bfd3]::result::Result<(), alloc[2182bb758b4b3781]::string::String>, fn() -> core[df12db4294e9bfd3]::result::Result<(), alloc[2182bb758b4b3781]::string::String>>
[INFO] [stdout]   15:     0x5bc3349fa055 - test[9d35eded1c95d3be]::run_test::{closure#0}
[INFO] [stdout]   16:     0x5bc3349f3914 - std[70759c8f55707aa4]::sys::backtrace::__rust_begin_short_backtrace::<test[9d35eded1c95d3be]::run_test::{closure#1}, ()>
[INFO] [stdout]   17:     0x5bc3349fd1b2 - <std[70759c8f55707aa4]::thread::lifecycle::spawn_unchecked<test[9d35eded1c95d3be]::run_test::{closure#1}, ()>::{closure#1} as core[df12db4294e9bfd3]::ops::function::FnOnce<()>>::call_once::{shim:vtable#0}
[INFO] [stdout]   18:     0x5bc334a67d79 - <std[70759c8f55707aa4]::sys::thread::unix::Thread>::new::thread_start
[INFO] [stdout]   19:     0x73411aa5cdfa - <unknown>
[INFO] [stdout]   20:     0x73411aaf03d4 - clone
[INFO] [stdout]   21:                0x0 - <unknown>
[INFO] [stdout] 
[INFO] [stdout] ---- op::vectored_uring_tests::io_uring_vectored_read_write_pipe stdout ----
[INFO] [stdout] 
[INFO] [stdout] thread 'op::vectored_uring_tests::io_uring_vectored_read_write_pipe' (574) panicked at src/op/mod.rs:180:45:
[INFO] [stdout] failed to create uring driver: Os { code: 1, kind: PermissionDenied, message: "Operation not permitted" }
[INFO] [stdout] stack backtrace:
[INFO] [stdout]    0:     0x5bc334a68721 - <<std[70759c8f55707aa4]::sys::backtrace::BacktraceLock>::print::DisplayBacktrace as core[df12db4294e9bfd3]::fmt::Display>::fmt
[INFO] [stdout]    1:     0x5bc334a7dc1a - core[df12db4294e9bfd3]::fmt::write
[INFO] [stdout]    2:     0x5bc334a6ce9c - <alloc[2182bb758b4b3781]::vec::Vec<u8> as core[df12db4294e9bfd3]::io::write::Write>::write_fmt
[INFO] [stdout]    3:     0x5bc334a42456 - std[70759c8f55707aa4]::panicking::default_hook::{closure#0}
[INFO] [stdout]    4:     0x5bc334a60229 - std[70759c8f55707aa4]::panicking::default_hook
[INFO] [stdout]    5:     0x5bc3349f9700 - test[9d35eded1c95d3be]::test_main_inner::<test[9d35eded1c95d3be]::test_main_static::{closure#0}>::{closure#0}
[INFO] [stdout]    6:     0x5bc334a603e2 - std[70759c8f55707aa4]::panicking::panic_with_hook
[INFO] [stdout]    7:     0x5bc334a42502 - std[70759c8f55707aa4]::panicking::panic_handler::{closure#0}
[INFO] [stdout]    8:     0x5bc334a3b0d9 - std[70759c8f55707aa4]::sys::backtrace::__rust_end_short_backtrace::<std[70759c8f55707aa4]::panicking::panic_handler::{closure#0}, !>
[INFO] [stdout]    9:     0x5bc334a431ed - __rustc[8fa7c3cbc660c2b3]::rust_begin_unwind
[INFO] [stdout]   10:     0x5bc334a7e37c - core[df12db4294e9bfd3]::panicking::panic_fmt
[INFO] [stdout]   11:     0x5bc334a7e152 - core[df12db4294e9bfd3]::result::unwrap_failed
[INFO] [stdout]   12:     0x5bc3349839e9 - zincio[af031fcc79e6e33c]::op::vectored_uring_tests::io_uring_vectored_read_write_pipe
[INFO] [stdout]   13:     0x5bc3349dd5f9 - <zincio[af031fcc79e6e33c]::op::vectored_uring_tests::io_uring_vectored_read_write_pipe::{closure#0} as core[df12db4294e9bfd3]::ops::function::FnOnce<()>>::call_once
[INFO] [stdout]   14:     0x5bc3349ec9eb - test[9d35eded1c95d3be]::__rust_begin_short_backtrace::<core[df12db4294e9bfd3]::result::Result<(), alloc[2182bb758b4b3781]::string::String>, fn() -> core[df12db4294e9bfd3]::result::Result<(), alloc[2182bb758b4b3781]::string::String>>
[INFO] [stdout]   15:     0x5bc3349fa055 - test[9d35eded1c95d3be]::run_test::{closure#0}
[INFO] [stdout]   16:     0x5bc3349f3914 - std[70759c8f55707aa4]::sys::backtrace::__rust_begin_short_backtrace::<test[9d35eded1c95d3be]::run_test::{closure#1}, ()>
[INFO] [stdout]   17:     0x5bc3349fd1b2 - <std[70759c8f55707aa4]::thread::lifecycle::spawn_unchecked<test[9d35eded1c95d3be]::run_test::{closure#1}, ()>::{closure#1} as core[df12db4294e9bfd3]::ops::function::FnOnce<()>>::call_once::{shim:vtable#0}
[INFO] [stdout]   18:     0x5bc334a67d79 - <std[70759c8f55707aa4]::sys::thread::unix::Thread>::new::thread_start
[INFO] [stdout]   19:     0x73411aa5cdfa - <unknown>
[INFO] [stdout]   20:     0x73411aaf03d4 - clone
[INFO] [stdout]   21:                0x0 - <unknown>
[INFO] [stdout] 
[INFO] [stdout] ---- process::tests::command_spawn_stdio_roundtrip stdout ----
[INFO] [stdout] 
[INFO] [stdout] thread 'process::tests::command_spawn_stdio_roundtrip' (576) panicked at src/process/mod.rs:1099:45:
[INFO] [stdout] wait succeeds: Custom { kind: WouldBlock, error: "child has not exited yet" }
[INFO] [stdout] stack backtrace:
[INFO] [stdout]    0:     0x5bc334a68721 - <<std[70759c8f55707aa4]::sys::backtrace::BacktraceLock>::print::DisplayBacktrace as core[df12db4294e9bfd3]::fmt::Display>::fmt
[INFO] [stdout]    1:     0x5bc334a7dc1a - core[df12db4294e9bfd3]::fmt::write
[INFO] [stdout]    2:     0x5bc334a6ce9c - <alloc[2182bb758b4b3781]::vec::Vec<u8> as core[df12db4294e9bfd3]::io::write::Write>::write_fmt
[INFO] [stdout]    3:     0x5bc334a42456 - std[70759c8f55707aa4]::panicking::default_hook::{closure#0}
[INFO] [stdout]    4:     0x5bc334a60229 - std[70759c8f55707aa4]::panicking::default_hook
[INFO] [stdout]    5:     0x5bc3349f9700 - test[9d35eded1c95d3be]::test_main_inner::<test[9d35eded1c95d3be]::test_main_static::{closure#0}>::{closure#0}
[INFO] [stdout]    6:     0x5bc334a603e2 - std[70759c8f55707aa4]::panicking::panic_with_hook
[INFO] [stdout]    7:     0x5bc334a42502 - std[70759c8f55707aa4]::panicking::panic_handler::{closure#0}
[INFO] [stdout]    8:     0x5bc334a3b0d9 - std[70759c8f55707aa4]::sys::backtrace::__rust_end_short_backtrace::<std[70759c8f55707aa4]::panicking::panic_handler::{closure#0}, !>
[INFO] [stdout]    9:     0x5bc334a431ed - __rustc[8fa7c3cbc660c2b3]::rust_begin_unwind
[INFO] [stdout]   10:     0x5bc334a7e37c - core[df12db4294e9bfd3]::panicking::panic_fmt
[INFO] [stdout]   11:     0x5bc334a7e152 - core[df12db4294e9bfd3]::result::unwrap_failed
[INFO] [stdout]   12:     0x5bc334948bbe - zincio[af031fcc79e6e33c]::process::tests::command_spawn_stdio_roundtrip::{closure#0}
[INFO] [stdout]   13:     0x5bc33494f75a - zincio[af031fcc79e6e33c]::process::tests::command_spawn_stdio_roundtrip
[INFO] [stdout]   14:     0x5bc3349e23b9 - <zincio[af031fcc79e6e33c]::process::tests::command_spawn_stdio_roundtrip::{closure#0} as core[df12db4294e9bfd3]::ops::function::FnOnce<()>>::call_once
[INFO] [stdout]   15:     0x5bc3349ec9eb - test[9d35eded1c95d3be]::__rust_begin_short_backtrace::<core[df12db4294e9bfd3]::result::Result<(), alloc[2182bb758b4b3781]::string::String>, fn() -> core[df12db4294e9bfd3]::result::Result<(), alloc[2182bb758b4b3781]::string::String>>
[INFO] [stdout]   16:     0x5bc3349fa055 - test[9d35eded1c95d3be]::run_test::{closure#0}
[INFO] [stdout]   17:     0x5bc3349f3914 - std[70759c8f55707aa4]::sys::backtrace::__rust_begin_short_backtrace::<test[9d35eded1c95d3be]::run_test::{closure#1}, ()>
[INFO] [stdout]   18:     0x5bc3349fd1b2 - <std[70759c8f55707aa4]::thread::lifecycle::spawn_unchecked<test[9d35eded1c95d3be]::run_test::{closure#1}, ()>::{closure#1} as core[df12db4294e9bfd3]::ops::function::FnOnce<()>>::call_once::{shim:vtable#0}
[INFO] [stdout]   19:     0x5bc334a67d79 - <std[70759c8f55707aa4]::sys::thread::unix::Thread>::new::thread_start
[INFO] [stdout]   20:     0x73411aa5cdfa - <unknown>
[INFO] [stdout]   21:     0x73411aaf03d4 - clone
[INFO] [stdout]   22:                0x0 - <unknown>
[INFO] [stdout] 
[INFO] [stdout] 
[INFO] [stdout] failures:
[INFO] [stdout]     driver::tests::test_interruptor_uring
[INFO] [stdout]     driver::tests::test_uring_driver_interrupt_basic
[INFO] [stdout]     op::vectored_uring_tests::io_uring_vectored_read_write_pipe
[INFO] [stdout]     process::tests::command_spawn_stdio_roundtrip
[INFO] [stdout] 
[INFO] [stdout] test result: FAILED. 56 passed; 4 failed; 0 ignored; 0 measured; 0 filtered out; finished in 0.02s
[INFO] [stdout] 
[INFO] [stderr] error: test failed, to rerun pass `--lib`
[INFO] running `Command { std: "docker" "inspect" "1c4e5084e824a67005e647c6d4cc98ccf214569ad069799ee5a0f1b4eae3b3ac", kill_on_drop: false }`
[INFO] running `Command { std: "docker" "rm" "-f" "1c4e5084e824a67005e647c6d4cc98ccf214569ad069799ee5a0f1b4eae3b3ac", kill_on_drop: false }`
[INFO] [stdout] 1c4e5084e824a67005e647c6d4cc98ccf214569ad069799ee5a0f1b4eae3b3ac
