[INFO] fetching crate zinal 0.2.1...
[INFO] testing zinal-0.2.1 against 1.100.0-beta.1+cargoflags=--release for beta-release-1.100-2
[INFO] extracting crate zinal 0.2.1 into /workspace/builds/worker-3-tc2/source
[INFO] started tweaking crates.io crate zinal 0.2.1
[INFO] finished tweaking crates.io crate zinal 0.2.1
[INFO] tweaked toml for crates.io crate zinal 0.2.1 written to /workspace/builds/worker-3-tc2/source/Cargo.toml
[INFO] validating manifest of crates.io crate zinal 0.2.1 on toolchain 1.100.0-beta.1
[INFO] running `Command { std: CARGO_HOME="/workspace/cargo-home" RUSTUP_HOME="/workspace/rustup-home" "/workspace/cargo-home/bin/cargo" "+1.100.0-beta.1" "metadata" "--manifest-path" "Cargo.toml" "--no-deps", kill_on_drop: false }`
[INFO] running `Command { std: CARGO_HOME="/workspace/cargo-home" RUSTUP_HOME="/workspace/rustup-home" "/workspace/cargo-home/bin/cargo" "+1.100.0-beta.1" "generate-lockfile" "--manifest-path" "Cargo.toml", kill_on_drop: false }`
[INFO] [stderr]     Updating crates.io index
[INFO] [stderr]      Locking 70 packages to highest compatible versions
[INFO] [stderr]       Adding axum v0.7.9 (available: v0.8.9)
[INFO] running `Command { std: CARGO_HOME="/workspace/cargo-home" RUSTUP_HOME="/workspace/rustup-home" "/workspace/cargo-home/bin/cargo" "+1.100.0-beta.1" "fetch" "--manifest-path" "Cargo.toml", kill_on_drop: false }`
[INFO] running `Command { std: "docker" "create" "-v" "/var/lib/crater-agent-workspace/builds/worker-3-tc2/source:/opt/rustwide/workdir:ro,Z" "-v" "/var/lib/crater-agent-workspace/builds/worker-3-tc2/target:/opt/rustwide/target:rw,Z" "-v" "/var/lib/crater-agent-workspace/cargo-home:/opt/rustwide/cargo-home:ro,Z" "-v" "/var/lib/crater-agent-workspace/rustup-home:/opt/rustwide/rustup-home:ro,Z" "-m" "1610612736" "--network" "none" "ghcr.io/rust-lang/crates-build-env/linux@sha256:77db811e55d90add9212f6832c23229e3de5f1c1f9905e8cb07319ea15df73ac" "sleep" "infinity", kill_on_drop: false }`
[INFO] [stdout] bdd1a6957b8b1baf045c868e6e36fa77bdf2949c4fa6507eb2116f215df815a4
[INFO] running `Command { std: "docker" "start" "bdd1a6957b8b1baf045c868e6e36fa77bdf2949c4fa6507eb2116f215df815a4", kill_on_drop: false }`
[INFO] running `Command { std: "docker" "inspect" "bdd1a6957b8b1baf045c868e6e36fa77bdf2949c4fa6507eb2116f215df815a4", kill_on_drop: false }`
[INFO] running `Command { std: "docker" "exec" "-e" "SOURCE_DIR=/opt/rustwide/workdir" "-e" "CARGO_HOME=/opt/rustwide/cargo-home" "-e" "RUSTUP_HOME=/opt/rustwide/rustup-home" "-e" "CARGO_TARGET_DIR=/opt/rustwide/target" "-w" "/opt/rustwide/workdir" "--user" "0:0" "bdd1a6957b8b1baf045c868e6e36fa77bdf2949c4fa6507eb2116f215df815a4" "/opt/rustwide/cargo-home/bin/cargo" "+1.100.0-beta.1" "metadata" "--no-deps" "--format-version=1", kill_on_drop: false }`
[INFO] running `Command { std: "docker" "inspect" "bdd1a6957b8b1baf045c868e6e36fa77bdf2949c4fa6507eb2116f215df815a4", kill_on_drop: false }`
[INFO] running `Command { std: "docker" "exec" "-e" "SOURCE_DIR=/opt/rustwide/workdir" "-e" "CARGO_HOME=/opt/rustwide/cargo-home" "-e" "RUSTUP_HOME=/opt/rustwide/rustup-home" "-e" "CARGO_TARGET_DIR=/opt/rustwide/target" "-e" "CARGO_INCREMENTAL=0" "-e" "RUST_BACKTRACE=full" "-e" "RUSTFLAGS=--cap-lints=warn" "-e" "RUSTDOCFLAGS=--cap-lints=warn" "-w" "/opt/rustwide/workdir" "--user" "0:0" "bdd1a6957b8b1baf045c868e6e36fa77bdf2949c4fa6507eb2116f215df815a4" "/opt/rustwide/cargo-home/bin/cargo" "+1.100.0-beta.1" "build" "--frozen" "--message-format=json" "--release", kill_on_drop: false }`
[INFO] [stderr]    Compiling zinal_derive v0.2.1
[INFO] [stderr]    Compiling zinal v0.2.1 (/opt/rustwide/workdir)
[INFO] [stderr]     Finished `release` profile [optimized] target(s) in 0.72s
[INFO] running `Command { std: "docker" "inspect" "bdd1a6957b8b1baf045c868e6e36fa77bdf2949c4fa6507eb2116f215df815a4", kill_on_drop: false }`
[INFO] running `Command { std: "docker" "exec" "-e" "SOURCE_DIR=/opt/rustwide/workdir" "-e" "CARGO_HOME=/opt/rustwide/cargo-home" "-e" "RUSTUP_HOME=/opt/rustwide/rustup-home" "-e" "CARGO_TARGET_DIR=/opt/rustwide/target" "-e" "CARGO_INCREMENTAL=0" "-e" "RUST_BACKTRACE=full" "-e" "RUSTFLAGS=--cap-lints=warn" "-e" "RUSTDOCFLAGS=--cap-lints=warn" "-w" "/opt/rustwide/workdir" "--user" "0:0" "bdd1a6957b8b1baf045c868e6e36fa77bdf2949c4fa6507eb2116f215df815a4" "/opt/rustwide/cargo-home/bin/cargo" "+1.100.0-beta.1" "test" "--frozen" "--no-run" "--message-format=json" "--release", kill_on_drop: false }`
[INFO] [stderr]    Compiling serde_json v1.0.154
[INFO] [stderr]    Compiling slab v0.4.12
[INFO] [stderr]    Compiling smallvec v1.16.3
[INFO] [stderr]    Compiling winnow v1.0.4
[INFO] [stderr]    Compiling tracing v0.1.44
[INFO] [stderr]    Compiling mio v1.2.4
[INFO] [stderr]    Compiling socket2 v0.6.5
[INFO] [stderr]    Compiling serde v1.0.229
[INFO] [stderr]    Compiling target-tuple v1.0.2
[INFO] [stderr]    Compiling serde_spanned v1.1.2
[INFO] [stderr]    Compiling toml_datetime v1.1.2+spec-1.1.0
[INFO] [stderr]    Compiling tokio-macros v2.7.2
[INFO] [stderr]    Compiling async-trait v0.1.92
[INFO] [stderr]    Compiling toml_writer v1.1.3+spec-1.1.0
[INFO] [stderr]    Compiling serde_derive v1.0.229
[INFO] [stderr]    Compiling serde_path_to_error v0.1.20
[INFO] [stderr]    Compiling glob v0.3.4
[INFO] [stderr]    Compiling futures-util v0.3.34
[INFO] [stderr]    Compiling matchit v0.7.3
[INFO] [stderr]    Compiling toml_parser v1.1.5+spec-1.1.0
[INFO] [stderr]    Compiling tokio v1.53.3
[INFO] [stderr]    Compiling serde_urlencoded v0.7.1
[INFO] [stderr]    Compiling toml v1.1.8+spec-1.1.0
[INFO] [stderr]    Compiling axum-core v0.4.5
[INFO] [stderr]    Compiling trybuild v1.0.122
[INFO] [stderr]    Compiling hyper v1.12.0
[INFO] [stderr]    Compiling tower v0.5.3
[INFO] [stderr]    Compiling hyper-util v0.1.21
[INFO] [stderr]    Compiling axum v0.7.9
[INFO] [stderr]    Compiling zinal v0.2.1 (/opt/rustwide/workdir)
[INFO] [stderr]     Finished `release` profile [optimized] target(s) in 11.42s
[INFO] running `Command { std: "docker" "inspect" "bdd1a6957b8b1baf045c868e6e36fa77bdf2949c4fa6507eb2116f215df815a4", kill_on_drop: false }`
[INFO] running `Command { std: "docker" "exec" "-e" "SOURCE_DIR=/opt/rustwide/workdir" "-e" "CARGO_HOME=/opt/rustwide/cargo-home" "-e" "RUSTUP_HOME=/opt/rustwide/rustup-home" "-e" "CARGO_TARGET_DIR=/opt/rustwide/target" "-e" "CARGO_INCREMENTAL=0" "-e" "RUST_BACKTRACE=full" "-e" "RUSTFLAGS=--cap-lints=warn" "-e" "RUSTDOCFLAGS=--cap-lints=warn" "-w" "/opt/rustwide/workdir" "--user" "0:0" "bdd1a6957b8b1baf045c868e6e36fa77bdf2949c4fa6507eb2116f215df815a4" "/opt/rustwide/cargo-home/bin/cargo" "+1.100.0-beta.1" "test" "--frozen" "--release", kill_on_drop: false }`
[INFO] [stderr]     Finished `release` profile [optimized] target(s) in 0.08s
[INFO] [stderr]      Running unittests src/lib.rs (/opt/rustwide/target/release/build/zinal/52d10b10633ee670/out/zinal-52d10b10633ee670)
[INFO] [stdout] 
[INFO] [stdout] running 3 tests
[INFO] [stdout] test html::tests::escaper_mixed ... ok
[INFO] [stderr]      Running tests/components.rs (/opt/rustwide/target/release/build/zinal/9dd6c7886bc0aeae/out/components-9dd6c7886bc0aeae)
[INFO] [stdout] test html::tests::escaper_unescaped ... ok
[INFO] [stdout] test html::tests::escaper_escaped ... ok
[INFO] [stdout] 
[INFO] [stdout] test result: ok. 3 passed; 0 failed; 0 ignored; 0 measured; 0 filtered out; finished in 0.00s
[INFO] [stdout] 
[INFO] [stdout] 
[INFO] [stderr]      Running tests/context_params.rs (/opt/rustwide/target/release/build/zinal/009c51c35df54e9c/out/context_params-009c51c35df54e9c)
[INFO] [stdout] running 1 test
[INFO] [stdout] test nested_components ... ok
[INFO] [stdout] 
[INFO] [stdout] test result: ok. 1 passed; 0 failed; 0 ignored; 0 measured; 0 filtered out; finished in 0.00s
[INFO] [stdout] 
[INFO] [stdout] 
[INFO] [stdout] running 1 test
[INFO] [stdout] test required_params ... ok
[INFO] [stdout] 
[INFO] [stdout] test result: ok. 1 passed; 0 failed; 0 ignored; 0 measured; 0 filtered out; finished in 0.00s
[INFO] [stdout] 
[INFO] [stderr]      Running tests/errors.rs (/opt/rustwide/target/release/build/zinal/0ef77f61678ce27c/out/errors-0ef77f61678ce27c)
[INFO] [stdout] 
[INFO] [stdout] running 1 test
[INFO] [stderr]    Compiling proc-macro2 v1.0.107
[INFO] [stderr]    Compiling quote v1.0.47
[INFO] [stderr]    Compiling unicode-ident v1.0.27
[INFO] [stderr]     Checking itoa v1.0.18
[INFO] [stderr]    Compiling libc v0.2.191
[INFO] [stderr]     Checking pin-project-lite v0.2.17
[INFO] [stderr]     Checking bytes v1.12.1
[INFO] [stderr]    Compiling serde_core v1.0.229
[INFO] [stderr]     Checking futures-core v0.3.34
[INFO] [stderr]    Compiling httparse v1.10.1
[INFO] [stderr]     Checking once_cell v1.21.4
[INFO] [stderr]     Checking tower-service v0.3.3
[INFO] [stderr]     Checking futures-task v0.3.34
[INFO] [stderr]     Checking slab v0.4.12
[INFO] [stderr]    Compiling zmij v1.0.23
[INFO] [stderr]    Compiling rustversion v1.0.23
[INFO] [stderr]     Checking log v0.4.34
[INFO] [stderr]    Compiling serde v1.0.229
[INFO] [stderr]     Checking sync_wrapper v1.0.2
[INFO] [stderr]     Checking httpdate v1.0.3
[INFO] [stderr]    Compiling serde_json v1.0.154
[INFO] [stderr]     Checking percent-encoding v2.3.2
[INFO] [stderr]     Checking atomic-waker v1.1.2
[INFO] [stderr]     Checking futures-util v0.3.34
[INFO] [stderr]     Checking tracing-core v0.1.36
[INFO] [stderr]     Checking tower-layer v0.3.3
[INFO] [stderr]     Checking smallvec v1.16.3
[INFO] [stderr]     Checking form_urlencoded v1.2.2
[INFO] [stderr]     Checking memchr v2.8.3
[INFO] [stderr]     Checking ryu v1.0.23
[INFO] [stderr]    Compiling unicode-xid v0.2.6
[INFO] [stderr]     Checking mime v0.3.17
[INFO] [stderr]     Checking matchit v0.7.3
[INFO] [stderr]     Checking tracing v0.1.44
[INFO] [stderr]     Checking http v1.5.0
[INFO] [stderr]    Compiling syn v3.0.9
[INFO] [stderr]    Compiling syn v2.0.119
[INFO] [stderr]     Checking http-body v1.1.0
[INFO] [stderr]     Checking http-body-util v0.1.5
[INFO] [stderr]     Checking mio v1.2.4
[INFO] [stderr]     Checking socket2 v0.6.5
[INFO] [stderr]     Checking serde_path_to_error v0.1.20
[INFO] [stderr]     Checking serde_urlencoded v0.7.1
[INFO] [stderr]    Compiling tokio-macros v2.7.2
[INFO] [stderr]    Compiling async-trait v0.1.92
[INFO] [stderr]     Checking tokio v1.53.3
[INFO] [stderr]    Compiling zinal_derive v0.2.1
[INFO] [stderr]     Checking axum-core v0.4.5
[INFO] [stderr]     Checking zinal v0.2.1 (/opt/rustwide/workdir)
[INFO] [stderr]     Checking hyper v1.12.0
[INFO] [stderr]     Checking tower v0.5.3
[INFO] [stderr]     Checking hyper-util v0.1.21
[INFO] [stderr]     Checking axum v0.7.9
[INFO] [stderr]     Checking zinal-tests v0.0.0 (/opt/rustwide/target/tests/trybuild/zinal)
[INFO] [stderr]     Finished `dev` profile [unoptimized + debuginfo] target(s) in 8.36s
[INFO] [stderr] 
[INFO] [stderr] 
[INFO] [stderr] test tests/errors/error_in_expression.rs ... ok
[INFO] [stderr] test tests/errors/incorrect_prop_type.rs ... mismatch
[INFO] [stderr] 
[INFO] [stderr] EXPECTED:
[INFO] [stderr] ┈┈┈┈┈┈┈┈┈┈┈┈┈┈┈┈┈┈┈┈┈┈┈┈┈┈┈┈┈┈┈┈┈┈┈┈┈┈┈┈┈┈┈┈┈┈┈┈┈┈┈┈┈┈┈┈┈┈┈┈
[INFO] [stderr] error[E0422]: cannot find struct, variant or union type `Example` in this scope
[INFO] [stderr]   --> tests/errors/incorrect_prop_type.rs:18:9
[INFO] [stderr]    |
[INFO] [stderr] 18 |         Example { prop: 8 }
[INFO] [stderr]    |         ^^^^^^^ not found in this scope
[INFO] [stderr] 
[INFO] [stderr] error[E0308]: mismatched types
[INFO] [stderr]   --> tests/errors/incorrect_prop_type.rs:3:10
[INFO] [stderr]    |
[INFO] [stderr] 3  | #[derive(Template)]
[INFO] [stderr]    |          ^^^^^^^^- help: try using a conversion method: `.to_string()`
[INFO] [stderr]    |          |
[INFO] [stderr]    |          expected `String`, found `u8`
[INFO] [stderr]    |          arguments to this method are incorrect
[INFO] [stderr]    |
[INFO] [stderr] note: method defined here
[INFO] [stderr]   --> tests/errors/incorrect_prop_type.rs:12:5
[INFO] [stderr]    |
[INFO] [stderr] 9  | #[derive(Template)]
[INFO] [stderr]    |          --------
[INFO] [stderr] ...
[INFO] [stderr] 12 |     prop: String,
[INFO] [stderr]    |     ^^^^
[INFO] [stderr]    = note: this error originates in the derive macro `Template` (in Nightly builds, run with -Z macro-backtrace for more info)
[INFO] [stderr] ┈┈┈┈┈┈┈┈┈┈┈┈┈┈┈┈┈┈┈┈┈┈┈┈┈┈┈┈┈┈┈┈┈┈┈┈┈┈┈┈┈┈┈┈┈┈┈┈┈┈┈┈┈┈┈┈┈┈┈┈
[INFO] [stderr] 
[INFO] [stderr] ACTUAL OUTPUT:
[INFO] [stderr] ┈┈┈┈┈┈┈┈┈┈┈┈┈┈┈┈┈┈┈┈┈┈┈┈┈┈┈┈┈┈┈┈┈┈┈┈┈┈┈┈┈┈┈┈┈┈┈┈┈┈┈┈┈┈┈┈┈┈┈┈
[INFO] [stderr] error[E0422]: cannot find struct, variant or union type `Example` in this scope
[INFO] [stderr]   --> tests/errors/incorrect_prop_type.rs:18:9
[INFO] [stderr]    |
[INFO] [stderr] 18 |         Example { prop: 8 }
[INFO] [stderr]    |         ^^^^^^^ not found in this scope
[INFO] [stderr] 
[INFO] [stderr] error[E0308]: mismatched types
[INFO] [stderr]   --> tests/errors/incorrect_prop_type.rs:3:10
[INFO] [stderr]    |
[INFO] [stderr]  3 | #[derive(Template)]
[INFO] [stderr]    |          ^^^^^^^^
[INFO] [stderr]    |          |
[INFO] [stderr]    |          expected `String`, found `u8`
[INFO] [stderr]    |          arguments to this method are incorrect
[INFO] [stderr]    |
[INFO] [stderr] note: method defined here
[INFO] [stderr]   --> tests/errors/incorrect_prop_type.rs:12:5
[INFO] [stderr]    |
[INFO] [stderr]  9 | #[derive(Template)]
[INFO] [stderr]    |          --------
[INFO] [stderr] ...
[INFO] [stderr] 12 |     prop: String,
[INFO] [stderr]    |     ^^^^
[INFO] [stderr]    = note: this error originates in the derive macro `Template` (in Nightly builds, run with -Z macro-backtrace for more info)
[INFO] [stderr] ┈┈┈┈┈┈┈┈┈┈┈┈┈┈┈┈┈┈┈┈┈┈┈┈┈┈┈┈┈┈┈┈┈┈┈┈┈┈┈┈┈┈┈┈┈┈┈┈┈┈┈┈┈┈┈┈┈┈┈┈
[INFO] [stderr] note: If the actual output is the correct output you can bless it by rerunning
[INFO] [stderr]       your test with the environment variable TRYBUILD=overwrite
[INFO] [stderr] 
[INFO] [stderr] 
[INFO] [stderr] 
[INFO] [stdout] test errors ... FAILED
[INFO] [stdout] 
[INFO] [stdout] failures:
[INFO] [stdout] 
[INFO] [stdout] ---- errors stdout ----
[INFO] [stdout] 
[INFO] [stdout] thread 'errors' (822) panicked at /opt/rustwide/cargo-home/registry/src/index.crates.io-1949cf8c6b5b557f/trybuild-1.0.122/src/run.rs:103:13:
[INFO] [stdout] 1 of 2 tests failed
[INFO] [stdout] stack backtrace:
[INFO] [stdout]    0:     0x5f3f3ba52b81 - <<std[617be2ca0a6fd877]::sys::backtrace::BacktraceLock>::print::DisplayBacktrace as core[a373ad73a504971]::fmt::Display>::fmt
[INFO] [stdout]    1:     0x5f3f3ba68e3a - core[a373ad73a504971]::fmt::write
[INFO] [stdout]    2:     0x5f3f3ba573cc - <alloc[2e1b2a31b91974c5]::vec::Vec<u8> as core[a373ad73a504971]::io::write::Write>::write_fmt
[INFO] [stdout]    3:     0x5f3f3ba2bfe6 - std[617be2ca0a6fd877]::panicking::default_hook::{closure#0}
[INFO] [stdout]    4:     0x5f3f3ba4a129 - std[617be2ca0a6fd877]::panicking::default_hook
[INFO] [stdout]    5:     0x5f3f3b9e3730 - test[aada8e7e76ba119b]::test_main_inner::{closure#0}
[INFO] [stdout]    6:     0x5f3f3ba4a2e2 - std[617be2ca0a6fd877]::panicking::panic_with_hook
[INFO] [stdout]    7:     0x5f3f3ba2c092 - std[617be2ca0a6fd877]::panicking::panic_handler::{closure#0}
[INFO] [stdout]    8:     0x5f3f3ba248e9 - std[617be2ca0a6fd877]::sys::backtrace::__rust_end_short_backtrace::<std[617be2ca0a6fd877]::panicking::panic_handler::{closure#0}, !>
[INFO] [stdout]    9:     0x5f3f3ba2cc9d - __rustc[ea4f61d10b84890b]::rust_begin_unwind
[INFO] [stdout]   10:     0x5f3f3ba695ac - core[a373ad73a504971]::panicking::panic_fmt
[INFO] [stdout]   11:     0x5f3f3b9355ba - <trybuild[42d81ff871cf17ce]::Runner>::run
[INFO] [stdout]   12:     0x5f3f3b938800 - <trybuild[42d81ff871cf17ce]::TestCases as core[a373ad73a504971]::ops::drop::Drop>::drop
[INFO] [stdout]   13:     0x5f3f3b92f428 - errors[e00be606fc184e64]::errors
[INFO] [stdout]   14:     0x5f3f3b92f629 - <errors[e00be606fc184e64]::errors::{closure#0} as core[a373ad73a504971]::ops::function::FnOnce<()>>::call_once
[INFO] [stdout]   15:     0x5f3f3b9d6b7b - test[aada8e7e76ba119b]::__rust_begin_short_backtrace::<core[a373ad73a504971]::result::Result<(), alloc[2e1b2a31b91974c5]::string::String>, fn() -> core[a373ad73a504971]::result::Result<(), alloc[2e1b2a31b91974c5]::string::String>>
[INFO] [stdout]   16:     0x5f3f3b9e3d55 - test[aada8e7e76ba119b]::run_test::{closure#0}
[INFO] [stdout]   17:     0x5f3f3b9dd644 - std[617be2ca0a6fd877]::sys::backtrace::__rust_begin_short_backtrace::<test[aada8e7e76ba119b]::run_test::{closure#1}, ()>
[INFO] [stdout]   18:     0x5f3f3b9e6de2 - <std[617be2ca0a6fd877]::thread::lifecycle::spawn_unchecked<test[aada8e7e76ba119b]::run_test::{closure#1}, ()>::{closure#1} as core[a373ad73a504971]::ops::function::FnOnce<()>>::call_once::{shim:vtable#0}
[INFO] [stdout]   19:     0x5f3f3ba51ddf - <std[617be2ca0a6fd877]::sys::thread::unix::Thread>::new::thread_start
[INFO] [stdout]   20:     0x7ebcf4f42dfa - <unknown>
[INFO] [stdout]   21:     0x7ebcf4fd63d4 - clone
[INFO] [stdout]   22:                0x0 - <unknown>
[INFO] [stdout] 
[INFO] [stdout] 
[INFO] [stdout] failures:
[INFO] [stdout]     errors
[INFO] [stdout] 
[INFO] [stdout] test result: FAILED. 0 passed; 1 failed; 0 ignored; 0 measured; 0 filtered out; finished in 13.98s
[INFO] [stdout] 
[INFO] [stderr] error: test failed, to rerun pass `--test errors`
[INFO] running `Command { std: "docker" "inspect" "bdd1a6957b8b1baf045c868e6e36fa77bdf2949c4fa6507eb2116f215df815a4", kill_on_drop: false }`
[INFO] running `Command { std: "docker" "rm" "-f" "bdd1a6957b8b1baf045c868e6e36fa77bdf2949c4fa6507eb2116f215df815a4", kill_on_drop: false }`
[INFO] [stdout] bdd1a6957b8b1baf045c868e6e36fa77bdf2949c4fa6507eb2116f215df815a4
