[INFO] fetching crate zilliz 1.5.0...
[INFO] testing zilliz-1.5.0 against 1.99.0-beta.8+cargoflags=--release for beta-release-1.100-2
[INFO] extracting crate zilliz 1.5.0 into /workspace/builds/worker-2-tc1/source
[INFO] started tweaking crates.io crate zilliz 1.5.0
[INFO] removed 0 missing examples
[INFO] removed 0 missing tests
[INFO] finished tweaking crates.io crate zilliz 1.5.0
[INFO] tweaked toml for crates.io crate zilliz 1.5.0 written to /workspace/builds/worker-2-tc1/source/Cargo.toml
[INFO] validating manifest of crates.io crate zilliz 1.5.0 on toolchain 1.99.0-beta.8
[INFO] running `Command { std: CARGO_HOME="/workspace/cargo-home" RUSTUP_HOME="/workspace/rustup-home" "/workspace/cargo-home/bin/cargo" "+1.99.0-beta.8" "metadata" "--manifest-path" "Cargo.toml" "--no-deps", kill_on_drop: false }`
[INFO] crate crates.io crate zilliz 1.5.0 already has a lockfile, it will not be regenerated
[INFO] running `Command { std: CARGO_HOME="/workspace/cargo-home" RUSTUP_HOME="/workspace/rustup-home" "/workspace/cargo-home/bin/cargo" "+1.99.0-beta.8" "fetch" "--manifest-path" "Cargo.toml", kill_on_drop: false }`
[INFO] [stderr]     Updating crates.io index
[INFO] [stderr]  Downloading crates ...
[INFO] [stderr]   Downloaded tui-input v0.15.3
[INFO] [stderr]   Downloaded drawille v0.3.0
[INFO] [stderr]   Downloaded rtoolbox v0.0.5
[INFO] [stderr]   Downloaded rpassword v7.5.2
[INFO] [stderr]   Downloaded textplots v0.8.7
[INFO] [stderr]   Downloaded jmespath v0.5.0
[INFO] [stderr]   Downloaded clap_complete v4.6.3
[INFO] [stderr]   Downloaded comfy-table v8.0.0
[INFO] running `Command { std: "docker" "create" "-v" "/var/lib/crater-agent-workspace/builds/worker-2-tc1/source:/opt/rustwide/workdir:ro,Z" "-v" "/var/lib/crater-agent-workspace/builds/worker-2-tc1/target:/opt/rustwide/target:rw,Z" "-v" "/var/lib/crater-agent-workspace/cargo-home:/opt/rustwide/cargo-home:ro,Z" "-v" "/var/lib/crater-agent-workspace/rustup-home:/opt/rustwide/rustup-home:ro,Z" "-m" "1610612736" "--network" "none" "ghcr.io/rust-lang/crates-build-env/linux@sha256:77db811e55d90add9212f6832c23229e3de5f1c1f9905e8cb07319ea15df73ac" "sleep" "infinity", kill_on_drop: false }`
[INFO] [stdout] 8dfc7b1d2b889650f54aa060abc86579f738a91382c50b28ec199bcfd5c66298
[INFO] running `Command { std: "docker" "start" "8dfc7b1d2b889650f54aa060abc86579f738a91382c50b28ec199bcfd5c66298", kill_on_drop: false }`
[INFO] running `Command { std: "docker" "inspect" "8dfc7b1d2b889650f54aa060abc86579f738a91382c50b28ec199bcfd5c66298", kill_on_drop: false }`
[INFO] running `Command { std: "docker" "exec" "-e" "SOURCE_DIR=/opt/rustwide/workdir" "-e" "CARGO_HOME=/opt/rustwide/cargo-home" "-e" "RUSTUP_HOME=/opt/rustwide/rustup-home" "-e" "CARGO_TARGET_DIR=/opt/rustwide/target" "-w" "/opt/rustwide/workdir" "--user" "0:0" "8dfc7b1d2b889650f54aa060abc86579f738a91382c50b28ec199bcfd5c66298" "/opt/rustwide/cargo-home/bin/cargo" "+1.99.0-beta.8" "metadata" "--no-deps" "--format-version=1", kill_on_drop: false }`
[INFO] running `Command { std: "docker" "inspect" "8dfc7b1d2b889650f54aa060abc86579f738a91382c50b28ec199bcfd5c66298", kill_on_drop: false }`
[INFO] running `Command { std: "docker" "exec" "-e" "SOURCE_DIR=/opt/rustwide/workdir" "-e" "CARGO_HOME=/opt/rustwide/cargo-home" "-e" "RUSTUP_HOME=/opt/rustwide/rustup-home" "-e" "CARGO_TARGET_DIR=/opt/rustwide/target" "-e" "CARGO_INCREMENTAL=0" "-e" "RUST_BACKTRACE=full" "-e" "RUSTFLAGS=--cap-lints=warn" "-e" "RUSTDOCFLAGS=--cap-lints=warn" "-w" "/opt/rustwide/workdir" "--user" "0:0" "8dfc7b1d2b889650f54aa060abc86579f738a91382c50b28ec199bcfd5c66298" "/opt/rustwide/cargo-home/bin/cargo" "+1.99.0-beta.8" "build" "--frozen" "--message-format=json" "--release", kill_on_drop: false }`
[INFO] [stderr]    Compiling libc v0.2.186
[INFO] [stderr]    Compiling bitflags v2.11.1
[INFO] [stderr]    Compiling jobserver v0.1.34
[INFO] [stderr]    Compiling zerovec-derive v0.11.3
[INFO] [stderr]    Compiling serde_core v1.0.228
[INFO] [stderr]    Compiling zerofrom-derive v0.1.7
[INFO] [stderr]    Compiling yoke-derive v0.8.2
[INFO] [stderr]    Compiling aws-lc-rs v1.16.3
[INFO] [stderr]    Compiling darling_core v0.23.0
[INFO] [stderr]    Compiling cc v1.2.61
[INFO] [stderr]    Compiling tokio-macros v2.7.0
[INFO] [stderr]    Compiling unicode-segmentation v1.13.2
[INFO] [stderr]    Compiling signal-hook v0.3.18
[INFO] [stderr]    Compiling cmake v0.1.58
[INFO] [stderr]    Compiling zerofrom v0.1.7
[INFO] [stderr]    Compiling yoke v0.8.2
[INFO] [stderr]    Compiling itertools v0.14.0
[INFO] [stderr]    Compiling zerovec v0.11.6
[INFO] [stderr]    Compiling convert_case v0.10.0
[INFO] [stderr]    Compiling zerotrie v0.2.4
[INFO] [stderr]    Compiling aws-lc-sys v0.40.0
[INFO] [stderr]    Compiling castaway v0.2.4
[INFO] [stderr]    Compiling rustls-pki-types v1.14.1
[INFO] [stderr]    Compiling errno v0.3.14
[INFO] [stderr]    Compiling parking_lot_core v0.9.12
[INFO] [stderr]    Compiling mio v1.2.0
[INFO] [stderr]    Compiling signal-hook-registry v1.4.8
[INFO] [stderr]    Compiling parking_lot v0.12.5
[INFO] [stderr]    Compiling tinystr v0.8.3
[INFO] [stderr]    Compiling socket2 v0.6.3
[INFO] [stderr]    Compiling icu_locale_core v2.2.0
[INFO] [stderr]    Compiling potential_utf v0.1.5
[INFO] [stderr]    Compiling http v1.4.0
[INFO] [stderr]    Compiling tokio v1.52.1
[INFO] [stderr]    Compiling darling_macro v0.23.0
[INFO] [stderr]    Compiling strum_macros v0.27.2
[INFO] [stderr]    Compiling rustix v1.1.4
[INFO] [stderr]    Compiling instability v0.3.12
[INFO] [stderr]    Compiling darling v0.23.0
[INFO] [stderr]    Compiling icu_collections v2.2.0
[INFO] [stderr]    Compiling http-body v1.0.1
[INFO] [stderr]    Compiling icu_provider v2.2.0
[INFO] [stderr]    Compiling compact_str v0.9.0
[INFO] [stderr]    Compiling serde v1.0.228
[INFO] [stderr]    Compiling unicode-truncate v2.0.1
[INFO] [stderr]    Compiling kasuari v0.4.12
[INFO] [stderr]    Compiling derive_more-impl v2.1.1
[INFO] [stderr]    Compiling strum v0.27.2
[INFO] [stderr]    Compiling lru v0.16.4
[INFO] [stderr]    Compiling tracing-core v0.1.36
[INFO] [stderr]    Compiling slab v0.4.12
[INFO] [stderr]    Compiling litrs v1.0.0
[INFO] [stderr]    Compiling rustls v0.23.39
[INFO] [stderr]    Compiling futures-util v0.3.32
[INFO] [stderr]    Compiling derive_more v2.1.1
[INFO] [stderr]    Compiling deranged v0.5.8
[INFO] [stderr]    Compiling document-features v0.2.12
[INFO] [stderr]    Compiling ratatui-core v0.1.0
[INFO] [stderr]    Compiling getrandom v0.2.17
[INFO] [stderr]    Compiling signal-hook-mio v0.2.5
[INFO] [stderr]    Compiling num_threads v0.1.7
[INFO] [stderr]    Compiling num-conv v0.2.1
[INFO] [stderr]    Compiling const-random-macro v0.1.16
[INFO] [stderr]    Compiling tracing v0.1.44
[INFO] [stderr]    Compiling time v0.3.47
[INFO] [stderr]    Compiling crossterm v0.29.0
[INFO] [stderr]    Compiling icu_properties v2.2.0
[INFO] [stderr]    Compiling icu_normalizer v2.2.0
[INFO] [stderr]    Compiling serde_json v1.0.149
[INFO] [stderr]    Compiling line-clipping v0.3.7
[INFO] [stderr]    Compiling deunicode v1.6.2
[INFO] [stderr]    Compiling slug v0.1.6
[INFO] [stderr]    Compiling hyper v1.9.0
[INFO] [stderr]    Compiling idna_adapter v1.2.2
[INFO] [stderr]    Compiling vte v0.14.1
[INFO] [stderr]    Compiling nix v0.31.2
[INFO] [stderr]    Compiling nom v7.1.3
[INFO] [stderr]    Compiling ratatui-widgets v0.3.0
[INFO] [stderr]    Compiling const-random v0.1.18
[INFO] [stderr]    Compiling hyper-util v0.1.20
[INFO] [stderr]    Compiling jmespath v0.5.0
[INFO] [stderr]    Compiling ansitok v0.3.0
[INFO] [stderr]    Compiling ratatui-macros v0.7.0
[INFO] [stderr]    Compiling clap_builder v4.6.0
[INFO] [stderr]    Compiling tower v0.5.3
[INFO] [stderr]    Compiling rustls-native-certs v0.8.3
[INFO] [stderr]    Compiling regex-automata v0.4.14
[INFO] [stderr]    Compiling dlv-list v0.5.2
[INFO] [stderr]    Compiling idna v1.1.0
[INFO] [stderr]    Compiling ratatui-crossterm v0.1.0
[INFO] [stderr]    Compiling colored v2.2.0
[INFO] [stderr]    Compiling console v0.16.3
[INFO] [stderr]    Compiling clap_derive v4.6.1
[INFO] [stderr]    Compiling hashbrown v0.17.0
[INFO] [stderr]    Compiling iri-string v0.7.12
[INFO] [stderr]    Compiling hashbrown v0.14.5
[INFO] [stderr]    Compiling bytemuck v1.25.0
[INFO] [stderr]    Compiling dirs-sys v0.5.0
[INFO] [stderr]    Compiling ordered-multimap v0.7.3
[INFO] [stderr]    Compiling drawille v0.3.0
[INFO] [stderr]    Compiling rgb v0.8.53
[INFO] [stderr]    Compiling indexmap v2.14.0
[INFO] [stderr]    Compiling anyhow v1.0.102
[INFO] [stderr]    Compiling matchers v0.2.0
[INFO] [stderr]    Compiling clap v4.6.1
[INFO] [stderr]    Compiling ratatui v0.30.0
[INFO] [stderr]    Compiling url v2.5.8
[INFO] [stderr]    Compiling ansi-str v0.9.0
[INFO] [stderr]    Compiling tower-http v0.6.8
[INFO] [stderr]    Compiling portable-atomic v1.13.1
[INFO] [stderr]    Compiling serde_urlencoded v0.7.1
[INFO] [stderr]    Compiling tracing-log v0.2.0
[INFO] [stderr]    Compiling http-body-util v0.1.3
[INFO] [stderr]    Compiling rtoolbox v0.0.5
[INFO] [stderr]    Compiling csv-core v0.1.13
[INFO] [stderr]    Compiling unit-prefix v0.5.2
[INFO] [stderr]    Compiling zilliz v1.5.0 (/opt/rustwide/workdir)
[INFO] [stderr]    Compiling chrono v0.4.44
[INFO] [stderr]    Compiling tracing-subscriber v0.3.23
[INFO] [stderr]    Compiling serde_yaml v0.9.34+deprecated
[INFO] [stderr]    Compiling csv v1.4.0
[INFO] [stderr]    Compiling indicatif v0.18.4
[INFO] [stderr]    Compiling rpassword v7.5.2
[INFO] [stderr]    Compiling ctrlc v3.5.2
[INFO] [stderr]    Compiling comfy-table v8.0.0
[INFO] [stderr]    Compiling textplots v0.8.7
[INFO] [stderr]    Compiling tui-input v0.15.3
[INFO] [stderr]    Compiling clap_complete v4.6.3
[INFO] [stderr]    Compiling rust-ini v0.21.3
[INFO] [stderr]    Compiling dirs v6.0.0
[INFO] [stderr]    Compiling fs2 v0.4.3
[INFO] [stderr]    Compiling urlencoding v2.1.3
[INFO] [stderr]    Compiling rustls-webpki v0.103.13
[INFO] [stderr]    Compiling tokio-rustls v0.26.4
[INFO] [stderr]    Compiling rustls-platform-verifier v0.6.2
[INFO] [stderr]    Compiling hyper-rustls v0.27.9
[INFO] [stderr]    Compiling reqwest v0.13.3
[INFO] [stderr]     Finished `release` profile [optimized] target(s) in 1m 58s
[INFO] running `Command { std: "docker" "inspect" "8dfc7b1d2b889650f54aa060abc86579f738a91382c50b28ec199bcfd5c66298", kill_on_drop: false }`
[INFO] running `Command { std: "docker" "exec" "-e" "SOURCE_DIR=/opt/rustwide/workdir" "-e" "CARGO_HOME=/opt/rustwide/cargo-home" "-e" "RUSTUP_HOME=/opt/rustwide/rustup-home" "-e" "CARGO_TARGET_DIR=/opt/rustwide/target" "-e" "CARGO_INCREMENTAL=0" "-e" "RUST_BACKTRACE=full" "-e" "RUSTFLAGS=--cap-lints=warn" "-e" "RUSTDOCFLAGS=--cap-lints=warn" "-w" "/opt/rustwide/workdir" "--user" "0:0" "8dfc7b1d2b889650f54aa060abc86579f738a91382c50b28ec199bcfd5c66298" "/opt/rustwide/cargo-home/bin/cargo" "+1.99.0-beta.8" "test" "--frozen" "--no-run" "--message-format=json" "--release", kill_on_drop: false }`
[INFO] [stderr]    Compiling rustix v1.1.4
[INFO] [stderr]    Compiling getrandom v0.4.2
[INFO] [stderr]    Compiling crossterm v0.29.0
[INFO] [stderr]    Compiling tempfile v3.27.0
[INFO] [stderr]    Compiling ratatui-crossterm v0.1.0
[INFO] [stderr]    Compiling comfy-table v8.0.0
[INFO] [stderr]    Compiling ratatui v0.30.0
[INFO] [stderr]    Compiling tui-input v0.15.3
[INFO] [stderr]    Compiling zilliz v1.5.0 (/opt/rustwide/workdir)
[INFO] [stderr]     Finished `release` profile [optimized] target(s) in 41.85s
[INFO] running `Command { std: "docker" "inspect" "8dfc7b1d2b889650f54aa060abc86579f738a91382c50b28ec199bcfd5c66298", kill_on_drop: false }`
[INFO] running `Command { std: "docker" "exec" "-e" "SOURCE_DIR=/opt/rustwide/workdir" "-e" "CARGO_HOME=/opt/rustwide/cargo-home" "-e" "RUSTUP_HOME=/opt/rustwide/rustup-home" "-e" "CARGO_TARGET_DIR=/opt/rustwide/target" "-e" "CARGO_INCREMENTAL=0" "-e" "RUST_BACKTRACE=full" "-e" "RUSTFLAGS=--cap-lints=warn" "-e" "RUSTDOCFLAGS=--cap-lints=warn" "-w" "/opt/rustwide/workdir" "--user" "0:0" "8dfc7b1d2b889650f54aa060abc86579f738a91382c50b28ec199bcfd5c66298" "/opt/rustwide/cargo-home/bin/cargo" "+1.99.0-beta.8" "test" "--frozen" "--release", kill_on_drop: false }`
[INFO] [stderr]     Finished `release` profile [optimized] target(s) in 0.30s
[INFO] [stderr]      Running unittests src/lib.rs (/opt/rustwide/target/release/deps/zilliz-b1480d8911fa9cd3)
[INFO] [stdout] 
[INFO] [stdout] running 79 tests
[INFO] [stdout] test cli::auth_cmd::tests::cloud_label_cn ... ok
[INFO] [stdout] test cli::auth_cmd::tests::cloud_label_global ... ok
[INFO] [stdout] test cli::billing::tests::test_resolve_pdf_path_creates_parent_dir ... ok
[INFO] [stdout] test cli::auth_cmd::tests::cloud_label_dev ... ok
[INFO] [stdout] test cli::billing::tests::test_resolve_pdf_path_mutual_exclusivity ... ok
[INFO] [stdout] test cli::billing::tests::test_resolve_pdf_path_output_file_with_pdf ... ok
[INFO] [stdout] test cli::endpoint::tests::default_applies_when_nothing_is_set ... ok
[INFO] [stdout] test cli::auth_cmd::tests::cloud_label_custom ... ok
[INFO] [stdout] test cli::billing::tests::test_resolve_pdf_path_collision_avoidance ... ok
[INFO] [stdout] test cli::billing::tests::test_resolve_pdf_path_output_file_without_pdf ... ok
[INFO] [stdout] test cli::billing::tests::test_resolve_pdf_path_dir ... ok
[INFO] [stdout] test cli::metrics_chart::tests::all_null_series_shows_no_data_and_no_chart ... ok
[INFO] [stdout] test cli::endpoint::tests::empty_explicit_is_ignored ... ok
[INFO] [stdout] test cli::metrics_chart::tests::empty_results_prints_global_empty_message ... ok
[INFO] [stdout] test cli::metrics_chart::tests::chart_x_axis_shows_multi_day_labels_with_date ... ok
[INFO] [stdout] test cli::metrics_chart::tests::chart_has_zero_baseline_and_nice_ymax_label ... ok
[INFO] [stdout] test cli::metrics_chart::tests::chart_x_axis_shows_same_day_time_labels ... ok
[INFO] [stdout] test cli::endpoint::tests::explicit_wins_over_everything ... ok
[INFO] [stdout] test cli::billing::tests::test_resolve_pdf_path_default ... ok
[INFO] [stdout] test cli::metrics_chart::tests::nice_ceil_rounds_to_integer_human_friendly_numbers ... ok
[INFO] [stdout] test cli::metrics_chart::tests::narrow_terminal_emits_sparkline_not_multirow_chart ... ok
[INFO] [stdout] test cli::metrics_chart::tests::null_values_do_not_panic_and_ignore_in_summary ... ok
[INFO] [stdout] test cli::metrics_chart::tests::textplot_does_not_emit_x_index_label_line ... ok
[INFO] [stdout] test cli::metrics_chart::tests::pick_ymax_gives_integer_headroom ... ok
[INFO] [stdout] test cli::metrics_chart::tests::multiple_metrics_render_stacked_blocks ... ok
[INFO] [stdout] test cli::metrics_chart::tests::non_tty_output_has_no_ansi_escapes ... ok
[INFO] [stdout] test cli::endpoint::tests::model_wins_over_default ... ok
[INFO] [stdout] test cli::metrics_chart::tests::renders_fixed_series_with_summary_and_chart_lines ... ok
[INFO] [stdout] test cli::metrics_chart::tests::tty_path_colorizes_chart_line ... ok
[INFO] [stdout] test cli::endpoint::tests::persisted_wins_over_model_and_default ... ok
[INFO] [stdout] test cli::metrics_chart::tests::flat_series_renders_full_chart_with_fixed_y_range ... ok
[INFO] [stdout] test cli::milvus::tests::install_args_dir_without_value ... ok
[INFO] [stdout] test cli::metrics_chart::tests::tty_path_includes_ansi_escapes_in_header ... ok
[INFO] [stdout] test cli::milvus::tests::install_args_default ... ok
[INFO] [stdout] test cli::milvus::tests::install_args_full ... ok
[INFO] [stdout] test cli::milvus::tests::install_args_unknown_flag_rejected ... ok
[INFO] [stdout] test cli::metrics_chart::tests::y_labels_fit_within_terminal_width_without_wrap ... ok
[INFO] [stdout] test cli::milvus::tests::lifecycle_args_yes_long ... ok
[INFO] [stdout] test cli::milvus::tests::install_rejects_non_https_script_url ... ok
[INFO] [stdout] test cli::milvus::tests::install_refuses_to_overwrite_existing_script_without_force ... ok
[INFO] [stdout] test cli::milvus::tests::lifecycle_args_unknown_flag_rejected ... ok
[INFO] [stdout] test cli::milvus::tests::lifecycle_args_yes_short ... ok
[INFO] [stdout] test cli::milvus::tests::lifecycle_args_dir_and_dry_run ... ok
[INFO] [stdout] test cli::milvus::tests::lifecycle_dry_run_renders_command ... ok
[INFO] [stdout] test cli::milvus::tests::install_dry_run_with_https_custom_url ... ok
[INFO] [stdout] test cli::milvus::tests::normalize_action_treats_update_as_upgrade ... ok
[INFO] [stdout] test cli::milvus::tests::normalize_action_rejects_unknown ... ok
[INFO] [stdout] test cli::milvus::tests::validate_script_url_requires_https ... ok
[INFO] [stdout] test cli::on_demand_cluster::tests::cluster_name_accepts_allowed_chars ... ok
[INFO] [stdout] test cli::milvus::tests::lifecycle_missing_script_errors_with_install_hint ... ok
[INFO] [stdout] test cli::milvus::tests::install_dry_run_does_not_create_dir ... ok
[INFO] [stdout] test cli::milvus::tests::normalize_action_accepts_known_actions ... ok
[INFO] [stdout] test cli::on_demand_cluster::tests::session_ttl_bad_format_rejected ... ok
[INFO] [stdout] test cli::on_demand_cluster::tests::session_ttl_below_floor_rejected ... ok
[INFO] [stdout] test cli::on_demand_cluster::tests::valid_session_ttl_accepted ... ok
[INFO] [stdout] test cli::on_demand_cluster::tests::cluster_name_rejects_invalid ... ok
[INFO] [stdout] test cli::milvus::tests::run_from_args_unknown_subcommand_errors ... ok
[INFO] [stdout] test model::types::tests::cn_default_targets_cn_tld ... ok
[INFO] [stdout] test model::types::tests::dev_default_is_distinct_from_global_and_cn ... ok
[INFO] [stdout] test model::types::tests::dev_default_targets_uat3_host ... ok
[INFO] [stdout] test model::types::tests::global_and_cn_defaults_are_distinct ... ok
[INFO] [stdout] test cli::milvus::tests::run_from_args_update_alias_routes_to_upgrade ... ok
[INFO] [stdout] test cli::milvus::tests::run_from_args_help_prints_without_error ... ok
[INFO] [stdout] test model::types::tests::resolved_endpoint_uses_configured_value_when_present ... ok
[INFO] [stdout] test tui::home_fetch::tests::count_cluster_statuses_all_transient ... ok
[INFO] [stdout] test model::types::tests::resolved_endpoint_uses_dev_value_when_persisted ... ok
[INFO] [stdout] test tui::home_fetch::tests::count_cluster_statuses_missing_status_is_abnormal ... ok
[INFO] [stdout] test tui::home_fetch::tests::count_cluster_statuses_empty ... ok
[INFO] [stdout] test tui::home_fetch::tests::extract_count_falls_back_to_records_len ... ok
[INFO] [stdout] test tui::home_fetch::tests::count_cluster_statuses_mixed ... ok
[INFO] [stdout] test tui::home_fetch::tests::extract_count_from_array ... ok
[INFO] [stdout] test tui::home_fetch::tests::extract_count_unknown_shape_is_zero ... ok
[INFO] [stdout] test tui::home_fetch::tests::extract_count_from_count_field ... ok
[INFO] [stdout] test model::types::tests::resolved_endpoint_falls_back_to_default_when_none ... ok
[INFO] [stdout] test config::history::tests::test_under_count_with_old_records_no_pruning ... ok
[INFO] [stdout] test config::history::tests::test_exact_boundary_at_cap ... ok
[INFO] [stdout] test config::history::tests::test_over_count_with_no_old_records_no_pruning ... ok
[INFO] [stdout] test config::history::tests::test_over_count_with_old_records_prune_oldest ... ok
[INFO] [stdout] test config::history::tests::test_cross_user_isolation ... ok
[INFO] [stdout] 
[INFO] [stdout] test result: ok. 79 passed; 0 failed; 0 ignored; 0 measured; 0 filtered out; finished in 0.27s
[INFO] [stdout] 
[INFO] [stderr]      Running unittests src/main.rs (/opt/rustwide/target/release/deps/zilliz-55df7743fc9fe233)
[INFO] [stdout] 
[INFO] [stdout] running 0 tests
[INFO] [stdout] 
[INFO] [stdout] test result: ok. 0 passed; 0 failed; 0 ignored; 0 measured; 0 filtered out; finished in 0.00s
[INFO] [stdout] 
[INFO] [stderr]      Running unittests src/bin/zz.rs (/opt/rustwide/target/release/deps/zz-6b6fb87f619678c6)
[INFO] [stdout] 
[INFO] [stdout] running 0 tests
[INFO] [stdout] 
[INFO] [stdout] test result: ok. 0 passed; 0 failed; 0 ignored; 0 measured; 0 filtered out; finished in 0.00s
[INFO] [stdout] 
[INFO] [stderr]      Running tests/test_acl_catalog.rs (/opt/rustwide/target/release/deps/test_acl_catalog-00cfb81bc2e30cb8)
[INFO] [stdout] 
[INFO] [stdout] running 10 tests
[INFO] [stdout] test a_resource_is_never_suggested_back_to_itself ... ok
[INFO] [stdout] test create_is_never_instance_scoped ... ok
[INFO] [stdout] test embedded_selectable_flags_match_policy_compiler ... ok
[INFO] [stdout] test embedded_categories_match_seed_migration ... ok
[INFO] [stdout] test embedded_catalog_matches_seed_migration ... ok
[INFO] [stdout] test member_suggests_the_real_resource_names ... ok
[INFO] [stdout] test org_level_resources_are_never_instance_scoped ... ok
[INFO] [stdout] test org_resources_suggest_their_project_counterpart_first ... ok
[INFO] [stdout] test org_role_has_no_manage_action ... ok
[INFO] [stdout] test suggestions_stay_within_the_requested_level ... ok
[INFO] [stdout] 
[INFO] [stdout] test result: ok. 10 passed; 0 failed; 0 ignored; 0 measured; 0 filtered out; finished in 0.00s
[INFO] [stdout] 
[INFO] [stderr]      Running tests/test_acl_grant.rs (/opt/rustwide/target/release/deps/test_acl_grant-7e594081838c8ec3)
[INFO] [stdout] 
[INFO] [stdout] running 17 tests
[INFO] [stdout] test ambiguous_names_list_every_candidate_and_refuse_to_guess ... ok
[INFO] [stdout] test emails_and_names_need_a_lookup ... ok
[INFO] [stdout] test ids_are_used_directly ... ok
[INFO] [stdout] test empty_response_flattens_to_nothing ... ok
[INFO] [stdout] test flattening_preserves_the_original_role_fields ... ok
[INFO] [stdout] test org_roles_flatten_with_an_org_scope ... ok
[INFO] [stdout] test names_are_not_mistaken_for_ids ... ok
[INFO] [stdout] test project_entry_without_roles_is_skipped ... ok
[INFO] [stdout] test project_roles_flatten_with_their_project_id_as_scope ... ok
[INFO] [stdout] test user_ids_are_used_directly ... ok
[INFO] [stdout] test member_roles_requires_a_member ... ok
[INFO] [stdout] test unknown_member_operation_is_reported ... ok
[INFO] [stdout] test group_grant_requires_a_group_id ... ok
[INFO] [stdout] test member_grant_requires_a_role ... ok
[INFO] [stdout] test member_grant_requires_a_member ... ok
[INFO] [stdout] test unknown_group_operation_is_reported ... ok
[INFO] [stdout] test group_members_requires_a_group_id ... ok
[INFO] [stdout] 
[INFO] [stdout] test result: ok. 17 passed; 0 failed; 0 ignored; 0 measured; 0 filtered out; finished in 0.01s
[INFO] [stdout] 
[INFO] [stderr]      Running tests/test_acl_hidden.rs (/opt/rustwide/target/release/deps/test_acl_hidden-8862e4650b19f4fa)
[INFO] [stdout] 
[INFO] [stdout] running 7 tests
[INFO] [stdout] test acl_is_not_a_registered_hand_written_resource ... ok
[INFO] [stdout] test acl_absent_from_generated_completions ... ok
[INFO] [stdout] test unknown_acl_subcommand_is_reported ... ok
[INFO] [stdout] test acl_bare_invocation_renders_help ... ok
[INFO] [stdout] test acl_absent_from_top_level_help ... ok
[INFO] [stdout] test acl_subcommand_help_renders ... ok
[INFO] [stdout] test acl_help_renders_when_requested_directly ... ok
[INFO] [stdout] 
[INFO] [stdout] test result: ok. 7 passed; 0 failed; 0 ignored; 0 measured; 0 filtered out; finished in 0.12s
[INFO] [stdout] 
[INFO] [stderr]      Running tests/test_acl_policy.rs (/opt/rustwide/target/release/deps/test_acl_policy-97ddb56f4539b47d)
[INFO] [stdout] 
[INFO] [stdout] running 30 tests
[INFO] [stdout] test empty_action_list_is_rejected ... ok
[INFO] [stdout] test cluster_scope_rejected_on_non_instance_scoped_statement ... ok
[INFO] [stdout] test cluster_suffix_is_matched_at_the_end_only ... ok
[INFO] [stdout] test cluster_scope_allowed_on_instance_scoped_statement ... ok
[INFO] [stdout] test create_must_not_carry_a_selection ... ok
[INFO] [stdout] test empty_cluster_id_is_rejected ... ok
[INFO] [stdout] test create_alone_is_valid ... ok
[INFO] [stdout] test empty_selection_after_equals_is_rejected ... ok
[INFO] [stdout] test empty_statement_list_is_rejected ... ok
[INFO] [stdout] test genuinely_unknown_resource_still_says_not_a_resource ... ok
[INFO] [stdout] test instance_scoped_action_requires_a_selection ... ok
[INFO] [stdout] test missing_policies_file_is_reported ... ok
[INFO] [stdout] test missing_colon_is_rejected ... ok
[INFO] [stdout] test multiple_actions_and_selections ... ok
[INFO] [stdout] test org_level_resource_is_reported_as_a_level_mismatch ... ok
[INFO] [stdout] test mixed_create_and_view_needs_a_selection_and_is_accepted ... ok
[INFO] [stdout] test path_style_selection_with_cluster_scope ... ok
[INFO] [stdout] test org_member_points_at_the_project_equivalent ... ok
[INFO] [stdout] test resource_and_single_action ... ok
[INFO] [stdout] test non_selectable_resource_rejects_a_selection ... ok
[INFO] [stdout] test policies_file_must_be_an_array ... ok
[INFO] [stdout] test policies_file_reports_the_path_on_parse_failure ... ok
[INFO] [stdout] test serialized_body_omits_empty_optional_fields ... ok
[INFO] [stdout] test policies_file_round_trips ... ok
[INFO] [stdout] test unknown_action_on_a_known_resource ... ok
[INFO] [stdout] test wildcard_selection_passes_through ... ok
[INFO] [stdout] test shorthand_round_trips ... ok
[INFO] [stdout] test unknown_resource_suggests_the_real_names ... ok
[INFO] [stdout] test unknown_action_lists_available_actions ... ok
[INFO] [stdout] test whitespace_around_list_items_is_trimmed ... ok
[INFO] [stdout] 
[INFO] [stdout] test result: ok. 30 passed; 0 failed; 0 ignored; 0 measured; 0 filtered out; finished in 0.01s
[INFO] [stdout] 
[INFO] [stderr]      Running tests/test_acl_project_scope.rs (/opt/rustwide/target/release/deps/test_acl_project_scope-4b932eba8dc53aa8)
[INFO] [stdout] 
[INFO] [stdout] running 8 tests
[INFO] [stdout] test non_interactive_session_requires_the_flag ... ok
[INFO] [stdout] test whitespace_only_boundary_counts_as_absent ... ok
[INFO] [stdout] test custom_project_role_does_not_need_a_project ... ok
[INFO] [stdout] test explicit_flag_wins_and_suppresses_the_prompt ... ok
[INFO] [stdout] test interactive_session_prompts ... ok
[INFO] [stdout] test org_role_does_not_need_a_project ... ok
[INFO] [stdout] test predefined_project_role_needs_a_project ... ok
[INFO] [stdout] test blank_flag_is_treated_as_absent ... ok
[INFO] [stdout] 
[INFO] [stdout] test result: ok. 8 passed; 0 failed; 0 ignored; 0 measured; 0 filtered out; finished in 0.00s
[INFO] [stdout] 
[INFO] [stderr]      Running tests/test_acl_role.rs (/opt/rustwide/target/release/deps/test_acl_role-e120f7a7d95293b7)
[INFO] [stdout] 
[INFO] [stdout] running 25 tests
[INFO] [stdout] test non_integer_page_is_rejected ... ok
[INFO] [stdout] test org_listing_with_a_project_is_rejected_locally ... ok
[INFO] [stdout] test org_listing_without_a_project_is_allowed ... ok
[INFO] [stdout] test empty_query_values_are_dropped ... ok
[INFO] [stdout] test policy_selection_survives_a_first_statement_without_one ... ok
[INFO] [stdout] test positionals_are_collected_in_order ... ok
[INFO] [stdout] test principal_columns_expose_the_single_principal_id ... ok
[INFO] [stdout] test principal_columns_use_the_wire_name_for_the_timestamp ... ok
[INFO] [stdout] test policy_scope_is_rendered_when_present ... ok
[INFO] [stdout] test project_listing_scoped_to_one_project_is_allowed ... ok
[INFO] [stdout] test project_listing_without_a_project_is_not_rejected_locally ... ok
[INFO] [stdout] test non_interactive_create_without_policies_names_both_flags ... ok
[INFO] [stdout] test org_listing_rejection_happens_before_any_request ... ok
[INFO] [stdout] test query_is_appended_and_encoded ... ok
[INFO] [stdout] test repeated_value_flags_accumulate ... ok
[INFO] [stdout] test policy_flags_are_mutually_exclusive ... ok
[INFO] [stdout] test unknown_role_type_is_rejected ... ok
[INFO] [stdout] test role_without_policies_says_so ... ok
[INFO] [stdout] test value_flag_without_a_value_is_rejected ... ok
[INFO] [stdout] test short_yes_maps_onto_the_long_flag ... ok
[INFO] [stdout] test unknown_flags_are_rejected_with_the_accepted_list ... ok
[INFO] [stdout] test describe_requires_a_role_id ... ok
[INFO] [stdout] test create_requires_a_name ... ok
[INFO] [stdout] test update_requires_something_to_change ... ok
[INFO] [stderr]      Running tests/test_alert.rs (/opt/rustwide/target/release/deps/test_alert-4628dcab0f680378)
[INFO] [stdout] test create_has_no_role_type_flag ... ok
[INFO] [stdout] 
[INFO] [stdout] test result: ok. 25 passed; 0 failed; 0 ignored; 0 measured; 0 filtered out; finished in 0.03s
[INFO] [stdout] 
[INFO] [stdout] 
[INFO] [stdout] running 3 tests
[INFO] [stdout] test test_comparison_symbol ... ok
[INFO] [stdout] test test_parse_action ... ok
[INFO] [stdout] test test_resolve_comparison ... ok
[INFO] [stdout] 
[INFO] [stdout] test result: ok. 3 passed; 0 failed; 0 ignored; 0 measured; 0 filtered out; finished in 0.00s
[INFO] [stdout] 
[INFO] [stderr]      Running tests/test_cn_login.rs (/opt/rustwide/target/release/deps/test_cn_login-7026b42a5103fdaf)
[INFO] [stdout] 
[INFO] [stdout] running 7 tests
[INFO] [stdout] test logout_when_not_logged_in_is_noop_and_idempotent ... ok
[INFO] [stdout] test persisted_cn_endpoint_drives_control_plane_resolver ... ok
[INFO] [stdout] test cn_login_with_api_key_value_persists_endpoint ... ok
[INFO] [stdout] test logout_clears_persisted_endpoint_after_cn_login ... ok
[INFO] [stdout] test cn_login_does_not_call_auth0 ... ok
[INFO] [stdout] test explicit_endpoint_overrides_persisted_cn ... ok
[INFO] [stderr]      Running tests/test_completion_setup.rs (/opt/rustwide/target/release/deps/test_completion_setup-1bf366bc7f5f8927)
[INFO] [stdout] test global_login_with_api_key_value_clears_persisted_endpoint ... ok
[INFO] [stdout] 
[INFO] [stdout] test result: ok. 7 passed; 0 failed; 0 ignored; 0 measured; 0 filtered out; finished in 0.00s
[INFO] [stdout] 
[INFO] [stdout] 
[INFO] [stdout] running 10 tests
[INFO] [stdout] test detection_runs_and_unlisted_shells_are_skipped ... ok
[INFO] [stdout] test first_run_configures_shells_and_records_version ... ok
[INFO] [stdout] test all_shells_failing_does_not_record_sentinel ... ok
[INFO] [stdout] test idempotent_on_same_version_reruns_on_older ... ok
[INFO] [stdout] test migrates_legacy_install_format ... ok
[INFO] [stdout] test unwritable_rc_is_skipped_and_others_proceed ... ok
[INFO] [stdout] test deprecated_auth_alias_is_not_in_completion ... ok
[INFO] [stdout] test hand_written_resources_have_descriptions ... ok
[INFO] [stdout] test legacy_completion_show_still_emits_script ... ok
[INFO] [stdout] test hidden_generator_emits_script_and_help_hides_completion ... ok
[INFO] [stdout] 
[INFO] [stdout] test result: ok. 10 passed; 0 failed; 0 ignored; 0 measured; 0 filtered out; finished in 0.06s
[INFO] [stdout] 
[INFO] [stderr]      Running tests/test_config.rs (/opt/rustwide/target/release/deps/test_config-6a64e551e362fefa)
[INFO] [stdout] 
[INFO] [stdout] running 25 tests
[INFO] [stdout] test config::test_get_config_missing ... ok
[INFO] [stdout] test config::test_config_file_created ... ok
[INFO] [stdout] test config::test_set_and_get_config ... ok
[INFO] [stdout] test context::test_get_context_empty ... ok
[INFO] [stdout] test context::test_context_is_set ... ok
[INFO] [stdout] test control_plane_endpoint::get_returns_none_when_unset ... ok
[INFO] [stdout] test context::test_set_context_with_database ... ok
[INFO] [stdout] test context::test_set_and_get_context ... ok
[INFO] [stdout] test control_plane_endpoint::clear_preserves_other_default_keys ... ok
[INFO] [stdout] test control_plane_endpoint::clear_is_noop_when_unset ... ok
[INFO] [stdout] test control_plane_endpoint::clear_removes_key ... ok
[INFO] [stdout] test credentials::test_credentials_file_permissions ... ok
[INFO] [stdout] test control_plane_endpoint::set_then_get_roundtrip ... ok
[INFO] [stdout] test credentials::test_credentials_file_created ... ok
[INFO] [stdout] test credentials::test_get_credential_missing ... ok
[INFO] [stdout] test credentials_resolution::test_file_fallback ... ok
[INFO] [stdout] test credentials_resolution::test_no_credential_returns_none ... ok
[INFO] [stdout] test context::test_clear_context ... ok
[INFO] [stdout] test credentials::test_overwrite_credential ... ok
[INFO] [stdout] test credentials_resolution::test_explicit_highest_priority ... ok
[INFO] [stdout] test credentials::test_set_and_get_api_key ... ok
[INFO] [stdout] test login_data::test_get_user_info_empty ... ok
[INFO] [stdout] test login_data::test_save_and_get_user_info ... ok
[INFO] [stdout] test login_data::test_clear_login_data ... ok
[INFO] [stdout] test login_data::test_save_api_key_only ... ok
[INFO] [stdout] 
[INFO] [stdout] test result: ok. 25 passed; 0 failed; 0 ignored; 0 measured; 0 filtered out; finished in 0.01s
[INFO] [stdout] 
[INFO] [stderr]      Running tests/test_dev_login.rs (/opt/rustwide/target/release/deps/test_dev_login-60652136c733875e)
[INFO] [stdout] 
[INFO] [stdout] running 10 tests
[INFO] [stdout] test dev_endpoint_constants_are_distinct ... ok
[INFO] [stdout] test clap_accepts_dev_alone ... ok
[INFO] [stdout] test dev_and_cn_combined_is_rejected ... ok
[INFO] [stdout] test clap_rejects_dev_and_cn_together ... ok
[INFO] [stdout] test dev_login_does_not_call_auth0 ... ok
[INFO] [stdout] test dev_login_with_api_key_value_persists_uat_endpoint ... ok
[INFO] [stdout] test global_login_clears_persisted_dev_endpoint ... ok
[INFO] [stdout] test explicit_endpoint_overrides_persisted_dev ... ok
[INFO] [stdout] test persisted_dev_endpoint_drives_control_plane_resolver ... ok
[INFO] [stdout] test logout_clears_persisted_endpoint_after_dev_login ... ok
[INFO] [stdout] 
[INFO] [stdout] test result: ok. 10 passed; 0 failed; 0 ignored; 0 measured; 0 filtered out; finished in 0.00s
[INFO] [stdout] 
[INFO] [stderr]      Running tests/test_dispatch.rs (/opt/rustwide/target/release/deps/test_dispatch-927717e1ebd5f760)
[INFO] [stdout] 
[INFO] [stdout] running 8 tests
[INFO] [stdout] test test_all_params_provided_no_missing ... ok
[INFO] [stdout] test test_choices_param_omitted_is_absent ... ok
[INFO] [stdout] test test_complex_types_not_promptable ... ok
[INFO] [stdout] test test_missing_params_non_tty_produces_error ... ok
[INFO] [stdout] test test_choices_param_accepts_valid_value ... ok
[INFO] [stdout] test test_choices_param_rejects_invalid_value ... ok
[INFO] [stdout] test test_provided_params_not_prompted ... ok
[INFO] [stdout] test test_boolean_param_default_true ... ok
[INFO] [stdout] 
[INFO] [stdout] test result: ok. 8 passed; 0 failed; 0 ignored; 0 measured; 0 filtered out; finished in 0.00s
[INFO] [stdout] 
[INFO] [stderr]      Running tests/test_e2e.rs (/opt/rustwide/target/release/deps/test_e2e-d21f5fc4cf7e1cfd)
[INFO] [stdout] 
[INFO] [stdout] running 11 tests
[INFO] [stdout] test test_context_current_no_context ... ok
[INFO] [stdout] test test_hidden_completion_generator_bash ... ok
[INFO] [stdout] test test_logout_not_logged_in ... ok
[INFO] [stdout] test test_cn_login_prompts_for_api_key_when_no_value ... ok
[INFO] [stdout] test test_help ... ok
[INFO] [stdout] test test_context_clear ... ok
[INFO] [stdout] test test_unknown_resource ... ok
[INFO] [stdout] test test_login_help_mentions_cn ... ok
[INFO] [stdout] test test_version_json ... ok
[INFO] [stdout] test test_version ... ok
[INFO] [stdout] test test_cn_login_direct_api_key_persists_endpoint ... ok
[INFO] [stdout] 
[INFO] [stdout] test result: ok. 11 passed; 0 failed; 0 ignored; 0 measured; 0 filtered out; finished in 0.05s
[INFO] [stdout] 
[INFO] [stderr]      Running tests/test_error_hints.rs (/opt/rustwide/target/release/deps/test_error_hints-7fa237f0e6391d45)
[INFO] [stdout] 
[INFO] [stdout] running 22 tests
[INFO] [stdout] test acl_gateway_404_explains_the_missing_routes ... ok
[INFO] [stdout] test non_acl_404_gets_no_acl_hint ... ok
[INFO] [stdout] test acl_paths_are_recognized ... ok
[INFO] [stdout] test group_not_found_explains_the_principal_check ... ok
[INFO] [stdout] test disabled_action_also_points_at_the_catalog ... ok
[INFO] [stdout] test missing_selection_explains_the_shorthand ... ok
[INFO] [stdout] test member_not_in_org_explains_the_principal_check ... ok
[INFO] [stdout] test role_write_403_explains_the_org_role_limitation ... ok
[INFO] [stdout] test test_connection_hint ... ok
[INFO] [stdout] test message_matching_is_case_insensitive ... ok
[INFO] [stdout] test role_read_403_gets_no_org_role_hint ... ok
[INFO] [stdout] test non_acl_paths_are_not_recognized ... ok
[INFO] [stdout] test test_error_code_80001 ... ok
[INFO] [stdout] test test_no_hint ... ok
[INFO] [stdout] test principal_codes_stay_inside_the_acl_routes ... ok
[INFO] [stdout] test surplus_selection_says_to_drop_it ... ok
[INFO] [stdout] test test_auth_error ... ok
[INFO] [stdout] test test_permission_denied_case_insensitive ... ok
[INFO] [stdout] test test_rate_limit ... ok
[INFO] [stdout] test test_timeout_hint ... ok
[INFO] [stdout] test unknown_action_points_at_the_catalog ... ok
[INFO] [stdout] test test_server_error ... ok
[INFO] [stdout] 
[INFO] [stdout] test result: ok. 22 passed; 0 failed; 0 ignored; 0 measured; 0 filtered out; finished in 0.01s
[INFO] [stdout] 
[INFO] [stderr]      Running tests/test_executor_build_request.rs (/opt/rustwide/target/release/deps/test_executor_build_request-2ba31c219f267699)
[INFO] [stdout] 
[INFO] [stdout] running 3 tests
[INFO] [stderr]      Running tests/test_formatter.rs (/opt/rustwide/target/release/deps/test_formatter-401a9a0f870140b8)
[INFO] [stdout] test body_passthrough_skips_path_params_and_nulls ... ok
[INFO] [stdout] test declared_param_overrides_passthrough_default_no_duplication ... ok
[INFO] [stdout] test body_passthrough_preserves_undeclared_keys ... ok
[INFO] [stdout] 
[INFO] [stdout] test result: ok. 3 passed; 0 failed; 0 ignored; 0 measured; 0 filtered out; finished in 0.00s
[INFO] [stdout] 
[INFO] [stdout] 
[INFO] [stdout] running 12 tests
[INFO] [stdout] test auto_columns::test_auto_detect_columns ... ok
[INFO] [stdout] test table_format::test_format_empty_list ... ok
[INFO] [stdout] test table_format::test_format_null_values ... ok
[INFO] [stdout] test text_format::test_format_dict ... ok
[INFO] [stdout] test text_format::test_format_list ... ok
[INFO] [stdout] test text_format::test_format_null ... ok
[INFO] [stdout] test auto_columns::test_empty_items ... ok
[INFO] [stdout] test json_format::test_format_list ... ok
[INFO] [stdout] test table_format::test_format_list_of_dicts ... ok
[INFO] [stdout] test auto_columns::test_filters_nested_objects ... ok
[INFO] [stdout] test json_format::test_format_dict ... ok
[INFO] [stdout] test text_format::test_format_string ... ok
[INFO] [stdout] 
[INFO] [stdout] test result: ok. 12 passed; 0 failed; 0 ignored; 0 measured; 0 filtered out; finished in 0.00s
[INFO] [stdout] 
[INFO] [stderr]      Running tests/test_formatter_unit.rs (/opt/rustwide/target/release/deps/test_formatter_unit-3aca98715805db8d)
[INFO] [stdout] 
[INFO] [stdout] running 17 tests
[INFO] [stdout] test test_format_csv_list ... ok
[INFO] [stdout] test test_kv_table_empty_array_skipped ... ok
[INFO] [stdout] test test_format_yaml ... ok
[INFO] [stdout] test test_apply_query ... ok
[INFO] [stdout] test test_kv_table_field_missing_optional_columns ... ok
[INFO] [stdout] test test_kv_table_field_params_removed_from_columns ... ok
[INFO] [stdout] test test_format_csv_single_object ... ok
[INFO] [stdout] test test_kv_table_field_type_varchar_enriched ... ok
[INFO] [stdout] test test_kv_table_field_type_array_varchar ... ok
[INFO] [stdout] test test_format_csv_no_header ... ok
[INFO] [stdout] test test_kv_table_empty_object_skipped ... ok
[INFO] [stdout] test test_apply_query_invalid ... ok
[INFO] [stdout] test test_kv_table_nested_array_of_objects_as_subtable ... ok
[INFO] [stdout] test test_kv_table_nested_object_as_subtable ... ok
[INFO] [stdout] test test_kv_table_field_type_vector_enriched ... ok
[INFO] [stdout] test test_kv_table_scalar_array_stays_inline ... ok
[INFO] [stdout] test test_kv_table_field_type_array_int ... ok
[INFO] [stdout] 
[INFO] [stdout] test result: ok. 17 passed; 0 failed; 0 ignored; 0 measured; 0 filtered out; finished in 0.00s
[INFO] [stdout] 
[INFO] [stderr]      Running tests/test_history.rs (/opt/rustwide/target/release/deps/test_history-d2afc0199a644ccc)
[INFO] [stdout] 
[INFO] [stdout] running 17 tests
[INFO] [stdout] test append_and_read::test_anonymous_user_fallback ... ok
[INFO] [stdout] test append_and_read::test_append_read_round_trip ... ok
[INFO] [stdout] test append_and_read::test_jsonl_format_correctness ... ok
[INFO] [stdout] test append_and_read::test_per_user_file_isolation ... ok
[INFO] [stdout] test append_and_read::test_malformed_line_skipping ... ok
[INFO] [stdout] test append_and_read::test_logged_in_user_path ... ok
[INFO] [stdout] test subcommand::test_clear_with_force ... ok
[INFO] [stdout] test subcommand::test_search_case_insensitive ... ok
[INFO] [stdout] test subcommand::test_search_keyword_match ... ok
[INFO] [stdout] test subcommand::test_subcommand_reads_only_current_user_file ... ok
[INFO] [stdout] test subcommand::test_list_all ... ok
[INFO] [stdout] test subcommand::test_list_default_limit ... ok
[INFO] [stdout] test retention::test_and_combined_under_count_old_records ... ok
[INFO] [stdout] test retention::test_boundary_exactly_at_cap ... ok
[INFO] [stdout] test retention::test_and_combined_over_count_no_old_records ... ok
[INFO] [stdout] test retention::test_cross_user_file_isolation_during_cleanup ... ok
[INFO] [stdout] test retention::test_and_combined_over_count_with_old_records ... ok
[INFO] [stdout] 
[INFO] [stdout] test result: ok. 17 passed; 0 failed; 0 ignored; 0 measured; 0 filtered out; finished in 0.27s
[INFO] [stdout] 
[INFO] [stderr]      Running tests/test_history_redaction.rs (/opt/rustwide/target/release/deps/test_history_redaction-131d92d0cd31c3c1)
[INFO] [stdout] 
[INFO] [stdout] running 4 tests
[INFO] [stdout] test redacts_external_id_space_form ... ok
[INFO] [stdout] test redacts_external_id_equals_form ... ok
[INFO] [stdout] test role_arn_is_not_redacted ... ok
[INFO] [stdout] test still_redacts_preexisting_sensitive_flags ... ok
[INFO] [stdout] 
[INFO] [stderr]      Running tests/test_import_target_scope.rs (/opt/rustwide/target/release/deps/test_import_target_scope-955a8d248c4b6353)
[INFO] [stdout] test result: ok. 4 passed; 0 failed; 0 ignored; 0 measured; 0 filtered out; finished in 0.00s
[INFO] [stdout] 
[INFO] [stdout] 
[INFO] [stdout] running 7 tests
[INFO] [stdout] test import_scope_accepts_cluster_id_only ... ok
[INFO] [stdout] test import_scope_ignores_other_resources ... ok
[INFO] [stdout] test import_scope_accepts_project_and_region ... ok
[INFO] [stdout] test import_scope_rejects_neither ... ok
[INFO] [stdout] test import_scope_treats_empty_string_as_absent ... ok
[INFO] [stdout] test import_scope_rejects_project_only ... ok
[INFO] [stdout] test import_scope_rejects_region_only ... ok
[INFO] [stdout] 
[INFO] [stdout] test result: ok. 7 passed; 0 failed; 0 ignored; 0 measured; 0 filtered out; finished in 0.00s
[INFO] [stdout] 
[INFO] [stderr]      Running tests/test_loader_unit.rs (/opt/rustwide/target/release/deps/test_loader_unit-887c3c6c88d06d1a)
[INFO] [stdout] 
[INFO] [stdout] running 1 test
[INFO] [stdout] test test_load_builtin_models ... ok
[INFO] [stdout] 
[INFO] [stdout] test result: ok. 1 passed; 0 failed; 0 ignored; 0 measured; 0 filtered out; finished in 0.00s
[INFO] [stdout] 
[INFO] [stderr]      Running tests/test_metrics.rs (/opt/rustwide/target/release/deps/test_metrics-f82904314f41ee6f)
[INFO] [stdout] 
[INFO] [stdout] running 15 tests
[INFO] [stdout] test test_chart_renderer_contains_summary_and_body ... ok
[INFO] [stdout] test test_build_request_body_cluster_scope_no_collection_field ... ok
[INFO] [stdout] test test_chart_renderer_empty_results_matches_legacy_message ... ok
[INFO] [stdout] test test_format_metric_value ... ok
[INFO] [stdout] test test_build_request_body_collection_scope ... ok
[INFO] [stdout] test test_default_granularity ... ok
[INFO] [stdout] test test_chart_renderer_emits_no_ansi_when_color_disabled ... ok
[INFO] [stdout] test test_build_request_body_rejects_cluster_metric_under_collection ... ok
[INFO] [stdout] test test_chart_renderer_narrow_width_falls_back_to_sparkline ... ok
[INFO] [stdout] test test_format_timestamp ... ok
[INFO] [stdout] test test_resolve_metric_hybrid_search_aliases ... ok
[INFO] [stdout] test test_normalize_timestamp ... ok
[INFO] [stdout] test test_resolve_metric ... ok
[INFO] [stdout] test test_human_to_iso_duration ... ok
[INFO] [stderr]      Running tests/test_model.rs (/opt/rustwide/target/release/deps/test_model-07fa66d13863663d)
[INFO] [stdout] test test_resolve_metric_scope_collection_rejects_cluster_only ... ok
[INFO] [stdout] 
[INFO] [stdout] test result: ok. 15 passed; 0 failed; 0 ignored; 0 measured; 0 filtered out; finished in 0.01s
[INFO] [stdout] 
[INFO] [stdout] 
[INFO] [stdout] running 8 tests
[INFO] [stdout] test model_parsing::test_operation_params ... ok
[INFO] [stdout] test model_parsing::test_resource_operations ... ok
[INFO] [stdout] test model_parsing::test_parse_from_dict ... ok
[INFO] [stdout] test model_parsing::test_param_defaults ... ok
[INFO] [stdout] test model_parsing::test_cli_flag ... ok
[INFO] [stdout] test model_parsing::test_operation_body_param ... ok
[INFO] [stdout] test model_parsing::test_operation_http ... ok
[INFO] [stderr]      Running tests/test_model_loader.rs (/opt/rustwide/target/release/deps/test_model_loader-adc994bfd92a571b)
[INFO] [stdout] test model_parsing::test_output_data_field ... ok
[INFO] [stdout] 
[INFO] [stdout] test result: ok. 8 passed; 0 failed; 0 ignored; 0 measured; 0 filtered out; finished in 0.00s
[INFO] [stdout] 
[INFO] [stdout] 
[INFO] [stdout] running 23 tests
[INFO] [stdout] test control_plane::test_load_control_plane ... ok
[INFO] [stdout] test control_plane::test_project_operations ... ok
[INFO] [stdout] test control_plane::test_import_operations ... ok
[INFO] [stdout] test control_plane::test_cluster_operations ... ok
[INFO] [stdout] test control_plane::test_auth_config_present ... ok
[INFO] [stdout] test control_plane::test_backup_operations ... ok
[INFO] [stdout] test control_plane::test_project_upgrade_uses_patch ... ok
[INFO] [stdout] test data_plane::test_alias_operations ... ok
[INFO] [stdout] test control_plane::test_project_delete_uses_delete_with_project_path ... ok
[INFO] [stdout] test control_plane::test_backup_describe_has_two_path_params ... ok
[INFO] [stdout] test data_plane::test_hybrid_search_has_array_and_object_params ... ok
[INFO] [stdout] test data_plane::test_collection_create_has_body_param ... ok
[INFO] [stdout] test data_plane::test_collection_operations ... ok
[INFO] [stdout] test data_plane::test_database_operations ... ok
[INFO] [stdout] test data_plane::test_partition_operations ... ok
[INFO] [stdout] test data_plane::test_load_data_plane ... ok
[INFO] [stdout] test data_plane::test_on_demand_cluster_uses_on_demand_paths ... ok
[INFO] [stdout] test data_plane::test_privatelink_uses_private_endpoint_paths ... ok
[INFO] [stdout] test data_plane::test_role_operations ... ok
[INFO] [stdout] test data_plane::test_user_operations ... ok
[INFO] [stdout] test data_plane::test_index_operations ... ok
[INFO] [stdout] test data_plane::test_hybrid_search_has_body_param ... ok
[INFO] [stdout] test data_plane::test_vector_operations ... ok
[INFO] [stdout] 
[INFO] [stdout] test result: ok. 23 passed; 0 failed; 0 ignored; 0 measured; 0 filtered out; finished in 0.02s
[INFO] [stdout] 
[INFO] [stderr]      Running tests/test_new_commands.rs (/opt/rustwide/target/release/deps/test_new_commands-9ecd74b2b757591d)
[INFO] [stdout] 
[INFO] [stdout] running 1 test
[INFO] [stdout] test test_global_flags ... ok
[INFO] [stdout] 
[INFO] [stdout] test result: ok. 1 passed; 0 failed; 0 ignored; 0 measured; 0 filtered out; finished in 0.00s
[INFO] [stdout] 
[INFO] [stderr]      Running tests/test_quickstart.rs (/opt/rustwide/target/release/deps/test_quickstart-fe0ae0ceb6bdc4a1)
[INFO] [stdout] 
[INFO] [stdout] running 3 tests
[INFO] [stdout] test cheatsheet_contains_required_sections ... ok
[INFO] [stdout] test non_interactive_when_flag_set ... ok
[INFO] [stdout] test cheatsheet_uses_only_placeholders ... ok
[INFO] [stdout] 
[INFO] [stdout] test result: ok. 3 passed; 0 failed; 0 ignored; 0 measured; 0 filtered out; finished in 0.00s
[INFO] [stdout] 
[INFO] [stderr]      Running tests/test_region_filter.rs (/opt/rustwide/target/release/deps/test_region_filter-281505fc3374aeb4)
[INFO] [stdout] 
[INFO] [stdout] running 4 tests
[INFO] [stdout] test case_insensitive ... ok
[INFO] [stdout] test empty_array_excludes ... ok
[INFO] [stdout] test matches_when_type_present ... ok
[INFO] [stdout] test missing_field_falls_back_to_supported ... ok
[INFO] [stdout] 
[INFO] [stdout] test result: ok. 4 passed; 0 failed; 0 ignored; 0 measured; 0 filtered out; finished in 0.00s
[INFO] [stderr]      Running tests/test_storage_integration.rs (/opt/rustwide/target/release/deps/test_storage_integration-8f1a64095325fda0)
[INFO] [stdout] 
[INFO] [stdout] 
[INFO] [stdout] running 5 tests
[INFO] [stdout] test describe_and_delete_route_integration_id_to_path ... ok
[INFO] [stdout] test list_sends_filters_as_query ... ok
[INFO] [stdout] test create_composes_aws_cred_and_consumes_flat_keys ... ok
[INFO] [stdout] test create_without_creds_omits_external_cred ... ok
[INFO] [stdout] test resource_exposes_six_operations ... ok
[INFO] [stdout] 
[INFO] [stdout] test result: ok. 5 passed; 0 failed; 0 ignored; 0 measured; 0 filtered out; finished in 0.00s
[INFO] [stdout] 
[INFO] [stderr]      Running tests/test_tui_home.rs (/opt/rustwide/target/release/deps/test_tui_home-cc9dc446039c2cbb)
[INFO] [stdout] 
[INFO] [stdout] running 41 tests
[INFO] [stdout] test api_key_focus_cycles_with_tab ... ok
[INFO] [stdout] test api_key_submit_signs_in_and_returns_home ... ok
[INFO] [stdout] test api_key_empty_submit_shows_error ... ok
[INFO] [stdout] test api_key_ctrl_h_toggles_visibility ... ok
[INFO] [stdout] test cancellation_token_flips ... ok
[INFO] [stdout] test api_key_typing_appends_to_buffer ... ok
[INFO] [stdout] test header_left_zone_for_api_key ... ok
[INFO] [stdout] test home_l_does_not_start_signin_wizard_when_signed_in ... ok
[INFO] [stdout] test home_1_starts_wizard_when_signed_out ... ok
[INFO] [stdout] test header_left_zone_for_signed_out ... ok
[INFO] [stdout] test header_left_zone_for_auth0 ... ok
[INFO] [stdout] test home_q_quits ... ok
[INFO] [stdout] test home_question_pushes_help ... ok
[INFO] [stdout] test header_right_zone_has_version ... ok
[INFO] [stdout] test home_l_when_signed_in_opens_logout_confirm ... ok
[INFO] [stdout] test mask_api_key_short_keys_use_stars ... ok
[INFO] [stdout] test logout_y_confirms_and_signs_out ... ok
[INFO] [stdout] test logout_enter_also_confirms ... ok
[INFO] [stdout] test mask_api_key_long_keys_show_prefix_and_suffix ... ok
[INFO] [stdout] test method_b_goes_back_to_region ... ok
[INFO] [stdout] test logout_esc_cancels ... ok
[INFO] [stdout] test method_esc_cancels_to_home ... ok
[INFO] [stdout] test region_derives_from_endpoint ... ok
[INFO] [stdout] test method_2_goes_to_api_key ... ok
[INFO] [stdout] test region_china_skips_method_step ... ok
[INFO] [stdout] test region_esc_cancels_back_to_home ... ok
[INFO] [stdout] test logout_n_cancels ... ok
[INFO] [stdout] test region_global_advances_to_method ... ok
[INFO] [stdout] test signed_in_when_api_key_present ... ok
[INFO] [stdout] test signed_in_api_key_method_when_no_user_section ... ok
[INFO] [stdout] test signed_out_when_no_credentials ... ok
[INFO] [stdout] test signed_in_auth0_method_detected_from_user_section ... ok
[INFO] [stdout] test status_hints_for_region_screen ... ok
[INFO] [stdout] test signed_in_home_renders_dashboard_cards ... ok
[INFO] [stdout] test raw_api_key_never_appears_in_rendered_output ... ok
[INFO] [stdout] test status_hints_for_signed_in_home ... ok
[INFO] [stdout] test signed_out_home_still_shows_big_logo ... ok
[INFO] [stdout] test status_bar_indicator_for_api_key_uses_masked_form ... ok
[INFO] [stdout] test status_hints_for_signed_out_home ... ok
[INFO] [stdout] test status_bar_indicator_for_auth0_is_rich ... ok
[INFO] [stdout] test signed_in_home_omits_big_logo_glyphs ... ok
[INFO] [stdout] 
[INFO] [stdout] test result: ok. 41 passed; 0 failed; 0 ignored; 0 measured; 0 filtered out; finished in 0.02s
[INFO] [stdout] 
[INFO] [stderr]      Running tests/test_tui_home_counts.rs (/opt/rustwide/target/release/deps/test_tui_home_counts-662d4884c51af0d2)
[INFO] [stdout] 
[INFO] [stdout] running 13 tests
[INFO] [stdout] test billing_loaded_message_updates_cell ... ok
[INFO] [stdout] test both_counts_loaded_clears_task_handle ... ok
[INFO] [stdout] test billing_failure_does_not_trigger_any_failed ... ok
[INFO] [stdout] test pending_count_clears_only_after_all_seven_messages ... ok
[INFO] [stdout] test task_handle_not_dropped_until_all_seven_fields_terminal ... ok
[INFO] [stdout] test import_jobs_failure_renders_placeholder_and_hint ... ok
[INFO] [stdout] test task_handle_not_dropped_until_clusters_terminal ... ok
[INFO] [stdout] test projects_loaded_message_updates_cell ... ok
[INFO] [stdout] test usage_loaded_message_updates_cell ... ok
[INFO] [stdout] test volumes_and_backups_loaded_messages_update_cells ... ok
[INFO] [stdout] test any_failed_returns_true_when_only_clusters_failed ... ok
[INFO] [stdout] test clusters_loaded_message_updates_cell ... ok
[INFO] [stdout] test signed_in_home_starts_in_loading_state ... ok
[INFO] [stdout] 
[INFO] [stdout] test result: ok. 13 passed; 0 failed; 0 ignored; 0 measured; 0 filtered out; finished in 0.01s
[INFO] [stdout] 
[INFO] [stderr]      Running tests/test_uninstall.rs (/opt/rustwide/target/release/deps/test_uninstall-82c32a4afc4e8569)
[INFO] [stdout] 
[INFO] [stdout] running 6 tests
[INFO] [stdout] test yes_removes_binary_and_alias ... FAILED
[INFO] [stdout] test non_interactive_without_yes_refuses ... ok
[INFO] [stdout] test missing_alias_is_not_an_error ... ok
[INFO] [stdout] test purge_removes_config_dir ... ok
[INFO] [stdout] test cargo_style_both_real_binaries ... ok
[INFO] [stdout] test removes_binaries_across_known_install_dirs ... ok
[INFO] [stdout] 
[INFO] [stdout] failures:
[INFO] [stdout] 
[INFO] [stdout] ---- yes_removes_binary_and_alias stdout ----
[INFO] [stdout] 
[INFO] [stdout] thread 'yes_removes_binary_and_alias' (5657) panicked at tests/test_uninstall.rs:65:18:
[INFO] [stdout] spawn uninstall: Os { code: 26, kind: ExecutableFileBusy, message: "Text file busy" }
[INFO] [stdout] stack backtrace:
[INFO] [stdout]    0:     0x5b673e7661b1 - <<std[70759c8f55707aa4]::sys::backtrace::BacktraceLock>::print::DisplayBacktrace as core[df12db4294e9bfd3]::fmt::Display>::fmt
[INFO] [stdout]    1:     0x5b673e77a7ea - core[df12db4294e9bfd3]::fmt::write
[INFO] [stdout]    2:     0x5b673e76a8cc - <alloc[2182bb758b4b3781]::vec::Vec<u8> as core[df12db4294e9bfd3]::io::write::Write>::write_fmt
[INFO] [stdout]    3:     0x5b673e73fec6 - std[70759c8f55707aa4]::panicking::default_hook::{closure#0}
[INFO] [stdout]    4:     0x5b673e75d039 - std[70759c8f55707aa4]::panicking::default_hook
[INFO] [stdout]    5:     0x5b673e6f8270 - test[9d35eded1c95d3be]::test_main_inner::<test[9d35eded1c95d3be]::test_main_static::{closure#0}>::{closure#0}
[INFO] [stdout]    6:     0x5b673e75d1f2 - std[70759c8f55707aa4]::panicking::panic_with_hook
[INFO] [stdout]    7:     0x5b673e73ff72 - std[70759c8f55707aa4]::panicking::panic_handler::{closure#0}
[INFO] [stdout]    8:     0x5b673e738b79 - std[70759c8f55707aa4]::sys::backtrace::__rust_end_short_backtrace::<std[70759c8f55707aa4]::panicking::panic_handler::{closure#0}, !>
[INFO] [stdout]    9:     0x5b673e740c5d - __rustc[8fa7c3cbc660c2b3]::rust_begin_unwind
[INFO] [stdout]   10:     0x5b673e77af1c - core[df12db4294e9bfd3]::panicking::panic_fmt
[INFO] [stdout]   11:     0x5b673e77acf2 - core[df12db4294e9bfd3]::result::unwrap_failed
[INFO] [stdout]   12:     0x5b673e6e68dd - test_uninstall[1a693f8ba8beb7b6]::run_uninstall
[INFO] [stdout]   13:     0x5b673e6e7df1 - <test_uninstall[1a693f8ba8beb7b6]::yes_removes_binary_and_alias::{closure#0} as core[df12db4294e9bfd3]::ops::function::FnOnce<()>>::call_once
[INFO] [stdout]   14:     0x5b673e6eb55b - test[9d35eded1c95d3be]::__rust_begin_short_backtrace::<core[df12db4294e9bfd3]::result::Result<(), alloc[2182bb758b4b3781]::string::String>, fn() -> core[df12db4294e9bfd3]::result::Result<(), alloc[2182bb758b4b3781]::string::String>>
[INFO] [stdout]   15:     0x5b673e6f8bc5 - test[9d35eded1c95d3be]::run_test::{closure#0}
[INFO] [stdout]   16:     0x5b673e6f2484 - std[70759c8f55707aa4]::sys::backtrace::__rust_begin_short_backtrace::<test[9d35eded1c95d3be]::run_test::{closure#1}, ()>
[INFO] [stdout]   17:     0x5b673e6fbd22 - <std[70759c8f55707aa4]::thread::lifecycle::spawn_unchecked<test[9d35eded1c95d3be]::run_test::{closure#1}, ()>::{closure#1} as core[df12db4294e9bfd3]::ops::function::FnOnce<()>>::call_once::{shim:vtable#0}
[INFO] [stdout]   18:     0x5b673e7657d9 - <std[70759c8f55707aa4]::sys::thread::unix::Thread>::new::thread_start
[INFO] [stdout]   19:     0x704659de7dfa - <unknown>
[INFO] [stdout]   20:     0x704659e7b3d4 - clone
[INFO] [stdout]   21:                0x0 - <unknown>
[INFO] [stdout] 
[INFO] [stdout] 
[INFO] [stderr] error: test failed, to rerun pass `--test test_uninstall`
[INFO] [stdout] failures:
[INFO] [stdout]     yes_removes_binary_and_alias
[INFO] [stdout] 
[INFO] [stdout] test result: FAILED. 5 passed; 1 failed; 0 ignored; 0 measured; 0 filtered out; finished in 0.07s
[INFO] [stdout] 
[INFO] running `Command { std: "docker" "inspect" "8dfc7b1d2b889650f54aa060abc86579f738a91382c50b28ec199bcfd5c66298", kill_on_drop: false }`
[INFO] running `Command { std: "docker" "rm" "-f" "8dfc7b1d2b889650f54aa060abc86579f738a91382c50b28ec199bcfd5c66298", kill_on_drop: false }`
[INFO] [stdout] 8dfc7b1d2b889650f54aa060abc86579f738a91382c50b28ec199bcfd5c66298
