[INFO] fetching crate zhold 0.0.2...
[INFO] testing zhold-0.0.2 against 1.99.0-beta.8+cargoflags=--release for beta-release-1.100-2
[INFO] extracting crate zhold 0.0.2 into /workspace/builds/worker-2-tc1/source
[INFO] started tweaking crates.io crate zhold 0.0.2
[INFO] removed 0 missing tests
[INFO] finished tweaking crates.io crate zhold 0.0.2
[INFO] tweaked toml for crates.io crate zhold 0.0.2 written to /workspace/builds/worker-2-tc1/source/Cargo.toml
[INFO] validating manifest of crates.io crate zhold 0.0.2 on toolchain 1.99.0-beta.8
[INFO] running `Command { std: CARGO_HOME="/workspace/cargo-home" RUSTUP_HOME="/workspace/rustup-home" "/workspace/cargo-home/bin/cargo" "+1.99.0-beta.8" "metadata" "--manifest-path" "Cargo.toml" "--no-deps", kill_on_drop: false }`
[INFO] crate crates.io crate zhold 0.0.2 already has a lockfile, it will not be regenerated
[INFO] running `Command { std: CARGO_HOME="/workspace/cargo-home" RUSTUP_HOME="/workspace/rustup-home" "/workspace/cargo-home/bin/cargo" "+1.99.0-beta.8" "fetch" "--manifest-path" "Cargo.toml", kill_on_drop: false }`
[INFO] [stderr]     Blocking waiting for file lock on package cache
[INFO] [stderr]     Updating crates.io index
[INFO] [stderr]  Downloading crates ...
[INFO] [stderr]   Downloaded zhold-core v0.0.2
[INFO] [stderr]   Downloaded uuid v1.24.1
[INFO] [stderr]   Downloaded zhold-store v0.0.2
[INFO] running `Command { std: "docker" "create" "-v" "/var/lib/crater-agent-workspace/builds/worker-2-tc1/source:/opt/rustwide/workdir:ro,Z" "-v" "/var/lib/crater-agent-workspace/builds/worker-2-tc1/target:/opt/rustwide/target:rw,Z" "-v" "/var/lib/crater-agent-workspace/cargo-home:/opt/rustwide/cargo-home:ro,Z" "-v" "/var/lib/crater-agent-workspace/rustup-home:/opt/rustwide/rustup-home:ro,Z" "-m" "1610612736" "--network" "none" "ghcr.io/rust-lang/crates-build-env/linux@sha256:77db811e55d90add9212f6832c23229e3de5f1c1f9905e8cb07319ea15df73ac" "sleep" "infinity", kill_on_drop: false }`
[INFO] [stdout] f8070946eb48da94811cc6b0aa6f667c7ff2a00891b6482beb4c0997f4eb9551
[INFO] running `Command { std: "docker" "start" "f8070946eb48da94811cc6b0aa6f667c7ff2a00891b6482beb4c0997f4eb9551", kill_on_drop: false }`
[INFO] running `Command { std: "docker" "inspect" "f8070946eb48da94811cc6b0aa6f667c7ff2a00891b6482beb4c0997f4eb9551", kill_on_drop: false }`
[INFO] running `Command { std: "docker" "exec" "-e" "SOURCE_DIR=/opt/rustwide/workdir" "-e" "CARGO_HOME=/opt/rustwide/cargo-home" "-e" "RUSTUP_HOME=/opt/rustwide/rustup-home" "-e" "CARGO_TARGET_DIR=/opt/rustwide/target" "-w" "/opt/rustwide/workdir" "--user" "0:0" "f8070946eb48da94811cc6b0aa6f667c7ff2a00891b6482beb4c0997f4eb9551" "/opt/rustwide/cargo-home/bin/cargo" "+1.99.0-beta.8" "metadata" "--no-deps" "--format-version=1", kill_on_drop: false }`
[INFO] running `Command { std: "docker" "inspect" "f8070946eb48da94811cc6b0aa6f667c7ff2a00891b6482beb4c0997f4eb9551", kill_on_drop: false }`
[INFO] running `Command { std: "docker" "exec" "-e" "SOURCE_DIR=/opt/rustwide/workdir" "-e" "CARGO_HOME=/opt/rustwide/cargo-home" "-e" "RUSTUP_HOME=/opt/rustwide/rustup-home" "-e" "CARGO_TARGET_DIR=/opt/rustwide/target" "-e" "CARGO_INCREMENTAL=0" "-e" "RUST_BACKTRACE=full" "-e" "RUSTFLAGS=--cap-lints=warn" "-e" "RUSTDOCFLAGS=--cap-lints=warn" "-w" "/opt/rustwide/workdir" "--user" "0:0" "f8070946eb48da94811cc6b0aa6f667c7ff2a00891b6482beb4c0997f4eb9551" "/opt/rustwide/cargo-home/bin/cargo" "+1.99.0-beta.8" "build" "--frozen" "--message-format=json" "--release", kill_on_drop: false }`
[INFO] [stderr]    Compiling blake3 v1.8.6
[INFO] [stderr]    Compiling constant_time_eq v0.4.2
[INFO] [stderr]    Compiling nix v0.27.1
[INFO] [stderr]    Compiling serde_spanned v1.1.1
[INFO] [stderr]    Compiling toml_datetime v0.7.5+spec-1.1.0
[INFO] [stderr]    Compiling signal-hook v0.4.4
[INFO] [stderr]    Compiling toml_parser v1.1.3+spec-1.1.0
[INFO] [stderr]    Compiling serde v1.0.229
[INFO] [stderr]    Compiling getrandom v0.4.3
[INFO] [stderr]    Compiling toml_writer v1.1.2+spec-1.1.0
[INFO] [stderr]    Compiling winnow v0.7.15
[INFO] [stderr]    Compiling clap_derive v4.6.4
[INFO] [stderr]    Compiling serde_json v1.0.151
[INFO] [stderr]    Compiling clap_builder v4.6.6
[INFO] [stderr]    Compiling fs2 v0.4.3
[INFO] [stderr]    Compiling uuid v1.24.1
[INFO] [stderr]    Compiling zhold-core v0.0.2
[INFO] [stderr]    Compiling clap v4.6.6
[INFO] [stderr]    Compiling toml v0.9.12+spec-1.1.0
[INFO] [stderr]    Compiling command-group v5.0.1
[INFO] [stderr]    Compiling zhold-store v0.0.2
[INFO] [stderr]    Compiling zhold v0.0.2 (/opt/rustwide/workdir)
[INFO] [stderr]     Finished `release` profile [optimized] target(s) in 35.41s
[INFO] running `Command { std: "docker" "inspect" "f8070946eb48da94811cc6b0aa6f667c7ff2a00891b6482beb4c0997f4eb9551", kill_on_drop: false }`
[INFO] running `Command { std: "docker" "exec" "-e" "SOURCE_DIR=/opt/rustwide/workdir" "-e" "CARGO_HOME=/opt/rustwide/cargo-home" "-e" "RUSTUP_HOME=/opt/rustwide/rustup-home" "-e" "CARGO_TARGET_DIR=/opt/rustwide/target" "-e" "CARGO_INCREMENTAL=0" "-e" "RUST_BACKTRACE=full" "-e" "RUSTFLAGS=--cap-lints=warn" "-e" "RUSTDOCFLAGS=--cap-lints=warn" "-w" "/opt/rustwide/workdir" "--user" "0:0" "f8070946eb48da94811cc6b0aa6f667c7ff2a00891b6482beb4c0997f4eb9551" "/opt/rustwide/cargo-home/bin/cargo" "+1.99.0-beta.8" "test" "--frozen" "--no-run" "--message-format=json" "--release", kill_on_drop: false }`
[INFO] [stderr]    Compiling cfg_aliases v0.1.1
[INFO] [stderr]    Compiling syn v2.0.119
[INFO] [stderr]    Compiling nix v0.27.1
[INFO] [stderr]    Compiling serial2 v0.2.38
[INFO] [stderr]    Compiling shell-words v1.1.1
[INFO] [stderr]    Compiling tempfile v3.27.0
[INFO] [stderr]    Compiling nix v0.28.0
[INFO] [stderr]    Compiling thiserror-impl v1.0.69
[INFO] [stderr]    Compiling zhold-store v0.0.2
[INFO] [stderr]    Compiling command-group v5.0.1
[INFO] [stderr]    Compiling thiserror v1.0.69
[INFO] [stderr]    Compiling filedescriptor v0.8.3
[INFO] [stderr]    Compiling portable-pty v0.9.0
[INFO] [stderr]    Compiling zhold v0.0.2 (/opt/rustwide/workdir)
[INFO] [stderr]     Finished `release` profile [optimized] target(s) in 33.04s
[INFO] running `Command { std: "docker" "inspect" "f8070946eb48da94811cc6b0aa6f667c7ff2a00891b6482beb4c0997f4eb9551", kill_on_drop: false }`
[INFO] running `Command { std: "docker" "exec" "-e" "SOURCE_DIR=/opt/rustwide/workdir" "-e" "CARGO_HOME=/opt/rustwide/cargo-home" "-e" "RUSTUP_HOME=/opt/rustwide/rustup-home" "-e" "CARGO_TARGET_DIR=/opt/rustwide/target" "-e" "CARGO_INCREMENTAL=0" "-e" "RUST_BACKTRACE=full" "-e" "RUSTFLAGS=--cap-lints=warn" "-e" "RUSTDOCFLAGS=--cap-lints=warn" "-w" "/opt/rustwide/workdir" "--user" "0:0" "f8070946eb48da94811cc6b0aa6f667c7ff2a00891b6482beb4c0997f4eb9551" "/opt/rustwide/cargo-home/bin/cargo" "+1.99.0-beta.8" "test" "--frozen" "--release", kill_on_drop: false }`
[INFO] [stderr]     Finished `release` profile [optimized] target(s) in 0.12s
[INFO] [stderr]      Running unittests src/lib.rs (/opt/rustwide/target/release/deps/zhold-417cdb7e6eb2f407)
[INFO] [stdout] 
[INFO] [stdout] running 17 tests
[INFO] [stdout] test app::args_test::accepts_the_separator_for_shell_familiarity ... ok
[INFO] [stdout] test app::args_test::global_budget_is_accepted_after_gc ... ok
[INFO] [stdout] test app::args_test::no_command_selects_status_at_dispatch_time ... ok
[INFO] [stdout] test app::duration_test::parses_pin_duration_units ... ok
[INFO] [stdout] test app::args_test::parses_persistent_setup_defaults ... ok
[INFO] [stdout] test app::duration_test::rejects_zero_missing_and_overflowing_durations ... ok
[INFO] [stdout] test app::args_test::configured_budget_remains_global_to_gc ... ok
[INFO] [stdout] test command::cargo_test::cleanup_proof_controls_post_spawn_disposition ... ok
[INFO] [stdout] test app::args_test::parses_expiring_pins_and_trash_only_gc ... ok
[INFO] [stdout] test command::selector_test::rejects_short_or_ambiguous_prefixes ... ok
[INFO] [stdout] test command::selector_test::resolves_the_prefix_printed_by_status ... ok
[INFO] [stdout] test command::cargo_test::wait_failure_requires_cleanup_proof ... ok
[INFO] [stdout] test app::args_test::suspect_recovery_requires_process_termination_confirmation ... ok
[INFO] [stdout] test command::cargo_test::pre_spawn_failure_never_claims_cleanup_proof ... ok
[INFO] [stdout] test app::args_test::parses_cargo_without_a_separator ... ok
[INFO] [stdout] test app::args_test::parses_build_safety_limits ... ok
[INFO] [stdout] test app::args_test::parses_the_short_gc_command ... ok
[INFO] [stdout] 
[INFO] [stdout] test result: ok. 17 passed; 0 failed; 0 ignored; 0 measured; 0 filtered out; finished in 0.02s
[INFO] [stdout] 
[INFO] [stdout] 
[INFO] [stderr]      Running unittests src/main.rs (/opt/rustwide/target/release/deps/zhold-27ab36853543dfed)
[INFO] [stdout] running 0 tests
[INFO] [stderr]      Running tests/build_directory_test.rs (/opt/rustwide/target/release/deps/build_directory_test-919207a92a3c17af)
[INFO] [stdout] 
[INFO] [stdout] test result: ok. 0 passed; 0 failed; 0 ignored; 0 measured; 0 filtered out; finished in 0.00s
[INFO] [stdout] 
[INFO] [stdout] 
[INFO] [stdout] running 2 tests
[INFO] [stdout] test inherited_build_directory_is_rejected_before_cargo_starts ... ok
[INFO] [stderr]      Running tests/cargo_json_test.rs (/opt/rustwide/target/release/deps/cargo_json_test-236ee5ceea878172)
[INFO] [stdout] test managed_directory_overrides_every_cargo_configuration_source ... ok
[INFO] [stdout] 
[INFO] [stdout] test result: ok. 2 passed; 0 failed; 0 ignored; 0 measured; 0 filtered out; finished in 0.80s
[INFO] [stdout] 
[INFO] [stdout] 
[INFO] [stdout] running 4 tests
[INFO] [stdout] test cargo_json_events_are_filterable_from_shared_stderr ... ok
[INFO] [stdout] test finalization_failure_after_cargo_success_is_a_management_error ... ok
[INFO] [stdout] test post_build_collection_failure_after_cargo_success_is_a_management_error ... ok
[INFO] [stdout] test post_build_collection_restores_the_steady_state_budget ... ok
[INFO] [stdout] 
[INFO] [stdout] test result: ok. 4 passed; 0 failed; 0 ignored; 0 measured; 0 filtered out; finished in 1.20s
[INFO] [stdout] 
[INFO] [stderr]      Running tests/cargo_lifecycle_test.rs (/opt/rustwide/target/release/deps/cargo_lifecycle_test-bb7fe9be1fd46b95)
[INFO] [stdout] 
[INFO] [stdout] running 5 tests
[INFO] [stdout] test cargo_build_separates_intermediates_and_final_output ... FAILED
[INFO] [stdout] test short_gc_syntax_produces_a_non_mutating_plan ... ok
[INFO] [stdout] test bare_zhold_shows_status_and_printed_prefix_can_be_pinned ... ok
[INFO] [stdout] test child_failure_is_preserved_in_exit_status_and_manifest ... ok
[INFO] [stdout] test cargo_clean_leaves_an_inventoryable_and_retirable_arena ... FAILED
[INFO] [stdout] 
[INFO] [stdout] failures:
[INFO] [stdout] 
[INFO] [stdout] ---- cargo_build_separates_intermediates_and_final_output stdout ----
[INFO] [stdout] 
[INFO] [stdout] thread 'cargo_build_separates_intermediates_and_final_output' (1885) panicked at tests/cargo_lifecycle_test.rs:34:5:
[INFO] [stdout] assertion failed: final_binary(&project).is_file()
[INFO] [stdout] stack backtrace:
[INFO] [stdout]    0:     0x5d0836be0f71 - <<std[70759c8f55707aa4]::sys::backtrace::BacktraceLock>::print::DisplayBacktrace as core[df12db4294e9bfd3]::fmt::Display>::fmt
[INFO] [stdout]    1:     0x5d0836bf606a - core[df12db4294e9bfd3]::fmt::write
[INFO] [stdout]    2:     0x5d0836be576c - <alloc[2182bb758b4b3781]::vec::Vec<u8> as core[df12db4294e9bfd3]::io::write::Write>::write_fmt
[INFO] [stdout]    3:     0x5d0836bb9c06 - std[70759c8f55707aa4]::panicking::default_hook::{closure#0}
[INFO] [stdout]    4:     0x5d0836bd7f79 - std[70759c8f55707aa4]::panicking::default_hook
[INFO] [stdout]    5:     0x5d0836adcb80 - test[9d35eded1c95d3be]::test_main_inner::<test[9d35eded1c95d3be]::test_main_static::{closure#0}>::{closure#0}
[INFO] [stdout]    6:     0x5d0836bd8132 - std[70759c8f55707aa4]::panicking::panic_with_hook
[INFO] [stdout]    7:     0x5d0836bb9ce4 - std[70759c8f55707aa4]::panicking::panic_handler::{closure#0}
[INFO] [stdout]    8:     0x5d0836bb2619 - std[70759c8f55707aa4]::sys::backtrace::__rust_end_short_backtrace::<std[70759c8f55707aa4]::panicking::panic_handler::{closure#0}, !>
[INFO] [stdout]    9:     0x5d0836bbab4d - __rustc[8fa7c3cbc660c2b3]::rust_begin_unwind
[INFO] [stdout]   10:     0x5d0836bf679c - core[df12db4294e9bfd3]::panicking::panic_fmt
[INFO] [stdout]   11:     0x5d0836bf6762 - core[df12db4294e9bfd3]::panicking::panic
[INFO] [stdout]   12:     0x5d0836aca88d - <cargo_lifecycle_test[e0d4316b3da00c62]::cargo_build_separates_intermediates_and_final_output::{closure#0} as core[df12db4294e9bfd3]::ops::function::FnOnce<()>>::call_once
[INFO] [stdout]   13:     0x5d0836acfe6b - test[9d35eded1c95d3be]::__rust_begin_short_backtrace::<core[df12db4294e9bfd3]::result::Result<(), alloc[2182bb758b4b3781]::string::String>, fn() -> core[df12db4294e9bfd3]::result::Result<(), alloc[2182bb758b4b3781]::string::String>>
[INFO] [stdout]   14:     0x5d0836add4d5 - test[9d35eded1c95d3be]::run_test::{closure#0}
[INFO] [stdout]   15:     0x5d0836ad6d94 - std[70759c8f55707aa4]::sys::backtrace::__rust_begin_short_backtrace::<test[9d35eded1c95d3be]::run_test::{closure#1}, ()>
[INFO] [stdout]   16:     0x5d0836ae0632 - <std[70759c8f55707aa4]::thread::lifecycle::spawn_unchecked<test[9d35eded1c95d3be]::run_test::{closure#1}, ()>::{closure#1} as core[df12db4294e9bfd3]::ops::function::FnOnce<()>>::call_once::{shim:vtable#0}
[INFO] [stdout]   17:     0x5d0836be0339 - <std[70759c8f55707aa4]::sys::thread::unix::Thread>::new::thread_start
[INFO] [stdout]   18:     0x76bc52992dfa - <unknown>
[INFO] [stdout]   19:     0x76bc52a263d4 - clone
[INFO] [stdout]   20:                0x0 - <unknown>
[INFO] [stdout] 
[INFO] [stdout] ---- cargo_clean_leaves_an_inventoryable_and_retirable_arena stdout ----
[INFO] [stdout] Error: Os { code: 2, kind: NotFound, message: "No such file or directory" }
[INFO] [stdout] 
[INFO] [stdout] 
[INFO] [stdout] failures:
[INFO] [stdout]     cargo_build_separates_intermediates_and_final_output
[INFO] [stdout]     cargo_clean_leaves_an_inventoryable_and_retirable_arena
[INFO] [stdout] 
[INFO] [stdout] test result: FAILED. 3 passed; 2 failed; 0 ignored; 0 measured; 0 filtered out; finished in 5.94s
[INFO] [stdout] 
[INFO] [stderr] error: test failed, to rerun pass `--test cargo_lifecycle_test`
[INFO] running `Command { std: "docker" "inspect" "f8070946eb48da94811cc6b0aa6f667c7ff2a00891b6482beb4c0997f4eb9551", kill_on_drop: false }`
[INFO] running `Command { std: "docker" "rm" "-f" "f8070946eb48da94811cc6b0aa6f667c7ff2a00891b6482beb4c0997f4eb9551", kill_on_drop: false }`
[INFO] [stdout] f8070946eb48da94811cc6b0aa6f667c7ff2a00891b6482beb4c0997f4eb9551
