[INFO] fetching crate zfs-cmd-api 0.2.0...
[INFO] testing zfs-cmd-api-0.2.0 against 1.100.0-beta.1+cargoflags=--release for beta-release-1.100-2
[INFO] extracting crate zfs-cmd-api 0.2.0 into /workspace/builds/worker-7-tc2/source
[INFO] started tweaking crates.io crate zfs-cmd-api 0.2.0
[INFO] finished tweaking crates.io crate zfs-cmd-api 0.2.0
[INFO] tweaked toml for crates.io crate zfs-cmd-api 0.2.0 written to /workspace/builds/worker-7-tc2/source/Cargo.toml
[INFO] validating manifest of crates.io crate zfs-cmd-api 0.2.0 on toolchain 1.100.0-beta.1
[INFO] running `Command { std: CARGO_HOME="/workspace/cargo-home" RUSTUP_HOME="/workspace/rustup-home" "/workspace/cargo-home/bin/cargo" "+1.100.0-beta.1" "metadata" "--manifest-path" "Cargo.toml" "--no-deps", kill_on_drop: false }`
[INFO] running `Command { std: CARGO_HOME="/workspace/cargo-home" RUSTUP_HOME="/workspace/rustup-home" "/workspace/cargo-home/bin/cargo" "+1.100.0-beta.1" "generate-lockfile" "--manifest-path" "Cargo.toml", kill_on_drop: false }`
[INFO] [stderr]     Updating crates.io index
[INFO] [stderr]      Locking 25 packages to highest compatible versions
[INFO] [stderr]       Adding bitflags v1.3.2 (available: v2.13.2)
[INFO] [stderr]       Adding enumflags2 v0.6.4 (available: v0.7.12)
[INFO] [stderr]       Adding enumflags2_derive v0.6.4 (available: v0.7.12)
[INFO] [stderr]       Adding shell-words v0.1.0 (available: v1.1.1)
[INFO] running `Command { std: CARGO_HOME="/workspace/cargo-home" RUSTUP_HOME="/workspace/rustup-home" "/workspace/cargo-home/bin/cargo" "+1.100.0-beta.1" "fetch" "--manifest-path" "Cargo.toml", kill_on_drop: false }`
[INFO] running `Command { std: "docker" "create" "-v" "/var/lib/crater-agent-workspace/builds/worker-7-tc2/source:/opt/rustwide/workdir:ro,Z" "-v" "/var/lib/crater-agent-workspace/builds/worker-7-tc2/target:/opt/rustwide/target:rw,Z" "-v" "/var/lib/crater-agent-workspace/cargo-home:/opt/rustwide/cargo-home:ro,Z" "-v" "/var/lib/crater-agent-workspace/rustup-home:/opt/rustwide/rustup-home:ro,Z" "-m" "1610612736" "--network" "none" "ghcr.io/rust-lang/crates-build-env/linux@sha256:77db811e55d90add9212f6832c23229e3de5f1c1f9905e8cb07319ea15df73ac" "sleep" "infinity", kill_on_drop: false }`
[INFO] [stdout] f1e45bf521cba970a707e12b566537360aa2cd4a0e4c858be2140a57e9e46547
[INFO] running `Command { std: "docker" "start" "f1e45bf521cba970a707e12b566537360aa2cd4a0e4c858be2140a57e9e46547", kill_on_drop: false }`
[INFO] running `Command { std: "docker" "inspect" "f1e45bf521cba970a707e12b566537360aa2cd4a0e4c858be2140a57e9e46547", kill_on_drop: false }`
[INFO] running `Command { std: "docker" "exec" "-e" "SOURCE_DIR=/opt/rustwide/workdir" "-e" "CARGO_HOME=/opt/rustwide/cargo-home" "-e" "RUSTUP_HOME=/opt/rustwide/rustup-home" "-e" "CARGO_TARGET_DIR=/opt/rustwide/target" "-w" "/opt/rustwide/workdir" "--user" "0:0" "f1e45bf521cba970a707e12b566537360aa2cd4a0e4c858be2140a57e9e46547" "/opt/rustwide/cargo-home/bin/cargo" "+1.100.0-beta.1" "metadata" "--no-deps" "--format-version=1", kill_on_drop: false }`
[INFO] running `Command { std: "docker" "inspect" "f1e45bf521cba970a707e12b566537360aa2cd4a0e4c858be2140a57e9e46547", kill_on_drop: false }`
[INFO] running `Command { std: "docker" "exec" "-e" "SOURCE_DIR=/opt/rustwide/workdir" "-e" "CARGO_HOME=/opt/rustwide/cargo-home" "-e" "RUSTUP_HOME=/opt/rustwide/rustup-home" "-e" "CARGO_TARGET_DIR=/opt/rustwide/target" "-e" "CARGO_INCREMENTAL=0" "-e" "RUST_BACKTRACE=full" "-e" "RUSTFLAGS=--cap-lints=warn" "-e" "RUSTDOCFLAGS=--cap-lints=warn" "-w" "/opt/rustwide/workdir" "--user" "0:0" "f1e45bf521cba970a707e12b566537360aa2cd4a0e4c858be2140a57e9e46547" "/opt/rustwide/cargo-home/bin/cargo" "+1.100.0-beta.1" "build" "--frozen" "--message-format=json" "--release", kill_on_drop: false }`
[INFO] [stderr]    Compiling object v0.37.3
[INFO] [stderr]    Compiling memchr v2.8.3
[INFO] [stderr]    Compiling gimli v0.32.3
[INFO] [stderr]    Compiling rustc-demangle v0.1.28
[INFO] [stderr]    Compiling fmt-extra v0.2.1
[INFO] [stderr]    Compiling shell-words v0.1.0
[INFO] [stderr]    Compiling miniz_oxide v0.8.9
[INFO] [stderr]    Compiling syn v1.0.109
[INFO] [stderr]    Compiling synstructure v0.12.6
[INFO] [stderr]    Compiling enumflags2_derive v0.6.4
[INFO] [stderr]    Compiling failure_derive v0.1.8
[INFO] [stderr]    Compiling enumflags2 v0.6.4
[INFO] [stderr]    Compiling addr2line v0.25.1
[INFO] [stderr]    Compiling backtrace v0.3.76
[INFO] [stderr]    Compiling failure v0.1.8
[INFO] [stderr]    Compiling zfs-cmd-api v0.2.0 (/opt/rustwide/workdir)
[INFO] [stdout] warning: fields `status` and `cmd` are never read
[INFO] [stdout]   --> src/lib.rs:30:5
[INFO] [stdout]    |
[INFO] [stdout] 29 | pub struct CmdInfo {
[INFO] [stdout]    |            ------- fields in this struct
[INFO] [stdout] 30 |     status: process::ExitStatus,
[INFO] [stdout]    |     ^^^^^^
[INFO] [stdout] 31 |     stderr: String,
[INFO] [stdout] 32 |     cmd: String,
[INFO] [stdout]    |     ^^^
[INFO] [stdout]    |
[INFO] [stdout]    = note: `CmdInfo` has a derived impl for the trait `Debug`, but this is intentionally ignored during dead code analysis
[INFO] [stdout]    = note: `#[warn(dead_code)]` (part of `#[warn(unused)]`) on by default
[INFO] [stdout] 
[INFO] [stdout] 
[INFO] [stdout] warning: non-local `impl` definition, `impl` blocks should be written at the same level as their item
[INFO] [stdout]   --> src/lib.rs:36:16
[INFO] [stdout]    |
[INFO] [stdout] 36 | #[derive(Debug,Fail)]
[INFO] [stdout]    |                ^---
[INFO] [stdout]    |                |
[INFO] [stdout]    |                `Fail` is not local
[INFO] [stdout]    |                move the `impl` block outside of this constant `_DERIVE_failure_Fail_FOR_ZfsError`
[INFO] [stdout] 37 | pub enum ZfsError {
[INFO] [stdout]    |          -------- `ZfsError` is not local
[INFO] [stdout]    |
[INFO] [stdout]    = note: the derive macro `Fail` defines the non-local `impl`, and may need to be changed
[INFO] [stdout]    = note: the derive macro `Fail` may come from an old version of the `failure_derive` crate, try updating your dependency with `cargo update -p failure_derive`
[INFO] [stdout]    = note: an `impl` is never scoped, even when it is nested inside an item, as it may impact type checking outside of that item, which can be the case if neither the trait or the self type are at the same nesting level as the `impl`
[INFO] [stdout]    = note: items in an anonymous const item (`const _: () = { ... }`) are treated as in the same scope as the anonymous const's declaration for the purpose of this lint
[INFO] [stdout]    = note: `#[warn(non_local_definitions)]` on by default
[INFO] [stdout]    = note: this warning originates in the derive macro `Fail` (in Nightly builds, run with -Z macro-backtrace for more info)
[INFO] [stdout] 
[INFO] [stdout] 
[INFO] [stdout] warning: non-local `impl` definition, `impl` blocks should be written at the same level as their item
[INFO] [stdout]   --> src/lib.rs:36:16
[INFO] [stdout]    |
[INFO] [stdout] 36 | #[derive(Debug,Fail)]
[INFO] [stdout]    |                ^---
[INFO] [stdout]    |                |
[INFO] [stdout]    |                `Display` is not local
[INFO] [stdout]    |                move the `impl` block outside of this constant `_DERIVE_failure_core_fmt_Display_FOR_ZfsError`
[INFO] [stdout] 37 | pub enum ZfsError {
[INFO] [stdout]    |          -------- `ZfsError` is not local
[INFO] [stdout]    |
[INFO] [stdout]    = note: the derive macro `Fail` defines the non-local `impl`, and may need to be changed
[INFO] [stdout]    = note: the derive macro `Fail` may come from an old version of the `failure_derive` crate, try updating your dependency with `cargo update -p failure_derive`
[INFO] [stdout]    = note: an `impl` is never scoped, even when it is nested inside an item, as it may impact type checking outside of that item, which can be the case if neither the trait or the self type are at the same nesting level as the `impl`
[INFO] [stdout]    = note: items in an anonymous const item (`const _: () = { ... }`) are treated as in the same scope as the anonymous const's declaration for the purpose of this lint
[INFO] [stdout]    = note: this warning originates in the derive macro `Fail` (in Nightly builds, run with -Z macro-backtrace for more info)
[INFO] [stdout] 
[INFO] [stdout] 
[INFO] [stderr] warning: unused dependency `bitflags`
[INFO] [stderr]  --> Cargo.toml:1:15
[INFO] [stderr]   |
[INFO] [stderr] 1 | [dependencies.bitflags]
[INFO] [stderr]   |               ^^^^^^^^^
[INFO] [stderr]   |
[INFO] [stderr]   = note: `cargo::unused_dependencies` is set to `warn` by default
[INFO] [stderr] help: consider removing the dependency on `bitflags`
[INFO] [stderr] warning: `zfs-cmd-api` (manifest) generated 1 warning
[INFO] [stderr]     Finished `release` profile [optimized] target(s) in 9.99s
[INFO] running `Command { std: "docker" "inspect" "f1e45bf521cba970a707e12b566537360aa2cd4a0e4c858be2140a57e9e46547", kill_on_drop: false }`
[INFO] running `Command { std: "docker" "exec" "-e" "SOURCE_DIR=/opt/rustwide/workdir" "-e" "CARGO_HOME=/opt/rustwide/cargo-home" "-e" "RUSTUP_HOME=/opt/rustwide/rustup-home" "-e" "CARGO_TARGET_DIR=/opt/rustwide/target" "-e" "CARGO_INCREMENTAL=0" "-e" "RUST_BACKTRACE=full" "-e" "RUSTFLAGS=--cap-lints=warn" "-e" "RUSTDOCFLAGS=--cap-lints=warn" "-w" "/opt/rustwide/workdir" "--user" "0:0" "f1e45bf521cba970a707e12b566537360aa2cd4a0e4c858be2140a57e9e46547" "/opt/rustwide/cargo-home/bin/cargo" "+1.100.0-beta.1" "test" "--frozen" "--no-run" "--message-format=json" "--release", kill_on_drop: false }`
[INFO] [stdout] warning: fields `status` and `cmd` are never read
[INFO] [stdout]   --> src/lib.rs:30:5
[INFO] [stdout]    |
[INFO] [stdout] 29 | pub struct CmdInfo {
[INFO] [stdout]    |            ------- fields in this struct
[INFO] [stdout] 30 |     status: process::ExitStatus,
[INFO] [stdout]    |     ^^^^^^
[INFO] [stdout] 31 |     stderr: String,
[INFO] [stdout] 32 |     cmd: String,
[INFO] [stdout]    |     ^^^
[INFO] [stdout]    |
[INFO] [stdout]    = note: `CmdInfo` has a derived impl for the trait `Debug`, but this is intentionally ignored during dead code analysis
[INFO] [stdout]    = note: `#[warn(dead_code)]` (part of `#[warn(unused)]`) on by default
[INFO] [stdout] 
[INFO] [stdout] 
[INFO] [stderr]    Compiling zfs-cmd-api v0.2.0 (/opt/rustwide/workdir)
[INFO] [stdout] warning: non-local `impl` definition, `impl` blocks should be written at the same level as their item
[INFO] [stdout]   --> src/lib.rs:36:16
[INFO] [stdout]    |
[INFO] [stdout] 36 | #[derive(Debug,Fail)]
[INFO] [stdout]    |                ^---
[INFO] [stdout]    |                |
[INFO] [stdout]    |                `Fail` is not local
[INFO] [stdout]    |                move the `impl` block outside of this constant `_DERIVE_failure_Fail_FOR_ZfsError`
[INFO] [stdout] 37 | pub enum ZfsError {
[INFO] [stdout]    |          -------- `ZfsError` is not local
[INFO] [stdout]    |
[INFO] [stdout]    = note: the derive macro `Fail` defines the non-local `impl`, and may need to be changed
[INFO] [stdout]    = note: the derive macro `Fail` may come from an old version of the `failure_derive` crate, try updating your dependency with `cargo update -p failure_derive`
[INFO] [stdout]    = note: an `impl` is never scoped, even when it is nested inside an item, as it may impact type checking outside of that item, which can be the case if neither the trait or the self type are at the same nesting level as the `impl`
[INFO] [stdout]    = note: items in an anonymous const item (`const _: () = { ... }`) are treated as in the same scope as the anonymous const's declaration for the purpose of this lint
[INFO] [stdout]    = note: `#[warn(non_local_definitions)]` on by default
[INFO] [stdout]    = note: this warning originates in the derive macro `Fail` (in Nightly builds, run with -Z macro-backtrace for more info)
[INFO] [stdout] 
[INFO] [stdout] 
[INFO] [stdout] warning: non-local `impl` definition, `impl` blocks should be written at the same level as their item
[INFO] [stdout]   --> src/lib.rs:36:16
[INFO] [stdout]    |
[INFO] [stdout] 36 | #[derive(Debug,Fail)]
[INFO] [stdout]    |                ^---
[INFO] [stdout]    |                |
[INFO] [stdout]    |                `Display` is not local
[INFO] [stdout]    |                move the `impl` block outside of this constant `_DERIVE_failure_core_fmt_Display_FOR_ZfsError`
[INFO] [stdout] 37 | pub enum ZfsError {
[INFO] [stdout]    |          -------- `ZfsError` is not local
[INFO] [stdout]    |
[INFO] [stdout]    = note: the derive macro `Fail` defines the non-local `impl`, and may need to be changed
[INFO] [stdout]    = note: the derive macro `Fail` may come from an old version of the `failure_derive` crate, try updating your dependency with `cargo update -p failure_derive`
[INFO] [stdout]    = note: an `impl` is never scoped, even when it is nested inside an item, as it may impact type checking outside of that item, which can be the case if neither the trait or the self type are at the same nesting level as the `impl`
[INFO] [stdout]    = note: items in an anonymous const item (`const _: () = { ... }`) are treated as in the same scope as the anonymous const's declaration for the purpose of this lint
[INFO] [stdout]    = note: this warning originates in the derive macro `Fail` (in Nightly builds, run with -Z macro-backtrace for more info)
[INFO] [stdout] 
[INFO] [stdout] 
[INFO] [stdout] warning: fields `status` and `cmd` are never read
[INFO] [stdout]   --> src/lib.rs:30:5
[INFO] [stdout]    |
[INFO] [stdout] 29 | pub struct CmdInfo {
[INFO] [stdout]    |            ------- fields in this struct
[INFO] [stdout] 30 |     status: process::ExitStatus,
[INFO] [stdout]    |     ^^^^^^
[INFO] [stdout] 31 |     stderr: String,
[INFO] [stdout] 32 |     cmd: String,
[INFO] [stdout]    |     ^^^
[INFO] [stdout]    |
[INFO] [stdout]    = note: `CmdInfo` has a derived impl for the trait `Debug`, but this is intentionally ignored during dead code analysis
[INFO] [stdout]    = note: `#[warn(dead_code)]` (part of `#[warn(unused)]`) on by default
[INFO] [stdout] 
[INFO] [stdout] 
[INFO] [stdout] warning: non-local `impl` definition, `impl` blocks should be written at the same level as their item
[INFO] [stdout]   --> src/lib.rs:36:16
[INFO] [stdout]    |
[INFO] [stdout] 36 | #[derive(Debug,Fail)]
[INFO] [stdout]    |                ^---
[INFO] [stdout]    |                |
[INFO] [stdout]    |                `Fail` is not local
[INFO] [stdout]    |                move the `impl` block outside of this constant `_DERIVE_failure_Fail_FOR_ZfsError`
[INFO] [stdout] 37 | pub enum ZfsError {
[INFO] [stdout]    |          -------- `ZfsError` is not local
[INFO] [stdout]    |
[INFO] [stdout]    = note: the derive macro `Fail` defines the non-local `impl`, and may need to be changed
[INFO] [stdout]    = note: the derive macro `Fail` may come from an old version of the `failure_derive` crate, try updating your dependency with `cargo update -p failure_derive`
[INFO] [stdout]    = note: an `impl` is never scoped, even when it is nested inside an item, as it may impact type checking outside of that item, which can be the case if neither the trait or the self type are at the same nesting level as the `impl`
[INFO] [stdout]    = note: items in an anonymous const item (`const _: () = { ... }`) are treated as in the same scope as the anonymous const's declaration for the purpose of this lint
[INFO] [stdout]    = note: `#[warn(non_local_definitions)]` on by default
[INFO] [stdout]    = note: this warning originates in the derive macro `Fail` (in Nightly builds, run with -Z macro-backtrace for more info)
[INFO] [stdout] 
[INFO] [stdout] 
[INFO] [stdout] warning: non-local `impl` definition, `impl` blocks should be written at the same level as their item
[INFO] [stdout]   --> src/lib.rs:36:16
[INFO] [stdout]    |
[INFO] [stdout] 36 | #[derive(Debug,Fail)]
[INFO] [stdout]    |                ^---
[INFO] [stdout]    |                |
[INFO] [stdout]    |                `Display` is not local
[INFO] [stdout]    |                move the `impl` block outside of this constant `_DERIVE_failure_core_fmt_Display_FOR_ZfsError`
[INFO] [stdout] 37 | pub enum ZfsError {
[INFO] [stdout]    |          -------- `ZfsError` is not local
[INFO] [stdout]    |
[INFO] [stdout]    = note: the derive macro `Fail` defines the non-local `impl`, and may need to be changed
[INFO] [stdout]    = note: the derive macro `Fail` may come from an old version of the `failure_derive` crate, try updating your dependency with `cargo update -p failure_derive`
[INFO] [stdout]    = note: an `impl` is never scoped, even when it is nested inside an item, as it may impact type checking outside of that item, which can be the case if neither the trait or the self type are at the same nesting level as the `impl`
[INFO] [stdout]    = note: items in an anonymous const item (`const _: () = { ... }`) are treated as in the same scope as the anonymous const's declaration for the purpose of this lint
[INFO] [stdout]    = note: this warning originates in the derive macro `Fail` (in Nightly builds, run with -Z macro-backtrace for more info)
[INFO] [stdout] 
[INFO] [stdout] 
[INFO] [stderr] warning: unused dependency `bitflags`
[INFO] [stderr]  --> Cargo.toml:1:15
[INFO] [stderr]   |
[INFO] [stderr] 1 | [dependencies.bitflags]
[INFO] [stderr]   |               ^^^^^^^^^
[INFO] [stderr]   |
[INFO] [stderr]   = note: `cargo::unused_dependencies` is set to `warn` by default
[INFO] [stderr] help: consider removing the dependency on `bitflags`
[INFO] [stderr] warning: `zfs-cmd-api` (manifest) generated 1 warning
[INFO] [stderr]     Finished `release` profile [optimized] target(s) in 0.57s
[INFO] running `Command { std: "docker" "inspect" "f1e45bf521cba970a707e12b566537360aa2cd4a0e4c858be2140a57e9e46547", kill_on_drop: false }`
[INFO] running `Command { std: "docker" "exec" "-e" "SOURCE_DIR=/opt/rustwide/workdir" "-e" "CARGO_HOME=/opt/rustwide/cargo-home" "-e" "RUSTUP_HOME=/opt/rustwide/rustup-home" "-e" "CARGO_TARGET_DIR=/opt/rustwide/target" "-e" "CARGO_INCREMENTAL=0" "-e" "RUST_BACKTRACE=full" "-e" "RUSTFLAGS=--cap-lints=warn" "-e" "RUSTDOCFLAGS=--cap-lints=warn" "-w" "/opt/rustwide/workdir" "--user" "0:0" "f1e45bf521cba970a707e12b566537360aa2cd4a0e4c858be2140a57e9e46547" "/opt/rustwide/cargo-home/bin/cargo" "+1.100.0-beta.1" "test" "--frozen" "--release", kill_on_drop: false }`
[INFO] [stderr] warning: fields `status` and `cmd` are never read
[INFO] [stdout] 
[INFO] [stderr]   --> src/lib.rs:30:5
[INFO] [stdout] running 0 tests
[INFO] [stderr]    |
[INFO] [stdout] 
[INFO] [stderr] 29 | pub struct CmdInfo {
[INFO] [stdout] test result: ok. 0 passed; 0 failed; 0 ignored; 0 measured; 0 filtered out; finished in 0.00s
[INFO] [stderr]    |            ------- fields in this struct
[INFO] [stdout] 
[INFO] [stderr] 30 |     status: process::ExitStatus,
[INFO] [stdout] 
[INFO] [stderr]    |     ^^^^^^
[INFO] [stdout] running 2 tests
[INFO] [stderr] 31 |     stderr: String,
[INFO] [stdout] test zfs ... ok
[INFO] [stderr] 32 |     cmd: String,
[INFO] [stdout] test zfs_list ... FAILED
[INFO] [stderr]    |     ^^^
[INFO] [stdout] 
[INFO] [stderr]    |
[INFO] [stdout] failures:
[INFO] [stderr]    = note: `CmdInfo` has a derived impl for the trait `Debug`, but this is intentionally ignored during dead code analysis
[INFO] [stdout] 
[INFO] [stderr]    = note: `#[warn(dead_code)]` (part of `#[warn(unused)]`) on by default
[INFO] [stdout] ---- zfs_list stdout ----
[INFO] [stderr] 
[INFO] [stdout] 
[INFO] [stderr] warning: non-local `impl` definition, `impl` blocks should be written at the same level as their item
[INFO] [stdout] thread 'zfs_list' (430) panicked at tests/zfs.rs:11:30:
[INFO] [stderr]   --> src/lib.rs:36:16
[INFO] [stdout] list failed: Exec { io: Os { code: 2, kind: NotFound, message: "No such file or directory" } }
[INFO] [stderr]    |
[INFO] [stdout] stack backtrace:
[INFO] [stderr] 36 | #[derive(Debug,Fail)]
[INFO] [stdout]    0:     0x5a52cb651c11 - <<std[617be2ca0a6fd877]::sys::backtrace::BacktraceLock>::print::DisplayBacktrace as core[a373ad73a504971]::fmt::Display>::fmt
[INFO] [stderr]    |                ^---
[INFO] [stdout]    1:     0x5a52cb66749a - core[a373ad73a504971]::fmt::write
[INFO] [stderr]    |                |
[INFO] [stdout]    2:     0x5a52cb65710c - <alloc[2e1b2a31b91974c5]::vec::Vec<u8> as core[a373ad73a504971]::io::write::Write>::write_fmt
[INFO] [stderr]    |                `Fail` is not local
[INFO] [stdout]    3:     0x5a52cb62def6 - std[617be2ca0a6fd877]::panicking::default_hook::{closure#0}
[INFO] [stderr]    |                move the `impl` block outside of this constant `_DERIVE_failure_Fail_FOR_ZfsError`
[INFO] [stdout]    4:     0x5a52cb64a229 - std[617be2ca0a6fd877]::panicking::default_hook
[INFO] [stderr] 37 | pub enum ZfsError {
[INFO] [stdout]    5:     0x5a52cb5e3e10 - test[aada8e7e76ba119b]::test_main_inner::{closure#0}
[INFO] [stderr]    |          -------- `ZfsError` is not local
[INFO] [stdout]    6:     0x5a52cb64a3e2 - std[617be2ca0a6fd877]::panicking::panic_with_hook
[INFO] [stderr]    |
[INFO] [stdout]    7:     0x5a52cb62dfa2 - std[617be2ca0a6fd877]::panicking::panic_handler::{closure#0}
[INFO] [stderr]    = note: the derive macro `Fail` defines the non-local `impl`, and may need to be changed
[INFO] [stdout]    8:     0x5a52cb626cb9 - std[617be2ca0a6fd877]::sys::backtrace::__rust_end_short_backtrace::<std[617be2ca0a6fd877]::panicking::panic_handler::{closure#0}, !>
[INFO] [stderr]    = note: the derive macro `Fail` may come from an old version of the `failure_derive` crate, try updating your dependency with `cargo update -p failure_derive`
[INFO] [stdout]    9:     0x5a52cb62ebad - __rustc[ea4f61d10b84890b]::rust_begin_unwind
[INFO] [stderr]    = note: an `impl` is never scoped, even when it is nested inside an item, as it may impact type checking outside of that item, which can be the case if neither the trait or the self type are at the same nesting level as the `impl`
[INFO] [stdout]   10:     0x5a52cb667bcc - core[a373ad73a504971]::panicking::panic_fmt
[INFO] [stderr]    = note: items in an anonymous const item (`const _: () = { ... }`) are treated as in the same scope as the anonymous const's declaration for the purpose of this lint
[INFO] [stdout]   11:     0x5a52cb6679a2 - core[a373ad73a504971]::result::unwrap_failed
[INFO] [stderr]    = note: `#[warn(non_local_definitions)]` on by default
[INFO] [stdout]   12:     0x5a52cb5d71bb - <zfs[694ce8e3f7661678]::zfs_list::{closure#0} as core[a373ad73a504971]::ops::function::FnOnce<()>>::call_once
[INFO] [stderr]    = note: this warning originates in the derive macro `Fail` (in Nightly builds, run with -Z macro-backtrace for more info)
[INFO] [stdout]   13:     0x5a52cb5d725b - test[aada8e7e76ba119b]::__rust_begin_short_backtrace::<core[a373ad73a504971]::result::Result<(), alloc[2e1b2a31b91974c5]::string::String>, fn() -> core[a373ad73a504971]::result::Result<(), alloc[2e1b2a31b91974c5]::string::String>>
[INFO] [stderr] 
[INFO] [stdout]   14:     0x5a52cb5e4435 - test[aada8e7e76ba119b]::run_test::{closure#0}
[INFO] [stderr] warning: non-local `impl` definition, `impl` blocks should be written at the same level as their item
[INFO] [stdout]   15:     0x5a52cb5ddd24 - std[617be2ca0a6fd877]::sys::backtrace::__rust_begin_short_backtrace::<test[aada8e7e76ba119b]::run_test::{closure#1}, ()>
[INFO] [stderr]   --> src/lib.rs:36:16
[INFO] [stdout]   16:     0x5a52cb5e74c2 - <std[617be2ca0a6fd877]::thread::lifecycle::spawn_unchecked<test[aada8e7e76ba119b]::run_test::{closure#1}, ()>::{closure#1} as core[a373ad73a504971]::ops::function::FnOnce<()>>::call_once::{shim:vtable#0}
[INFO] [stderr]    |
[INFO] [stdout]   17:     0x5a52cb6513ef - <std[617be2ca0a6fd877]::sys::thread::unix::Thread>::new::thread_start
[INFO] [stderr] 36 | #[derive(Debug,Fail)]
[INFO] [stdout]   18:     0x780d71169dfa - <unknown>
[INFO] [stderr]    |                ^---
[INFO] [stdout]   19:     0x780d711fd3d4 - clone
[INFO] [stderr]    |                |
[INFO] [stdout]   20:                0x0 - <unknown>
[INFO] [stderr]    |                `Display` is not local
[INFO] [stdout] 
[INFO] [stderr]    |                move the `impl` block outside of this constant `_DERIVE_failure_core_fmt_Display_FOR_ZfsError`
[INFO] [stdout] 
[INFO] [stderr] 37 | pub enum ZfsError {
[INFO] [stdout] failures:
[INFO] [stderr]    |          -------- `ZfsError` is not local
[INFO] [stdout]     zfs_list
[INFO] [stderr]    |
[INFO] [stdout] 
[INFO] [stderr]    = note: the derive macro `Fail` defines the non-local `impl`, and may need to be changed
[INFO] [stdout] test result: FAILED. 1 passed; 1 failed; 0 ignored; 0 measured; 0 filtered out; finished in 0.01s
[INFO] [stderr]    = note: the derive macro `Fail` may come from an old version of the `failure_derive` crate, try updating your dependency with `cargo update -p failure_derive`
[INFO] [stdout] 
[INFO] [stderr]    = note: an `impl` is never scoped, even when it is nested inside an item, as it may impact type checking outside of that item, which can be the case if neither the trait or the self type are at the same nesting level as the `impl`
[INFO] [stderr]    = note: items in an anonymous const item (`const _: () = { ... }`) are treated as in the same scope as the anonymous const's declaration for the purpose of this lint
[INFO] [stderr]    = note: this warning originates in the derive macro `Fail` (in Nightly builds, run with -Z macro-backtrace for more info)
[INFO] [stderr] 
[INFO] [stderr] warning: `zfs-cmd-api` (lib) generated 3 warnings
[INFO] [stderr] warning: `zfs-cmd-api` (lib test) generated 3 warnings (3 duplicates)
[INFO] [stderr] warning: unused dependency `bitflags`
[INFO] [stderr]  --> Cargo.toml:1:15
[INFO] [stderr]   |
[INFO] [stderr] 1 | [dependencies.bitflags]
[INFO] [stderr]   |               ^^^^^^^^^
[INFO] [stderr]   |
[INFO] [stderr]   = note: `cargo::unused_dependencies` is set to `warn` by default
[INFO] [stderr] help: consider removing the dependency on `bitflags`
[INFO] [stderr] warning: `zfs-cmd-api` (manifest) generated 1 warning
[INFO] [stderr]     Finished `release` profile [optimized] target(s) in 0.04s
[INFO] [stderr]      Running unittests src/lib.rs (/opt/rustwide/target/release/build/zfs-cmd-api/8c5ae011af776cfc/out/zfs_cmd_api-8c5ae011af776cfc)
[INFO] [stderr]      Running tests/zfs.rs (/opt/rustwide/target/release/build/zfs-cmd-api/010c1f8ecf2dad20/out/zfs-010c1f8ecf2dad20)
[INFO] [stderr] error: test failed, to rerun pass `--test zfs`
[INFO] running `Command { std: "docker" "inspect" "f1e45bf521cba970a707e12b566537360aa2cd4a0e4c858be2140a57e9e46547", kill_on_drop: false }`
[INFO] running `Command { std: "docker" "rm" "-f" "f1e45bf521cba970a707e12b566537360aa2cd4a0e4c858be2140a57e9e46547", kill_on_drop: false }`
[INFO] [stdout] f1e45bf521cba970a707e12b566537360aa2cd4a0e4c858be2140a57e9e46547
