[INFO] fetching crate zfp-rs-ffi 1.0.1...
[INFO] testing zfp-rs-ffi-1.0.1 against 1.99.0-beta.8+cargoflags=--release for beta-release-1.100-2
[INFO] extracting crate zfp-rs-ffi 1.0.1 into /workspace/builds/worker-0-tc1/source
[INFO] started tweaking crates.io crate zfp-rs-ffi 1.0.1
[INFO] removed 0 missing tests
[INFO] finished tweaking crates.io crate zfp-rs-ffi 1.0.1
[INFO] tweaked toml for crates.io crate zfp-rs-ffi 1.0.1 written to /workspace/builds/worker-0-tc1/source/Cargo.toml
[INFO] validating manifest of crates.io crate zfp-rs-ffi 1.0.1 on toolchain 1.99.0-beta.8
[INFO] running `Command { std: CARGO_HOME="/workspace/cargo-home" RUSTUP_HOME="/workspace/rustup-home" "/workspace/cargo-home/bin/cargo" "+1.99.0-beta.8" "metadata" "--manifest-path" "Cargo.toml" "--no-deps", kill_on_drop: false }`
[INFO] crate crates.io crate zfp-rs-ffi 1.0.1 already has a lockfile, it will not be regenerated
[INFO] running `Command { std: CARGO_HOME="/workspace/cargo-home" RUSTUP_HOME="/workspace/rustup-home" "/workspace/cargo-home/bin/cargo" "+1.99.0-beta.8" "fetch" "--manifest-path" "Cargo.toml", kill_on_drop: false }`
[INFO] [stderr]     Updating crates.io index
[INFO] [stderr]  Downloading crates ...
[INFO] [stderr]   Downloaded inherent v1.0.14
[INFO] [stderr]   Downloaded zfp-rs v1.0.1
[INFO] [stderr]   Downloaded zfp-sys v0.4.3
[INFO] running `Command { std: "docker" "create" "-v" "/var/lib/crater-agent-workspace/builds/worker-0-tc1/source:/opt/rustwide/workdir:ro,Z" "-v" "/var/lib/crater-agent-workspace/builds/worker-0-tc1/target:/opt/rustwide/target:rw,Z" "-v" "/var/lib/crater-agent-workspace/cargo-home:/opt/rustwide/cargo-home:ro,Z" "-v" "/var/lib/crater-agent-workspace/rustup-home:/opt/rustwide/rustup-home:ro,Z" "-m" "1610612736" "--network" "none" "ghcr.io/rust-lang/crates-build-env/linux@sha256:77db811e55d90add9212f6832c23229e3de5f1c1f9905e8cb07319ea15df73ac" "sleep" "infinity", kill_on_drop: false }`
[INFO] [stdout] 66dc808932932db2e68ba5f39f33f03287a7aacc7e71c39875cc1d82fd65e031
[INFO] running `Command { std: "docker" "start" "66dc808932932db2e68ba5f39f33f03287a7aacc7e71c39875cc1d82fd65e031", kill_on_drop: false }`
[INFO] running `Command { std: "docker" "inspect" "66dc808932932db2e68ba5f39f33f03287a7aacc7e71c39875cc1d82fd65e031", kill_on_drop: false }`
[INFO] running `Command { std: "docker" "exec" "-e" "SOURCE_DIR=/opt/rustwide/workdir" "-e" "CARGO_HOME=/opt/rustwide/cargo-home" "-e" "RUSTUP_HOME=/opt/rustwide/rustup-home" "-e" "CARGO_TARGET_DIR=/opt/rustwide/target" "-w" "/opt/rustwide/workdir" "--user" "0:0" "66dc808932932db2e68ba5f39f33f03287a7aacc7e71c39875cc1d82fd65e031" "/opt/rustwide/cargo-home/bin/cargo" "+1.99.0-beta.8" "metadata" "--no-deps" "--format-version=1", kill_on_drop: false }`
[INFO] running `Command { std: "docker" "inspect" "66dc808932932db2e68ba5f39f33f03287a7aacc7e71c39875cc1d82fd65e031", kill_on_drop: false }`
[INFO] running `Command { std: "docker" "exec" "-e" "SOURCE_DIR=/opt/rustwide/workdir" "-e" "CARGO_HOME=/opt/rustwide/cargo-home" "-e" "RUSTUP_HOME=/opt/rustwide/rustup-home" "-e" "CARGO_TARGET_DIR=/opt/rustwide/target" "-e" "CARGO_INCREMENTAL=0" "-e" "RUST_BACKTRACE=full" "-e" "RUSTFLAGS=--cap-lints=warn" "-e" "RUSTDOCFLAGS=--cap-lints=warn" "-w" "/opt/rustwide/workdir" "--user" "0:0" "66dc808932932db2e68ba5f39f33f03287a7aacc7e71c39875cc1d82fd65e031" "/opt/rustwide/cargo-home/bin/cargo" "+1.99.0-beta.8" "build" "--frozen" "--message-format=json" "--release", kill_on_drop: false }`
[INFO] [stderr]    Compiling unicode-ident v1.0.26
[INFO] [stderr]    Compiling zfp-rs-ffi v1.0.1 (/opt/rustwide/workdir)
[INFO] [stderr]    Compiling bytemuck v1.25.2
[INFO] [stderr]    Compiling bitflags v2.13.2
[INFO] [stderr]    Compiling proc-macro2 v1.0.107
[INFO] [stderr]    Compiling quote v1.0.47
[INFO] [stderr]    Compiling syn v3.0.6
[INFO] [stderr]    Compiling inherent v1.0.14
[INFO] [stderr]    Compiling zfp-rs v1.0.1
[INFO] [stderr]     Finished `release` profile [optimized] target(s) in 49.81s
[INFO] running `Command { std: "docker" "inspect" "66dc808932932db2e68ba5f39f33f03287a7aacc7e71c39875cc1d82fd65e031", kill_on_drop: false }`
[INFO] running `Command { std: "docker" "exec" "-e" "SOURCE_DIR=/opt/rustwide/workdir" "-e" "CARGO_HOME=/opt/rustwide/cargo-home" "-e" "RUSTUP_HOME=/opt/rustwide/rustup-home" "-e" "CARGO_TARGET_DIR=/opt/rustwide/target" "-e" "CARGO_INCREMENTAL=0" "-e" "RUST_BACKTRACE=full" "-e" "RUSTFLAGS=--cap-lints=warn" "-e" "RUSTDOCFLAGS=--cap-lints=warn" "-w" "/opt/rustwide/workdir" "--user" "0:0" "66dc808932932db2e68ba5f39f33f03287a7aacc7e71c39875cc1d82fd65e031" "/opt/rustwide/cargo-home/bin/cargo" "+1.99.0-beta.8" "test" "--frozen" "--no-run" "--message-format=json" "--release", kill_on_drop: false }`
[INFO] [stderr]    Compiling libc v0.2.190
[INFO] [stderr]    Compiling getrandom v0.3.4
[INFO] [stderr]    Compiling regex-syntax v0.8.11
[INFO] [stderr]    Compiling bitflags v2.13.2
[INFO] [stderr]    Compiling rustix v1.1.5
[INFO] [stderr]    Compiling zerocopy v0.8.59
[INFO] [stderr]    Compiling clang-sys v1.9.1
[INFO] [stderr]    Compiling nom v7.1.3
[INFO] [stderr]    Compiling libloading v0.8.9
[INFO] [stderr]    Compiling either v1.18.0
[INFO] [stderr]    Compiling syn v2.0.119
[INFO] [stderr]    Compiling cc v1.6.0
[INFO] [stderr]    Compiling log v0.4.34
[INFO] [stderr]    Compiling rustc-hash v2.1.3
[INFO] [stderr]    Compiling num-traits v0.2.19
[INFO] [stderr]    Compiling bit-vec v0.8.0
[INFO] [stderr]    Compiling zfp-rs v1.0.1
[INFO] [stderr]    Compiling unarray v0.1.4
[INFO] [stderr]    Compiling libloading v0.9.0
[INFO] [stderr]    Compiling itertools v0.13.0
[INFO] [stderr]    Compiling bindgen v0.72.1
[INFO] [stderr]    Compiling bit-set v0.8.0
[INFO] [stderr]    Compiling cmake v0.1.58
[INFO] [stderr]    Compiling getrandom v0.4.3
[INFO] [stderr]    Compiling wait-timeout v0.2.1
[INFO] [stderr]    Compiling regex-automata v0.4.18
[INFO] [stderr]    Compiling rand_core v0.9.5
[INFO] [stderr]    Compiling rand v0.9.5
[INFO] [stderr]    Compiling rand_xorshift v0.4.0
[INFO] [stderr]    Compiling cexpr v0.6.0
[INFO] [stderr]    Compiling tempfile v3.27.0
[INFO] [stderr]    Compiling rusty-fork v0.3.1
[INFO] [stderr]    Compiling prettyplease v0.2.37
[INFO] [stderr]    Compiling regex v1.13.1
[INFO] [stderr]    Compiling ppv-lite86 v0.2.21
[INFO] [stderr]    Compiling rand_chacha v0.9.0
[INFO] [stderr]    Compiling proptest v1.11.0
[INFO] [stderr]    Compiling zfp-sys v0.4.3
[INFO] [stderr]    Compiling zfp-rs-ffi v1.0.1 (/opt/rustwide/workdir)
[INFO] [stderr]     Finished `release` profile [optimized] target(s) in 1m 19s
[INFO] running `Command { std: "docker" "inspect" "66dc808932932db2e68ba5f39f33f03287a7aacc7e71c39875cc1d82fd65e031", kill_on_drop: false }`
[INFO] running `Command { std: "docker" "exec" "-e" "SOURCE_DIR=/opt/rustwide/workdir" "-e" "CARGO_HOME=/opt/rustwide/cargo-home" "-e" "RUSTUP_HOME=/opt/rustwide/rustup-home" "-e" "CARGO_TARGET_DIR=/opt/rustwide/target" "-e" "CARGO_INCREMENTAL=0" "-e" "RUST_BACKTRACE=full" "-e" "RUSTFLAGS=--cap-lints=warn" "-e" "RUSTDOCFLAGS=--cap-lints=warn" "-w" "/opt/rustwide/workdir" "--user" "0:0" "66dc808932932db2e68ba5f39f33f03287a7aacc7e71c39875cc1d82fd65e031" "/opt/rustwide/cargo-home/bin/cargo" "+1.99.0-beta.8" "test" "--frozen" "--release", kill_on_drop: false }`
[INFO] [stderr]     Finished `release` profile [optimized] target(s) in 0.08s
[INFO] [stderr]      Running unittests src/lib.rs (/opt/rustwide/target/release/deps/zfp_rs_ffi-c3ce577298d6611d)
[INFO] [stdout] 
[INFO] [stdout] running 2 tests
[INFO] [stdout] test field::tests::inert_axes_do_not_move_the_span_off_the_callers_buffer ... ok
[INFO] [stderr]      Running tests/abi_signatures.rs (/opt/rustwide/target/release/deps/abi_signatures-56ed02c31d032996)
[INFO] [stdout] test field::tests::oversized_span_is_rejected_before_creating_a_raw_slice ... ok
[INFO] [stdout] 
[INFO] [stdout] test result: ok. 2 passed; 0 failed; 0 ignored; 0 measured; 0 filtered out; finished in 0.00s
[INFO] [stdout] 
[INFO] [stdout] 
[INFO] [stdout] running 1 test
[INFO] [stdout] test exported_function_signatures_match_zfp_sys_bindings ... ok
[INFO] [stderr]      Running tests/c_dropin.rs (/opt/rustwide/target/release/deps/c_dropin-e817fff8d102a581)
[INFO] [stdout] 
[INFO] [stdout] test result: ok. 1 passed; 0 failed; 0 ignored; 0 measured; 0 filtered out; finished in 0.00s
[INFO] [stdout] 
[INFO] [stdout] 
[INFO] [stdout] running 1 test
[INFO] [stderr] error: test failed, to rerun pass `--test c_dropin`
[INFO] [stdout] test c_code_can_link_either_zfp_backend ... FAILED
[INFO] [stdout] 
[INFO] [stdout] failures:
[INFO] [stdout] 
[INFO] [stdout] ---- c_code_can_link_either_zfp_backend stdout ----
[INFO] [stdout] 
[INFO] [stdout] thread 'c_code_can_link_either_zfp_backend' (1889) panicked at tests/c_dropin.rs:97:9:
[INFO] [stdout] failed building zfp-rs-ffi staticlib
[INFO] [stdout] status: exit status: 101
[INFO] [stdout] stdout:
[INFO] [stdout] 
[INFO] [stdout] stderr:
[INFO] [stdout] error: could not find `Cargo.toml` in `/opt/rustwide` or any parent directory
[INFO] [stdout] 
[INFO] [stdout] stack backtrace:
[INFO] [stdout]    0:     0x5a50533a2091 - <<std[70759c8f55707aa4]::sys::backtrace::BacktraceLock>::print::DisplayBacktrace as core[df12db4294e9bfd3]::fmt::Display>::fmt
[INFO] [stdout]    1:     0x5a50533b647a - core[df12db4294e9bfd3]::fmt::write
[INFO] [stdout]    2:     0x5a50533a673c - <alloc[2182bb758b4b3781]::vec::Vec<u8> as core[df12db4294e9bfd3]::io::write::Write>::write_fmt
[INFO] [stdout]    3:     0x5a505337e296 - std[70759c8f55707aa4]::panicking::default_hook::{closure#0}
[INFO] [stdout]    4:     0x5a505339a7f9 - std[70759c8f55707aa4]::panicking::default_hook
[INFO] [stdout]    5:     0x5a5053336890 - test[9d35eded1c95d3be]::test_main_inner::<test[9d35eded1c95d3be]::test_main_static::{closure#0}>::{closure#0}
[INFO] [stdout]    6:     0x5a505339a9b2 - std[70759c8f55707aa4]::panicking::panic_with_hook
[INFO] [stdout]    7:     0x5a505337e342 - std[70759c8f55707aa4]::panicking::panic_handler::{closure#0}
[INFO] [stdout]    8:     0x5a50533770c9 - std[70759c8f55707aa4]::sys::backtrace::__rust_end_short_backtrace::<std[70759c8f55707aa4]::panicking::panic_handler::{closure#0}, !>
[INFO] [stdout]    9:     0x5a505337ef3d - __rustc[8fa7c3cbc660c2b3]::rust_begin_unwind
[INFO] [stdout]   10:     0x5a50533b6bac - core[df12db4294e9bfd3]::panicking::panic_fmt
[INFO] [stdout]   11:     0x5a50533280c8 - c_dropin[ec5e37b8160b32d7]::run
[INFO] [stdout]   12:     0x5a5053328802 - <c_dropin[ec5e37b8160b32d7]::c_code_can_link_either_zfp_backend::{closure#0} as core[df12db4294e9bfd3]::ops::function::FnOnce<()>>::call_once
[INFO] [stdout]   13:     0x5a5053329b7b - test[9d35eded1c95d3be]::__rust_begin_short_backtrace::<core[df12db4294e9bfd3]::result::Result<(), alloc[2182bb758b4b3781]::string::String>, fn() -> core[df12db4294e9bfd3]::result::Result<(), alloc[2182bb758b4b3781]::string::String>>
[INFO] [stdout]   14:     0x5a50533371e5 - test[9d35eded1c95d3be]::run_test::{closure#0}
[INFO] [stdout]   15:     0x5a5053330aa4 - std[70759c8f55707aa4]::sys::backtrace::__rust_begin_short_backtrace::<test[9d35eded1c95d3be]::run_test::{closure#1}, ()>
[INFO] [stdout]   16:     0x5a505333a342 - <std[70759c8f55707aa4]::thread::lifecycle::spawn_unchecked<test[9d35eded1c95d3be]::run_test::{closure#1}, ()>::{closure#1} as core[df12db4294e9bfd3]::ops::function::FnOnce<()>>::call_once::{shim:vtable#0}
[INFO] [stdout]   17:     0x5a50533a1969 - <std[70759c8f55707aa4]::sys::thread::unix::Thread>::new::thread_start
[INFO] [stdout]   18:     0x728e92c58dfa - <unknown>
[INFO] [stdout]   19:     0x728e92cec3d4 - clone
[INFO] [stdout]   20:                0x0 - <unknown>
[INFO] [stdout] 
[INFO] [stdout] 
[INFO] [stdout] failures:
[INFO] [stdout]     c_code_can_link_either_zfp_backend
[INFO] [stdout] 
[INFO] [stdout] test result: FAILED. 0 passed; 1 failed; 0 ignored; 0 measured; 0 filtered out; finished in 0.03s
[INFO] [stdout] 
[INFO] running `Command { std: "docker" "inspect" "66dc808932932db2e68ba5f39f33f03287a7aacc7e71c39875cc1d82fd65e031", kill_on_drop: false }`
[INFO] running `Command { std: "docker" "rm" "-f" "66dc808932932db2e68ba5f39f33f03287a7aacc7e71c39875cc1d82fd65e031", kill_on_drop: false }`
[INFO] [stdout] 66dc808932932db2e68ba5f39f33f03287a7aacc7e71c39875cc1d82fd65e031
