[INFO] fetching crate zetdb 0.1.0...
[INFO] testing zetdb-0.1.0 against 1.99.0-beta.8+cargoflags=--release for beta-release-1.100-2
[INFO] extracting crate zetdb 0.1.0 into /workspace/builds/worker-3-tc1/source
[INFO] started tweaking crates.io crate zetdb 0.1.0
[INFO] finished tweaking crates.io crate zetdb 0.1.0
[INFO] tweaked toml for crates.io crate zetdb 0.1.0 written to /workspace/builds/worker-3-tc1/source/Cargo.toml
[INFO] validating manifest of crates.io crate zetdb 0.1.0 on toolchain 1.99.0-beta.8
[INFO] running `Command { std: CARGO_HOME="/workspace/cargo-home" RUSTUP_HOME="/workspace/rustup-home" "/workspace/cargo-home/bin/cargo" "+1.99.0-beta.8" "metadata" "--manifest-path" "Cargo.toml" "--no-deps", kill_on_drop: false }`
[INFO] crate crates.io crate zetdb 0.1.0 already has a lockfile, it will not be regenerated
[INFO] running `Command { std: CARGO_HOME="/workspace/cargo-home" RUSTUP_HOME="/workspace/rustup-home" "/workspace/cargo-home/bin/cargo" "+1.99.0-beta.8" "fetch" "--manifest-path" "Cargo.toml", kill_on_drop: false }`
[INFO] running `Command { std: "docker" "create" "-v" "/var/lib/crater-agent-workspace/builds/worker-3-tc1/source:/opt/rustwide/workdir:ro,Z" "-v" "/var/lib/crater-agent-workspace/builds/worker-3-tc1/target:/opt/rustwide/target:rw,Z" "-v" "/var/lib/crater-agent-workspace/cargo-home:/opt/rustwide/cargo-home:ro,Z" "-v" "/var/lib/crater-agent-workspace/rustup-home:/opt/rustwide/rustup-home:ro,Z" "-m" "1610612736" "--network" "none" "ghcr.io/rust-lang/crates-build-env/linux@sha256:77db811e55d90add9212f6832c23229e3de5f1c1f9905e8cb07319ea15df73ac" "sleep" "infinity", kill_on_drop: false }`
[INFO] [stdout] b0dbd363683bddbc8325064c9eaf485a646a021f78e5923b121556751433a013
[INFO] running `Command { std: "docker" "start" "b0dbd363683bddbc8325064c9eaf485a646a021f78e5923b121556751433a013", kill_on_drop: false }`
[INFO] running `Command { std: "docker" "inspect" "b0dbd363683bddbc8325064c9eaf485a646a021f78e5923b121556751433a013", kill_on_drop: false }`
[INFO] running `Command { std: "docker" "exec" "-e" "SOURCE_DIR=/opt/rustwide/workdir" "-e" "CARGO_HOME=/opt/rustwide/cargo-home" "-e" "RUSTUP_HOME=/opt/rustwide/rustup-home" "-e" "CARGO_TARGET_DIR=/opt/rustwide/target" "-w" "/opt/rustwide/workdir" "--user" "0:0" "b0dbd363683bddbc8325064c9eaf485a646a021f78e5923b121556751433a013" "/opt/rustwide/cargo-home/bin/cargo" "+1.99.0-beta.8" "metadata" "--no-deps" "--format-version=1", kill_on_drop: false }`
[INFO] running `Command { std: "docker" "inspect" "b0dbd363683bddbc8325064c9eaf485a646a021f78e5923b121556751433a013", kill_on_drop: false }`
[INFO] running `Command { std: "docker" "exec" "-e" "SOURCE_DIR=/opt/rustwide/workdir" "-e" "CARGO_HOME=/opt/rustwide/cargo-home" "-e" "RUSTUP_HOME=/opt/rustwide/rustup-home" "-e" "CARGO_TARGET_DIR=/opt/rustwide/target" "-e" "CARGO_INCREMENTAL=0" "-e" "RUST_BACKTRACE=full" "-e" "RUSTFLAGS=--cap-lints=warn" "-e" "RUSTDOCFLAGS=--cap-lints=warn" "-w" "/opt/rustwide/workdir" "--user" "0:0" "b0dbd363683bddbc8325064c9eaf485a646a021f78e5923b121556751433a013" "/opt/rustwide/cargo-home/bin/cargo" "+1.99.0-beta.8" "build" "--frozen" "--message-format=json" "--release", kill_on_drop: false }`
[INFO] [stderr]    Compiling proc-macro2 v1.0.106
[INFO] [stderr]    Compiling libc v0.2.185
[INFO] [stderr]    Compiling unicode-ident v1.0.24
[INFO] [stderr]    Compiling quote v1.0.45
[INFO] [stderr]    Compiling memchr v2.8.0
[INFO] [stderr]    Compiling utf8parse v0.2.2
[INFO] [stderr]    Compiling cfg-if v1.0.4
[INFO] [stderr]    Compiling smallvec v1.15.1
[INFO] [stderr]    Compiling serde_core v1.0.228
[INFO] [stderr]    Compiling regex-syntax v0.8.10
[INFO] [stderr]    Compiling is_terminal_polyfill v1.70.2
[INFO] [stderr]    Compiling colorchoice v1.0.5
[INFO] [stderr]    Compiling anstyle-query v1.1.5
[INFO] [stderr]    Compiling zmij v1.0.21
[INFO] [stderr]    Compiling crossbeam-utils v0.8.21
[INFO] [stderr]    Compiling log v0.4.29
[INFO] [stderr]    Compiling anstyle-parse v1.0.0
[INFO] [stderr]    Compiling serde v1.0.228
[INFO] [stderr]    Compiling serde_json v1.0.149
[INFO] [stderr]    Compiling strsim v0.11.1
[INFO] [stderr]    Compiling clap_lex v1.1.0
[INFO] [stderr]    Compiling crc32fast v1.5.0
[INFO] [stderr]    Compiling once_cell v1.21.4
[INFO] [stderr]    Compiling jiff v0.2.24
[INFO] [stderr]    Compiling anstream v1.0.0
[INFO] [stderr]    Compiling pin-project-lite v0.2.17
[INFO] [stderr]    Compiling bytes v1.11.1
[INFO] [stderr]    Compiling hashbrown v0.14.5
[INFO] [stderr]    Compiling clap_builder v4.6.0
[INFO] [stderr]    Compiling syn v2.0.117
[INFO] [stderr]    Compiling aho-corasick v1.1.4
[INFO] [stderr]    Compiling parking_lot_core v0.9.12
[INFO] [stderr]    Compiling errno v0.3.14
[INFO] [stderr]    Compiling mio v1.2.0
[INFO] [stderr]    Compiling socket2 v0.6.3
[INFO] [stderr]    Compiling signal-hook-registry v1.4.8
[INFO] [stderr]    Compiling parking_lot v0.12.5
[INFO] [stderr]    Compiling dashmap v6.1.0
[INFO] [stderr]    Compiling regex-automata v0.4.14
[INFO] [stderr]    Compiling clap_derive v4.6.1
[INFO] [stderr]    Compiling tokio-macros v2.7.0
[INFO] [stderr]    Compiling serde_derive v1.0.228
[INFO] [stderr]    Compiling tokio v1.52.1
[INFO] [stderr]    Compiling clap v4.6.1
[INFO] [stderr]    Compiling regex v1.12.3
[INFO] [stderr]    Compiling env_filter v1.0.1
[INFO] [stderr]    Compiling env_logger v0.11.10
[INFO] [stderr]    Compiling zetdb v0.1.0 (/opt/rustwide/workdir)
[INFO] [stderr]     Finished `release` profile [optimized] target(s) in 49.73s
[INFO] running `Command { std: "docker" "inspect" "b0dbd363683bddbc8325064c9eaf485a646a021f78e5923b121556751433a013", kill_on_drop: false }`
[INFO] running `Command { std: "docker" "exec" "-e" "SOURCE_DIR=/opt/rustwide/workdir" "-e" "CARGO_HOME=/opt/rustwide/cargo-home" "-e" "RUSTUP_HOME=/opt/rustwide/rustup-home" "-e" "CARGO_TARGET_DIR=/opt/rustwide/target" "-e" "CARGO_INCREMENTAL=0" "-e" "RUST_BACKTRACE=full" "-e" "RUSTFLAGS=--cap-lints=warn" "-e" "RUSTDOCFLAGS=--cap-lints=warn" "-w" "/opt/rustwide/workdir" "--user" "0:0" "b0dbd363683bddbc8325064c9eaf485a646a021f78e5923b121556751433a013" "/opt/rustwide/cargo-home/bin/cargo" "+1.99.0-beta.8" "test" "--frozen" "--no-run" "--message-format=json" "--release", kill_on_drop: false }`
[INFO] [stderr]    Compiling zetdb v0.1.0 (/opt/rustwide/workdir)
[INFO] [stderr]     Finished `release` profile [optimized] target(s) in 32.31s
[INFO] running `Command { std: "docker" "inspect" "b0dbd363683bddbc8325064c9eaf485a646a021f78e5923b121556751433a013", kill_on_drop: false }`
[INFO] running `Command { std: "docker" "exec" "-e" "SOURCE_DIR=/opt/rustwide/workdir" "-e" "CARGO_HOME=/opt/rustwide/cargo-home" "-e" "RUSTUP_HOME=/opt/rustwide/rustup-home" "-e" "CARGO_TARGET_DIR=/opt/rustwide/target" "-e" "CARGO_INCREMENTAL=0" "-e" "RUST_BACKTRACE=full" "-e" "RUSTFLAGS=--cap-lints=warn" "-e" "RUSTDOCFLAGS=--cap-lints=warn" "-w" "/opt/rustwide/workdir" "--user" "0:0" "b0dbd363683bddbc8325064c9eaf485a646a021f78e5923b121556751433a013" "/opt/rustwide/cargo-home/bin/cargo" "+1.99.0-beta.8" "test" "--frozen" "--release", kill_on_drop: false }`
[INFO] [stderr]     Finished `release` profile [optimized] target(s) in 0.05s
[INFO] [stderr]      Running unittests src/lib.rs (/opt/rustwide/target/release/deps/zetdb-fb645309a27e20d7)
[INFO] [stdout] 
[INFO] [stdout] running 161 tests
[INFO] [stdout] test application::dispatcher::tests::dispatch_incr ... ok
[INFO] [stdout] test application::dispatcher::tests::dispatch_get_missing ... ok
[INFO] [stdout] test application::dispatcher::tests::dispatch_del ... ok
[INFO] [stdout] test application::dispatcher::tests::dispatch_mget ... ok
[INFO] [stdout] test application::dispatcher::tests::dispatch_mset ... ok
[INFO] [stdout] test application::dispatcher::tests::dispatch_ping ... ok
[INFO] [stdout] test application::dispatcher::tests::dispatch_set_and_get ... ok
[INFO] [stdout] test observability::metrics::tests::connection_tracking ... ok
[INFO] [stdout] test observability::metrics::tests::hit_miss_tracking ... ok
[INFO] [stdout] test observability::metrics::tests::record_command_increments_total_and_per_type ... ok
[INFO] [stdout] test protocol::parser::tests::del_missing_key ... ok
[INFO] [stdout] test protocol::parser::tests::crlf_terminator ... ok
[INFO] [stdout] test protocol::parser::tests::del_valid ... ok
[INFO] [stdout] test protocol::parser::tests::exists_valid ... ok
[INFO] [stdout] test protocol::parser::tests::expire_non_integer ... ok
[INFO] [stdout] test protocol::parser::tests::expire_missing_args ... ok
[INFO] [stdout] test protocol::parser::tests::expire_valid ... ok
[INFO] [stdout] test protocol::parser::tests::extra_whitespace ... ok
[INFO] [stdout] test protocol::parser::tests::flushdb_extra_args ... ok
[INFO] [stdout] test protocol::parser::tests::flushdb_valid ... ok
[INFO] [stdout] test protocol::parser::tests::frame_inline_get ... ok
[INFO] [stdout] test protocol::parser::tests::frame_inline_empty_line ... ok
[INFO] [stdout] test protocol::parser::tests::empty_input ... ok
[INFO] [stdout] test protocol::parser::tests::exists_missing_key ... ok
[INFO] [stdout] test protocol::parser::tests::frame_inline_incomplete ... ok
[INFO] [stdout] test protocol::parser::tests::frame_inline_ping ... ok
[INFO] [stdout] test protocol::parser::tests::get_extra_args ... ok
[INFO] [stdout] test protocol::parser::tests::get_missing_key ... ok
[INFO] [stdout] test protocol::parser::tests::get_valid ... ok
[INFO] [stdout] test protocol::parser::tests::incr_missing_key ... ok
[INFO] [stdout] test protocol::parser::tests::incr_valid ... ok
[INFO] [stdout] test protocol::parser::tests::keys_extra_args ... ok
[INFO] [stdout] test protocol::parser::tests::mget_no_keys ... ok
[INFO] [stdout] test protocol::parser::tests::mget_valid_multiple_keys ... ok
[INFO] [stdout] test protocol::parser::tests::mget_valid_single_key ... ok
[INFO] [stdout] test protocol::parser::tests::mset_no_args ... ok
[INFO] [stdout] test protocol::parser::tests::mset_odd_args ... ok
[INFO] [stdout] test protocol::parser::tests::keys_valid ... ok
[INFO] [stdout] test protocol::parser::tests::mset_valid_multiple_pairs ... ok
[INFO] [stdout] test protocol::parser::tests::mset_valid_single_pair ... ok
[INFO] [stdout] test protocol::parser::tests::parse_bytes_empty ... ok
[INFO] [stdout] test protocol::parser::tests::parse_bytes_set ... ok
[INFO] [stdout] test protocol::parser::tests::parse_bytes_unknown ... ok
[INFO] [stdout] test protocol::parser::tests::ping_case_insensitive ... ok
[INFO] [stdout] test protocol::parser::tests::parse_bytes_get ... ok
[INFO] [stdout] test protocol::parser::tests::resp_case_insensitive ... ok
[INFO] [stdout] test protocol::parser::tests::resp_del ... ok
[INFO] [stdout] test protocol::parser::tests::resp_empty_array ... ok
[INFO] [stdout] test protocol::parser::tests::resp_expire ... ok
[INFO] [stdout] test protocol::parser::tests::resp_flushdb ... ok
[INFO] [stdout] test protocol::parser::tests::resp_exists ... ok
[INFO] [stdout] test protocol::parser::tests::resp_get ... ok
[INFO] [stdout] test protocol::parser::tests::resp_keys ... ok
[INFO] [stdout] test protocol::parser::tests::resp_incomplete_bulk ... ok
[INFO] [stdout] test protocol::parser::tests::resp_mget_multiple ... ok
[INFO] [stdout] test protocol::parser::tests::resp_mset_multiple_pairs ... ok
[INFO] [stdout] test protocol::parser::tests::resp_mset_odd_args ... ok
[INFO] [stdout] test protocol::parser::tests::resp_mset_single_pair ... ok
[INFO] [stdout] test protocol::parser::tests::resp_mget_no_keys ... ok
[INFO] [stdout] test protocol::parser::tests::resp_incr ... ok
[INFO] [stdout] test protocol::parser::tests::resp_null_bulk_string_in_array ... ok
[INFO] [stdout] test protocol::parser::tests::resp_null_array ... ok
[INFO] [stdout] test protocol::parser::tests::resp_set_with_ex ... ok
[INFO] [stdout] test protocol::parser::tests::resp_set ... ok
[INFO] [stdout] test protocol::parser::tests::resp_two_frames_in_buffer ... ok
[INFO] [stdout] test protocol::parser::tests::resp_ttl ... ok
[INFO] [stdout] test protocol::parser::tests::resp_wrong_arg_count ... ok
[INFO] [stdout] test protocol::parser::tests::set_value_is_single_token ... ok
[INFO] [stdout] test protocol::parser::tests::set_with_unknown_option_is_error ... ok
[INFO] [stdout] test protocol::parser::tests::resp_mget_single ... ok
[INFO] [stdout] test protocol::parser::tests::resp_ping ... ok
[INFO] [stdout] test protocol::parser::tests::set_with_ex_missing_value_is_error ... ok
[INFO] [stdout] test protocol::parser::tests::set_with_ex_non_integer_is_error ... ok
[INFO] [stdout] test protocol::parser::tests::set_with_px_millis ... ok
[INFO] [stdout] test protocol::parser::tests::resp_unknown_command ... ok
[INFO] [stdout] test protocol::parser::tests::ttl_missing_key ... ok
[INFO] [stdout] test protocol::parser::tests::ttl_valid ... ok
[INFO] [stdout] test protocol::response::tests::error_internal ... ok
[INFO] [stdout] test protocol::response::tests::error_not_found ... ok
[INFO] [stdout] test protocol::parser::tests::unknown_command ... ok
[INFO] [stdout] test protocol::response::tests::error_syntax ... ok
[INFO] [stdout] test protocol::parser::tests::resp_incomplete_header ... ok
[INFO] [stdout] test protocol::response::tests::error_type ... ok
[INFO] [stdout] test protocol::parser::tests::resp_set_with_px ... ok
[INFO] [stdout] test protocol::parser::tests::set_with_ex_seconds ... ok
[INFO] [stdout] test protocol::parser::tests::set_missing_args ... ok
[INFO] [stdout] test protocol::response::tests::error_unknown_command ... ok
[INFO] [stdout] test protocol::parser::tests::set_valid ... ok
[INFO] [stdout] test protocol::response::tests::ok ... ok
[INFO] [stdout] test protocol::response::tests::pong ... ok
[INFO] [stdout] test protocol::response::tests::integer ... ok
[INFO] [stdout] test protocol::response::tests::response_equality ... ok
[INFO] [stdout] test protocol::response::tests::value_none ... ok
[INFO] [stdout] test protocol::response::tests::value_some ... ok
[INFO] [stdout] test server::tcp::tests::e2e_aof_persistence ... FAILED
[INFO] [stdout] test server::tcp::tests::incr_not_integer ... ok
[INFO] [stdout] test server::tcp::tests::flushdb ... ok
[INFO] [stdout] test server::tcp::tests::incr ... ok
[INFO] [stdout] test server::tcp::tests::max_connections_limit ... ok
[INFO] [stdout] test server::tcp::tests::keys_command ... ok
[INFO] [stdout] test server::tcp::tests::ping ... ok
[INFO] [stdout] test server::tcp::tests::multiple_clients ... ok
[INFO] [stdout] test server::tcp::tests::exists_ttl_expire ... ok
[INFO] [stdout] test server::tcp::tests::mget_mset_inline ... ok
[INFO] [stdout] test storage::aof::tests::binary_values_in_aof ... FAILED
[INFO] [stdout] test server::tcp::tests::resp_case_insensitive ... ok
[INFO] [stdout] test storage::aof::tests::append_and_replay_roundtrip ... FAILED
[INFO] [stdout] test storage::aof::tests::del_removes_key ... FAILED
[INFO] [stdout] test storage::aof::tests::incr_replay ... FAILED
[INFO] [stdout] test storage::aof::tests::missing_file_returns_zero ... ok
[INFO] [stdout] test storage::aof::tests::mset_replay ... FAILED
[INFO] [stdout] test storage::aof::tests::rewrite_compacts_aof ... FAILED
[INFO] [stdout] test storage::aof::tests::ttl_preserved_in_aof ... FAILED
[INFO] [stdout] test storage::dashmap_engine::tests::binary_value ... ok
[INFO] [stdout] test storage::dashmap_engine::tests::clear_removes_all ... ok
[INFO] [stdout] test server::tcp::tests::resp_mset_overwrite ... ok
[INFO] [stdout] test server::tcp::tests::resp_ping ... ok
[INFO] [stdout] test server::tcp::tests::resp_incr ... ok
[INFO] [stdout] test server::tcp::tests::resp_mget_mset ... ok
[INFO] [stdout] test storage::dashmap_engine::tests::del_existing ... ok
[INFO] [stdout] test storage::dashmap_engine::tests::del_missing ... ok
[INFO] [stdout] test storage::dashmap_engine::tests::exists_key_missing ... ok
[INFO] [stdout] test storage::dashmap_engine::tests::expire_existing_key ... ok
[INFO] [stdout] test storage::dashmap_engine::tests::expire_missing_key ... ok
[INFO] [stdout] test storage::dashmap_engine::tests::get_missing_key ... ok
[INFO] [stdout] test storage::dashmap_engine::tests::incr_existing_integer ... ok
[INFO] [stdout] test storage::dashmap_engine::tests::exists_key_present ... ok
[INFO] [stdout] test storage::dashmap_engine::tests::incr_preserves_ttl ... ok
[INFO] [stdout] test storage::dashmap_engine::tests::incr_new_key ... ok
[INFO] [stdout] test storage::dashmap_engine::tests::del_expired_returns_false ... ok
[INFO] [stdout] test storage::dashmap_engine::tests::exists_key_expired ... ok
[INFO] [stdout] test storage::dashmap_engine::tests::mget_all_missing ... ok
[INFO] [stdout] test storage::dashmap_engine::tests::incr_expired_key_resets ... ok
[INFO] [stdout] test storage::dashmap_engine::tests::mget_empty_keys ... ok
[INFO] [stdout] test storage::dashmap_engine::tests::mget_multiple_keys ... ok
[INFO] [stdout] test storage::dashmap_engine::tests::keys_returns_non_expired ... ok
[INFO] [stdout] test storage::dashmap_engine::tests::lazy_eviction_on_get ... ok
[INFO] [stdout] test storage::dashmap_engine::tests::set_and_get ... ok
[INFO] [stdout] test storage::dashmap_engine::tests::incr_non_integer ... ok
[INFO] [stdout] test storage::dashmap_engine::tests::set_overwrites ... ok
[INFO] [stdout] test storage::dashmap_engine::tests::concurrent_incr ... ok
[INFO] [stdout] test storage::dashmap_engine::tests::ttl_with_expiry ... ok
[INFO] [stdout] test storage::snapshot::tests::crc_detects_corruption ... FAILED
[INFO] [stdout] test storage::snapshot::tests::binary_values ... FAILED
[INFO] [stdout] test storage::dashmap_engine::tests::ttl_no_expiry ... ok
[INFO] [stdout] test storage::snapshot::tests::missing_file_returns_zero ... ok
[INFO] [stdout] test storage::snapshot::tests::ttl_preserved ... FAILED
[INFO] [stdout] test storage::snapshot::tests::wrong_magic ... FAILED
[INFO] [stdout] test storage::dashmap_engine::tests::sweep_expired ... ok
[INFO] [stdout] test storage::dashmap_engine::tests::ttl_key_missing ... ok
[INFO] [stdout] test storage::snapshot::tests::dump_and_load_roundtrip ... FAILED
[INFO] [stdout] test storage::snapshot::tests::expired_entries_skipped ... FAILED
[INFO] [stdout] test server::tcp::tests::resp_pipeline ... ok
[INFO] [stdout] test server::tcp::tests::resp_unknown_command ... ok
[INFO] [stdout] test server::tcp::tests::resp_wrong_arg_count ... ok
[INFO] [stdout] test server::tcp::tests::set_get_del ... ok
[INFO] [stdout] test server::tcp::tests::resp_set_get_del ... ok
[INFO] [stdout] test server::tcp::tests::syntax_error ... ok
[INFO] [stdout] test server::tcp::tests::unknown_command ... ok
[INFO] [stdout] test server::tcp::tests::read_timeout_disconnects_idle_client ... ok
[INFO] [stdout] test server::tcp::tests::e2e_snapshot_persistence ... FAILED
[INFO] [stdout] 
[INFO] [stdout] failures:
[INFO] [stdout] 
[INFO] [stdout] ---- server::tcp::tests::e2e_aof_persistence stdout ----
[INFO] [stdout] 
[INFO] [stdout] thread 'server::tcp::tests::e2e_aof_persistence' (1257) panicked at src/server/tcp.rs:655:84:
[INFO] [stdout] called `Result::unwrap()` on an `Err` value: Os { code: 2, kind: NotFound, message: "No such file or directory" }
[INFO] [stdout] stack backtrace:
[INFO] [stdout]    0:     0x56b54aad1407 - <unknown>
[INFO] [stdout]    1:     0x56b54aab282a - <unknown>
[INFO] [stdout]    2:     0x56b54aad09bb - <unknown>
[INFO] [stdout]    3:     0x56b54aad049f - <unknown>
[INFO] [stdout]    4:     0x56b54aad00ca - <unknown>
[INFO] [stdout]    5:     0x56b54aacfc02 - <unknown>
[INFO] [stdout]    6:     0x56b54aaf7091 - <unknown>
[INFO] [stdout]    7:     0x56b54aaf7049 - <unknown>
[INFO] [stdout]    8:     0x56b54aaf755c - <unknown>
[INFO] [stdout]    9:     0x56b54aab26bb - <unknown>
[INFO] [stdout]   10:     0x56b54aab6371 - <unknown>
[INFO] [stdout]   11:     0x56b54aa71051 - <unknown>
[INFO] [stdout]   12:     0x56b54aa513fe - <unknown>
[INFO] [stdout]   13:     0x56b54aa94098 - <unknown>
[INFO] [stdout]   14:     0x56b54ab1407b - <unknown>
[INFO] [stdout]   15:     0x56b54ab0fc62 - <unknown>
[INFO] [stdout]   16:     0x56b54ab0f6cc - <unknown>
[INFO] [stdout]   17:     0x56b54ab2a0fc - <unknown>
[INFO] [stdout]   18:     0x56b54aaf8d72 - <unknown>
[INFO] [stdout]   19:     0x7e483f18fdfa - <unknown>
[INFO] [stdout]   20:     0x7e483f2233d4 - clone
[INFO] [stdout]   21:                0x0 - <unknown>
[INFO] [stdout] 
[INFO] [stdout] ---- storage::aof::tests::binary_values_in_aof stdout ----
[INFO] [stdout] 
[INFO] [stdout] thread 'storage::aof::tests::binary_values_in_aof' (1282) panicked at src/storage/aof.rs:516:76:
[INFO] [stdout] called `Result::unwrap()` on an `Err` value: Os { code: 2, kind: NotFound, message: "No such file or directory" }
[INFO] [stdout] stack backtrace:
[INFO] [stdout]    0:     0x56b54aad1407 - <unknown>
[INFO] [stdout]    1:     0x56b54aab282a - <unknown>
[INFO] [stdout]    2:     0x56b54aad09bb - <unknown>
[INFO] [stdout]    3:     0x56b54aad049f - <unknown>
[INFO] [stdout]    4:     0x56b54aad00ca - <unknown>
[INFO] [stdout]    5:     0x56b54aacfc02 - <unknown>
[INFO] [stdout]    6:     0x56b54aaf7091 - <unknown>
[INFO] [stdout]    7:     0x56b54aaf7049 - <unknown>
[INFO] [stdout]    8:     0x56b54aaf755c - <unknown>
[INFO] [stdout]    9:     0x56b54aab26bb - <unknown>
[INFO] [stdout]   10:     0x56b54aab6371 - <unknown>
[INFO] [stdout]   11:     0x56b54aaa0297 - <unknown>
[INFO] [stdout]   12:     0x56b54ab1407b - <unknown>
[INFO] [stdout]   13:     0x56b54ab0fc62 - <unknown>
[INFO] [stdout]   14:     0x56b54ab0f6cc - <unknown>
[INFO] [stdout]   15:     0x56b54ab2a0fc - <unknown>
[INFO] [stdout]   16:     0x56b54aaf8d72 - <unknown>
[INFO] [stdout]   17:     0x7e483f18fdfa - <unknown>
[INFO] [stdout]   18:     0x7e483f2233d4 - clone
[INFO] [stdout]   19:                0x0 - <unknown>
[INFO] [stdout] 
[INFO] [stdout] ---- storage::aof::tests::append_and_replay_roundtrip stdout ----
[INFO] [stdout] 
[INFO] [stdout] thread 'storage::aof::tests::append_and_replay_roundtrip' (1281) panicked at src/storage/aof.rs:370:80:
[INFO] [stdout] called `Result::unwrap()` on an `Err` value: Os { code: 2, kind: NotFound, message: "No such file or directory" }
[INFO] [stdout] stack backtrace:
[INFO] [stdout]    0:     0x56b54aad1407 - <unknown>
[INFO] [stdout]    1:     0x56b54aab282a - <unknown>
[INFO] [stdout]    2:     0x56b54aad09bb - <unknown>
[INFO] [stdout]    3:     0x56b54aad049f - <unknown>
[INFO] [stdout]    4:     0x56b54aad00ca - <unknown>
[INFO] [stdout]    5:     0x56b54aacfc02 - <unknown>
[INFO] [stdout]    6:     0x56b54aaf7091 - <unknown>
[INFO] [stdout]    7:     0x56b54aaf7049 - <unknown>
[INFO] [stdout]    8:     0x56b54aaf755c - <unknown>
[INFO] [stdout]    9:     0x56b54aab26bb - <unknown>
[INFO] [stdout]   10:     0x56b54aab6371 - <unknown>
[INFO] [stdout]   11:     0x56b54aaa2d94 - <unknown>
[INFO] [stdout]   12:     0x56b54ab1407b - <unknown>
[INFO] [stdout]   13:     0x56b54ab0fc62 - <unknown>
[INFO] [stdout]   14:     0x56b54ab0f6cc - <unknown>
[INFO] [stdout]   15:     0x56b54ab2a0fc - <unknown>
[INFO] [stdout]   16:     0x56b54aaf8d72 - <unknown>
[INFO] [stdout]   17:     0x7e483f18fdfa - <unknown>
[INFO] [stdout]   18:     0x7e483f2233d4 - clone
[INFO] [stdout]   19:                0x0 - <unknown>
[INFO] [stdout] 
[INFO] [stdout] ---- storage::aof::tests::del_removes_key stdout ----
[INFO] [stdout] 
[INFO] [stdout] thread 'storage::aof::tests::del_removes_key' (1283) panicked at src/storage/aof.rs:433:76:
[INFO] [stdout] called `Result::unwrap()` on an `Err` value: Os { code: 2, kind: NotFound, message: "No such file or directory" }
[INFO] [stdout] stack backtrace:
[INFO] [stdout]    0:     0x56b54aad1407 - <unknown>
[INFO] [stdout]    1:     0x56b54aab282a - <unknown>
[INFO] [stdout]    2:     0x56b54aad09bb - <unknown>
[INFO] [stdout]    3:     0x56b54aad049f - <unknown>
[INFO] [stdout]    4:     0x56b54aad00ca - <unknown>
[INFO] [stdout]    5:     0x56b54aacfc02 - <unknown>
[INFO] [stdout]    6:     0x56b54aaf7091 - <unknown>
[INFO] [stdout]    7:     0x56b54aaf7049 - <unknown>
[INFO] [stdout]    8:     0x56b54aaf755c - <unknown>
[INFO] [stdout]    9:     0x56b54aab26bb - <unknown>
[INFO] [stdout]   10:     0x56b54aab6371 - <unknown>
[INFO] [stdout]   11:     0x56b54aa9f876 - <unknown>
[INFO] [stdout]   12:     0x56b54ab1407b - <unknown>
[INFO] [stdout]   13:     0x56b54ab0fc62 - <unknown>
[INFO] [stdout]   14:     0x56b54ab0f6cc - <unknown>
[INFO] [stdout]   15:     0x56b54ab2a0fc - <unknown>
[INFO] [stdout]   16:     0x56b54aaf8d72 - <unknown>
[INFO] [stdout]   17:     0x7e483f18fdfa - <unknown>
[INFO] [stdout]   18:     0x7e483f2233d4 - clone
[INFO] [stdout]   19:                0x0 - <unknown>
[INFO] [stdout] 
[INFO] [stdout] ---- storage::aof::tests::incr_replay stdout ----
[INFO] [stdout] 
[INFO] [stdout] thread 'storage::aof::tests::incr_replay' (1284) panicked at src/storage/aof.rs:461:76:
[INFO] [stdout] called `Result::unwrap()` on an `Err` value: Os { code: 2, kind: NotFound, message: "No such file or directory" }
[INFO] [stdout] stack backtrace:
[INFO] [stdout]    0:     0x56b54aad1407 - <unknown>
[INFO] [stdout]    1:     0x56b54aab282a - <unknown>
[INFO] [stdout]    2:     0x56b54aad09bb - <unknown>
[INFO] [stdout]    3:     0x56b54aad049f - <unknown>
[INFO] [stdout]    4:     0x56b54aad00ca - <unknown>
[INFO] [stdout]    5:     0x56b54aacfc02 - <unknown>
[INFO] [stdout]    6:     0x56b54aaf7091 - <unknown>
[INFO] [stdout]    7:     0x56b54aaf7049 - <unknown>
[INFO] [stdout]    8:     0x56b54aaf755c - <unknown>
[INFO] [stdout]    9:     0x56b54aab26bb - <unknown>
[INFO] [stdout]   10:     0x56b54aab6371 - <unknown>
[INFO] [stdout]   11:     0x56b54aa9e38e - <unknown>
[INFO] [stdout]   12:     0x56b54ab1407b - <unknown>
[INFO] [stdout]   13:     0x56b54ab0fc62 - <unknown>
[INFO] [stdout]   14:     0x56b54ab0f6cc - <unknown>
[INFO] [stdout]   15:     0x56b54ab2a0fc - <unknown>
[INFO] [stdout]   16:     0x56b54aaf8d72 - <unknown>
[INFO] [stdout]   17:     0x7e483f18fdfa - <unknown>
[INFO] [stdout]   18:     0x7e483f2233d4 - clone
[INFO] [stdout]   19:                0x0 - <unknown>
[INFO] [stdout] 
[INFO] [stdout] ---- storage::aof::tests::mset_replay stdout ----
[INFO] [stdout] 
[INFO] [stdout] thread 'storage::aof::tests::mset_replay' (1286) panicked at src/storage/aof.rs:541:76:
[INFO] [stdout] called `Result::unwrap()` on an `Err` value: Os { code: 2, kind: NotFound, message: "No such file or directory" }
[INFO] [stdout] stack backtrace:
[INFO] [stdout]    0:     0x56b54aad1407 - <unknown>
[INFO] [stdout]    1:     0x56b54aab282a - <unknown>
[INFO] [stdout]    2:     0x56b54aad09bb - <unknown>
[INFO] [stdout]    3:     0x56b54aad049f - <unknown>
[INFO] [stdout]    4:     0x56b54aad00ca - <unknown>
[INFO] [stdout]    5:     0x56b54aacfc02 - <unknown>
[INFO] [stdout]    6:     0x56b54aaf7091 - <unknown>
[INFO] [stdout]    7:     0x56b54aaf7049 - <unknown>
[INFO] [stdout]    8:     0x56b54aaf755c - <unknown>
[INFO] [stdout]    9:     0x56b54aab26bb - <unknown>
[INFO] [stdout]   10:     0x56b54aab6371 - <unknown>
[INFO] [stdout]   11:     0x56b54aa9ee16 - <unknown>
[INFO] [stdout]   12:     0x56b54ab1407b - <unknown>
[INFO] [stdout]   13:     0x56b54ab0fc62 - <unknown>
[INFO] [stdout]   14:     0x56b54ab0f6cc - <unknown>
[INFO] [stdout]   15:     0x56b54ab2a0fc - <unknown>
[INFO] [stdout]   16:     0x56b54aaf8d72 - <unknown>
[INFO] [stdout]   17:     0x7e483f18fdfa - <unknown>
[INFO] [stdout]   18:     0x7e483f2233d4 - clone
[INFO] [stdout]   19:                0x0 - <unknown>
[INFO] [stdout] 
[INFO] [stdout] ---- storage::aof::tests::rewrite_compacts_aof stdout ----
[INFO] [stdout] 
[INFO] [stdout] thread 'storage::aof::tests::rewrite_compacts_aof' (1287) panicked at src/storage/aof.rs:494:37:
[INFO] [stdout] called `Result::unwrap()` on an `Err` value: Os { code: 2, kind: NotFound, message: "No such file or directory" }
[INFO] [stdout] stack backtrace:
[INFO] [stdout]    0:     0x56b54aad1407 - <unknown>
[INFO] [stdout]    1:     0x56b54aab282a - <unknown>
[INFO] [stdout]    2:     0x56b54aad09bb - <unknown>
[INFO] [stdout]    3:     0x56b54aad049f - <unknown>
[INFO] [stdout]    4:     0x56b54aad00ca - <unknown>
[INFO] [stdout]    5:     0x56b54aacfc02 - <unknown>
[INFO] [stdout]    6:     0x56b54aaf7091 - <unknown>
[INFO] [stdout]    7:     0x56b54aaf7049 - <unknown>
[INFO] [stdout]    8:     0x56b54aaf755c - <unknown>
[INFO] [stdout]    9:     0x56b54aab26bb - <unknown>
[INFO] [stdout]   10:     0x56b54aab6371 - <unknown>
[INFO] [stdout]   11:     0x56b54aaa1447 - <unknown>
[INFO] [stdout]   12:     0x56b54ab1407b - <unknown>
[INFO] [stdout]   13:     0x56b54ab0fc62 - <unknown>
[INFO] [stdout]   14:     0x56b54ab0f6cc - <unknown>
[INFO] [stdout]   15:     0x56b54ab2a0fc - <unknown>
[INFO] [stdout]   16:     0x56b54aaf8d72 - <unknown>
[INFO] [stdout]   17:     0x7e483f18fdfa - <unknown>
[INFO] [stdout]   18:     0x7e483f2233d4 - clone
[INFO] [stdout]   19:                0x0 - <unknown>
[INFO] [stdout] 
[INFO] [stdout] ---- storage::aof::tests::ttl_preserved_in_aof stdout ----
[INFO] [stdout] 
[INFO] [stdout] thread 'storage::aof::tests::ttl_preserved_in_aof' (1288) panicked at src/storage/aof.rs:410:76:
[INFO] [stdout] called `Result::unwrap()` on an `Err` value: Os { code: 2, kind: NotFound, message: "No such file or directory" }
[INFO] [stdout] stack backtrace:
[INFO] [stdout]    0:     0x56b54aad1407 - <unknown>
[INFO] [stdout]    1:     0x56b54aab282a - <unknown>
[INFO] [stdout]    2:     0x56b54aad09bb - <unknown>
[INFO] [stdout]    3:     0x56b54aad049f - <unknown>
[INFO] [stdout]    4:     0x56b54aad00ca - <unknown>
[INFO] [stdout]    5:     0x56b54aacfc02 - <unknown>
[INFO] [stdout]    6:     0x56b54aaf7091 - <unknown>
[INFO] [stdout]    7:     0x56b54aaf7049 - <unknown>
[INFO] [stdout]    8:     0x56b54aaf755c - <unknown>
[INFO] [stdout]    9:     0x56b54aab26bb - <unknown>
[INFO] [stdout]   10:     0x56b54aab6371 - <unknown>
[INFO] [stdout]   11:     0x56b54aaa1cd4 - <unknown>
[INFO] [stdout]   12:     0x56b54ab1407b - <unknown>
[INFO] [stdout]   13:     0x56b54ab0fc62 - <unknown>
[INFO] [stdout]   14:     0x56b54ab0f6cc - <unknown>
[INFO] [stdout]   15:     0x56b54ab2a0fc - <unknown>
[INFO] [stdout]   16:     0x56b54aaf8d72 - <unknown>
[INFO] [stdout]   17:     0x7e483f18fdfa - <unknown>
[INFO] [stdout]   18:     0x7e483f2233d4 - clone
[INFO] [stdout]   19:                0x0 - <unknown>
[INFO] [stdout] 
[INFO] [stdout] ---- storage::snapshot::tests::crc_detects_corruption stdout ----
[INFO] [stdout] 
[INFO] [stdout] thread 'storage::snapshot::tests::crc_detects_corruption' (1418) panicked at src/storage/snapshot.rs:297:39:
[INFO] [stdout] called `Result::unwrap()` on an `Err` value: Os { code: 2, kind: NotFound, message: "No such file or directory" }
[INFO] [stdout] stack backtrace:
[INFO] [stdout]    0:     0x56b54aad1407 - <unknown>
[INFO] [stdout]    1:     0x56b54aab282a - <unknown>
[INFO] [stdout]    2:     0x56b54aad09bb - <unknown>
[INFO] [stdout]    3:     0x56b54aad049f - <unknown>
[INFO] [stdout]    4:     0x56b54aad00ca - <unknown>
[INFO] [stdout]    5:     0x56b54aacfc02 - <unknown>
[INFO] [stdout]    6:     0x56b54aaf7091 - <unknown>
[INFO] [stdout]    7:     0x56b54aaf7049 - <unknown>
[INFO] [stdout]    8:     0x56b54aaf755c - <unknown>
[INFO] [stdout]    9:     0x56b54aab26bb - <unknown>
[INFO] [stdout]   10:     0x56b54aab6371 - <unknown>
[INFO] [stdout]   11:     0x56b54aaa525e - <unknown>
[INFO] [stdout]   12:     0x56b54ab1407b - <unknown>
[INFO] [stdout]   13:     0x56b54ab0fc62 - <unknown>
[INFO] [stdout]   14:     0x56b54ab0f6cc - <unknown>
[INFO] [stdout]   15:     0x56b54ab2a0fc - <unknown>
[INFO] [stdout]   16:     0x56b54aaf8d72 - <unknown>
[INFO] [stdout]   17:     0x7e483f18fdfa - <unknown>
[INFO] [stdout]   18:     0x7e483f2233d4 - clone
[INFO] [stdout]   19:                0x0 - <unknown>
[INFO] [stdout] 
[INFO] [stdout] ---- storage::snapshot::tests::binary_values stdout ----
[INFO] [stdout] 
[INFO] [stdout] thread 'storage::snapshot::tests::binary_values' (1417) panicked at src/storage/snapshot.rs:346:39:
[INFO] [stdout] called `Result::unwrap()` on an `Err` value: Os { code: 2, kind: NotFound, message: "No such file or directory" }
[INFO] [stdout] stack backtrace:
[INFO] [stdout]    0:     0x56b54aad1407 - <unknown>
[INFO] [stdout]    1:     0x56b54aab282a - <unknown>
[INFO] [stdout]    2:     0x56b54aad09bb - <unknown>
[INFO] [stdout]    3:     0x56b54aad049f - <unknown>
[INFO] [stdout]    4:     0x56b54aad00ca - <unknown>
[INFO] [stdout]    5:     0x56b54aacfc02 - <unknown>
[INFO] [stdout]    6:     0x56b54aaf7091 - <unknown>
[INFO] [stdout]    7:     0x56b54aaf7049 - <unknown>
[INFO] [stdout]    8:     0x56b54aaf755c - <unknown>
[INFO] [stdout]    9:     0x56b54aab26bb - <unknown>
[INFO] [stdout]   10:     0x56b54aab6371 - <unknown>
[INFO] [stdout]   11:     0x56b54aaa4023 - <unknown>
[INFO] [stdout]   12:     0x56b54ab1407b - <unknown>
[INFO] [stdout]   13:     0x56b54ab0fc62 - <unknown>
[INFO] [stdout]   14:     0x56b54ab0f6cc - <unknown>
[INFO] [stdout]   15:     0x56b54ab2a0fc - <unknown>
[INFO] [stdout]   16:     0x56b54aaf8d72 - <unknown>
[INFO] [stdout]   17:     0x7e483f18fdfa - <unknown>
[INFO] [stdout]   18:     0x7e483f2233d4 - clone
[INFO] [stderr] error: test failed, to rerun pass `--lib`
[INFO] [stdout]   19:                0x0 - <unknown>
[INFO] [stdout] 
[INFO] [stdout] ---- storage::snapshot::tests::ttl_preserved stdout ----
[INFO] [stdout] 
[INFO] [stdout] thread 'storage::snapshot::tests::ttl_preserved' (1422) panicked at src/storage/snapshot.rs:245:39:
[INFO] [stdout] called `Result::unwrap()` on an `Err` value: Os { code: 2, kind: NotFound, message: "No such file or directory" }
[INFO] [stdout] stack backtrace:
[INFO] [stdout]    0:     0x56b54aad1407 - <unknown>
[INFO] [stdout]    1:     0x56b54aab282a - <unknown>
[INFO] [stdout]    2:     0x56b54aad09bb - <unknown>
[INFO] [stdout]    3:     0x56b54aad049f - <unknown>
[INFO] [stdout]    4:     0x56b54aad00ca - <unknown>
[INFO] [stdout]    5:     0x56b54aacfc02 - <unknown>
[INFO] [stdout]    6:     0x56b54aaf7091 - <unknown>
[INFO] [stdout]    7:     0x56b54aaf7049 - <unknown>
[INFO] [stdout]    8:     0x56b54aaf755c - <unknown>
[INFO] [stdout]    9:     0x56b54aab26bb - <unknown>
[INFO] [stdout]   10:     0x56b54aab6371 - <unknown>
[INFO] [stdout]   11:     0x56b54aaa4951 - <unknown>
[INFO] [stdout]   12:     0x56b54ab1407b - <unknown>
[INFO] [stdout]   13:     0x56b54ab0fc62 - <unknown>
[INFO] [stdout]   14:     0x56b54ab0f6cc - <unknown>
[INFO] [stdout]   15:     0x56b54ab2a0fc - <unknown>
[INFO] [stdout]   16:     0x56b54aaf8d72 - <unknown>
[INFO] [stdout]   17:     0x7e483f18fdfa - <unknown>
[INFO] [stdout]   18:     0x7e483f2233d4 - clone
[INFO] [stdout]   19:                0x0 - <unknown>
[INFO] [stdout] 
[INFO] [stdout] ---- storage::snapshot::tests::wrong_magic stdout ----
[INFO] [stdout] 
[INFO] [stdout] thread 'storage::snapshot::tests::wrong_magic' (1423) panicked at src/storage/snapshot.rs:326:33:
[INFO] [stdout] called `Result::unwrap()` on an `Err` value: Os { code: 2, kind: NotFound, message: "No such file or directory" }
[INFO] [stdout] stack backtrace:
[INFO] [stdout]    0:     0x56b54aad1407 - <unknown>
[INFO] [stdout]    1:     0x56b54aab282a - <unknown>
[INFO] [stdout]    2:     0x56b54aad09bb - <unknown>
[INFO] [stdout]    3:     0x56b54aad049f - <unknown>
[INFO] [stdout]    4:     0x56b54aad00ca - <unknown>
[INFO] [stdout]    5:     0x56b54aacfc02 - <unknown>
[INFO] [stdout]    6:     0x56b54aaf7091 - <unknown>
[INFO] [stdout]    7:     0x56b54aaf7049 - <unknown>
[INFO] [stdout]    8:     0x56b54aaf755c - <unknown>
[INFO] [stdout]    9:     0x56b54aab26bb - <unknown>
[INFO] [stdout]   10:     0x56b54aab6371 - <unknown>
[INFO] [stdout]   11:     0x56b54aaa3779 - <unknown>
[INFO] [stdout]   12:     0x56b54ab1407b - <unknown>
[INFO] [stdout]   13:     0x56b54ab0fc62 - <unknown>
[INFO] [stdout]   14:     0x56b54ab0f6cc - <unknown>
[INFO] [stdout]   15:     0x56b54ab2a0fc - <unknown>
[INFO] [stdout]   16:     0x56b54aaf8d72 - <unknown>
[INFO] [stdout]   17:     0x7e483f18fdfa - <unknown>
[INFO] [stdout]   18:     0x7e483f2233d4 - clone
[INFO] [stdout]   19:                0x0 - <unknown>
[INFO] [stdout] 
[INFO] [stdout] ---- storage::snapshot::tests::dump_and_load_roundtrip stdout ----
[INFO] [stdout] 
[INFO] [stdout] thread 'storage::snapshot::tests::dump_and_load_roundtrip' (1419) panicked at src/storage/snapshot.rs:216:51:
[INFO] [stdout] called `Result::unwrap()` on an `Err` value: Os { code: 2, kind: NotFound, message: "No such file or directory" }
[INFO] [stdout] stack backtrace:
[INFO] [stdout]    0:     0x56b54aad1407 - <unknown>
[INFO] [stdout]    1:     0x56b54aab282a - <unknown>
[INFO] [stdout]    2:     0x56b54aad09bb - <unknown>
[INFO] [stdout]    3:     0x56b54aad049f - <unknown>
[INFO] [stdout]    4:     0x56b54aad00ca - <unknown>
[INFO] [stdout]    5:     0x56b54aacfc02 - <unknown>
[INFO] [stdout]    6:     0x56b54aaf7091 - <unknown>
[INFO] [stdout]    7:     0x56b54aaf7049 - <unknown>
[INFO] [stdout]    8:     0x56b54aaf755c - <unknown>
[INFO] [stdout]    9:     0x56b54aab26bb - <unknown>
[INFO] [stdout]   10:     0x56b54aab6371 - <unknown>
[INFO] [stdout]   11:     0x56b54aaa5f38 - <unknown>
[INFO] [stdout]   12:     0x56b54ab1407b - <unknown>
[INFO] [stdout]   13:     0x56b54ab0fc62 - <unknown>
[INFO] [stdout]   14:     0x56b54ab0f6cc - <unknown>
[INFO] [stdout]   15:     0x56b54ab2a0fc - <unknown>
[INFO] [stdout]   16:     0x56b54aaf8d72 - <unknown>
[INFO] [stdout]   17:     0x7e483f18fdfa - <unknown>
[INFO] [stdout]   18:     0x7e483f2233d4 - clone
[INFO] [stdout]   19:                0x0 - <unknown>
[INFO] [stdout] 
[INFO] [stdout] ---- storage::snapshot::tests::expired_entries_skipped stdout ----
[INFO] [stdout] 
[INFO] [stdout] thread 'storage::snapshot::tests::expired_entries_skipped' (1420) panicked at src/storage/snapshot.rs:274:51:
[INFO] [stdout] called `Result::unwrap()` on an `Err` value: Os { code: 2, kind: NotFound, message: "No such file or directory" }
[INFO] [stdout] stack backtrace:
[INFO] [stdout]    0:     0x56b54aad1407 - <unknown>
[INFO] [stdout]    1:     0x56b54aab282a - <unknown>
[INFO] [stdout]    2:     0x56b54aad09bb - <unknown>
[INFO] [stdout]    3:     0x56b54aad049f - <unknown>
[INFO] [stdout]    4:     0x56b54aad00ca - <unknown>
[INFO] [stdout]    5:     0x56b54aacfc02 - <unknown>
[INFO] [stdout]    6:     0x56b54aaf7091 - <unknown>
[INFO] [stdout]    7:     0x56b54aaf7049 - <unknown>
[INFO] [stdout]    8:     0x56b54aaf755c - <unknown>
[INFO] [stdout]    9:     0x56b54aab26bb - <unknown>
[INFO] [stdout]   10:     0x56b54aab6371 - <unknown>
[INFO] [stdout]   11:     0x56b54aaa6b1e - <unknown>
[INFO] [stdout]   12:     0x56b54ab1407b - <unknown>
[INFO] [stdout]   13:     0x56b54ab0fc62 - <unknown>
[INFO] [stdout]   14:     0x56b54ab0f6cc - <unknown>
[INFO] [stdout]   15:     0x56b54ab2a0fc - <unknown>
[INFO] [stdout]   16:     0x56b54aaf8d72 - <unknown>
[INFO] [stdout]   17:     0x7e483f18fdfa - <unknown>
[INFO] [stdout]   18:     0x7e483f2233d4 - clone
[INFO] [stdout]   19:                0x0 - <unknown>
[INFO] [stdout] 
[INFO] [stdout] ---- server::tcp::tests::e2e_snapshot_persistence stdout ----
[INFO] [stdout] 
[INFO] [stdout] thread 'server::tcp::tests::e2e_snapshot_persistence' (1258) panicked at src/server/tcp.rs:618:74:
[INFO] [stdout] called `Result::unwrap()` on an `Err` value: Os { code: 2, kind: NotFound, message: "No such file or directory" }
[INFO] [stdout] stack backtrace:
[INFO] [stdout]    0:     0x56b54aad1407 - <unknown>
[INFO] [stdout]    1:     0x56b54aab282a - <unknown>
[INFO] [stdout]    2:     0x56b54aad09bb - <unknown>
[INFO] [stdout]    3:     0x56b54aad049f - <unknown>
[INFO] [stdout]    4:     0x56b54aad00ca - <unknown>
[INFO] [stdout]    5:     0x56b54aacfc02 - <unknown>
[INFO] [stdout]    6:     0x56b54aaf7091 - <unknown>
[INFO] [stdout]    7:     0x56b54aaf7049 - <unknown>
[INFO] [stdout]    8:     0x56b54aaf755c - <unknown>
[INFO] [stdout]    9:     0x56b54aab26bb - <unknown>
[INFO] [stdout]   10:     0x56b54aab6371 - <unknown>
[INFO] [stdout]   11:     0x56b54aa7572e - <unknown>
[INFO] [stdout]   12:     0x56b54aa513fe - <unknown>
[INFO] [stdout]   13:     0x56b54aa95058 - <unknown>
[INFO] [stdout]   14:     0x56b54ab1407b - <unknown>
[INFO] [stdout]   15:     0x56b54ab0fc62 - <unknown>
[INFO] [stdout]   16:     0x56b54ab0f6cc - <unknown>
[INFO] [stdout]   17:     0x56b54ab2a0fc - <unknown>
[INFO] [stdout]   18:     0x56b54aaf8d72 - <unknown>
[INFO] [stdout]   19:     0x7e483f18fdfa - <unknown>
[INFO] [stdout]   20:     0x7e483f2233d4 - clone
[INFO] [stdout]   21:                0x0 - <unknown>
[INFO] [stdout] 
[INFO] [stdout] 
[INFO] [stdout] failures:
[INFO] [stdout]     server::tcp::tests::e2e_aof_persistence
[INFO] [stdout]     server::tcp::tests::e2e_snapshot_persistence
[INFO] [stdout]     storage::aof::tests::append_and_replay_roundtrip
[INFO] [stdout]     storage::aof::tests::binary_values_in_aof
[INFO] [stdout]     storage::aof::tests::del_removes_key
[INFO] [stdout]     storage::aof::tests::incr_replay
[INFO] [stdout]     storage::aof::tests::mset_replay
[INFO] [stdout]     storage::aof::tests::rewrite_compacts_aof
[INFO] [stdout]     storage::aof::tests::ttl_preserved_in_aof
[INFO] [stdout]     storage::snapshot::tests::binary_values
[INFO] [stdout]     storage::snapshot::tests::crc_detects_corruption
[INFO] [stdout]     storage::snapshot::tests::dump_and_load_roundtrip
[INFO] [stdout]     storage::snapshot::tests::expired_entries_skipped
[INFO] [stdout]     storage::snapshot::tests::ttl_preserved
[INFO] [stdout]     storage::snapshot::tests::wrong_magic
[INFO] [stdout] 
[INFO] [stdout] test result: FAILED. 146 passed; 15 failed; 0 ignored; 0 measured; 0 filtered out; finished in 5.08s
[INFO] [stdout] 
[INFO] running `Command { std: "docker" "inspect" "b0dbd363683bddbc8325064c9eaf485a646a021f78e5923b121556751433a013", kill_on_drop: false }`
[INFO] running `Command { std: "docker" "rm" "-f" "b0dbd363683bddbc8325064c9eaf485a646a021f78e5923b121556751433a013", kill_on_drop: false }`
[INFO] [stdout] b0dbd363683bddbc8325064c9eaf485a646a021f78e5923b121556751433a013
