[INFO] fetching crate zesven 3.2.0...
[INFO] testing zesven-3.2.0 against 1.100.0-beta.1+cargoflags=--release for beta-release-1.100-2
[INFO] extracting crate zesven 3.2.0 into /workspace/builds/worker-6-tc2/source
[INFO] removed /workspace/builds/worker-6-tc2/source/.cargo/config.toml
[INFO] started tweaking crates.io crate zesven 3.2.0
[INFO] removed 0 missing examples
[INFO] removed 0 missing tests
[INFO] finished tweaking crates.io crate zesven 3.2.0
[INFO] tweaked toml for crates.io crate zesven 3.2.0 written to /workspace/builds/worker-6-tc2/source/Cargo.toml
[INFO] validating manifest of crates.io crate zesven 3.2.0 on toolchain 1.100.0-beta.1
[INFO] running `Command { std: CARGO_HOME="/workspace/cargo-home" RUSTUP_HOME="/workspace/rustup-home" "/workspace/cargo-home/bin/cargo" "+1.100.0-beta.1" "metadata" "--manifest-path" "Cargo.toml" "--no-deps", kill_on_drop: false }`
[INFO] crate crates.io crate zesven 3.2.0 already has a lockfile, it will not be regenerated
[INFO] running `Command { std: CARGO_HOME="/workspace/cargo-home" RUSTUP_HOME="/workspace/rustup-home" "/workspace/cargo-home/bin/cargo" "+1.100.0-beta.1" "fetch" "--manifest-path" "Cargo.toml", kill_on_drop: false }`
[INFO] running `Command { std: "docker" "create" "-v" "/var/lib/crater-agent-workspace/builds/worker-6-tc2/source:/opt/rustwide/workdir:ro,Z" "-v" "/var/lib/crater-agent-workspace/builds/worker-6-tc2/target:/opt/rustwide/target:rw,Z" "-v" "/var/lib/crater-agent-workspace/cargo-home:/opt/rustwide/cargo-home:ro,Z" "-v" "/var/lib/crater-agent-workspace/rustup-home:/opt/rustwide/rustup-home:ro,Z" "-m" "1610612736" "--network" "none" "ghcr.io/rust-lang/crates-build-env/linux@sha256:77db811e55d90add9212f6832c23229e3de5f1c1f9905e8cb07319ea15df73ac" "sleep" "infinity", kill_on_drop: false }`
[INFO] [stdout] 4a55c64523c149f4cd2ba5bd45c2b4f9424861a569bc5d7f3eaf44086cbe87c4
[INFO] running `Command { std: "docker" "start" "4a55c64523c149f4cd2ba5bd45c2b4f9424861a569bc5d7f3eaf44086cbe87c4", kill_on_drop: false }`
[INFO] running `Command { std: "docker" "inspect" "4a55c64523c149f4cd2ba5bd45c2b4f9424861a569bc5d7f3eaf44086cbe87c4", kill_on_drop: false }`
[INFO] running `Command { std: "docker" "exec" "-e" "SOURCE_DIR=/opt/rustwide/workdir" "-e" "CARGO_HOME=/opt/rustwide/cargo-home" "-e" "RUSTUP_HOME=/opt/rustwide/rustup-home" "-e" "CARGO_TARGET_DIR=/opt/rustwide/target" "-w" "/opt/rustwide/workdir" "--user" "0:0" "4a55c64523c149f4cd2ba5bd45c2b4f9424861a569bc5d7f3eaf44086cbe87c4" "/opt/rustwide/cargo-home/bin/cargo" "+1.100.0-beta.1" "metadata" "--no-deps" "--format-version=1", kill_on_drop: false }`
[INFO] running `Command { std: "docker" "inspect" "4a55c64523c149f4cd2ba5bd45c2b4f9424861a569bc5d7f3eaf44086cbe87c4", kill_on_drop: false }`
[INFO] running `Command { std: "docker" "exec" "-e" "SOURCE_DIR=/opt/rustwide/workdir" "-e" "CARGO_HOME=/opt/rustwide/cargo-home" "-e" "RUSTUP_HOME=/opt/rustwide/rustup-home" "-e" "CARGO_TARGET_DIR=/opt/rustwide/target" "-e" "CARGO_INCREMENTAL=0" "-e" "RUST_BACKTRACE=full" "-e" "RUSTFLAGS=--cap-lints=warn" "-e" "RUSTDOCFLAGS=--cap-lints=warn" "-w" "/opt/rustwide/workdir" "--user" "0:0" "4a55c64523c149f4cd2ba5bd45c2b4f9424861a569bc5d7f3eaf44086cbe87c4" "/opt/rustwide/cargo-home/bin/cargo" "+1.100.0-beta.1" "build" "--frozen" "--message-format=json" "--release", kill_on_drop: false }`
[INFO] [stderr]    Compiling crossbeam-utils v0.8.22
[INFO] [stderr]    Compiling crossbeam-epoch v0.9.20
[INFO] [stderr]    Compiling block-padding v0.3.3
[INFO] [stderr]    Compiling crossbeam-deque v0.8.7
[INFO] [stderr]    Compiling zlib-rs v0.6.7
[INFO] [stderr]    Compiling libbz2-rs-sys v0.2.5
[INFO] [stderr]    Compiling either v1.17.0
[INFO] [stderr]    Compiling crc64fast v1.1.0
[INFO] [stderr]    Compiling ppmd-rust v1.4.0
[INFO] [stderr]    Compiling sysinfo v0.32.1
[INFO] [stderr]    Compiling lzma-rust2 v0.15.8
[INFO] [stderr]    Compiling thiserror-impl v2.0.20
[INFO] [stderr]    Compiling inout v0.1.4
[INFO] [stderr]    Compiling cipher v0.4.4
[INFO] [stderr]    Compiling aes v0.8.4
[INFO] [stderr]    Compiling cbc v0.1.2
[INFO] [stderr]    Compiling thiserror v2.0.20
[INFO] [stderr]    Compiling bzip2 v0.6.1
[INFO] [stderr]    Compiling rayon-core v1.13.0
[INFO] [stderr]    Compiling rayon v1.12.0
[INFO] [stderr]    Compiling flate2 v1.1.9
[INFO] [stderr]    Compiling zesven v3.2.0 (/opt/rustwide/workdir)
[INFO] [stderr]     Finished `release` profile [optimized] target(s) in 25.64s
[INFO] running `Command { std: "docker" "inspect" "4a55c64523c149f4cd2ba5bd45c2b4f9424861a569bc5d7f3eaf44086cbe87c4", kill_on_drop: false }`
[INFO] running `Command { std: "docker" "exec" "-e" "SOURCE_DIR=/opt/rustwide/workdir" "-e" "CARGO_HOME=/opt/rustwide/cargo-home" "-e" "RUSTUP_HOME=/opt/rustwide/rustup-home" "-e" "CARGO_TARGET_DIR=/opt/rustwide/target" "-e" "CARGO_INCREMENTAL=0" "-e" "RUST_BACKTRACE=full" "-e" "RUSTFLAGS=--cap-lints=warn" "-e" "RUSTDOCFLAGS=--cap-lints=warn" "-w" "/opt/rustwide/workdir" "--user" "0:0" "4a55c64523c149f4cd2ba5bd45c2b4f9424861a569bc5d7f3eaf44086cbe87c4" "/opt/rustwide/cargo-home/bin/cargo" "+1.100.0-beta.1" "test" "--frozen" "--no-run" "--message-format=json" "--release", kill_on_drop: false }`
[INFO] [stderr]    Compiling wasm-bindgen-shared v0.2.127
[INFO] [stderr]    Compiling bumpalo v3.20.3
[INFO] [stderr]    Compiling serde_core v1.0.229
[INFO] [stderr]    Compiling num-traits v0.2.19
[INFO] [stderr]    Compiling getrandom v0.3.4
[INFO] [stderr]    Compiling wasm-bindgen v0.2.127
[INFO] [stderr]    Compiling syn v3.0.3
[INFO] [stderr]    Compiling syn v2.0.119
[INFO] [stderr]    Compiling futures-util v0.3.33
[INFO] [stderr]    Compiling serde v1.0.229
[INFO] [stderr]    Compiling serde_json v1.0.151
[INFO] [stderr]    Compiling tempfile v3.27.0
[INFO] [stderr]    Compiling wait-timeout v0.2.1
[INFO] [stderr]    Compiling quick-error v1.2.3
[INFO] [stderr]    Compiling bit-vec v0.8.0
[INFO] [stderr]    Compiling nu-ansi-term v0.50.3
[INFO] [stderr]    Compiling rand_core v0.9.5
[INFO] [stderr]    Compiling unarray v0.1.4
[INFO] [stderr]    Compiling wasm-bindgen-test-shared v0.2.127
[INFO] [stderr]    Compiling rand v0.8.7
[INFO] [stderr]    Compiling rusty-fork v0.3.1
[INFO] [stderr]    Compiling rand_xorshift v0.4.0
[INFO] [stderr]    Compiling rand_chacha v0.9.0
[INFO] [stderr]    Compiling rand v0.9.5
[INFO] [stderr]    Compiling bit-set v0.8.0
[INFO] [stderr]    Compiling proptest v1.11.0
[INFO] [stderr]    Compiling thiserror-impl v2.0.20
[INFO] [stderr]    Compiling serde_derive v1.0.229
[INFO] [stderr]    Compiling async-trait v0.1.92
[INFO] [stderr]    Compiling thiserror v2.0.20
[INFO] [stderr]    Compiling wasm-bindgen-macro-support v0.2.127
[INFO] [stderr]    Compiling zesven v3.2.0 (/opt/rustwide/workdir)
[INFO] [stderr]    Compiling wasm-bindgen-test-macro v0.3.77
[INFO] [stderr]    Compiling wasm-bindgen-macro v0.2.127
[INFO] [stderr]    Compiling js-sys v0.3.104
[INFO] [stderr]    Compiling wasm-bindgen-futures v0.4.77
[INFO] [stderr]    Compiling wasm-bindgen-test v0.3.77
[INFO] [stderr]     Finished `release` profile [optimized] target(s) in 1m 51s
[INFO] running `Command { std: "docker" "inspect" "4a55c64523c149f4cd2ba5bd45c2b4f9424861a569bc5d7f3eaf44086cbe87c4", kill_on_drop: false }`
[INFO] running `Command { std: "docker" "exec" "-e" "SOURCE_DIR=/opt/rustwide/workdir" "-e" "CARGO_HOME=/opt/rustwide/cargo-home" "-e" "RUSTUP_HOME=/opt/rustwide/rustup-home" "-e" "CARGO_TARGET_DIR=/opt/rustwide/target" "-e" "CARGO_INCREMENTAL=0" "-e" "RUST_BACKTRACE=full" "-e" "RUSTFLAGS=--cap-lints=warn" "-e" "RUSTDOCFLAGS=--cap-lints=warn" "-w" "/opt/rustwide/workdir" "--user" "0:0" "4a55c64523c149f4cd2ba5bd45c2b4f9424861a569bc5d7f3eaf44086cbe87c4" "/opt/rustwide/cargo-home/bin/cargo" "+1.100.0-beta.1" "test" "--frozen" "--release", kill_on_drop: false }`
[INFO] [stderr]     Finished `release` profile [optimized] target(s) in 0.21s
[INFO] [stderr]      Running unittests src/lib.rs (/opt/rustwide/target/release/build/zesven/6a8b1cb12f60afde/out/zesven-6a8b1cb12f60afde)
[INFO] [stdout] 
[INFO] [stdout] running 766 tests
[INFO] [stdout] test archive_path::tests::test_as_ref ... ok
[INFO] [stdout] test archive_path::tests::test_clone ... ok
[INFO] [stdout] test archive_path::tests::test_components_multiple ... ok
[INFO] [stdout] test archive_path::tests::test_components_single ... ok
[INFO] [stdout] test archive_path::tests::test_components_two ... ok
[INFO] [stdout] test archive_path::tests::test_debug ... ok
[INFO] [stdout] test archive_path::tests::test_display ... ok
[INFO] [stdout] test archive_path::tests::test_extension_dotfile_with_ext ... ok
[INFO] [stdout] test archive_path::tests::test_extension_empty_extension ... ok
[INFO] [stdout] test archive_path::tests::test_extension_multiple_dots ... ok
[INFO] [stdout] test archive_path::tests::test_extension_nested ... ok
[INFO] [stdout] test archive_path::tests::test_extension_none_dotfile ... ok
[INFO] [stdout] test archive_path::tests::test_extension_none_no_dot ... ok
[INFO] [stdout] test archive_path::tests::test_extension_simple ... ok
[INFO] [stdout] test archive_path::tests::test_file_name_nested ... ok
[INFO] [stdout] test archive_path::tests::test_file_name_simple ... ok
[INFO] [stdout] test archive_path::tests::test_hash_consistency ... ok
[INFO] [stdout] test archive_path::tests::test_invalid_absolute_path ... ok
[INFO] [stdout] test archive_path::tests::test_invalid_dot_in_middle ... ok
[INFO] [stdout] test archive_path::tests::test_invalid_dot_segment ... ok
[INFO] [stdout] test archive_path::tests::test_invalid_dotdot_in_middle ... ok
[INFO] [stdout] test archive_path::tests::test_invalid_dotdot_traversal ... ok
[INFO] [stdout] test archive_path::tests::test_invalid_empty ... ok
[INFO] [stdout] test archive_path::tests::test_invalid_empty_segment ... ok
[INFO] [stdout] test archive_path::tests::test_invalid_nul_byte ... ok
[INFO] [stdout] test archive_path::tests::test_invalid_too_long ... ok
[INFO] [stdout] test archive_path::tests::test_join ... ok
[INFO] [stdout] test archive_path::tests::test_join_invalid ... ok
[INFO] [stdout] test archive_path::tests::test_ordering ... ok
[INFO] [stdout] test archive_path::tests::test_invalid_trailing_slash ... ok
[INFO] [stdout] test archive_path::tests::test_parent_none ... ok
[INFO] [stdout] test archive_path::tests::test_parent_nested ... ok
[INFO] [stdout] test archive_path::tests::test_parent_simple ... ok
[INFO] [stdout] test archive_path::tests::test_starts_with_multiple_components ... ok
[INFO] [stdout] test archive_path::tests::test_starts_with_partial_component ... ok
[INFO] [stdout] test archive_path::tests::test_try_from_str ... ok
[INFO] [stdout] test archive_path::tests::test_starts_with_single_component ... ok
[INFO] [stdout] test archive_path::tests::test_valid_deeply_nested ... ok
[INFO] [stdout] test archive_path::tests::test_valid_dotfile ... ok
[INFO] [stdout] test archive_path::tests::test_valid_double_dots_in_name ... ok
[INFO] [stdout] test archive_path::tests::test_starts_with_full_path ... ok
[INFO] [stdout] test archive_path::tests::test_valid_unicode ... ok
[INFO] [stdout] test archive_path::tests::test_valid_nested_path ... ok
[INFO] [stdout] test archive_path::tests::test_windows_reserved_filenames_rejected ... ok
[INFO] [stdout] test archive_path::tests::test_windows_reserved_in_path_rejected ... ok
[INFO] [stdout] test archive_path::tests::test_windows_reserved_lookalikes_allowed ... ok
[INFO] [stdout] test archive_path::tests::test_windows_reserved_with_extension_rejected ... ok
[INFO] [stdout] test archive_path::tests::test_try_from_string ... ok
[INFO] [stdout] test checksum::tests::test_checksum_trait ... ok
[INFO] [stdout] test checksum::tests::test_crc32_basic ... ok
[INFO] [stdout] test archive_path::tests::test_valid_simple_file ... ok
[INFO] [stdout] test checksum::tests::test_crc32_empty ... ok
[INFO] [stdout] test archive_path::tests::test_starts_with_longer_prefix ... ok
[INFO] [stdout] test archive_path::tests::test_starts_with_empty ... ok
[INFO] [stdout] test archive_path::tests::test_windows_reserved_case_insensitive_rejected ... ok
[INFO] [stdout] test archive_path::tests::test_starts_with_single_file ... ok
[INFO] [stdout] test archive_path::tests::test_valid_single_char_names ... ok
[INFO] [stdout] test checksum::tests::test_crc32_incremental ... ok
[INFO] [stdout] test archive_path::tests::test_valid_triple_dots ... ok
[INFO] [stdout] test checksum::tests::test_crc32_reader ... ok
[INFO] [stdout] test checksum::tests::test_crc32_reset ... ok
[INFO] [stdout] test checksum::tests::test_crc32_with_initial ... ok
[INFO] [stdout] test checksum::tests::test_crc64_basic ... ok
[INFO] [stdout] test checksum::tests::test_crc64_empty ... ok
[INFO] [stdout] test archive_path::tests::test_starts_with_wrong_prefix ... ok
[INFO] [stdout] test checksum::tests::test_crc64_incremental ... ok
[INFO] [stdout] test checksum::tests::test_crc32_writer ... ok
[INFO] [stdout] test checksum::tests::test_crc64_reader ... ok
[INFO] [stdout] test checksum::tests::test_verify_crc32_match ... ok
[INFO] [stdout] test checksum::tests::test_crc64_writer ... ok
[INFO] [stdout] test checksum::tests::test_verify_crc32_mismatch ... ok
[INFO] [stdout] test checksum::tests::test_verify_crc32_no_crc ... ok
[INFO] [stdout] test codec::bcj2::integration_tests::test_bcj2_x86_reconstruction ... ok
[INFO] [stdout] test codec::bcj2::integration_tests::test_method_id_constant ... ok
[INFO] [stdout] test codec::bcj2::tests::algorithm::test_address_conversion ... ok
[INFO] [stdout] test codec::bcj2::tests::algorithm::test_address_conversion_negative ... ok
[INFO] [stdout] test codec::bcj2::tests::algorithm::test_is_jump_e8_call ... ok
[INFO] [stdout] test codec::bcj2::tests::algorithm::test_is_jump_e9_jmp ... ok
[INFO] [stdout] test codec::bcj2::tests::algorithm::test_status_index_call ... ok
[INFO] [stdout] test codec::bcj2::integration_tests::test_simple_bcj2_archive ... ok
[INFO] [stdout] test codec::bcj2::tests::algorithm::test_status_index_jcc ... ok
[INFO] [stdout] test codec::bcj2::tests::algorithm::test_status_index_jmp ... ok
[INFO] [stdout] test codec::bcj2::tests::decoder::test_decoder_empty_streams ... ok
[INFO] [stdout] test codec::bcj2::tests::decoder::test_decoder_initialization ... ok
[INFO] [stdout] test codec::bcj2::tests::decoder::test_decoder_requires_5_byte_range_init ... ok
[INFO] [stdout] test codec::bcj2::tests::encoder::test_encoder_defaults ... ok
[INFO] [stdout] test codec::bcj2::tests::algorithm::test_is_jump_not_jump ... ok
[INFO] [stdout] test codec::bcj2::tests::algorithm::test_is_jump_jcc ... ok
[INFO] [stdout] test codec::bcj2::tests::encoder::test_range_coder_single_bit ... ok
[INFO] [stdout] test codec::bcj2::tests::encoder::test_range_encoder_initialization ... ok
[INFO] [stdout] test codec::bcj2::tests::encoder::test_encoder_no_jumps ... ok
[INFO] [stdout] test codec::bcj2::tests::decoder::test_decoder_passthrough_no_jumps ... ok
[INFO] [stdout] test codec::bcj2::tests::encoder::test_range_coder_multiple_ones ... ok
[INFO] [stdout] test codec::bcj2::tests::encoder::test_encoder_with_call ... ok
[INFO] [stdout] test codec::bcj2::tests::range_decoder::test_decode_bit_one ... ok
[INFO] [stdout] test codec::bcj2::tests::known_vectors::test_vector_no_conversion ... ok
[INFO] [stdout] test codec::bcj2::tests::encoder::test_encoder_with_jmp ... ok
[INFO] [stdout] test codec::bcj2::tests::encoder::test_roundtrip_no_jumps ... ok
[INFO] [stdout] test codec::bcj2::tests::encoder::test_roundtrip_with_calls ... ok
[INFO] [stdout] test codec::bcj2::tests::range_decoder::test_decode_bit_zero ... ok
[INFO] [stdout] test codec::bcj2::integration_tests::test_sevenzip_bcj2_archive_opens ... ok
[INFO] [stdout] test codec::bcj2::tests::range_decoder::test_new_fails_on_short_input ... ok
[INFO] [stdout] test codec::bcj2::tests::known_vectors::test_vector_e8_not_converted ... ok
[INFO] [stdout] test codec::bcj2::tests::encoder::test_status_encoder_adaptation ... ok
[INFO] [stdout] test codec::bcj2::integration_tests::test_sevenzip_bcj2_archive ... ok
[INFO] [stdout] test codec::bcj2::tests::encoder::test_streams_total_size ... ok
[INFO] [stdout] test codec::bcj_encoders::tests::test_bcj_ia64_basic ... ok
[INFO] [stdout] test codec::bcj2::tests::range_decoder::test_probability_adaptation ... ok
[INFO] [stdout] test codec::bcj_encoders::tests::test_bcj_ia64_preserves_non_branch ... ok
[INFO] [stdout] test codec::bcj_encoders::tests::test_bcj_ppc_basic ... ok
[INFO] [stdout] test codec::bcj2::tests::range_decoder::test_new_reads_5_bytes ... ok
[INFO] [stdout] test codec::bcj_encoders::tests::test_bcj_riscv_compressed_passthrough ... ok
[INFO] [stdout] test codec::bcj_encoders::tests::test_bcj_arm_roundtrip ... ok
[INFO] [stdout] test codec::bcj_encoders::tests::test_bcj_riscv_jal_encoding ... ok
[INFO] [stdout] test codec::bcj_encoders::tests::test_bcj_riscv_auipc_encoding ... ok
[INFO] [stdout] test codec::bcj_encoders::tests::test_bcj_x86_roundtrip ... ok
[INFO] [stdout] test codec::bcj_encoders::tests::test_bcj_riscv_basic ... ok
[INFO] [stdout] test codec::bzip2::tests::test_bzip2_method_id ... ok
[INFO] [stdout] test codec::bzip2::tests::test_bzip2_encoder_options ... ok
[INFO] [stdout] test codec::copy::tests::test_copy_empty ... ok
[INFO] [stdout] test codec::copy::tests::test_copy_full_read ... ok
[INFO] [stdout] test codec::bcj_encoders::tests::test_delta_roundtrip ... ok
[INFO] [stdout] test codec::copy::tests::test_copy_method_id ... ok
[INFO] [stdout] test codec::deflate::tests::test_deflate_method_id ... ok
[INFO] [stdout] test codec::filters::tests::test_bcj_x86_decoder_method_id ... ok
[INFO] [stdout] test codec::filters::tests::test_delta_decoder_distance_parsing ... ok
[INFO] [stdout] test codec::copy::tests::test_copy_partial_read ... ok
[INFO] [stdout] test codec::filters::tests::test_delta_decoder_method_id ... ok
[INFO] [stdout] test codec::filters::tests::test_delta_decoder_empty_properties ... ok
[INFO] [stdout] test codec::lizard::tests::test_lizard_decoder_method_id ... ok
[INFO] [stdout] test codec::deflate::tests::test_deflate_roundtrip ... ok
[INFO] [stdout] test codec::lizard::tests::test_lizard_encoder_method_id ... ok
[INFO] [stdout] test codec::deflate::tests::test_deflate_encoder_options ... ok
[INFO] [stdout] test codec::bzip2::tests::test_level_zero_compresses_instead_of_panicking ... ok
[INFO] [stdout] test codec::lizard::tests::test_lizard_uncompressed_frame ... ok
[INFO] [stdout] test codec::lizard::tests::test_lizard_encoder_options ... ok
[INFO] [stdout] test codec::lizard::tests::test_lizard_encoder_roundtrip_small ... ok
[INFO] [stdout] test codec::lizard::tests::test_lizard_encoder_empty_input ... ok
[INFO] [stdout] test codec::lizard::tests::test_read_le24 ... ok
[INFO] [stdout] test codec::lizard::tests::test_lizard_invalid_magic ... ok
[INFO] [stdout] test codec::bzip2::tests::test_bzip2_roundtrip ... ok
[INFO] [stdout] test codec::lizard::tests::test_lizard_encoder_roundtrip_medium ... ok
[INFO] [stdout] test codec::lizard::tests::test_write_le24 ... ok
[INFO] [stdout] test codec::lz5::tests::test_lz5_decoder_method_id ... ok
[INFO] [stdout] test codec::lz5::tests::test_lz5_invalid_magic ... ok
[INFO] [stdout] test codec::lz5::tests::test_lz5_hash4 ... ok
[INFO] [stdout] test codec::lz5::tests::test_lz5_uncompressed_block ... ok
[INFO] [stdout] test codec::lzma2_chunked::tests::test_blocks_grow_and_then_stop ... ok
[INFO] [stdout] test codec::lz5::tests::test_lz5_encoder_empty_input ... ok
[INFO] [stdout] test codec::lz5::tests::test_lz5_encoder_method_id ... ok
[INFO] [stdout] test codec::lz5::tests::test_lz5_encoder_options ... ok
[INFO] [stdout] test codec::lzma2_chunked::tests::test_a_prefix_is_cut_like_the_stream_it_starts ... ok
[INFO] [stdout] test codec::lzma2_chunked::tests::test_a_short_tail_stays_on_the_block_before_it ... ok
[INFO] [stdout] test codec::lz5::tests::test_lz5_encoder_roundtrip_small ... ok
[INFO] [stdout] test codec::lz5::tests::test_lz5_encoder_roundtrip_random ... ok
[INFO] [stdout] test codec::lz5::tests::test_lz5_encoder_roundtrip_repetitive ... ok
[INFO] [stdout] test codec::bcj2::integration_tests::test_bcj2_archive_structure ... ok
[INFO] [stdout] test codec::lzma2_chunked::tests::test_a_panicking_worker_becomes_an_error ... ok
[INFO] [stdout] test codec::lzma::tests::test_decode_lzma2_dict_size_invalid ... ok
[INFO] [stdout] test codec::lzma::tests::test_encode_decode_lzma2_roundtrip ... ok
[INFO] [stdout] test codec::lzma::tests::test_encode_lzma2_dict_size ... ok
[INFO] [stdout] test codec::lzma::tests::test_lzma2_decoder_properties_missing ... ok
[INFO] [stdout] test codec::lzma::tests::test_decode_lzma2_dict_size ... ok
[INFO] [stdout] test codec::lzma::tests::test_lzma2_encoder_options_default ... ok
[INFO] [stdout] test codec::lzma::tests::test_lzma2_encoder_options_properties ... ok
[INFO] [stdout] test codec::lzma::tests::test_lzma_encoder_options_default ... ok
[INFO] [stdout] test codec::lzma::tests::test_lzma_decoder_properties_too_short ... ok
[INFO] [stdout] test codec::lzma::tests::test_lzma_encoder_options_properties ... ok
[INFO] [stdout] test codec::lzma::tests::test_lzma2_encoder_roundtrip ... ok
[INFO] [stdout] test codec::parallel_frames::tests::test_empty_compression ... ok
[INFO] [stdout] test codec::parallel_frames::tests::test_frame_codec_copy ... ok
[INFO] [stdout] test codec::parallel_frames::tests::test_frame_index_metrics ... ok
[INFO] [stdout] test codec::parallel_frames::tests::test_invalid_magic ... ok
[INFO] [stdout] test codec::lzma::tests::test_lzma_encoder_roundtrip ... ok
[INFO] [stdout] test codec::parallel_frames::tests::test_large_data ... ok
[INFO] [stdout] test codec::parallel_frames::tests::test_truncated_header ... ok
[INFO] [stdout] test codec::parallel_frames::tests::test_copy_roundtrip ... ok
[INFO] [stdout] test codec::parallel_frames::tests::test_varint_roundtrip ... ok
[INFO] [stdout] test codec::parallel_frames::tests::test_compression_result_metrics ... ok
[INFO] [stdout] test codec::lzma2_chunked::tests::test_matches_reaching_past_a_block_survive ... ok
[INFO] [stdout] test codec::ppmd::tests::test_ppmd_method_id ... ok
[INFO] [stdout] test codec::ppmd::tests::test_ppmd_encoder_options ... ok
[INFO] [stdout] test codec::ppmd::tests::test_ppmd_decoder_invalid_properties ... ok
[INFO] [stdout] test codec::ppmd::tests::test_ppmd_properties ... ok
[INFO] [stdout] test codec::tests::test_build_decoder_bcj_x86 ... ok
[INFO] [stdout] test codec::tests::test_build_decoder_aes_requires_password ... ok
[INFO] [stdout] test codec::ppmd::tests::test_ppmd_roundtrip ... ok
[INFO] [stdout] test codec::tests::test_build_decoder_bzip2 ... ok
[INFO] [stdout] test codec::tests::test_build_decoder_deflate ... ok
[INFO] [stdout] test codec::tests::test_build_decoder_delta ... ok
[INFO] [stdout] test codec::tests::test_build_decoder_lz5 ... ok
[INFO] [stdout] test codec::tests::test_build_decoder_lzma ... ok
[INFO] [stdout] test codec::parallel_frames::tests::test_lzma2_roundtrip ... ok
[INFO] [stdout] test codec::tests::test_build_decoder_lzma2 ... ok
[INFO] [stdout] test codec::tests::test_build_decoder_unsupported_method ... ok
[INFO] [stdout] test codec::tests::test_codec_method_from_coder ... ok
[INFO] [stdout] test codec::tests::test_build_decoder_copy ... ok
[INFO] [stdout] test codec::tests::test_codec_method_is_available_consistency ... ok
[INFO] [stdout] test codec::lzma2_chunked::tests::test_one_block_matches_the_ordinary_encoder ... ok
[INFO] [stdout] test codec::tests::test_build_decoder_lizard ... ok
[INFO] [stdout] test codec::tests::test_codec_method_is_available_copy ... ok
[INFO] [stdout] test codec::tests::test_codec_method_required_feature ... ok
[INFO] [stdout] test codec::tests::test_copy_decoder ... ok
[INFO] [stdout] test codec::tests::test_method_chain_empty ... ok
[INFO] [stdout] test codec::tests::test_copy_decoder_exact_size ... ok
[INFO] [stdout] test codec::tests::test_filter_method_from_coder ... ok
[INFO] [stdout] test codec::tests::test_is_filter_identifies_filters ... ok
[INFO] [stdout] test codec::bcj2::integration_tests::test_bcj2_archive_opens ... ok
[INFO] [stdout] test codec::tests::test_build_decoder_ppmd ... ok
[INFO] [stdout] test codec::tests::test_copy_decoder_size_limit ... ok
[INFO] [stdout] test codec::tests::test_method_chain_single_codec ... ok
[INFO] [stdout] test codec::tests::test_method_chain_too_many ... ok
[INFO] [stdout] test crypto::password::tests::test_password_from_str ... ok
[INFO] [stdout] test crypto::password::tests::test_password_utf16le_ascii ... ok
[INFO] [stdout] test codec::tests::test_method_names ... ok
[INFO] [stdout] test crypto::password::tests::test_password_debug ... ok
[INFO] [stdout] test crypto::properties::tests::test_encode_rejects_oversized_salt ... ok
[INFO] [stdout] test codec::tests::test_method_chain_filter_then_codec ... ok
[INFO] [stdout] test crypto::password::tests::test_password_utf16le_unicode ... ok
[INFO] [stdout] test crypto::properties::tests::test_nonce_policy_deterministic ... ok
[INFO] [stdout] test crypto::password::tests::test_password_utf16le_empty ... ok
[INFO] [stdout] test crypto::properties::tests::test_parse_minimal_properties ... ok
[INFO] [stdout] test crypto::properties::tests::test_encode_decode_roundtrip ... ok
[INFO] [stdout] test crypto::properties::tests::test_parse_rejects_trailing_bytes ... ok
[INFO] [stdout] test crypto::properties::tests::test_parse_too_short ... ok
[INFO] [stdout] test crypto::properties::tests::test_parse_with_salt_and_iv ... ok
[INFO] [stdout] test crypto::tests::test_aes_aligned_input_is_not_padded ... ok
[INFO] [stdout] test crypto::password::tests::test_password_from_string ... ok
[INFO] [stdout] test crypto::tests::test_aes_roundtrip ... ok
[INFO] [stdout] test crypto::tests::test_cache_stats_hit_ratio ... ok
[INFO] [stdout] test crypto::properties::tests::test_nonce_policy_explicit ... ok
[INFO] [stdout] test crypto::tests::test_derive_key ... ok
[INFO] [stdout] test crypto::tests::test_derive_key_extreme_values_rejected ... ok
[INFO] [stdout] test crypto::tests::test_derive_key_deterministic ... ok
[INFO] [stdout] test crypto::password::tests::test_password_len ... ok
[INFO] [stdout] test crypto::tests::test_derive_key_max_cycles_power ... ok
[INFO] [stdout] test crypto::tests::test_derive_key_with_varied_salts ... ok
[INFO] [stdout] test codec::lzma2_chunked::tests::test_incompressible_data_round_trips ... ok
[INFO] [stdout] test crypto::tests::test_key_cache_stats_reset ... ok
[INFO] [stdout] test crypto::tests::test_key_cache_basic ... ok
[INFO] [stdout] test crypto::tests::test_key_cache_clear ... ok
[INFO] [stdout] test crypto::tests::test_password_utf16le ... ok
[INFO] [stdout] test crypto::tests::test_key_cache_different_params ... ok
[INFO] [stdout] test crypto::tests::test_validate_bzip2_header ... ok
[INFO] [stdout] test crypto::tests::test_validate_decrypted_header ... ok
[INFO] [stdout] test crypto::tests::test_validate_deflate_header ... ok
[INFO] [stdout] test crypto::tests::test_validate_lzma2_header ... ok
[INFO] [stdout] test edit::editor::tests::test_edit_result_compression_ratio ... ok
[INFO] [stdout] test edit::editor::tests::test_edit_result_defaults ... ok
[INFO] [stdout] test edit::editor::tests::test_edit_result_total_entries ... ok
[INFO] [stdout] test edit::operation::tests::test_operation_builder ... ok
[INFO] [stdout] test edit::operation::tests::test_operation_is_header_only ... ok
[INFO] [stdout] test edit::operation::tests::test_operation_source_path ... ok
[INFO] [stdout] test edit::operation::tests::test_operation_target_path ... ok
[INFO] [stdout] test error::tests::test_cancelled ... ok
[INFO] [stdout] test error::tests::test_convenience_constructors ... ok
[INFO] [stdout] test error::tests::test_corrupt_header ... ok
[INFO] [stdout] test error::tests::test_crc_mismatch ... ok
[INFO] [stdout] test codec::bcj2::integration_tests::test_bcj2_archive_extraction ... ok
[INFO] [stdout] test error::tests::test_entry_index ... ok
[INFO] [stdout] test error::tests::test_entry_name ... ok
[INFO] [stdout] test error::tests::test_entry_not_found ... ok
[INFO] [stdout] test error::tests::test_crypto_error ... ok
[INFO] [stdout] test error::tests::test_error_is_send_sync ... ok
[INFO] [stdout] test error::tests::test_entry_exists ... ok
[INFO] [stdout] test error::tests::test_invalid_archive_path ... ok
[INFO] [stdout] test error::tests::test_invalid_compression_level ... ok
[INFO] [stdout] test error::tests::test_invalid_format ... ok
[INFO] [stdout] test error::tests::test_is_encryption_error ... ok
[INFO] [stdout] test error::tests::test_incomplete_archive ... ok
[INFO] [stdout] test error::tests::test_io_error_from ... ok
[INFO] [stdout] test error::tests::test_is_recoverable_resource_limit_not_recoverable ... ok
[INFO] [stdout] test error::tests::test_is_recoverable_other_errors_not_recoverable ... ok
[INFO] [stdout] test error::tests::test_is_recoverable_non_transient_io_errors ... ok
[INFO] [stdout] test error::tests::test_is_recoverable_transient_io_errors ... ok
[INFO] [stdout] test error::tests::test_is_recoverable_volume_missing ... ok
[INFO] [stdout] test codec::lzma2_chunked::tests::test_carrying_the_window_pays_for_itself ... ok
[INFO] [stdout] test error::tests::test_is_unsupported ... ok
[INFO] [stdout] test error::tests::test_resource_limit_exceeded ... ok
[INFO] [stdout] test error::tests::test_method_id ... ok
[INFO] [stdout] test error::tests::test_password_detection_method_display ... ok
[INFO] [stdout] test error::tests::test_password_required_error ... ok
[INFO] [stdout] test error::tests::test_symlink_error_types ... ok
[INFO] [stdout] test error::tests::test_symlink_errors_not_recoverable ... ok
[INFO] [stdout] test error::tests::test_symlink_windows_absolute_path_error ... ok
[INFO] [stdout] test error::tests::test_unsupported_feature ... ok
[INFO] [stdout] test error::tests::test_symlink_absolute_path_error ... ok
[INFO] [stdout] test error::tests::test_path_traversal ... ok
[INFO] [stdout] test error::tests::test_volume_corrupted ... ok
[INFO] [stdout] test error::tests::test_unsupported_method ... ok
[INFO] [stdout] test error::tests::test_volume_missing_with_source ... ok
[INFO] [stdout] test error::tests::test_wrong_password ... ok
[INFO] [stdout] test error::tests::test_wrong_password_error_has_full_context ... ok
[INFO] [stdout] test format::detect::tests::test_detect_7z_signature ... ok
[INFO] [stdout] test format::detect::tests::test_detect_bzip2_signature ... ok
[INFO] [stdout] test format::detect::tests::test_detect_format_from_extension ... ok
[INFO] [stdout] test format::detect::tests::test_detect_gzip_signature ... ok
[INFO] [stdout] test format::detect::tests::test_detect_lz4_signature ... ok
[INFO] [stdout] test format::detect::tests::test_detect_rar5_signature ... ok
[INFO] [stdout] test format::detect::tests::test_detect_rar_signature ... ok
[INFO] [stdout] test format::detect::tests::test_detect_unknown ... ok
[INFO] [stdout] test format::detect::tests::test_detect_with_fallback ... ok
[INFO] [stdout] test format::detect::tests::test_detect_xz_signature ... ok
[INFO] [stdout] test format::detect::tests::test_detect_zip_signature ... ok
[INFO] [stdout] test format::detect::tests::test_format_display ... ok
[INFO] [stdout] test format::files::tests::test_archive_entry_is_file ... ok
[INFO] [stdout] test format::files::tests::test_files_info_basic ... ok
[INFO] [stdout] test format::detect::tests::test_reader_position_restored ... ok
[INFO] [stdout] test format::detect::tests::test_format_is_supported ... ok
[INFO] [stdout] test format::files::tests::test_files_info_no_comment ... ok
[INFO] [stdout] test format::files::tests::test_files_info_empty ... ok
[INFO] [stdout] test format::files::tests::test_files_info_unicode_comment ... ok
[INFO] [stdout] test format::files::tests::test_files_info_with_anti_item ... ok
[INFO] [stdout] test format::files::tests::test_files_info_with_comment ... ok
[INFO] [stdout] test format::files::tests::test_files_info_with_directory ... ok
[INFO] [stdout] test format::files::tests::test_unknown_property_size_checked_against_limit ... ok
[INFO] [stdout] test format::files::tests::test_utf16le_string ... ok
[INFO] [stdout] test format::files::tests::test_utf16le_unicode ... ok
[INFO] [stdout] test format::header::tests::test_crc_mismatch ... ok
[INFO] [stdout] test format::header::tests::test_detect_sfx_no_signature ... ok
[INFO] [stdout] test format::header::tests::test_detect_sfx_archive ... ok
[INFO] [stdout] test format::detect::tests::test_format_extension ... ok
[INFO] [stdout] test format::header::tests::test_empty_archive ... ok
[INFO] [stdout] test format::header::tests::test_find_signature_at_start ... ok
[INFO] [stdout] test format::header::tests::test_find_signature_with_offset ... ok
[INFO] [stdout] test format::header::tests::test_find_signature_not_found ... ok
[INFO] [stdout] test format::header::tests::test_next_header_position_saturates_on_overflow ... ok
[INFO] [stdout] test format::header::tests::test_truncated_header ... ok
[INFO] [stdout] test format::header::tests::test_parse_sfx_header ... ok
[INFO] [stdout] test format::parser::tests::test_encoded_header_oversized_pack_size_rejected ... ok
[INFO] [stdout] test format::parser::tests::test_encoded_header_oversized_unpack_size_rejected ... ok
[INFO] [stdout] test format::parser::tests::test_encoded_header_pack_pos_overflow_rejected ... ok
[INFO] [stdout] test format::header::tests::test_detect_sfx_regular_archive ... ok
[INFO] [stdout] test format::parser::tests::test_header_parser_empty ... ok
[INFO] [stdout] test format::parser::tests::test_header_parser_invalid_first_byte ... ok
[INFO] [stdout] test format::header::tests::test_invalid_signature ... ok
[INFO] [stdout] test format::parser::tests::test_header_parser_with_streams ... ok
[INFO] [stdout] test format::parser::tests::test_encoded_header_requires_codecs ... ok
[INFO] [stdout] test format::parser::tests::test_next_header_just_over_limit_rejected ... ok
[INFO] [stdout] test format::parser::tests::test_oversized_next_header_rejected_before_allocation ... ok
[INFO] [stdout] test format::parser::tests::test_oversized_next_header_rejected_even_with_limits_off ... ok
[INFO] [stdout] test format::reader::tests::test_all_or_bits_all_true ... ok
[INFO] [stdout] test format::detect::tests::test_detect_zstd_signature ... ok
[INFO] [stdout] test format::parser::tests::test_resource_limits ... ok
[INFO] [stdout] test format::header::tests::test_next_header_position ... ok
[INFO] [stdout] test format::reader::tests::test_an_impossible_length_is_refused_rather_than_aborting ... ok
[INFO] [stdout] test format::reader::tests::test_all_or_bits_bit_vector ... ok
[INFO] [stdout] test format::reader::tests::test_read_u32_le ... ok
[INFO] [stdout] test format::reader::tests::test_bool_vector ... ok
[INFO] [stdout] test format::header::tests::test_valid_start_header ... ok
[INFO] [stdout] test format::files::tests::test_declared_file_count_is_refused_rather_than_allocated ... ok
[INFO] [stdout] test format::reader::tests::test_variable_u64_one_byte_max ... ok
[INFO] [stdout] test format::reader::tests::test_variable_u64_roundtrip ... ok
[INFO] [stdout] test format::reader::tests::test_variable_u64_two_bytes ... ok
[INFO] [stdout] test format::reader::tests::test_variable_u64_two_bytes_min ... ok
[INFO] [stdout] test format::reader::tests::test_variable_u64_zero ... ok
[INFO] [stdout] test format::streams::tests::test_coder_method_id_u64 ... ok
[INFO] [stdout] test format::streams::tests::test_folder_find_packed_stream_index ... ok
[INFO] [stdout] test format::reader::tests::test_read_u64_le ... ok
[INFO] [stdout] test format::streams::tests::test_folder_coder_stream_offsets_simple ... ok
[INFO] [stdout] test format::reader::tests::test_variable_u64_eof ... ok
[INFO] [stdout] test format::reader::tests::test_bool_vector_single_bit ... ok
[INFO] [stdout] test format::reader::tests::test_read_bytes ... ok
[INFO] [stdout] test format::streams::tests::test_folder_find_bind_pair_for_in_stream ... ok
[INFO] [stdout] test format::streams::tests::test_folder_main_coder_index_empty ... ok
[INFO] [stdout] test format::streams::tests::test_folder_main_coder_index_simple ... ok
[INFO] [stdout] test format::streams::tests::test_folder_parse_rejects_huge_input_stream_counts ... ok
[INFO] [stdout] test format::streams::tests::test_folder_parse_rejects_huge_stream_counts ... ok
[INFO] [stdout] test format::streams::tests::test_folder_coder_stream_offsets_bcj2 ... ok
[INFO] [stdout] test format::streams::tests::test_folder_main_coder_index_bcj2 ... ok
[INFO] [stdout] test format::streams::tests::test_folder_total_in_streams_bcj2 ... ok
[INFO] [stdout] test format::streams::tests::test_folder_uses_bcj2 ... ok
[INFO] [stdout] test format::streams::tests::test_folder_total_in_streams_simple ... ok
[INFO] [stdout] test format::streams::tests::test_pack_info_basic ... ok
[INFO] [stdout] test format::streams::tests::test_pack_info_empty ... ok
[INFO] [stdout] test format::streams::tests::test_pack_info_partial_crcs ... ok
[INFO] [stdout] test format::streams::tests::test_ratio_limit_compressed_only ... ok
[INFO] [stdout] test format::streams::tests::test_pack_info_with_crcs ... ok
[INFO] [stdout] test format::streams::tests::test_ratio_limit_no_truncation ... ok
[INFO] [stdout] test format::streams::tests::test_pack_info_resource_limit ... ok
[INFO] [stdout] test format::streams::tests::test_ratio_limit_infinite_ratio ... ok
[INFO] [stdout] test format::streams::tests::test_ratio_limit_exceeds_limit ... ok
[INFO] [stdout] test format::streams::tests::test_ratio_limit_ignore_mode ... ok
[INFO] [stdout] test format::streams::tests::test_ratio_limit_normal_ratio ... ok
[INFO] [stdout] test format::streams::tests::test_resource_limits_builder_methods ... ok
[INFO] [stdout] test format::streams::tests::test_ratio_limit_warn_mode ... ok
[INFO] [stdout] test format::streams::tests::test_ratio_limit_zero_both ... ok
[INFO] [stdout] test format::streams::tests::test_resource_limits_unlimited ... ok
[INFO] [stdout] test codec::lzma2_chunked::tests::test_compressible_data_round_trips_and_is_stable ... ok
[INFO] [stdout] test format::streams::tests::test_substreams_info_multiple_files ... ok
[INFO] [stdout] test format::streams::tests::test_unpack_info_simple ... ok
[INFO] [stdout] test format::streams::tests::test_resource_limits_default ... ok
[INFO] [stdout] test format::streams::tests::test_substreams_info_empty ... ok
[INFO] [stdout] test format::streams::tests::test_substreams_info_single_file_per_folder ... ok
[INFO] [stdout] test format::streams::tests::test_validate_bind_pairs_in_index_out_of_bounds ... ok
[INFO] [stdout] test format::streams::tests::test_validate_bind_pairs_out_index_out_of_bounds ... ok
[INFO] [stdout] test format::streams::tests::test_validate_bind_pairs_valid ... ok
[INFO] [stdout] test format::streams::tests::test_validate_bind_pairs_empty_is_valid ... ok
[INFO] [stdout] test format::streams::tests::test_unpack_info_empty ... ok
[INFO] [stdout] test format::tests::test_method_ids ... ok
[INFO] [stdout] test format::tests::test_property_ids ... ok
[INFO] [stdout] test format::tests::test_signature ... ok
[INFO] [stdout] test format::tests::test_signature_header_size ... ok
[INFO] [stdout] test fs::tests::test_dir_entry ... ok
[INFO] [stdout] test fs::tests::test_file_name ... ok
[INFO] [stdout] test fs::tests::test_glob_match_double_star ... ok
[INFO] [stdout] test fs::tests::test_parent_path ... ok
[INFO] [stdout] test fs::tests::test_glob_match_exact ... ok
[INFO] [stdout] test hardlink::tracker::tests::test_tracker_new ... ok
[INFO] [stdout] test fs::tests::test_normalize_path ... ok
[INFO] [stdout] test hardlink::tests::test_hard_link_entry ... ok
[INFO] [stdout] test format::streams::tests::test_substreams_parse_rejects_huge_stream_counts ... ok
[INFO] [stdout] test hardlink::tracker::tests::test_tracker_clear ... ok
[INFO] [stdout] test ntfs::streams::tests::test_alt_stream_archive_path ... ok
[INFO] [stdout] test ntfs::streams::tests::test_alt_stream_full_path ... ok
[INFO] [stdout] test hardlink::tracker::tests::test_tracker_regular_file ... ok
[INFO] [stdout] test ntfs::streams::tests::test_discover_alt_streams_non_windows ... ok
[INFO] [stdout] test fs::tests::test_glob_match_star ... ok
[INFO] [stdout] test hardlink::tracker::tests::test_tracker_hard_link_detection ... ok
[INFO] [stdout] test ntfs::tests::test_make_ads_path ... ok
[INFO] [stdout] test ntfs::tests::test_parse_ads_path_empty_stream ... ok
[INFO] [stdout] test ntfs::tests::test_parse_ads_path_nested ... ok
[INFO] [stdout] test ntfs::tests::test_parse_ads_path_no_stream ... ok
[INFO] [stdout] test ntfs::tests::test_parse_ads_path_simple ... ok
[INFO] [stdout] test ownership::tests::test_decode_no_unix_mode ... ok
[INFO] [stdout] test codec::lzma2_chunked::tests::test_blocks_fall_where_the_schedule_says ... ok
[INFO] [stdout] test ntfs::tests::test_is_ads_path ... ok
[INFO] [stdout] test ownership::tests::test_encode_decode_unix_mode ... ok
[INFO] [stdout] test ownership::tests::test_ownership_from_ids ... ok
[INFO] [stdout] test ownership::tests::test_ownership_new ... ok
[INFO] [stdout] test ownership::tests::test_serialize_deserialize_empty ... ok
[INFO] [stdout] test ownership::tests::test_serialize_deserialize_full ... ok
[INFO] [stdout] test ownership::tests::test_serialize_deserialize_partial ... ok
[INFO] [stdout] test progress::tests::test_atomic_progress ... ok
[INFO] [stdout] test progress::tests::test_closure_progress ... ok
[INFO] [stdout] test progress::tests::test_format_bytes ... ok
[INFO] [stdout] test ownership::tests::test_ownership_from_names ... ok
[INFO] [stdout] test progress::tests::test_format_bytes_per_second ... ok
[INFO] [stdout] test progress::tests::test_no_progress ... ok
[INFO] [stdout] test progress::tests::test_progress_state_compression_ratio ... ok
[INFO] [stdout] test progress::tests::test_progress_state_empty ... ok
[INFO] [stdout] test progress::tests::test_statistics_cancellation ... ok
[INFO] [stdout] test progress::tests::test_format_duration ... ok
[INFO] [stdout] test read::destination::tests::test_filesystem_destination_creation ... ok
[INFO] [stdout] test progress::tests::test_statistics_progress ... ok
[INFO] [stdout] test read::destination::tests::test_null_destination ... ok
[INFO] [stdout] test crypto::tests::test_derive_key_cached_reuses_the_derived_key ... ok
[INFO] [stdout] test read::entry::tests::test_select_by_predicate ... ok
[INFO] [stdout] test read::destination::tests::test_memory_destination ... ok
[INFO] [stdout] test read::entries::tests::test_build_entries_streamless_entries_do_not_advance_counters ... ok
[INFO] [stdout] test read::entry::tests::test_select_closure ... ok
[INFO] [stdout] test read::entry::tests::test_select_slice ... ok
[INFO] [stdout] test read::entry::tests::test_select_files_only ... ok
[INFO] [stdout] test read::info::tests::test_archive_info_comment ... ok
[INFO] [stdout] test progress::tests::test_progress_state_percentage ... ok
[INFO] [stdout] test read::info::tests::test_archive_info_compression_ratio ... ok
[INFO] [stdout] test read::info::tests::test_archive_info_empty ... ok
[INFO] [stdout] test read::info::tests::test_archive_info_with_encryption ... ok
[INFO] [stdout] test read::info::tests::test_encryption_info ... ok
[INFO] [stdout] test read::info::tests::test_extract_result ... ok
[INFO] [stdout] test read::options::tests::test_extract_options_builder ... ok
[INFO] [stdout] test read::info::tests::test_test_result ... ok
[INFO] [stdout] test read::options::tests::test_extract_options_clone_settings ... ok
[INFO] [stdout] test read::options::tests::test_filter_policy_apply ... ok
[INFO] [stdout] test read::options::tests::test_overwrite_policy_default ... ok
[INFO] [stdout] test read::options::tests::test_filter_policy_default ... ok
[INFO] [stdout] test read::options::tests::test_preserve_metadata ... ok
[INFO] [stdout] test read::options::tests::test_filter_policy_is_include_exclude ... ok
[INFO] [stdout] test read::options::tests::test_path_safety_default ... ok
[INFO] [stdout] test read::entry::tests::test_entry_is_file ... ok
[INFO] [stdout] test read::options::tests::test_preserve_metadata_times ... ok
[INFO] [stdout] test read::options::tests::test_preserve_metadata_modification_time_only ... ok
[INFO] [stdout] test read::options::tests::test_threads_count_always_positive ... ok
[INFO] [stdout] test read::options::tests::test_threads_count_or_single ... ok
[INFO] [stdout] test read::entry::tests::test_entry_name ... ok
[INFO] [stdout] test read::options::tests::test_threads_count ... ok
[INFO] [stdout] test read::options::tests::test_threads_count_or_single_invariants ... ok
[INFO] [stdout] test read::staged_file::tests::test_an_abandoned_file_leaves_the_destination_untouched ... ok
[INFO] [stdout] test read::entries::tests::test_build_entries_advances_streams_for_rejected_paths ... ok
[INFO] [stdout] test read::entry::tests::test_select_all ... ok
[INFO] [stdout] test read::entry::tests::test_select_by_name ... ok
[INFO] [stdout] test read::tests::test_extract_options_builder ... ok
[INFO] [stdout] test read::tests::test_archive_info_default ... ok
[INFO] [stdout] test read::tests::test_open_empty_archive ... ok
[INFO] [stdout] test recovery::scanner::tests::test_find_valid_header ... ok
[INFO] [stdout] test recovery::scanner::tests::test_scanner_bytes_scanned ... ok
[INFO] [stdout] test recovery::scanner::tests::test_scanner_find_all ... ok
[INFO] [stdout] test recovery::scanner::tests::test_scanner_reset ... ok
[INFO] [stdout] test recovery::scanner::tests::test_scanner_no_signature ... ok
[INFO] [stdout] test recovery::scanner::tests::test_validate_start_header_bad_version ... ok
[INFO] [stdout] test recovery::scanner::tests::test_validate_start_header_bad_signature ... ok
[INFO] [stdout] test recovery::scanner::tests::test_validate_start_header_too_short ... ok
[INFO] [stdout] test recovery::scanner::tests::test_validate_start_header_valid ... ok
[INFO] [stdout] test read::staged_file::tests::test_a_committed_file_reaches_its_destination ... ok
[INFO] [stdout] test recovery::tests::test_find_all_signatures_embedded ... ok
[INFO] [stdout] test read::options::tests::test_link_policy_default ... ok
[INFO] [stdout] test recovery::tests::test_find_all_signatures_none ... ok
[INFO] [stdout] test recovery::tests::test_is_valid_archive_too_short ... ok
[INFO] [stdout] test recovery::tests::test_is_valid_archive_valid ... ok
[INFO] [stdout] test recovery::tests::test_is_valid_archive_invalid ... ok
[INFO] [stdout] test recovery::tests::test_recovery_options_default ... ok
[INFO] [stdout] test recovery::tests::test_recovery_result_metrics ... ok
[INFO] [stdout] test recovery::tests::test_find_all_signatures_single ... ok
[INFO] [stdout] test recovery::tests::test_recovery_options_builder ... ok
[INFO] [stdout] test recovery::scanner::tests::test_scanner_find_at_start ... ok
[INFO] [stdout] test recovery::scanner::tests::test_scanner_find_with_prefix ... ok
[INFO] [stdout] test resources::tests::test_a_cap_on_an_ancestor_is_found ... ok
[INFO] [stdout] test read::staged_file::tests::test_two_destinations_do_not_share_a_scratch_file ... ok
[INFO] [stdout] test resources::tests::test_a_floor_below_the_cap_is_not_headroom ... ok
[INFO] [stdout] test resources::tests::test_a_cap_without_a_usage_is_not_free_space ... ok
[INFO] [stdout] test resources::tests::test_a_floor_binds_only_what_a_group_holds ... ok
[INFO] [stdout] test resources::tests::test_a_groups_own_floor_does_not_bind_its_own_cap ... ok
[INFO] [stdout] test resources::tests::test_a_floor_further_down_is_still_found ... ok
[INFO] [stdout] test progress::tests::test_throttled_progress ... ok
[INFO] [stdout] test resources::tests::test_a_larger_machine_gets_a_larger_budget ... ok
[INFO] [stdout] test resources::tests::test_a_mount_of_one_branch_is_understood ... ok
[INFO] [stdout] test resources::tests::test_a_small_machine_stays_above_the_floor ... ok
[INFO] [stdout] test resources::tests::test_an_uncapped_hierarchy_reports_nothing ... ok
[INFO] [stdout] test resources::tests::test_an_escaped_mount_point_is_decoded ... ok
[INFO] [stdout] test resources::tests::test_cached_files_do_not_count_against_the_budget ... ok
[INFO] [stdout] test codec::lzma2_chunked::tests::test_roundtrip_with_one_worker ... ok
[INFO] [stdout] test resources::tests::test_an_overlap_cannot_hide_an_unrecognised_counter ... ok
[INFO] [stdout] test resources::tests::test_detected_limit_never_grows_as_memory_shrinks ... ok
[INFO] [stdout] test resources::tests::test_free_memory_bounds_the_budget ... ok
[INFO] [stdout] test resources::tests::test_huge_pages_count_against_the_cap ... ok
[INFO] [stdout] test resources::tests::test_the_default_is_only_for_an_unanswerable_machine ... ok
[INFO] [stdout] test resources::tests::test_an_unreadable_floor_ends_the_walk ... ok
[INFO] [stdout] test resources::tests::test_kernel_memory_is_counted_in_full ... ok
[INFO] [stdout] test resources::tests::test_the_first_version_is_counted_whole ... ok
[INFO] [stdout] test resources::tests::test_memory_limit_has_a_floor ... ok
[INFO] [stdout] test resources::tests::test_memory_limit_honours_an_explicit_value ... ok
[INFO] [stdout] test resources::tests::test_no_limit_is_recognised_however_it_is_written ... ok
[INFO] [stdout] test resources::tests::test_the_first_version_is_read_from_its_own_tree ... ok
[INFO] [stdout] test resources::tests::test_socket_buffers_survive_the_aggregate ... ok
[INFO] [stdout] test resources::tests::test_the_mount_point_is_taken_from_mountinfo ... ok
[INFO] [stdout] test resources::tests::test_memory_limit_zero_means_auto ... ok
[INFO] [stdout] test resources::tests::test_the_tightest_cap_wins ... ok
[INFO] [stdout] test resources::tests::test_protected_cache_and_anonymous_memory_do_not_overlap ... ok
[INFO] [stdout] test resources::tests::test_a_floor_in_another_branch_is_not_headroom ... ok
[INFO] [stdout] test resources::tests::test_unevictable_memory_is_not_free_space ... ok
[INFO] [stdout] test s3fifo::tests::test_cache_eviction_by_len ... ok
[INFO] [stdout] test s3fifo::tests::test_capacity_one ... ok
[INFO] [stdout] test resources::tests::test_threads_count_never_zero ... ok
[INFO] [stdout] test s3fifo::tests::test_capacity_two ... ok
[INFO] [stdout] test s3fifo::tests::test_ghost_list_evict_oldest_with_tombstones ... ok
[INFO] [stdout] test s3fifo::tests::test_clear ... ok
[INFO] [stdout] test resources::tests::test_the_model_accounts_for_a_real_hierarchy ... ok
[INFO] [stdout] test resources::tests::test_what_the_breakdown_cannot_explain_is_occupied ... ok
[INFO] [stdout] test format::parser::tests::test_next_header_at_limit_passes_size_check ... ok
[INFO] [stdout] test s3fifo::tests::test_basic_insertion_and_retrieval ... ok
[INFO] [stdout] test s3fifo::tests::test_ghost_list_fifo_eviction ... ok
[INFO] [stdout] test s3fifo::tests::test_ghost_list_basic_operations ... ok
[INFO] [stdout] test resources::tests::test_threads_is_single ... ok
[INFO] [stdout] test s3fifo::tests::test_insert_after_clear ... ok
[INFO] [stdout] test safety::tests::test_limited_reader_exceeds_entry_limit ... ok
[INFO] [stdout] test s3fifo::tests::test_is_empty ... ok
[INFO] [stdout] test s3fifo::tests::test_ghost_promotion ... ok
[INFO] [stdout] test s3fifo::tests::test_multiple_insertions ... ok
[INFO] [stdout] test s3fifo::tests::test_overwrite_existing_key ... ok
[INFO] [stdout] test s3fifo::tests::test_pop ... ok
[INFO] [stdout] test s3fifo::tests::test_pop_then_reinsert ... ok
[INFO] [stdout] test s3fifo::tests::test_queue_consistency_after_operations ... ok
[INFO] [stdout] test safety::tests::test_limited_reader_bytes_read ... ok
[INFO] [stdout] test safety::tests::test_limited_reader_ratio_at_exact_boundary ... ok
[INFO] [stdout] test safety::tests::test_limited_reader_ratio_check ... ok
[INFO] [stdout] test safety::tests::test_limited_reader_ratio_one_over_boundary ... ok
[INFO] [stdout] test safety::tests::test_limited_reader_total_tracker ... ok
[INFO] [stdout] test safety::tests::test_limited_reader_under_limit ... ok
[INFO] [stdout] test safety::tests::test_limited_reader_ratio_no_truncation ... ok
[INFO] [stdout] test safety::tests::test_path_traversal_error_contains_entry_index ... ok
[INFO] [stdout] test safety::tests::test_validate_disabled_allows_anything ... ok
[INFO] [stdout] test safety::tests::test_validate_strict_normal_path ... ok
[INFO] [stdout] test resources::tests::test_the_floors_in_a_real_hierarchy_bind_a_cap_above_them ... ok
[INFO] [stdout] test safety::tests::test_validate_strict_rejects_absolute ... ok
[INFO] [stdout] test safety::tests::test_validate_strict_rejects_traversal ... ok
[INFO] [stdout] test sfx::config::tests::test_builder_pattern ... ok
[INFO] [stdout] test sfx::config::tests::test_config_with_title ... ok
[INFO] [stdout] test sfx::config::tests::test_empty_config ... ok
[INFO] [stdout] test sfx::config::tests::test_escape_special_chars ... ok
[INFO] [stdout] test sfx::config::tests::test_full_config ... ok
[INFO] [stdout] test sfx::stub::tests::test_elf_validation ... ok
[INFO] [stdout] test sfx::stub::tests::test_format_detection_elf ... ok
[INFO] [stdout] test sfx::stub::tests::test_format_detection_macho_64 ... ok
[INFO] [stdout] test sfx::stub::tests::test_format_detection_macho_fat ... ok
[INFO] [stdout] test sfx::stub::tests::test_format_detection_pe ... ok
[INFO] [stdout] test sfx::stub::tests::test_format_detection_unknown ... ok
[INFO] [stdout] test sfx::stub::tests::test_format_extensions ... ok
[INFO] [stdout] test sfx::stub::tests::test_pe_validation_too_small ... ok
[INFO] [stdout] test sfx::stub::tests::test_stub_new ... ok
[INFO] [stdout] test sfx::stub::tests::test_stub_with_format ... ok
[INFO] [stdout] test sfx::stub::tests::test_write_to ... ok
[INFO] [stdout] test sfx::tests::test_create_sfx_function ... ok
[INFO] [stdout] test sfx::tests::test_create_sfx_no_config ... ok
[INFO] [stdout] test codec::lzma2_chunked::tests::test_bytes_do_not_depend_on_write_size ... ok
[INFO] [stdout] test sfx::tests::test_extract_archive_from_sfx ... ok
[INFO] [stdout] test sfx::tests::test_sfx_builder_no_stub ... ok
[INFO] [stdout] test sfx::tests::test_sfx_builder_with_config ... ok
[INFO] [stdout] test sfx::tests::test_sfx_builder_with_stub ... ok
[INFO] [stdout] test sfx::tests::test_sfx_roundtrip_pe ... ok
[INFO] [stdout] test sfx::tests::test_sfx_roundtrip_elf ... ok
[INFO] [stdout] test stats::tests::test_empty_stats ... ok
[INFO] [stdout] test sfx::tests::test_sfx_result_overhead ... ok
[INFO] [stdout] test stats::tests::test_into_inner ... ok
[INFO] [stdout] test stats::tests::test_seek_kind ... ok
[INFO] [stdout] test stats::tests::test_stats_calculations ... ok
[INFO] [stdout] test stats::tests::test_stats_reader_seek ... ok
[INFO] [stdout] test stats::tests::test_with_stats_trait ... ok
[INFO] [stdout] test streaming::archive::tests::test_build_entries_advances_streams_for_rejected_paths ... ok
[INFO] [stdout] test stats::tests::test_stats_reader_read ... ok
[INFO] [stdout] test streaming::archive::tests::test_extract_all_result_with_failures ... ok
[INFO] [stdout] test stats::tests::test_stats_snapshot ... ok
[INFO] [stdout] test stats::tests::test_stats_clear ... ok
[INFO] [stdout] test streaming::config::tests::test_builder_pattern ... ok
[INFO] [stdout] test streaming::archive::tests::test_streaming_config_default ... ok
[INFO] [stdout] test streaming::config::tests::test_config_estimate_memory ... ok
[INFO] [stdout] test streaming::config::tests::test_decoder_pool_capacity_default ... ok
[INFO] [stdout] test streaming::config::tests::test_decoder_pool_capacity_disabled ... ok
[INFO] [stdout] test streaming::archive::tests::test_extract_all_result_default ... ok
[INFO] [stdout] test streaming::config::tests::test_low_memory_config ... ok
[INFO] [stdout] test streaming::config::tests::test_decoder_pool_capacity_explicit ... ok
[INFO] [stdout] test streaming::config::tests::test_format_bytes ... ok
[INFO] [stdout] test streaming::config::tests::test_auto_sized ... ok
[INFO] [stdout] test streaming::config::tests::test_high_performance_config ... ok
[INFO] [stdout] test streaming::config::tests::test_low_memory_decoder_pool ... ok
[INFO] [stdout] test streaming::config::tests::test_lzma_decoder_memory ... ok
[INFO] [stdout] test streaming::config::tests::test_memory_estimate_add ... ok
[INFO] [stdout] test streaming::config::tests::test_system_memory_info ... ok
[INFO] [stdout] test streaming::config::tests::test_system_memory_info_usage_percent ... ok
[INFO] [stdout] test streaming::config::tests::test_system_memory_info_zero_total ... ok
[INFO] [stdout] test streaming::config::tests::test_memory_estimate_fixed ... ok
[INFO] [stdout] test stats::tests::test_stats_merge ... ok
[INFO] [stdout] test streaming::config::tests::test_validation_read_buffer_exceeds_max ... ok
[INFO] [stdout] test streaming::config::tests::test_validation_zero_memory_buffer ... ok
[INFO] [stdout] test streaming::config::tests::test_validation_zero_read_buffer ... ok
[INFO] [stdout] test streaming::iterator::tests::test_streaming_config_defaults ... ok
[INFO] [stdout] test streaming::iterator::tests::test_streaming_entry_directory ... ok
[INFO] [stdout] test stats::tests::test_stats_reader_detailed ... ok
[INFO] [stdout] test streaming::memory::tests::test_allocate_exceeds_limit ... ok
[INFO] [stdout] test streaming::config::tests::test_default_config ... ok
[INFO] [stdout] test streaming::memory::tests::test_allocate_success ... ok
[INFO] [stdout] test streaming::memory::tests::test_allocate_up_to ... ok
[INFO] [stdout] test streaming::config::tests::test_validation_success ... ok
[INFO] [stdout] test streaming::memory::tests::test_can_allocate ... ok
[INFO] [stdout] test streaming::memory::tests::test_peak_usage ... ok
[INFO] [stdout] test streaming::memory::tests::test_multiple_allocations ... ok
[INFO] [stdout] test streaming::memory::tests::test_tracked_buffer ... ok
[INFO] [stdout] test streaming::memory::tests::test_tracked_buffer_zeroed ... ok
[INFO] [stdout] test streaming::memory::tests::test_try_allocate ... ok
[INFO] [stdout] test streaming::memory::tests::test_tracker_basic ... ok
[INFO] [stdout] test streaming::parallel::tests::test_cancellation_token ... ok
[INFO] [stdout] test streaming::parallel::tests::test_parallel_extraction_options_builder ... ok
[INFO] [stdout] test streaming::parallel::tests::test_parallel_extraction_options_default ... ok
[INFO] [stdout] test streaming::parallel::tests::test_parallel_extraction_result_failure ... ok
[INFO] [stdout] test streaming::parallel::tests::test_parallel_extraction_result_success ... ok
[INFO] [stdout] test streaming::pool::tests::test_decoder_pool_capacity ... ok
[INFO] [stdout] test streaming::pool::tests::test_decoder_pool_auto_sized ... ok
[INFO] [stdout] test streaming::pool::tests::test_decoder_pool_clear ... ok
[INFO] [stdout] test streaming::pool::tests::test_decoder_pool_default ... ok
[INFO] [stdout] test streaming::parallel::tests::test_batch_size_minimum ... ok
[INFO] [stdout] test streaming::pool::tests::test_decoder_pool_with_multiplier ... ok
[INFO] [stdout] test streaming::pool::tests::test_decoder_pool_with_multiplier_zero ... ok
[INFO] [stdout] test streaming::pool::tests::test_detected_cpu_count ... ok
[INFO] [stdout] test streaming::pool::tests::test_pool_stats_hit_ratio ... ok
[INFO] [stdout] test streaming::pool::tests::test_pool_stats_zero_total ... ok
[INFO] [stdout] test streaming::progressive::tests::test_bounded_reader ... ok
[INFO] [stdout] test streaming::progressive::tests::test_bounded_reader_partial ... ok
[INFO] [stdout] test streaming::progressive::tests::test_progressive_reader_basic ... ok
[INFO] [stdout] test streaming::progressive::tests::test_progressive_reader_with_callback ... ok
[INFO] [stdout] test streaming::progressive::tests::test_progressive_reader_zero_size ... ok
[INFO] [stdout] test streaming::progressive::tests::test_progressive_reader_complete ... ok
[INFO] [stdout] test streaming::memory::tests::test_guard_forget ... ok
[INFO] [stdout] test streaming::random::tests::test_entry_locator_by_name ... ok
[INFO] [stdout] test streaming::random::tests::test_entry_locator_by_pattern ... ok
[INFO] [stdout] test streaming::random::tests::test_entry_locator_directories_only ... ok
[INFO] [stdout] test streaming::sink::tests::test_bounded_vec_sink ... ok
[INFO] [stdout] test streaming::random::tests::test_entry_locator_by_extension ... ok
[INFO] [stdout] test streaming::sink::tests::test_bounded_vec_sink_limit ... ok
[INFO] [stdout] test streaming::progressive::tests::test_chained_reader ... ok
[INFO] [stdout] test streaming::memory::tests::test_reset_peak ... ok
[INFO] [stdout] test streaming::sink::tests::test_counting_sink ... ok
[INFO] [stdout] test streaming::sink::tests::test_crc32_sink ... ok
[INFO] [stdout] test streaming::memory::tests::test_unlimited_tracker ... ok
[INFO] [stdout] test streaming::sink::tests::test_crc32_sink_reset ... ok
[INFO] [stdout] test streaming::random::tests::test_build_entries_advances_streams_for_rejected_paths ... ok
[INFO] [stdout] test streaming::random::tests::test_entry_locator_files_only ... ok
[INFO] [stdout] test streaming::sink::tests::test_null_sink ... ok
[INFO] [stdout] test streaming::random::tests::test_pattern_matching ... ok
[INFO] [stdout] test streaming::sink::tests::test_progress_sink ... ok
[INFO] [stdout] test streaming::sink::tests::test_tee_sink ... ok
[INFO] [stdout] test streaming::solid::tests::test_solid_block_info_compression_ratio ... ok
[INFO] [stdout] test streaming::solid::tests::test_solid_block_info_zero_packed ... ok
[INFO] [stdout] test streaming::tests::test_module_exports ... ok
[INFO] [stdout] test streaming::tests::test_sink_types ... ok
[INFO] [stdout] test timestamp::tests::test_from_unix_secs_nanos ... ok
[INFO] [stdout] test timestamp::tests::test_default ... ok
[INFO] [stdout] test timestamp::tests::test_roundtrip_system_time ... ok
[INFO] [stdout] test timestamp::tests::test_sub_second_precision ... ok
[INFO] [stdout] test timestamp::tests::test_100ns_precision ... ok
[INFO] [stdout] test timestamp::tests::test_before_unix_epoch ... ok
[INFO] [stdout] test timestamp::tests::test_unix_epoch ... ok
[INFO] [stdout] test streaming::tests::test_config_presets ... ok
[INFO] [stdout] test volume::config::tests::test_preset_sizes ... ok
[INFO] [stdout] test volume::config::tests::test_volume_path_generation ... ok
[INFO] [stdout] test timestamp::tests::test_conversions ... ok
[INFO] [stdout] test volume::config::tests::test_default ... ok
[INFO] [stdout] test volume::reader::tests::test_detect_base_path ... ok
[INFO] [stdout] test volume::config::tests::test_volume_path_with_directory ... ok
[INFO] [stdout] test timestamp::tests::test_from_unix_secs ... ok
[INFO] [stdout] test volume::reader::tests::test_no_volumes_error ... ok
[INFO] [stdout] test volume::reader::tests::test_position_to_volume ... ok
[INFO] [stdout] test volume::reader::tests::test_open_multivolume ... ok
[INFO] [stdout] test volume::reader::tests::test_volume_path_generation ... ok
[INFO] [stdout] test volume::writer::tests::test_remaining_in_volume ... ok
[INFO] [stdout] test volume::writer::tests::test_volume_count_tracking ... ok
[INFO] [stdout] test volume::reader::tests::test_seek_operations ... ok
[INFO] [stdout] test volume::writer::tests::test_write_across_boundaries ... ok
[INFO] [stdout] test volume::writer::tests::test_create_multiple_volumes ... ok
[INFO] [stdout] test volume::writer::tests::test_create_single_volume ... ok
[INFO] [stdout] test volume::writer::tests::test_seek_to_start_first_volume ... ok
[INFO] [stdout] test volume::reader::tests::test_read_across_volumes ... ok
[INFO] [stdout] test volume::writer::tests::test_total_written_tracking ... ok
[INFO] [stdout] test write::codecs::tests::test_the_streaming_dictionary_matches_the_buffered_one ... ok
[INFO] [stdout] test write::encoding_utils::tests::test_encode_bool_vector ... ok
[INFO] [stdout] test write::codecs::tests::test_splitting_does_not_depend_on_the_machine ... ok
[INFO] [stdout] test write::append::tests::test_appender_duplicate_path_error ... ok
[INFO] [stdout] test write::encoding_utils::tests::test_encode_method_id ... ok
[INFO] [stdout] test write::options::tests::test_delta_filter_valid ... ok
[INFO] [stdout] test write::append::tests::test_appender_open ... ok
[INFO] [stdout] test write::append::tests::test_appender_path_exists ... ok
[INFO] [stdout] test write::append::tests::test_appender_finish_empty ... ok
[INFO] [stdout] test write::options::tests::test_delta_filter_zero_panics - should panic ... ok
[INFO] [stdout] test write::options::tests::test_level_invalid ... ok
[INFO] [stdout] test write::options::tests::test_entry_meta_directory ... ok
[INFO] [stdout] test write::options::tests::test_level_valid ... ok
[INFO] [stdout] test write::options::tests::test_write_options_default ... ok
[INFO] [stdout] test write::options::tests::test_write_options_builder ... ok
[INFO] [stdout] test write::options::tests::test_entry_meta_file ... ok
[INFO] [stdout] test write::append::tests::test_appender_add_bytes ... ok
[INFO] [stdout] test codec::lzma2_chunked::tests::test_roundtrip_across_block_counts ... ok
[INFO] [stdout] test write::options::tests::test_solid_options ... ok
[INFO] [stdout] test write::options::tests::test_level_clamped ... ok
[INFO] [stdout] test write::codecs::tests::test_a_single_thread_is_never_split ... ok
[INFO] [stdout] test write::options::tests::test_write_result ... ok
[INFO] [stdout] test write::options::tests::test_write_result_empty ... ok
[INFO] [stdout] test write::streaming_entry::tests::test_a_batch_is_collected_when_it_ends_or_when_there_is_no_room ... ok
[INFO] [stdout] test write::streaming_entry::tests::test_an_entry_is_charged_for_both_buffers_it_pours_through ... FAILED
[INFO] [stdout] test write::streaming_entry::tests::test_a_batch_is_charged_for_its_output_as_well_as_its_input ... ok
[INFO] [stdout] test write::tests::test_anti_item_roundtrip ... ok
[INFO] [stdout] test write::tests::test_comment_roundtrip ... ok
[INFO] [stdout] test write::append::tests::test_appender_add_directory ... ok
[INFO] [stdout] test write::tests::test_writer_empty_archive ... ok
[INFO] [stdout] test write::tests::test_writer_with_directory ... ok
[INFO] [stdout] test write::tests::test_writer_create ... ok
[INFO] [stdout] test write::tests::test_writer_options ... ok
[INFO] [stdout] test write::tests::test_writer_add_bytes_and_finish ... ok
[INFO] [stdout] test write::tests::test_writer_with_anti_item ... ok
[INFO] [stdout] test write::tests::test_encryption_without_password_is_rejected ... ok
[INFO] [stdout] test write::append::tests::test_appender_finish ... ok
[INFO] [stdout] test write::tests::test_no_comment ... ok
[INFO] [stdout] test write::codecs::tests::test_the_split_threshold_matches_where_the_encoder_cuts ... ok
[INFO] [stdout] test write::tests::test_header_encryption_write ... ok
[INFO] [stdout] test write::tests::test_encrypted_header_layout_is_standard ... ok
[INFO] [stdout] test write::tests::test_content_encryption_write_and_read ... ok
[INFO] [stdout] test codec::lzma2_chunked::tests::test_bytes_do_not_depend_on_worker_count ... ok
[INFO] [stdout] test resources::tests::test_the_bound_counts_groups_rather_than_files ... ok
[INFO] [stdout] test resources::tests::test_a_subtree_too_large_to_walk_counts_everything ... ok
[INFO] [stdout] 
[INFO] [stdout] failures:
[INFO] [stdout] 
[INFO] [stdout] ---- write::streaming_entry::tests::test_an_entry_is_charged_for_both_buffers_it_pours_through stdout ----
[INFO] [stdout] 
[INFO] [stdout] thread 'write::streaming_entry::tests::test_an_entry_is_charged_for_both_buffers_it_pours_through' (4613) panicked at src/write/streaming_entry.rs:1508:9:
[INFO] [stdout] assertion `left == right` failed
[INFO] [stdout]   left: 90012956
[INFO] [stdout]  right: 90012957
[INFO] [stdout] stack backtrace:
[INFO] [stdout]    0:     0x651e830acba1 - <<std[617be2ca0a6fd877]::sys::backtrace::BacktraceLock>::print::DisplayBacktrace as core[a373ad73a504971]::fmt::Display>::fmt
[INFO] [stdout]    1:     0x651e830c411a - core[a373ad73a504971]::fmt::write
[INFO] [stdout]    2:     0x651e830b135c - <alloc[2e1b2a31b91974c5]::vec::Vec<u8> as core[a373ad73a504971]::io::write::Write>::write_fmt
[INFO] [stdout]    3:     0x651e83085106 - std[617be2ca0a6fd877]::panicking::default_hook::{closure#0}
[INFO] [stdout]    4:     0x651e830a2b79 - std[617be2ca0a6fd877]::panicking::default_hook
[INFO] [stdout]    5:     0x651e82fe4200 - test[aada8e7e76ba119b]::test_main_inner::{closure#0}
[INFO] [stdout]    6:     0x651e830a2ea2 - std[617be2ca0a6fd877]::panicking::panic_with_hook
[INFO] [stdout]    7:     0x651e830851b2 - std[617be2ca0a6fd877]::panicking::panic_handler::{closure#0}
[INFO] [stdout]    8:     0x651e8307daa9 - std[617be2ca0a6fd877]::sys::backtrace::__rust_end_short_backtrace::<std[617be2ca0a6fd877]::panicking::panic_handler::{closure#0}, !>
[INFO] [stdout]    9:     0x651e8308605d - __rustc[ea4f61d10b84890b]::rust_begin_unwind
[INFO] [stdout]   10:     0x651e830c484c - core[a373ad73a504971]::panicking::panic_fmt
[INFO] [stdout]   11:     0x651e830c4763 - core[a373ad73a504971]::panicking::assert_failed_inner
[INFO] [stdout]   12:     0x651e830bf692 - core[a373ad73a504971]::panicking::assert_failed::<u64, u64>
[INFO] [stdout]   13:     0x651e82f31d78 - <zesven[4723be47a2a150ea]::write::streaming_entry::tests::test_an_entry_is_charged_for_both_buffers_it_pours_through::{closure#0} as core[a373ad73a504971]::ops::function::FnOnce<()>>::call_once
[INFO] [stdout]   14:     0x651e82fd764b - test[aada8e7e76ba119b]::__rust_begin_short_backtrace::<core[a373ad73a504971]::result::Result<(), alloc[2e1b2a31b91974c5]::string::String>, fn() -> core[a373ad73a504971]::result::Result<(), alloc[2e1b2a31b91974c5]::string::String>>
[INFO] [stdout]   15:     0x651e82fe4825 - test[aada8e7e76ba119b]::run_test::{closure#0}
[INFO] [stdout]   16:     0x651e82fde114 - std[617be2ca0a6fd877]::sys::backtrace::__rust_begin_short_backtrace::<test[aada8e7e76ba119b]::run_test::{closure#1}, ()>
[INFO] [stdout]   17:     0x651e82fe78b2 - <std[617be2ca0a6fd877]::thread::lifecycle::spawn_unchecked<test[aada8e7e76ba119b]::run_test::{closure#1}, ()>::{closure#1} as core[a373ad73a504971]::ops::function::FnOnce<()>>::call_once::{shim:vtable#0}
[INFO] [stdout]   18:     0x651e830abadf - <std[617be2ca0a6fd877]::sys::thread::unix::Thread>::new::thread_start
[INFO] [stdout]   19:     0x7ba410edbdfa - <unknown>
[INFO] [stdout]   20:     0x7ba410f6f3d4 - clone
[INFO] [stdout]   21:                0x0 - <unknown>
[INFO] [stdout] 
[INFO] [stdout] 
[INFO] [stdout] failures:
[INFO] [stdout]     write::streaming_entry::tests::test_an_entry_is_charged_for_both_buffers_it_pours_through
[INFO] [stdout] 
[INFO] [stdout] test result: FAILED. 765 passed; 1 failed; 0 ignored; 0 measured; 0 filtered out; finished in 1.11s
[INFO] [stdout] 
[INFO] [stderr] error: test failed, to rerun pass `--lib`
[INFO] running `Command { std: "docker" "inspect" "4a55c64523c149f4cd2ba5bd45c2b4f9424861a569bc5d7f3eaf44086cbe87c4", kill_on_drop: false }`
[INFO] running `Command { std: "docker" "rm" "-f" "4a55c64523c149f4cd2ba5bd45c2b4f9424861a569bc5d7f3eaf44086cbe87c4", kill_on_drop: false }`
[INFO] [stdout] 4a55c64523c149f4cd2ba5bd45c2b4f9424861a569bc5d7f3eaf44086cbe87c4
