[INFO] fetching crate zestors-codegen 0.3.1...
[INFO] testing zestors-codegen-0.3.1 against 1.99.0-beta.8+cargoflags=--release for beta-release-1.100-2
[INFO] extracting crate zestors-codegen 0.3.1 into /workspace/builds/worker-1-tc1/source
[INFO] started tweaking crates.io crate zestors-codegen 0.3.1
[INFO] finished tweaking crates.io crate zestors-codegen 0.3.1
[INFO] tweaked toml for crates.io crate zestors-codegen 0.3.1 written to /workspace/builds/worker-1-tc1/source/Cargo.toml
[INFO] validating manifest of crates.io crate zestors-codegen 0.3.1 on toolchain 1.99.0-beta.8
[INFO] running `Command { std: CARGO_HOME="/workspace/cargo-home" RUSTUP_HOME="/workspace/rustup-home" "/workspace/cargo-home/bin/cargo" "+1.99.0-beta.8" "metadata" "--manifest-path" "Cargo.toml" "--no-deps", kill_on_drop: false }`
[INFO] crate crates.io crate zestors-codegen 0.3.1 already has a lockfile, it will not be regenerated
[INFO] running `Command { std: CARGO_HOME="/workspace/cargo-home" RUSTUP_HOME="/workspace/rustup-home" "/workspace/cargo-home/bin/cargo" "+1.99.0-beta.8" "fetch" "--manifest-path" "Cargo.toml", kill_on_drop: false }`
[INFO] [stderr]     Updating crates.io index
[INFO] [stderr]  Downloading crates ...
[INFO] [stderr]   Downloaded darling_core v0.24.1
[INFO] [stderr]   Downloaded darling_macro v0.24.1
[INFO] [stderr]   Downloaded darling v0.24.1
[INFO] [stderr]   Downloaded rootcause-internals v0.13.0
[INFO] [stderr]   Downloaded rootcause v0.13.0
[INFO] running `Command { std: "docker" "create" "-v" "/var/lib/crater-agent-workspace/builds/worker-1-tc1/source:/opt/rustwide/workdir:ro,Z" "-v" "/var/lib/crater-agent-workspace/builds/worker-1-tc1/target:/opt/rustwide/target:rw,Z" "-v" "/var/lib/crater-agent-workspace/cargo-home:/opt/rustwide/cargo-home:ro,Z" "-v" "/var/lib/crater-agent-workspace/rustup-home:/opt/rustwide/rustup-home:ro,Z" "-m" "1610612736" "--network" "none" "ghcr.io/rust-lang/crates-build-env/linux@sha256:77db811e55d90add9212f6832c23229e3de5f1c1f9905e8cb07319ea15df73ac" "sleep" "infinity", kill_on_drop: false }`
[INFO] [stdout] 33a327025b326355a23d4c110d87dc12278add2aae2d38991c03797953022e12
[INFO] running `Command { std: "docker" "start" "33a327025b326355a23d4c110d87dc12278add2aae2d38991c03797953022e12", kill_on_drop: false }`
[INFO] running `Command { std: "docker" "inspect" "33a327025b326355a23d4c110d87dc12278add2aae2d38991c03797953022e12", kill_on_drop: false }`
[INFO] running `Command { std: "docker" "exec" "-e" "SOURCE_DIR=/opt/rustwide/workdir" "-e" "CARGO_HOME=/opt/rustwide/cargo-home" "-e" "RUSTUP_HOME=/opt/rustwide/rustup-home" "-e" "CARGO_TARGET_DIR=/opt/rustwide/target" "-w" "/opt/rustwide/workdir" "--user" "0:0" "33a327025b326355a23d4c110d87dc12278add2aae2d38991c03797953022e12" "/opt/rustwide/cargo-home/bin/cargo" "+1.99.0-beta.8" "metadata" "--no-deps" "--format-version=1", kill_on_drop: false }`
[INFO] running `Command { std: "docker" "inspect" "33a327025b326355a23d4c110d87dc12278add2aae2d38991c03797953022e12", kill_on_drop: false }`
[INFO] running `Command { std: "docker" "exec" "-e" "SOURCE_DIR=/opt/rustwide/workdir" "-e" "CARGO_HOME=/opt/rustwide/cargo-home" "-e" "RUSTUP_HOME=/opt/rustwide/rustup-home" "-e" "CARGO_TARGET_DIR=/opt/rustwide/target" "-e" "CARGO_INCREMENTAL=0" "-e" "RUST_BACKTRACE=full" "-e" "RUSTFLAGS=--cap-lints=warn" "-e" "RUSTDOCFLAGS=--cap-lints=warn" "-w" "/opt/rustwide/workdir" "--user" "0:0" "33a327025b326355a23d4c110d87dc12278add2aae2d38991c03797953022e12" "/opt/rustwide/cargo-home/bin/cargo" "+1.99.0-beta.8" "build" "--frozen" "--message-format=json" "--release", kill_on_drop: false }`
[INFO] [stderr]    Compiling unicode-ident v1.0.26
[INFO] [stderr]    Compiling cfg-if v1.0.5
[INFO] [stderr]    Compiling libc v0.2.189
[INFO] [stderr]    Compiling getrandom v0.4.3
[INFO] [stderr]    Compiling proc-macro2 v1.0.107
[INFO] [stderr]    Compiling quote v1.0.47
[INFO] [stderr]    Compiling syn v3.0.6
[INFO] [stderr]    Compiling uuid v1.26.1
[INFO] [stderr]    Compiling darling_core v0.24.1
[INFO] [stderr]    Compiling darling_macro v0.24.1
[INFO] [stderr]    Compiling darling v0.24.1
[INFO] [stderr]    Compiling zestors-codegen v0.3.1 (/opt/rustwide/workdir)
[INFO] [stderr]     Finished `release` profile [optimized] target(s) in 14.50s
[INFO] running `Command { std: "docker" "inspect" "33a327025b326355a23d4c110d87dc12278add2aae2d38991c03797953022e12", kill_on_drop: false }`
[INFO] running `Command { std: "docker" "exec" "-e" "SOURCE_DIR=/opt/rustwide/workdir" "-e" "CARGO_HOME=/opt/rustwide/cargo-home" "-e" "RUSTUP_HOME=/opt/rustwide/rustup-home" "-e" "CARGO_TARGET_DIR=/opt/rustwide/target" "-e" "CARGO_INCREMENTAL=0" "-e" "RUST_BACKTRACE=full" "-e" "RUSTFLAGS=--cap-lints=warn" "-e" "RUSTDOCFLAGS=--cap-lints=warn" "-w" "/opt/rustwide/workdir" "--user" "0:0" "33a327025b326355a23d4c110d87dc12278add2aae2d38991c03797953022e12" "/opt/rustwide/cargo-home/bin/cargo" "+1.99.0-beta.8" "test" "--frozen" "--no-run" "--message-format=json" "--release", kill_on_drop: false }`
[INFO] [stderr]    Compiling triomphe v0.1.16
[INFO] [stderr]    Compiling rustc-hash v2.1.3
[INFO] [stderr]    Compiling indexmap v2.14.2
[INFO] [stderr]    Compiling zestors-codegen v0.3.1 (/opt/rustwide/workdir)
[INFO] [stderr]    Compiling rootcause-internals v0.13.0
[INFO] [stderr]    Compiling rootcause v0.13.0
[INFO] [stderr]     Finished `release` profile [optimized] target(s) in 2.96s
[INFO] running `Command { std: "docker" "inspect" "33a327025b326355a23d4c110d87dc12278add2aae2d38991c03797953022e12", kill_on_drop: false }`
[INFO] running `Command { std: "docker" "exec" "-e" "SOURCE_DIR=/opt/rustwide/workdir" "-e" "CARGO_HOME=/opt/rustwide/cargo-home" "-e" "RUSTUP_HOME=/opt/rustwide/rustup-home" "-e" "CARGO_TARGET_DIR=/opt/rustwide/target" "-e" "CARGO_INCREMENTAL=0" "-e" "RUST_BACKTRACE=full" "-e" "RUSTFLAGS=--cap-lints=warn" "-e" "RUSTDOCFLAGS=--cap-lints=warn" "-w" "/opt/rustwide/workdir" "--user" "0:0" "33a327025b326355a23d4c110d87dc12278add2aae2d38991c03797953022e12" "/opt/rustwide/cargo-home/bin/cargo" "+1.99.0-beta.8" "test" "--frozen" "--release", kill_on_drop: false }`
[INFO] [stderr]     Finished `release` profile [optimized] target(s) in 0.07s
[INFO] [stderr]      Running unittests src/lib.rs (/opt/rustwide/target/release/deps/zestors_codegen-e80807d1d2930397)
[INFO] [stdout] 
[INFO] [stdout] running 0 tests
[INFO] [stdout] 
[INFO] [stdout] test result: ok. 0 passed; 0 failed; 0 ignored; 0 measured; 0 filtered out; finished in 0.00s
[INFO] [stdout] 
[INFO] [stderr]    Doc-tests zestors_codegen
[INFO] [stdout] 
[INFO] [stdout] running 4 tests
[INFO] [stdout] test src/lib.rs - derive_interface_polybox (line 43) ... FAILED
[INFO] [stdout] test src/lib.rs - derive_message_id (line 389) ... FAILED
[INFO] [stdout] test src/lib.rs - derive_actor_interface (line 231) ... FAILED
[INFO] [stdout] test src/lib.rs - derive_message (line 330) ... FAILED
[INFO] [stdout] 
[INFO] [stdout] failures:
[INFO] [stdout] 
[INFO] [stdout] ---- src/lib.rs - derive_interface_polybox (line 43) stdout ----
[INFO] [stdout] error[E0432]: unresolved import `zestors_interface`
[INFO] [stdout]   --> src/lib.rs:44:5
[INFO] [stdout]    |
[INFO] [stdout] 44 | use zestors_interface::*;
[INFO] [stdout]    |     ^^^^^^^^^^^^^^^^^ use of unresolved module or unlinked crate `zestors_interface`
[INFO] [stdout]    |
[INFO] [stdout]    = help: if you wanted to use a crate named `zestors_interface`, use `cargo add zestors_interface` to add it to your `Cargo.toml`
[INFO] [stdout] 
[INFO] [stdout] error: cannot find derive macro `Interface` in this scope
[INFO] [stdout]   --> src/lib.rs:45:10
[INFO] [stdout]    |
[INFO] [stdout] 45 | #[derive(Interface)]
[INFO] [stdout]    |          ^^^^^^^^^
[INFO] [stdout] 
[INFO] [stdout] error: cannot find attribute `zestors` in this scope
[INFO] [stdout]   --> src/lib.rs:46:3
[INFO] [stdout]    |
[INFO] [stdout] 46 | #[zestors(interface_path = "zestors_interface")]
[INFO] [stdout]    |   ^^^^^^^
[INFO] [stdout]    |
[INFO] [stdout]    = note: `zestors` is an attribute that can be used by the derive macros `HandlerInterface`, `Interface`, `Message` and `StableId`, you might be missing a `derive` attribute
[INFO] [stdout] 
[INFO] [stdout] error: aborting due to 3 previous errors
[INFO] [stdout] 
[INFO] [stdout] For more information about this error, try `rustc --explain E0432`.
[INFO] [stdout] Couldn't compile the test.
[INFO] [stdout] ---- src/lib.rs - derive_message_id (line 389) stdout ----
[INFO] [stdout] error[E0432]: unresolved import `zestors_distr`
[INFO] [stdout]    --> src/lib.rs:390:5
[INFO] [stdout]     |
[INFO] [stdout] 390 | use zestors_distr::*;
[INFO] [stdout]     |     ^^^^^^^^^^^^^ use of unresolved module or unlinked crate `zestors_distr`
[INFO] [stdout]     |
[INFO] [stdout]     = help: if you wanted to use a crate named `zestors_distr`, use `cargo add zestors_distr` to add it to your `Cargo.toml`
[INFO] [stdout] 
[INFO] [stdout] error: cannot find derive macro `StableId` in this scope
[INFO] [stdout]    --> src/lib.rs:391:10
[INFO] [stdout]     |
[INFO] [stdout] 391 | #[derive(StableId)]
[INFO] [stdout]     |          ^^^^^^^^
[INFO] [stdout] 
[INFO] [stdout] error: cannot find attribute `zestors` in this scope
[INFO] [stdout]    --> src/lib.rs:392:3
[INFO] [stdout]     |
[INFO] [stdout] 392 | #[zestors(distr_path = "zestors_distr")]
[INFO] [stdout]     |   ^^^^^^^
[INFO] [stdout]     |
[INFO] [stdout]     = note: `zestors` is an attribute that can be used by the derive macros `HandlerInterface`, `Interface`, `Message` and `StableId`, you might be missing a `derive` attribute
[INFO] [stdout] 
[INFO] [stdout] error: cannot find attribute `msg` in this scope
[INFO] [stdout]    --> src/lib.rs:393:3
[INFO] [stdout]     |
[INFO] [stdout] 393 | #[msg(id = "0b0f7e4e-3f3a-4d5b-9d7e-6a1c2b3d4e92")]
[INFO] [stdout]     |   ^^^
[INFO] [stdout]     |
[INFO] [stdout]     = note: `msg` is an attribute that can be used by the derive macros `Message` and `StableId`, you might be missing a `derive` attribute
[INFO] [stdout] 
[INFO] [stdout] error[E0599]: no associated function or constant named `Id` found for struct `Ping` in the current scope
[INFO] [stdout]    --> src/lib.rs:396:18
[INFO] [stdout]     |
[INFO] [stdout] 394 | struct Ping;
[INFO] [stdout]     | ----------- associated function or constant `Id` not found for this struct
[INFO] [stdout] 395 |
[INFO] [stdout] 396 | assert_eq!(Ping::Id, MessageId::from_u128(0x0b0f7e4e_3f3a_4d5b_9d7e_6a1c2b3d4e92));
[INFO] [stdout]     |                  ^^ associated function or constant not found in `Ping`
[INFO] [stdout] 
[INFO] [stdout] error: aborting due to 5 previous errors
[INFO] [stdout] 
[INFO] [stdout] Some errors have detailed explanations: E0432, E0599.
[INFO] [stdout] For more information about an error, try `rustc --explain E0432`.
[INFO] [stdout] Couldn't compile the test.
[INFO] [stdout] ---- src/lib.rs - derive_actor_interface (line 231) stdout ----
[INFO] [stdout] error[E0433]: cannot find module or crate `zestors` in this scope
[INFO] [stdout]    --> src/lib.rs:233:5
[INFO] [stdout]     |
[INFO] [stdout] 233 | use zestors::prelude::*;
[INFO] [stdout]     |     ^^^^^^^ use of unresolved module or unlinked crate `zestors`
[INFO] [stdout]     |
[INFO] [stdout]     = help: if you wanted to use a crate named `zestors`, use `cargo add zestors` to add it to your `Cargo.toml`
[INFO] [stdout] 
[INFO] [stdout] error[E0433]: cannot find module or crate `zestors` in this scope
[INFO] [stdout]    --> src/lib.rs:232:5
[INFO] [stdout]     |
[INFO] [stdout] 232 | use zestors::interface::{Envelope, Interface, Message};
[INFO] [stdout]     |     ^^^^^^^ use of unresolved module or unlinked crate `zestors`
[INFO] [stdout]     |
[INFO] [stdout]     = help: if you wanted to use a crate named `zestors`, use `cargo add zestors` to add it to your `Cargo.toml`
[INFO] [stdout] 
[INFO] [stdout] error[E0432]: unresolved imports `zestors::interface::Envelope`, `zestors::interface::Interface`, `zestors::interface::Message`
[INFO] [stdout]    --> src/lib.rs:232:26
[INFO] [stdout]     |
[INFO] [stdout] 232 | use zestors::interface::{Envelope, Interface, Message};
[INFO] [stdout]     |                          ^^^^^^^^  ^^^^^^^^^  ^^^^^^^
[INFO] [stdout] 
[INFO] [stdout] error: cannot find derive macro `HandlerInterface` in this scope
[INFO] [stdout]    --> src/lib.rs:238:21
[INFO] [stdout]     |
[INFO] [stdout] 238 | #[derive(Interface, HandlerInterface, Debug)]
[INFO] [stdout]     |                     ^^^^^^^^^^^^^^^^
[INFO] [stdout] 
[INFO] [stdout] error[E0405]: cannot find trait `Handler` in this scope
[INFO] [stdout]    --> src/lib.rs:246:6
[INFO] [stdout]     |
[INFO] [stdout] 246 | impl Handler for Pinger {
[INFO] [stdout]     |      ^^^^^^^ not found in this scope
[INFO] [stdout] 
[INFO] [stdout] error[E0405]: cannot find trait `Handle` in this scope
[INFO] [stdout]    --> src/lib.rs:250:6
[INFO] [stdout]     |
[INFO] [stdout] 250 | impl Handle<Ping> for Pinger {
[INFO] [stdout]     |      ^^^^^^ not found in this scope
[INFO] [stdout] 
[INFO] [stdout] error[E0425]: cannot find type `HandlerContext` in this scope
[INFO] [stdout]    --> src/lib.rs:253:15
[INFO] [stdout]     |
[INFO] [stdout] 253 |         _ctx: HandlerContext<'_, Self>,
[INFO] [stdout]     |               ^^^^^^^^^^^^^^ not found in this scope
[INFO] [stdout] 
[INFO] [stdout] error: aborting due to 7 previous errors
[INFO] [stdout] 
[INFO] [stdout] Some errors have detailed explanations: E0405, E0425, E0432, E0433.
[INFO] [stdout] For more information about an error, try `rustc --explain E0405`.
[INFO] [stdout] Couldn't compile the test.
[INFO] [stdout] ---- src/lib.rs - derive_message (line 330) stdout ----
[INFO] [stdout] error[E0432]: unresolved import `zestors_interface`
[INFO] [stdout]    --> src/lib.rs:331:5
[INFO] [stdout]     |
[INFO] [stdout] 331 | use zestors_interface::*;
[INFO] [stdout]     |     ^^^^^^^^^^^^^^^^^ use of unresolved module or unlinked crate `zestors_interface`
[INFO] [stdout]     |
[INFO] [stdout]     = help: if you wanted to use a crate named `zestors_interface`, use `cargo add zestors_interface` to add it to your `Cargo.toml`
[INFO] [stdout] 
[INFO] [stdout] error: cannot find derive macro `Message` in this scope
[INFO] [stdout]    --> src/lib.rs:336:10
[INFO] [stdout]     |
[INFO] [stdout] 336 | #[derive(Message)]
[INFO] [stdout]     |          ^^^^^^^
[INFO] [stdout] 
[INFO] [stdout] error: cannot find attribute `msg` in this scope
[INFO] [stdout]    --> src/lib.rs:337:3
[INFO] [stdout]     |
[INFO] [stdout] 337 | #[msg(reply = u32)]
[INFO] [stdout]     |   ^^^
[INFO] [stdout]     |
[INFO] [stdout]     = note: `msg` is an attribute that can be used by the derive macros `Message` and `StableId`, you might be missing a `derive` attribute
[INFO] [stdout] 
[INFO] [stdout] error: cannot find attribute `zestors` in this scope
[INFO] [stdout]    --> src/lib.rs:338:3
[INFO] [stdout]     |
[INFO] [stdout] 338 | #[zestors(interface_path = "zestors_interface")]
[INFO] [stdout]     |   ^^^^^^^
[INFO] [stdout]     |
[INFO] [stdout]     = note: `zestors` is an attribute that can be used by the derive macros `HandlerInterface`, `Interface`, `Message` and `StableId`, you might be missing a `derive` attribute
[INFO] [stdout] 
[INFO] [stdout] error: cannot find derive macro `Message` in this scope
[INFO] [stdout]    --> src/lib.rs:332:10
[INFO] [stdout]     |
[INFO] [stdout] 332 | #[derive(Message)]
[INFO] [stdout]     |          ^^^^^^^
[INFO] [stdout] 
[INFO] [stdout] error: cannot find attribute `zestors` in this scope
[INFO] [stdout]    --> src/lib.rs:333:3
[INFO] [stdout]     |
[INFO] [stdout] 333 | #[zestors(interface_path = "zestors_interface")]
[INFO] [stdout]     |   ^^^^^^^
[INFO] [stdout]     |
[INFO] [stdout]     = note: `zestors` is an attribute that can be used by the derive macros `HandlerInterface`, `Interface`, `Message` and `StableId`, you might be missing a `derive` attribute
[INFO] [stdout] 
[INFO] [stdout] error: aborting due to 6 previous errors
[INFO] [stdout] 
[INFO] [stdout] For more information about this error, try `rustc --explain E0432`.
[INFO] [stdout] Couldn't compile the test.
[INFO] [stdout] 
[INFO] [stdout] failures:
[INFO] [stdout]     src/lib.rs - derive_actor_interface (line 231)
[INFO] [stdout]     src/lib.rs - derive_interface_polybox (line 43)
[INFO] [stdout]     src/lib.rs - derive_message (line 330)
[INFO] [stdout]     src/lib.rs - derive_message_id (line 389)
[INFO] [stdout] 
[INFO] [stdout] test result: FAILED. 0 passed; 4 failed; 0 ignored; 0 measured; 0 filtered out; finished in 0.33s
[INFO] [stdout] 
[INFO] [stderr] error: doctest failed, to rerun pass `--doc`
[INFO] running `Command { std: "docker" "inspect" "33a327025b326355a23d4c110d87dc12278add2aae2d38991c03797953022e12", kill_on_drop: false }`
[INFO] running `Command { std: "docker" "rm" "-f" "33a327025b326355a23d4c110d87dc12278add2aae2d38991c03797953022e12", kill_on_drop: false }`
[INFO] [stdout] 33a327025b326355a23d4c110d87dc12278add2aae2d38991c03797953022e12
