[INFO] fetching crate zeromq 0.6.0...
[INFO] testing zeromq-0.6.0 against 1.100.0-beta.1+cargoflags=--release for beta-release-1.100-2
[INFO] extracting crate zeromq 0.6.0 into /workspace/builds/worker-7-tc2/source
[INFO] removed /workspace/builds/worker-7-tc2/source/.cargo/config.toml
[INFO] started tweaking crates.io crate zeromq 0.6.0
[INFO] removed 0 missing examples
[INFO] removed 0 missing tests
[INFO] finished tweaking crates.io crate zeromq 0.6.0
[INFO] tweaked toml for crates.io crate zeromq 0.6.0 written to /workspace/builds/worker-7-tc2/source/Cargo.toml
[INFO] validating manifest of crates.io crate zeromq 0.6.0 on toolchain 1.100.0-beta.1
[INFO] running `Command { std: CARGO_HOME="/workspace/cargo-home" RUSTUP_HOME="/workspace/rustup-home" "/workspace/cargo-home/bin/cargo" "+1.100.0-beta.1" "metadata" "--manifest-path" "Cargo.toml" "--no-deps", kill_on_drop: false }`
[INFO] crate crates.io crate zeromq 0.6.0 already has a lockfile, it will not be regenerated
[INFO] running `Command { std: CARGO_HOME="/workspace/cargo-home" RUSTUP_HOME="/workspace/rustup-home" "/workspace/cargo-home/bin/cargo" "+1.100.0-beta.1" "fetch" "--manifest-path" "Cargo.toml", kill_on_drop: false }`
[INFO] [stderr]     Blocking waiting for file lock on package cache
[INFO] running `Command { std: "docker" "create" "-v" "/var/lib/crater-agent-workspace/builds/worker-7-tc2/source:/opt/rustwide/workdir:ro,Z" "-v" "/var/lib/crater-agent-workspace/builds/worker-7-tc2/target:/opt/rustwide/target:rw,Z" "-v" "/var/lib/crater-agent-workspace/cargo-home:/opt/rustwide/cargo-home:ro,Z" "-v" "/var/lib/crater-agent-workspace/rustup-home:/opt/rustwide/rustup-home:ro,Z" "-m" "1610612736" "--network" "none" "ghcr.io/rust-lang/crates-build-env/linux@sha256:77db811e55d90add9212f6832c23229e3de5f1c1f9905e8cb07319ea15df73ac" "sleep" "infinity", kill_on_drop: false }`
[INFO] [stdout] 3977f398acdc3625393bde5da1a53a549f5352b10d1e04df3d2ed6bdb4e2564f
[INFO] running `Command { std: "docker" "start" "3977f398acdc3625393bde5da1a53a549f5352b10d1e04df3d2ed6bdb4e2564f", kill_on_drop: false }`
[INFO] running `Command { std: "docker" "inspect" "3977f398acdc3625393bde5da1a53a549f5352b10d1e04df3d2ed6bdb4e2564f", kill_on_drop: false }`
[INFO] running `Command { std: "docker" "exec" "-e" "SOURCE_DIR=/opt/rustwide/workdir" "-e" "CARGO_HOME=/opt/rustwide/cargo-home" "-e" "RUSTUP_HOME=/opt/rustwide/rustup-home" "-e" "CARGO_TARGET_DIR=/opt/rustwide/target" "-w" "/opt/rustwide/workdir" "--user" "0:0" "3977f398acdc3625393bde5da1a53a549f5352b10d1e04df3d2ed6bdb4e2564f" "/opt/rustwide/cargo-home/bin/cargo" "+1.100.0-beta.1" "metadata" "--no-deps" "--format-version=1", kill_on_drop: false }`
[INFO] running `Command { std: "docker" "inspect" "3977f398acdc3625393bde5da1a53a549f5352b10d1e04df3d2ed6bdb4e2564f", kill_on_drop: false }`
[INFO] running `Command { std: "docker" "exec" "-e" "SOURCE_DIR=/opt/rustwide/workdir" "-e" "CARGO_HOME=/opt/rustwide/cargo-home" "-e" "RUSTUP_HOME=/opt/rustwide/rustup-home" "-e" "CARGO_TARGET_DIR=/opt/rustwide/target" "-e" "CARGO_INCREMENTAL=0" "-e" "RUST_BACKTRACE=full" "-e" "RUSTFLAGS=--cap-lints=warn" "-e" "RUSTDOCFLAGS=--cap-lints=warn" "-w" "/opt/rustwide/workdir" "--user" "0:0" "3977f398acdc3625393bde5da1a53a549f5352b10d1e04df3d2ed6bdb4e2564f" "/opt/rustwide/cargo-home/bin/cargo" "+1.100.0-beta.1" "build" "--frozen" "--message-format=json" "--release", kill_on_drop: false }`
[INFO] [stderr]    Compiling syn v2.0.117
[INFO] [stderr]    Compiling zerocopy v0.8.48
[INFO] [stderr]    Compiling getrandom v0.3.4
[INFO] [stderr]    Compiling futures-io v0.3.32
[INFO] [stderr]    Compiling futures-channel v0.3.32
[INFO] [stderr]    Compiling crossbeam-utils v0.8.21
[INFO] [stderr]    Compiling socket2 v0.6.3
[INFO] [stderr]    Compiling mio v1.2.0
[INFO] [stderr]    Compiling regex-syntax v0.8.10
[INFO] [stderr]    Compiling parking_lot_core v0.9.12
[INFO] [stderr]    Compiling saa v5.5.1
[INFO] [stderr]    Compiling getrandom v0.4.2
[INFO] [stderr]    Compiling uuid v1.23.1
[INFO] [stderr]    Compiling parking_lot v0.12.5
[INFO] [stderr]    Compiling sdd v4.8.6
[INFO] [stderr]    Compiling rand_core v0.9.5
[INFO] [stderr]    Compiling crossbeam-queue v0.3.12
[INFO] [stderr]    Compiling scc v3.7.0
[INFO] [stderr]    Compiling regex-automata v0.4.14
[INFO] [stderr]    Compiling futures-macro v0.3.32
[INFO] [stderr]    Compiling tokio-macros v2.7.0
[INFO] [stderr]    Compiling thiserror-impl v1.0.69
[INFO] [stderr]    Compiling async-trait v0.1.89
[INFO] [stderr]    Compiling tokio v1.52.2
[INFO] [stderr]    Compiling futures-util v0.3.32
[INFO] [stderr]    Compiling regex v1.12.3
[INFO] [stderr]    Compiling thiserror v1.0.69
[INFO] [stderr]    Compiling ppv-lite86 v0.2.21
[INFO] [stderr]    Compiling rand_chacha v0.9.0
[INFO] [stderr]    Compiling rand v0.9.4
[INFO] [stderr]    Compiling futures-executor v0.3.32
[INFO] [stderr]    Compiling asynchronous-codec v0.7.0
[INFO] [stderr]    Compiling futures v0.3.32
[INFO] [stderr]    Compiling tokio-util v0.7.18
[INFO] [stderr]    Compiling zeromq v0.6.0 (/opt/rustwide/workdir)
[INFO] [stderr] warning: unused dependency `num-traits`
[INFO] [stderr]   --> Cargo.toml:47:15
[INFO] [stderr]    |
[INFO] [stderr] 47 | [dependencies.num-traits]
[INFO] [stderr]    |               ^^^^^^^^^^^
[INFO] [stderr]    |
[INFO] [stderr]    = note: `cargo::unused_dependencies` is set to `warn` by default
[INFO] [stderr] help: consider removing the dependency on `num-traits`
[INFO] [stderr] warning: `zeromq` (manifest) generated 1 warning
[INFO] [stderr]     Finished `release` profile [optimized] target(s) in 31.79s
[INFO] running `Command { std: "docker" "inspect" "3977f398acdc3625393bde5da1a53a549f5352b10d1e04df3d2ed6bdb4e2564f", kill_on_drop: false }`
[INFO] running `Command { std: "docker" "exec" "-e" "SOURCE_DIR=/opt/rustwide/workdir" "-e" "CARGO_HOME=/opt/rustwide/cargo-home" "-e" "RUSTUP_HOME=/opt/rustwide/rustup-home" "-e" "CARGO_TARGET_DIR=/opt/rustwide/target" "-e" "CARGO_INCREMENTAL=0" "-e" "RUST_BACKTRACE=full" "-e" "RUSTFLAGS=--cap-lints=warn" "-e" "RUSTDOCFLAGS=--cap-lints=warn" "-w" "/opt/rustwide/workdir" "--user" "0:0" "3977f398acdc3625393bde5da1a53a549f5352b10d1e04df3d2ed6bdb4e2564f" "/opt/rustwide/cargo-home/bin/cargo" "+1.100.0-beta.1" "test" "--frozen" "--no-run" "--message-format=json" "--release", kill_on_drop: false }`
[INFO] [stderr]    Compiling zerocopy v0.8.48
[INFO] [stderr]    Compiling libc v0.2.186
[INFO] [stderr]    Compiling target-lexicon v0.12.16
[INFO] [stderr]    Compiling hashbrown v0.17.0
[INFO] [stderr]    Compiling crossbeam-utils v0.8.21
[INFO] [stderr]    Compiling serde_core v1.0.228
[INFO] [stderr]    Compiling serde v1.0.228
[INFO] [stderr]    Compiling either v1.15.0
[INFO] [stderr]    Compiling same-file v1.0.6
[INFO] [stderr]    Compiling winnow v0.7.15
[INFO] [stderr]    Compiling log v0.4.29
[INFO] [stderr]    Compiling smallvec v1.15.1
[INFO] [stderr]    Compiling aho-corasick v1.1.4
[INFO] [stderr]    Compiling zerocopy-derive v0.8.48
[INFO] [stderr]    Compiling heck v0.5.0
[INFO] [stderr]    Compiling version-compare v0.2.1
[INFO] [stderr]    Compiling walkdir v2.5.0
[INFO] [stderr]    Compiling serde_derive v1.0.228
[INFO] [stderr]    Compiling is-terminal v0.4.17
[INFO] [stderr]    Compiling anstyle v1.0.14
[INFO] [stderr]    Compiling clap_lex v1.1.0
[INFO] [stderr]    Compiling serde_json v1.0.149
[INFO] [stderr]    Compiling itertools v0.10.5
[INFO] [stderr]    Compiling clap_builder v4.6.0
[INFO] [stderr]    Compiling humantime v2.3.0
[INFO] [stderr]    Compiling crossbeam-epoch v0.9.18
[INFO] [stderr]    Compiling crossbeam-queue v0.3.12
[INFO] [stderr]    Compiling crossbeam-channel v0.5.15
[INFO] [stderr]    Compiling zmq2 v0.5.0
[INFO] [stderr]    Compiling waker-fn v1.2.0
[INFO] [stderr]    Compiling cfg-expr v0.15.8
[INFO] [stderr]    Compiling crossbeam-deque v0.8.6
[INFO] [stderr]    Compiling futures-lite v1.13.0
[INFO] [stderr]    Compiling rayon v1.12.0
[INFO] [stderr]    Compiling plotters v0.3.7
[INFO] [stderr]    Compiling rayon-core v1.13.0
[INFO] [stderr]    Compiling indexmap v2.14.0
[INFO] [stderr]    Compiling jobserver v0.1.34
[INFO] [stderr]    Compiling crossbeam v0.8.4
[INFO] [stderr]    Compiling cc v1.2.61
[INFO] [stderr]    Compiling regex-automata v0.4.14
[INFO] [stderr]    Compiling async-dispatcher-macros v0.1.1
[INFO] [stderr]    Compiling criterion-plot v0.5.0
[INFO] [stderr]    Compiling async-task v4.7.1
[INFO] [stderr]    Compiling iana-time-zone v0.1.65
[INFO] [stderr]    Compiling async-dispatcher v0.1.2
[INFO] [stderr]    Compiling chrono v0.4.44
[INFO] [stderr]    Compiling serde_spanned v0.6.9
[INFO] [stderr]    Compiling toml_datetime v0.6.11
[INFO] [stderr]    Compiling toml_edit v0.22.27
[INFO] [stderr]    Compiling clap v4.6.1
[INFO] [stderr]    Compiling jwalk v0.8.1
[INFO] [stderr]    Compiling dircpy v0.3.20
[INFO] [stderr]    Compiling tinytemplate v1.2.1
[INFO] [stderr]    Compiling zeromq-src v0.2.6+4.3.4
[INFO] [stderr]    Compiling regex v1.12.3
[INFO] [stderr]    Compiling env_logger v0.10.2
[INFO] [stderr]    Compiling toml v0.8.23
[INFO] [stderr]    Compiling pretty_env_logger v0.5.0
[INFO] [stderr]    Compiling system-deps v6.2.2
[INFO] [stderr]    Compiling zmq-sys2 v0.3.0
[INFO] [stderr]    Compiling ppv-lite86 v0.2.21
[INFO] [stderr]    Compiling half v2.7.1
[INFO] [stderr]    Compiling ciborium-ll v0.2.2
[INFO] [stderr]    Compiling rand_chacha v0.9.0
[INFO] [stderr]    Compiling ciborium v0.2.2
[INFO] [stderr]    Compiling rand v0.9.4
[INFO] [stderr]    Compiling criterion v0.5.1
[INFO] [stderr]    Compiling zeromq v0.6.0 (/opt/rustwide/workdir)
[INFO] [stderr] warning: unused dependency `num-traits`
[INFO] [stderr]   --> Cargo.toml:47:15
[INFO] [stderr]    |
[INFO] [stderr] 47 | [dependencies.num-traits]
[INFO] [stderr]    |               ^^^^^^^^^^^
[INFO] [stderr]    |
[INFO] [stderr]    = note: `cargo::unused_dependencies` is set to `warn` by default
[INFO] [stderr] help: consider removing the dependency on `num-traits`
[INFO] [stderr] warning: `zeromq` (manifest) generated 1 warning
[INFO] [stderr]     Finished `release` profile [optimized] target(s) in 1m 58s
[INFO] running `Command { std: "docker" "inspect" "3977f398acdc3625393bde5da1a53a549f5352b10d1e04df3d2ed6bdb4e2564f", kill_on_drop: false }`
[INFO] running `Command { std: "docker" "exec" "-e" "SOURCE_DIR=/opt/rustwide/workdir" "-e" "CARGO_HOME=/opt/rustwide/cargo-home" "-e" "RUSTUP_HOME=/opt/rustwide/rustup-home" "-e" "CARGO_TARGET_DIR=/opt/rustwide/target" "-e" "CARGO_INCREMENTAL=0" "-e" "RUST_BACKTRACE=full" "-e" "RUSTFLAGS=--cap-lints=warn" "-e" "RUSTDOCFLAGS=--cap-lints=warn" "-w" "/opt/rustwide/workdir" "--user" "0:0" "3977f398acdc3625393bde5da1a53a549f5352b10d1e04df3d2ed6bdb4e2564f" "/opt/rustwide/cargo-home/bin/cargo" "+1.100.0-beta.1" "test" "--frozen" "--release", kill_on_drop: false }`
[INFO] [stderr] warning: unused dependency `num-traits`
[INFO] [stderr]   --> Cargo.toml:47:15
[INFO] [stderr]    |
[INFO] [stderr] 47 | [dependencies.num-traits]
[INFO] [stderr]    |               ^^^^^^^^^^^
[INFO] [stderr]    |
[INFO] [stderr]    = note: `cargo::unused_dependencies` is set to `warn` by default
[INFO] [stderr] help: consider removing the dependency on `num-traits`
[INFO] [stderr] warning: `zeromq` (manifest) generated 1 warning
[INFO] [stderr]     Finished `release` profile [optimized] target(s) in 0.20s
[INFO] [stderr]      Running unittests src/lib.rs (/opt/rustwide/target/release/build/zeromq/6d8d0fe2128da844/out/zeromq-6d8d0fe2128da844)
[INFO] [stdout] 
[INFO] [stdout] running 27 tests
[INFO] [stdout] test codec::zmq_codec::tests::test_message_decode_1 ... ok
[INFO] [stdout] test endpoint::host::tests::parse_and_display_nobracket_ipv6_same_as_std ... ok
[INFO] [stdout] test endpoint::host::tests::std_ipv6_parse ... ok
[INFO] [stdout] test endpoint::tests::test_endpoint_display ... ok
[INFO] [stdout] test fair_queue::test::test_fair_queue_ready ... ok
[INFO] [stdout] test util::tests::negotiate_version_peer_is_using_the_same_version ... ok
[INFO] [stdout] test codec::zmq_codec::tests::test_message_decode_2 ... ok
[INFO] [stdout] test util::tests::negotiate_version_peer_is_using_a_newer_version ... ok
[INFO] [stdout] test util::tests::negotiate_version_invalid_greeting ... ok
[INFO] [stdout] test fair_queue::test::test_fair_queue_multiple_clients_fairness ... ok
[INFO] [stdout] test endpoint::host::tests::parse_and_display_bracket_ipv6 ... ok
[INFO] [stdout] test fair_queue::test::test_fair_queue_different_size ... ok
[INFO] [stdout] test util::tests::negotiate_version_peer_is_using_an_older_version ... ok
[INFO] [stdout] test xpub::tests::test_bind_to_any_ipv4_interface ... ok
[INFO] [stdout] test r#pub::tests::test_bind_to_any_ipv6_interface ... ok
[INFO] [stdout] test util::tests::retryable_connect_errors_include_refused_and_missing_ipc_socket ... ok
[INFO] [stdout] test r#pub::tests::test_bind_to_any_ipv4_interface ... ok
[INFO] [stdout] test fair_queue::test::test_fair_queue_continues_on_pending ... ok
[INFO] [stdout] test endpoint::tests::test_endpoint_parse ... ok
[INFO] [stdout] test endpoint::host::tests::std_ipv6_display ... ok
[INFO] [stdout] test reconnect::tests::test_reconnect_config_default ... ok
[INFO] [stdout] test xpub::tests::test_bind_to_any_ipv6_interface ... ok
[INFO] [stdout] test xsub::tests::test_bind_to_any_ipv4_interface ... ok
[INFO] [stdout] test xsub::tests::test_bind_to_any_ipv6_interface ... ok
[INFO] [stdout] test xpub::tests::test_bind_to_any_port ... ok
[INFO] [stdout] test xsub::tests::test_bind_to_any_port ... ok
[INFO] [stdout] test r#pub::tests::test_bind_to_any_port ... ok
[INFO] [stdout] 
[INFO] [stdout] test result: ok. 27 passed; 0 failed; 0 ignored; 0 measured; 0 filtered out; finished in 0.01s
[INFO] [stdout] 
[INFO] [stderr]      Running tests/connect.rs (/opt/rustwide/target/release/build/zeromq/8357c246ba4dd7a5/out/connect-8357c246ba4dd7a5)
[INFO] [stdout] 
[INFO] [stdout] running 4 tests
[INFO] [stdout] test ipc_close_allows_rebinding_same_path ... ok
[INFO] [stdout] test connect_timeout_expires_for_missing_ipc_socket ... ok
[INFO] [stdout] test no_connect_timeout_allows_delayed_ipc_bind ... ok
[INFO] [stdout] test ipc_connect_before_bind_retries_until_bind ... ok
[INFO] [stdout] 
[INFO] [stdout] test result: ok. 4 passed; 0 failed; 0 ignored; 0 measured; 0 filtered out; finished in 1.55s
[INFO] [stdout] 
[INFO] [stderr]      Running tests/dealer_split.rs (/opt/rustwide/target/release/build/zeromq/2b40eccd6bd7d664/out/dealer_split-2b40eccd6bd7d664)
[INFO] [stdout] 
[INFO] [stdout] running 2 tests
[INFO] [stdout] test test::split_halves_are_send ... ok
[INFO] [stdout] test test::test_dealer_split_concurrent_send_recv ... ok
[INFO] [stdout] 
[INFO] [stdout] test result: ok. 2 passed; 0 failed; 0 ignored; 0 measured; 0 filtered out; finished in 0.10s
[INFO] [stdout] 
[INFO] [stderr]      Running tests/error_handling.rs (/opt/rustwide/target/release/build/zeromq/8413c532f58a1ffe/out/error_handling-8413c532f58a1ffe)
[INFO] [stdout] 
[INFO] [stdout] running 2 tests
[INFO] [stdout] test test::test_router_send_requires_identity_frame ... ok
[INFO] [stdout] test test::test_router_split_send_requires_identity_frame ... ok
[INFO] [stdout] 
[INFO] [stdout] test result: ok. 2 passed; 0 failed; 0 ignored; 0 measured; 0 filtered out; finished in 0.10s
[INFO] [stdout] 
[INFO] [stderr]      Running tests/helpers.rs (/opt/rustwide/target/release/build/zeromq/24d83536e332c258/out/helpers-24d83536e332c258)
[INFO] [stdout] 
[INFO] [stdout] running 0 tests
[INFO] [stdout] 
[INFO] [stdout] test result: ok. 0 passed; 0 failed; 0 ignored; 0 measured; 0 filtered out; finished in 0.00s
[INFO] [stdout] 
[INFO] [stderr]      Running tests/large_message.rs (/opt/rustwide/target/release/build/zeromq/4551153ddf1ac8fb/out/large_message-4551153ddf1ac8fb)
[INFO] [stdout] 
[INFO] [stdout] running 3 tests
[INFO] [stdout] test xpub_sub_delivers_large_message ... ok
[INFO] [stdout] test pub_sub_delivers_large_message ... ok
[INFO] [stdout] test xsub_xpub_delivers_large_message ... ok
[INFO] [stdout] 
[INFO] [stdout] test result: ok. 3 passed; 0 failed; 0 ignored; 0 measured; 0 filtered out; finished in 0.10s
[INFO] [stdout] 
[INFO] [stderr]      Running tests/message.rs (/opt/rustwide/target/release/build/zeromq/d005c62fe4955a1f/out/message-d005c62fe4955a1f)
[INFO] [stdout] 
[INFO] [stdout] running 2 tests
[INFO] [stdout] test test::test_prepend ... ok
[INFO] [stdout] test test::test_split_off ... ok
[INFO] [stdout] 
[INFO] [stdout] test result: ok. 2 passed; 0 failed; 0 ignored; 0 measured; 0 filtered out; finished in 0.00s
[INFO] [stdout] 
[INFO] [stderr]      Running tests/pub_sub.rs (/opt/rustwide/target/release/build/zeromq/db743002108955f5/out/pub_sub-db743002108955f5)
[INFO] [stdout] 
[INFO] [stdout] running 1 test
[INFO] [stdout] test test::test_pub_sub_sockets ... FAILED
[INFO] [stdout] 
[INFO] [stdout] failures:
[INFO] [stdout] 
[INFO] [stdout] ---- test::test_pub_sub_sockets stdout ----
[INFO] [stdout] 
[INFO] [stdout] thread 'test::test_pub_sub_sockets' (4145) panicked at tests/pub_sub.rs:30:41:
[INFO] [stdout] Failed to bind to ipc://asdf.sock: Network Error: Read-only file system (os error 30)
[INFO] [stdout] stack backtrace:
[INFO] [stdout]    0:     0x5b4c7b081fb1 - <<std[617be2ca0a6fd877]::sys::backtrace::BacktraceLock>::print::DisplayBacktrace as core[a373ad73a504971]::fmt::Display>::fmt
[INFO] [stdout]    1:     0x5b4c7b0984fa - core[a373ad73a504971]::fmt::write
[INFO] [stdout]    2:     0x5b4c7b086acc - <alloc[2e1b2a31b91974c5]::vec::Vec<u8> as core[a373ad73a504971]::io::write::Write>::write_fmt
[INFO] [stdout]    3:     0x5b4c7b05cdd6 - std[617be2ca0a6fd877]::panicking::default_hook::{closure#0}
[INFO] [stdout]    4:     0x5b4c7b079dc9 - std[617be2ca0a6fd877]::panicking::default_hook
[INFO] [stdout]    5:     0x5b4c7aedfa00 - test[aada8e7e76ba119b]::test_main_inner::{closure#0}
[INFO] [stdout]    6:     0x5b4c7b07a0f2 - std[617be2ca0a6fd877]::panicking::panic_with_hook
[INFO] [stdout]    7:     0x5b4c7b05ce82 - std[617be2ca0a6fd877]::panicking::panic_handler::{closure#0}
[INFO] [stdout]    8:     0x5b4c7b055a09 - std[617be2ca0a6fd877]::sys::backtrace::__rust_end_short_backtrace::<std[617be2ca0a6fd877]::panicking::panic_handler::{closure#0}, !>
[INFO] [stdout]    9:     0x5b4c7b05dc7d - __rustc[ea4f61d10b84890b]::rust_begin_unwind
[INFO] [stdout]   10:     0x5b4c7b098cdc - core[a373ad73a504971]::panicking::panic_fmt
[INFO] [stdout]   11:     0x5b4c7ae97365 - pub_sub[4ac991324b0458a8]::test::test_pub_sub_sockets::{closure#0}::helper::{closure#0}::{closure#0}::{closure#0}
[INFO] [stdout]   12:     0x5b4c7ae99428 - pub_sub[4ac991324b0458a8]::test::test_pub_sub_sockets::{closure#0}::helper::{closure#0}::{closure#0}
[INFO] [stdout]   13:     0x5b4c7ae9f986 - <tokio[84ccffee33940ae8]::runtime::task::core::Core<pub_sub[4ac991324b0458a8]::test::test_pub_sub_sockets::{closure#0}::helper::{closure#0}::{closure#0}, alloc[2e1b2a31b91974c5]::sync::Arc<tokio[84ccffee33940ae8]::runtime::scheduler::current_thread::Handle>>>::poll
[INFO] [stdout]   14:     0x5b4c7ae900ef - <tokio[84ccffee33940ae8]::runtime::task::harness::Harness<pub_sub[4ac991324b0458a8]::test::test_pub_sub_sockets::{closure#0}::helper::{closure#0}::{closure#0}, alloc[2e1b2a31b91974c5]::sync::Arc<tokio[84ccffee33940ae8]::runtime::scheduler::current_thread::Handle>>>::poll
[INFO] [stdout]   15:     0x5b4c7aeaf244 - <tokio[84ccffee33940ae8]::runtime::scheduler::current_thread::Context>::enter::<(), <tokio[84ccffee33940ae8]::runtime::scheduler::current_thread::Context>::run_task<(), <tokio[84ccffee33940ae8]::runtime::scheduler::current_thread::CoreGuard>::block_on<core[a373ad73a504971]::pin::Pin<&mut core[a373ad73a504971]::pin::Pin<&mut dyn core[a373ad73a504971]::future::future::Future<Output = ()>>>>::{closure#0}::{closure#1}>::{closure#0}>
[INFO] [stdout]   16:     0x5b4c7aeb2dc5 - <tokio[84ccffee33940ae8]::runtime::context::scoped::Scoped<tokio[84ccffee33940ae8]::runtime::scheduler::Context>>::set::<<tokio[84ccffee33940ae8]::runtime::scheduler::current_thread::CoreGuard>::enter<<tokio[84ccffee33940ae8]::runtime::scheduler::current_thread::CoreGuard>::block_on<core[a373ad73a504971]::pin::Pin<&mut core[a373ad73a504971]::pin::Pin<&mut dyn core[a373ad73a504971]::future::future::Future<Output = ()>>>>::{closure#0}, core[a373ad73a504971]::option::Option<()>>::{closure#0}, (alloc[2e1b2a31b91974c5]::boxed::Box<tokio[84ccffee33940ae8]::runtime::scheduler::current_thread::Core>, core[a373ad73a504971]::option::Option<()>)>
[INFO] [stdout]   17:     0x5b4c7aeaed35 - <tokio[84ccffee33940ae8]::runtime::scheduler::current_thread::CurrentThread>::block_on::<core[a373ad73a504971]::pin::Pin<&mut dyn core[a373ad73a504971]::future::future::Future<Output = ()>>>
[INFO] [stdout]   18:     0x5b4c7aea93c2 - <tokio[84ccffee33940ae8]::runtime::runtime::Runtime>::block_on::<core[a373ad73a504971]::pin::Pin<&mut dyn core[a373ad73a504971]::future::future::Future<Output = ()>>>
[INFO] [stdout]   19:     0x5b4c7aeae7ee - <pub_sub[4ac991324b0458a8]::test::test_pub_sub_sockets::{closure#0} as core[a373ad73a504971]::ops::function::FnOnce<()>>::call_once
[INFO] [stdout]   20:     0x5b4c7aed2e4b - test[aada8e7e76ba119b]::__rust_begin_short_backtrace::<core[a373ad73a504971]::result::Result<(), alloc[2e1b2a31b91974c5]::string::String>, fn() -> core[a373ad73a504971]::result::Result<(), alloc[2e1b2a31b91974c5]::string::String>>
[INFO] [stdout]   21:     0x5b4c7aee0025 - test[aada8e7e76ba119b]::run_test::{closure#0}
[INFO] [stdout]   22:     0x5b4c7aed9914 - std[617be2ca0a6fd877]::sys::backtrace::__rust_begin_short_backtrace::<test[aada8e7e76ba119b]::run_test::{closure#1}, ()>
[INFO] [stdout]   23:     0x5b4c7aee30b2 - <std[617be2ca0a6fd877]::thread::lifecycle::spawn_unchecked<test[aada8e7e76ba119b]::run_test::{closure#1}, ()>::{closure#1} as core[a373ad73a504971]::ops::function::FnOnce<()>>::call_once::{shim:vtable#0}
[INFO] [stdout]   24:     0x5b4c7b08145f - <std[617be2ca0a6fd877]::sys::thread::unix::Thread>::new::thread_start
[INFO] [stdout]   25:     0x7f8d9335ddfa - <unknown>
[INFO] [stdout]   26:     0x7f8d933f13d4 - clone
[INFO] [stdout]   27:                0x0 - <unknown>
[INFO] [stdout] 
[INFO] [stdout] thread 'test::test_pub_sub_sockets' (4145) panicked at tests/pub_sub.rs:30:41:
[INFO] [stdout] Failed to bind to ipc://anothersocket-asdf: Network Error: Read-only file system (os error 30)
[INFO] [stdout] stack backtrace:
[INFO] [stdout]    0:     0x5b4c7b081fb1 - <<std[617be2ca0a6fd877]::sys::backtrace::BacktraceLock>::print::DisplayBacktrace as core[a373ad73a504971]::fmt::Display>::fmt
[INFO] [stdout]    1:     0x5b4c7b0984fa - core[a373ad73a504971]::fmt::write
[INFO] [stdout]    2:     0x5b4c7b086acc - <alloc[2e1b2a31b91974c5]::vec::Vec<u8> as core[a373ad73a504971]::io::write::Write>::write_fmt
[INFO] [stdout]    3:     0x5b4c7b05cdd6 - std[617be2ca0a6fd877]::panicking::default_hook::{closure#0}
[INFO] [stdout]    4:     0x5b4c7b079dc9 - std[617be2ca0a6fd877]::panicking::default_hook
[INFO] [stdout]    5:     0x5b4c7aedfa00 - test[aada8e7e76ba119b]::test_main_inner::{closure#0}
[INFO] [stdout]    6:     0x5b4c7b07a0f2 - std[617be2ca0a6fd877]::panicking::panic_with_hook
[INFO] [stdout]    7:     0x5b4c7b05ce82 - std[617be2ca0a6fd877]::panicking::panic_handler::{closure#0}
[INFO] [stdout]    8:     0x5b4c7b055a09 - std[617be2ca0a6fd877]::sys::backtrace::__rust_end_short_backtrace::<std[617be2ca0a6fd877]::panicking::panic_handler::{closure#0}, !>
[INFO] [stdout]    9:     0x5b4c7b05dc7d - __rustc[ea4f61d10b84890b]::rust_begin_unwind
[INFO] [stdout]   10:     0x5b4c7b098cdc - core[a373ad73a504971]::panicking::panic_fmt
[INFO] [stdout]   11:     0x5b4c7ae97365 - pub_sub[4ac991324b0458a8]::test::test_pub_sub_sockets::{closure#0}::helper::{closure#0}::{closure#0}::{closure#0}
[INFO] [stdout]   12:     0x5b4c7ae99428 - pub_sub[4ac991324b0458a8]::test::test_pub_sub_sockets::{closure#0}::helper::{closure#0}::{closure#0}
[INFO] [stdout]   13:     0x5b4c7ae9f986 - <tokio[84ccffee33940ae8]::runtime::task::core::Core<pub_sub[4ac991324b0458a8]::test::test_pub_sub_sockets::{closure#0}::helper::{closure#0}::{closure#0}, alloc[2e1b2a31b91974c5]::sync::Arc<tokio[84ccffee33940ae8]::runtime::scheduler::current_thread::Handle>>>::poll
[INFO] [stdout]   14:     0x5b4c7ae900ef - <tokio[84ccffee33940ae8]::runtime::task::harness::Harness<pub_sub[4ac991324b0458a8]::test::test_pub_sub_sockets::{closure#0}::helper::{closure#0}::{closure#0}, alloc[2e1b2a31b91974c5]::sync::Arc<tokio[84ccffee33940ae8]::runtime::scheduler::current_thread::Handle>>>::poll
[INFO] [stdout]   15:     0x5b4c7aeaf244 - <tokio[84ccffee33940ae8]::runtime::scheduler::current_thread::Context>::enter::<(), <tokio[84ccffee33940ae8]::runtime::scheduler::current_thread::Context>::run_task<(), <tokio[84ccffee33940ae8]::runtime::scheduler::current_thread::CoreGuard>::block_on<core[a373ad73a504971]::pin::Pin<&mut core[a373ad73a504971]::pin::Pin<&mut dyn core[a373ad73a504971]::future::future::Future<Output = ()>>>>::{closure#0}::{closure#1}>::{closure#0}>
[INFO] [stdout]   16:     0x5b4c7aeb2dc5 - <tokio[84ccffee33940ae8]::runtime::context::scoped::Scoped<tokio[84ccffee33940ae8]::runtime::scheduler::Context>>::set::<<tokio[84ccffee33940ae8]::runtime::scheduler::current_thread::CoreGuard>::enter<<tokio[84ccffee33940ae8]::runtime::scheduler::current_thread::CoreGuard>::block_on<core[a373ad73a504971]::pin::Pin<&mut core[a373ad73a504971]::pin::Pin<&mut dyn core[a373ad73a504971]::future::future::Future<Output = ()>>>>::{closure#0}, core[a373ad73a504971]::option::Option<()>>::{closure#0}, (alloc[2e1b2a31b91974c5]::boxed::Box<tokio[84ccffee33940ae8]::runtime::scheduler::current_thread::Core>, core[a373ad73a504971]::option::Option<()>)>
[INFO] [stdout]   17:     0x5b4c7aeaed35 - <tokio[84ccffee33940ae8]::runtime::scheduler::current_thread::CurrentThread>::block_on::<core[a373ad73a504971]::pin::Pin<&mut dyn core[a373ad73a504971]::future::future::Future<Output = ()>>>
[INFO] [stdout]   18:     0x5b4c7aea93c2 - <tokio[84ccffee33940ae8]::runtime::runtime::Runtime>::block_on::<core[a373ad73a504971]::pin::Pin<&mut dyn core[a373ad73a504971]::future::future::Future<Output = ()>>>
[INFO] [stdout]   19:     0x5b4c7aeae7ee - <pub_sub[4ac991324b0458a8]::test::test_pub_sub_sockets::{closure#0} as core[a373ad73a504971]::ops::function::FnOnce<()>>::call_once
[INFO] [stdout]   20:     0x5b4c7aed2e4b - test[aada8e7e76ba119b]::__rust_begin_short_backtrace::<core[a373ad73a504971]::result::Result<(), alloc[2e1b2a31b91974c5]::string::String>, fn() -> core[a373ad73a504971]::result::Result<(), alloc[2e1b2a31b91974c5]::string::String>>
[INFO] [stdout]   21:     0x5b4c7aee0025 - test[aada8e7e76ba119b]::run_test::{closure#0}
[INFO] [stdout]   22:     0x5b4c7aed9914 - std[617be2ca0a6fd877]::sys::backtrace::__rust_begin_short_backtrace::<test[aada8e7e76ba119b]::run_test::{closure#1}, ()>
[INFO] [stdout]   23:     0x5b4c7aee30b2 - <std[617be2ca0a6fd877]::thread::lifecycle::spawn_unchecked<test[aada8e7e76ba119b]::run_test::{closure#1}, ()>::{closure#1} as core[a373ad73a504971]::ops::function::FnOnce<()>>::call_once::{shim:vtable#0}
[INFO] [stdout]   24:     0x5b4c7b08145f - <std[617be2ca0a6fd877]::sys::thread::unix::Thread>::new::thread_start
[INFO] [stdout]   25:     0x7f8d9335ddfa - <unknown>
[INFO] [stdout]   26:     0x7f8d933f13d4 - clone
[INFO] [stdout]   27:                0x0 - <unknown>
[INFO] [stdout] 
[INFO] [stdout] thread 'test::test_pub_sub_sockets' (4145) panicked at tests/pub_sub.rs:54:46:
[INFO] [stdout] channel was cancelled: Canceled
[INFO] [stdout] stack backtrace:
[INFO] [stdout]    0:     0x5b4c7b081fb1 - <<std[617be2ca0a6fd877]::sys::backtrace::BacktraceLock>::print::DisplayBacktrace as core[a373ad73a504971]::fmt::Display>::fmt
[INFO] [stdout]    1:     0x5b4c7b0984fa - core[a373ad73a504971]::fmt::write
[INFO] [stdout]    2:     0x5b4c7b086acc - <alloc[2e1b2a31b91974c5]::vec::Vec<u8> as core[a373ad73a504971]::io::write::Write>::write_fmt
[INFO] [stdout]    3:     0x5b4c7b05cdd6 - std[617be2ca0a6fd877]::panicking::default_hook::{closure#0}
[INFO] [stdout]    4:     0x5b4c7b079dc9 - std[617be2ca0a6fd877]::panicking::default_hook
[INFO] [stdout]    5:     0x5b4c7aedfa00 - test[aada8e7e76ba119b]::test_main_inner::{closure#0}
[INFO] [stdout]    6:     0x5b4c7b07a0f2 - std[617be2ca0a6fd877]::panicking::panic_with_hook
[INFO] [stdout]    7:     0x5b4c7b05ce82 - std[617be2ca0a6fd877]::panicking::panic_handler::{closure#0}
[INFO] [stdout]    8:     0x5b4c7b055a09 - std[617be2ca0a6fd877]::sys::backtrace::__rust_end_short_backtrace::<std[617be2ca0a6fd877]::panicking::panic_handler::{closure#0}, !>
[INFO] [stdout]    9:     0x5b4c7b05dc7d - __rustc[ea4f61d10b84890b]::rust_begin_unwind
[INFO] [stdout]   10:     0x5b4c7b098cdc - core[a373ad73a504971]::panicking::panic_fmt
[INFO] [stdout]   11:     0x5b4c7b098ab2 - core[a373ad73a504971]::result::unwrap_failed
[INFO] [stdout]   12:     0x5b4c7aebc578 - <futures_util[657885cf7a116e61]::future::maybe_done::MaybeDone<pub_sub[4ac991324b0458a8]::test::test_pub_sub_sockets::{closure#0}::helper::{closure#0}> as core[a373ad73a504971]::future::future::Future>::poll
[INFO] [stdout]   13:     0x5b4c7aeadc4c - pub_sub[4ac991324b0458a8]::test::test_pub_sub_sockets::{closure#0}
[INFO] [stdout]   14:     0x5b4c7aeaf0b3 - <tokio[84ccffee33940ae8]::runtime::scheduler::current_thread::Context>::enter::<core[a373ad73a504971]::task::poll::Poll<()>, <tokio[84ccffee33940ae8]::runtime::scheduler::current_thread::CoreGuard>::block_on<core[a373ad73a504971]::pin::Pin<&mut core[a373ad73a504971]::pin::Pin<&mut dyn core[a373ad73a504971]::future::future::Future<Output = ()>>>>::{closure#0}::{closure#0}>
[INFO] [stdout]   15:     0x5b4c7aeb2d6c - <tokio[84ccffee33940ae8]::runtime::context::scoped::Scoped<tokio[84ccffee33940ae8]::runtime::scheduler::Context>>::set::<<tokio[84ccffee33940ae8]::runtime::scheduler::current_thread::CoreGuard>::enter<<tokio[84ccffee33940ae8]::runtime::scheduler::current_thread::CoreGuard>::block_on<core[a373ad73a504971]::pin::Pin<&mut core[a373ad73a504971]::pin::Pin<&mut dyn core[a373ad73a504971]::future::future::Future<Output = ()>>>>::{closure#0}, core[a373ad73a504971]::option::Option<()>>::{closure#0}, (alloc[2e1b2a31b91974c5]::boxed::Box<tokio[84ccffee33940ae8]::runtime::scheduler::current_thread::Core>, core[a373ad73a504971]::option::Option<()>)>
[INFO] [stderr] error: test failed, to rerun pass `--test pub_sub`
[INFO] [stdout]   16:     0x5b4c7aeaed35 - <tokio[84ccffee33940ae8]::runtime::scheduler::current_thread::CurrentThread>::block_on::<core[a373ad73a504971]::pin::Pin<&mut dyn core[a373ad73a504971]::future::future::Future<Output = ()>>>
[INFO] [stdout]   17:     0x5b4c7aea93c2 - <tokio[84ccffee33940ae8]::runtime::runtime::Runtime>::block_on::<core[a373ad73a504971]::pin::Pin<&mut dyn core[a373ad73a504971]::future::future::Future<Output = ()>>>
[INFO] [stdout]   18:     0x5b4c7aeae7ee - <pub_sub[4ac991324b0458a8]::test::test_pub_sub_sockets::{closure#0} as core[a373ad73a504971]::ops::function::FnOnce<()>>::call_once
[INFO] [stdout]   19:     0x5b4c7aed2e4b - test[aada8e7e76ba119b]::__rust_begin_short_backtrace::<core[a373ad73a504971]::result::Result<(), alloc[2e1b2a31b91974c5]::string::String>, fn() -> core[a373ad73a504971]::result::Result<(), alloc[2e1b2a31b91974c5]::string::String>>
[INFO] [stdout]   20:     0x5b4c7aee0025 - test[aada8e7e76ba119b]::run_test::{closure#0}
[INFO] [stdout]   21:     0x5b4c7aed9914 - std[617be2ca0a6fd877]::sys::backtrace::__rust_begin_short_backtrace::<test[aada8e7e76ba119b]::run_test::{closure#1}, ()>
[INFO] [stdout]   22:     0x5b4c7aee30b2 - <std[617be2ca0a6fd877]::thread::lifecycle::spawn_unchecked<test[aada8e7e76ba119b]::run_test::{closure#1}, ()>::{closure#1} as core[a373ad73a504971]::ops::function::FnOnce<()>>::call_once::{shim:vtable#0}
[INFO] [stdout]   23:     0x5b4c7b08145f - <std[617be2ca0a6fd877]::sys::thread::unix::Thread>::new::thread_start
[INFO] [stdout]   24:     0x7f8d9335ddfa - <unknown>
[INFO] [stdout]   25:     0x7f8d933f13d4 - clone
[INFO] [stdout]   26:                0x0 - <unknown>
[INFO] [stdout] 
[INFO] [stdout] 
[INFO] [stdout] failures:
[INFO] [stdout]     test::test_pub_sub_sockets
[INFO] [stdout] 
[INFO] [stdout] test result: FAILED. 0 passed; 1 failed; 0 ignored; 0 measured; 0 filtered out; finished in 0.00s
[INFO] [stdout] 
[INFO] running `Command { std: "docker" "inspect" "3977f398acdc3625393bde5da1a53a549f5352b10d1e04df3d2ed6bdb4e2564f", kill_on_drop: false }`
[INFO] running `Command { std: "docker" "rm" "-f" "3977f398acdc3625393bde5da1a53a549f5352b10d1e04df3d2ed6bdb4e2564f", kill_on_drop: false }`
[INFO] [stdout] 3977f398acdc3625393bde5da1a53a549f5352b10d1e04df3d2ed6bdb4e2564f
