[INFO] fetching crate zerodns 0.1.0-alpha.10...
[INFO] testing zerodns-0.1.0-alpha.10 against 1.99.0-beta.8+cargoflags=--release for beta-release-1.100-2
[INFO] extracting crate zerodns 0.1.0-alpha.10 into /workspace/builds/worker-4-tc1/source
[INFO] started tweaking crates.io crate zerodns 0.1.0-alpha.10
[INFO] finished tweaking crates.io crate zerodns 0.1.0-alpha.10
[INFO] tweaked toml for crates.io crate zerodns 0.1.0-alpha.10 written to /workspace/builds/worker-4-tc1/source/Cargo.toml
[INFO] validating manifest of crates.io crate zerodns 0.1.0-alpha.10 on toolchain 1.99.0-beta.8
[INFO] running `Command { std: CARGO_HOME="/workspace/cargo-home" RUSTUP_HOME="/workspace/rustup-home" "/workspace/cargo-home/bin/cargo" "+1.99.0-beta.8" "metadata" "--manifest-path" "Cargo.toml" "--no-deps", kill_on_drop: false }`
[INFO] crate crates.io crate zerodns 0.1.0-alpha.10 already has a lockfile, it will not be regenerated
[INFO] running `Command { std: CARGO_HOME="/workspace/cargo-home" RUSTUP_HOME="/workspace/rustup-home" "/workspace/cargo-home/bin/cargo" "+1.99.0-beta.8" "fetch" "--manifest-path" "Cargo.toml", kill_on_drop: false }`
[INFO] [stderr]     Updating crates.io index
[INFO] [stderr]  Downloading crates ...
[INFO] [stderr]   Downloaded term v1.2.1
[INFO] [stderr]   Downloaded slog-term v2.9.2
[INFO] [stderr]   Downloaded tokio-shared-rt-macro v0.1.0
[INFO] [stderr]   Downloaded take_mut v0.2.2
[INFO] [stderr]   Downloaded slog-async v2.8.0
[INFO] [stderr]   Downloaded slog-stdlog v4.1.1
[INFO] [stderr]   Downloaded hybrid-array v0.4.11
[INFO] [stderr]   Downloaded maxminddb v0.27.3
[INFO] [stderr]   Downloaded mlua-sys v0.10.0
[INFO] [stderr]   Downloaded deadpool v0.13.0
[INFO] [stderr]   Downloaded tokio-shared-rt v0.1.0
[INFO] [stderr]   Downloaded bytesize v2.3.1
[INFO] [stderr]   Downloaded mlua_derive v0.11.0
[INFO] [stderr]   Downloaded mlua v0.11.6
[INFO] [stderr]   Downloaded rustls v0.23.39
[INFO] [stderr]   Downloaded lua-src v550.0.0
[INFO] [stderr]   Downloaded luajit-src v210.6.6+707c12b
[INFO] running `Command { std: "docker" "create" "-v" "/var/lib/crater-agent-workspace/builds/worker-4-tc1/source:/opt/rustwide/workdir:ro,Z" "-v" "/var/lib/crater-agent-workspace/builds/worker-4-tc1/target:/opt/rustwide/target:rw,Z" "-v" "/var/lib/crater-agent-workspace/cargo-home:/opt/rustwide/cargo-home:ro,Z" "-v" "/var/lib/crater-agent-workspace/rustup-home:/opt/rustwide/rustup-home:ro,Z" "-m" "1610612736" "--network" "none" "ghcr.io/rust-lang/crates-build-env/linux@sha256:77db811e55d90add9212f6832c23229e3de5f1c1f9905e8cb07319ea15df73ac" "sleep" "infinity", kill_on_drop: false }`
[INFO] [stdout] 5da83d8e9dfc168eb26ac3b38f44cc25e558df1270a91127797a42b7e777d140
[INFO] running `Command { std: "docker" "start" "5da83d8e9dfc168eb26ac3b38f44cc25e558df1270a91127797a42b7e777d140", kill_on_drop: false }`
[INFO] running `Command { std: "docker" "inspect" "5da83d8e9dfc168eb26ac3b38f44cc25e558df1270a91127797a42b7e777d140", kill_on_drop: false }`
[INFO] running `Command { std: "docker" "exec" "-e" "SOURCE_DIR=/opt/rustwide/workdir" "-e" "CARGO_HOME=/opt/rustwide/cargo-home" "-e" "RUSTUP_HOME=/opt/rustwide/rustup-home" "-e" "CARGO_TARGET_DIR=/opt/rustwide/target" "-w" "/opt/rustwide/workdir" "--user" "0:0" "5da83d8e9dfc168eb26ac3b38f44cc25e558df1270a91127797a42b7e777d140" "/opt/rustwide/cargo-home/bin/cargo" "+1.99.0-beta.8" "metadata" "--no-deps" "--format-version=1", kill_on_drop: false }`
[INFO] running `Command { std: "docker" "inspect" "5da83d8e9dfc168eb26ac3b38f44cc25e558df1270a91127797a42b7e777d140", kill_on_drop: false }`
[INFO] running `Command { std: "docker" "exec" "-e" "SOURCE_DIR=/opt/rustwide/workdir" "-e" "CARGO_HOME=/opt/rustwide/cargo-home" "-e" "RUSTUP_HOME=/opt/rustwide/rustup-home" "-e" "CARGO_TARGET_DIR=/opt/rustwide/target" "-e" "CARGO_INCREMENTAL=0" "-e" "RUST_BACKTRACE=full" "-e" "RUSTFLAGS=--cap-lints=warn" "-e" "RUSTDOCFLAGS=--cap-lints=warn" "-w" "/opt/rustwide/workdir" "--user" "0:0" "5da83d8e9dfc168eb26ac3b38f44cc25e558df1270a91127797a42b7e777d140" "/opt/rustwide/cargo-home/bin/cargo" "+1.99.0-beta.8" "build" "--frozen" "--message-format=json" "--release", kill_on_drop: false }`
[INFO] [stderr]    Compiling proc-macro2 v1.0.106
[INFO] [stderr]    Compiling quote v1.0.45
[INFO] [stderr]    Compiling unicode-ident v1.0.24
[INFO] [stderr]    Compiling libc v0.2.186
[INFO] [stderr]    Compiling serde_core v1.0.228
[INFO] [stderr]    Compiling serde v1.0.228
[INFO] [stderr]    Compiling cfg-if v1.0.4
[INFO] [stderr]    Compiling shlex v1.3.0
[INFO] [stderr]    Compiling find-msvc-tools v0.1.9
[INFO] [stderr]    Compiling rustversion v1.0.22
[INFO] [stderr]    Compiling memchr v2.8.0
[INFO] [stderr]    Compiling pin-project-lite v0.2.17
[INFO] [stderr]    Compiling stable_deref_trait v1.2.1
[INFO] [stderr]    Compiling parking_lot_core v0.9.12
[INFO] [stderr]    Compiling crossbeam-utils v0.8.21
[INFO] [stderr]    Compiling scopeguard v1.2.0
[INFO] [stderr]    Compiling fs_extra v1.3.0
[INFO] [stderr]    Compiling dunce v1.0.5
[INFO] [stderr]    Compiling lock_api v0.4.14
[INFO] [stderr]    Compiling autocfg v1.5.0
[INFO] [stderr]    Compiling writeable v0.6.3
[INFO] [stderr]    Compiling litemap v0.8.2
[INFO] [stderr]    Compiling futures-sink v0.3.32
[INFO] [stderr]    Compiling futures-core v0.3.32
[INFO] [stderr]    Compiling futures-channel v0.3.32
[INFO] [stderr]    Compiling futures-task v0.3.32
[INFO] [stderr]    Compiling zeroize v1.8.2
[INFO] [stderr]    Compiling futures-io v0.3.32
[INFO] [stderr]    Compiling bytes v1.11.1
[INFO] [stderr]    Compiling regex-syntax v0.8.10
[INFO] [stderr]    Compiling num-traits v0.2.19
[INFO] [stderr]    Compiling icu_normalizer_data v2.2.0
[INFO] [stderr]    Compiling utf8_iter v1.0.4
[INFO] [stderr]    Compiling slab v0.4.12
[INFO] [stderr]    Compiling slog v2.8.2
[INFO] [stderr]    Compiling icu_properties_data v2.2.0
[INFO] [stderr]    Compiling aws-lc-rs v1.16.3
[INFO] [stderr]    Compiling itoa v1.0.18
[INFO] [stderr]    Compiling typenum v1.20.0
[INFO] [stderr]    Compiling getrandom v0.4.2
[INFO] [stderr]    Compiling once_cell v1.21.4
[INFO] [stderr]    Compiling rand_core v0.10.1
[INFO] [stderr]    Compiling siphasher v1.0.2
[INFO] [stderr]    Compiling concurrent-queue v2.5.0
[INFO] [stderr]    Compiling rustls-pki-types v1.14.1
[INFO] [stderr]    Compiling pkg-config v0.3.33
[INFO] [stderr]    Compiling phf_shared v0.13.1
[INFO] [stderr]    Compiling heck v0.5.0
[INFO] [stderr]    Compiling parking v2.2.1
[INFO] [stderr]    Compiling aho-corasick v1.1.4
[INFO] [stderr]    Compiling fastrand v2.4.1
[INFO] [stderr]    Compiling syn v2.0.117
[INFO] [stderr]    Compiling utf8parse v0.2.2
[INFO] [stderr]    Compiling log v0.4.29
[INFO] [stderr]    Compiling typeid v1.0.3
[INFO] [stderr]    Compiling event-listener v5.4.1
[INFO] [stderr]    Compiling proc-macro-error-attr2 v2.0.0
[INFO] [stderr]    Compiling anstyle-parse v1.0.0
[INFO] [stderr]    Compiling thiserror v2.0.18
[INFO] [stderr]    Compiling powerfmt v0.2.0
[INFO] [stderr]    Compiling rustls v0.23.39
[INFO] [stderr]    Compiling zerocopy v0.8.48
[INFO] [stderr]    Compiling time-core v0.1.8
[INFO] [stderr]    Compiling untrusted v0.9.0
[INFO] [stderr]    Compiling either v1.15.0
[INFO] [stderr]    Compiling phf_generator v0.13.1
[INFO] [stderr]    Compiling is_terminal_polyfill v1.70.2
[INFO] [stderr]    Compiling zmij v1.0.21
[INFO] [stderr]    Compiling erased-serde v0.4.10
[INFO] [stderr]    Compiling anyhow v1.0.102
[INFO] [stderr]    Compiling colorchoice v1.0.5
[INFO] [stderr]    Compiling getrandom v0.3.4
[INFO] [stderr]    Compiling portable-atomic v1.13.1
[INFO] [stderr]    Compiling anstyle v1.0.14
[INFO] [stderr]    Compiling version_check v0.9.5
[INFO] [stderr]    Compiling cpufeatures v0.3.0
[INFO] [stderr]    Compiling num-conv v0.2.1
[INFO] [stderr]    Compiling jobserver v0.1.34
[INFO] [stderr]    Compiling which v8.0.2
[INFO] [stderr]    Compiling anstyle-query v1.1.5
[INFO] [stderr]    Compiling time-macros v0.2.27
[INFO] [stderr]    Compiling anstream v1.0.0
[INFO] [stderr]    Compiling itertools v0.14.0
[INFO] [stderr]    Compiling ahash v0.8.12
[INFO] [stderr]    Compiling string_cache_codegen v0.6.1
[INFO] [stderr]    Compiling cc v1.2.61
[INFO] [stderr]    Compiling deranged v0.5.8
[INFO] [stderr]    Compiling event-listener-strategy v0.5.4
[INFO] [stderr]    Compiling errno v0.3.14
[INFO] [stderr]    Compiling socket2 v0.6.3
[INFO] [stderr]    Compiling signal-hook-registry v1.4.8
[INFO] [stderr]    Compiling mio v1.2.0
[INFO] [stderr]    Compiling ordered-float v2.10.1
[INFO] [stderr]    Compiling crossbeam-channel v0.5.15
[INFO] [stderr]    Compiling arc-swap v1.9.1
[INFO] [stderr]    Compiling regex-automata v0.4.14
[INFO] [stderr]    Compiling hybrid-array v0.4.11
[INFO] [stderr]    Compiling castaway v0.2.4
[INFO] [stderr]    Compiling thread_local v1.1.9
[INFO] [stderr]    Compiling clap_lex v1.1.0
[INFO] [stderr]    Compiling serde_json v1.0.149
[INFO] [stderr]    Compiling ryu v1.0.23
[INFO] [stderr]    Compiling httparse v1.10.1
[INFO] [stderr]    Compiling const-oid v0.10.2
[INFO] [stderr]    Compiling equivalent v1.0.2
[INFO] [stderr]    Compiling iana-time-zone v0.1.65
[INFO] [stderr]    Compiling winnow v1.0.2
[INFO] [stderr]    Compiling static_assertions v1.1.0
[INFO] [stderr]    Compiling slog-async v2.8.0
[INFO] [stderr]    Compiling strsim v0.11.1
[INFO] [stderr]    Compiling percent-encoding v2.3.2
[INFO] [stderr]    Compiling lazy_static v1.5.0
[INFO] [stderr]    Compiling subtle v2.6.1
[INFO] [stderr]    Compiling toml_parser v1.1.2+spec-1.1.0
[INFO] [stderr]    Compiling crypto-common v0.2.1
[INFO] [stderr]    Compiling block-buffer v0.12.0
[INFO] [stderr]    Compiling clap_builder v4.6.0
[INFO] [stderr]    Compiling form_urlencoded v1.2.2
[INFO] [stderr]    Compiling cmake v0.1.58
[INFO] [stderr]    Compiling lua-src v550.0.0
[INFO] [stderr]    Compiling luajit-src v210.6.6+707c12b
[INFO] [stderr]    Compiling chrono v0.4.44
[INFO] [stderr]    Compiling uuid v1.23.1
[INFO] [stderr]    Compiling zerodns v0.1.0-alpha.10 (/opt/rustwide/workdir)
[INFO] [stderr]    Compiling async-lock v3.4.2
[INFO] [stderr]    Compiling serde_spanned v1.1.1
[INFO] [stderr]    Compiling toml_datetime v1.1.1+spec-1.1.0
[INFO] [stderr]    Compiling num_cpus v1.17.0
[INFO] [stderr]    Compiling is-terminal v0.4.17
[INFO] [stderr]    Compiling time v0.3.47
[INFO] [stderr]    Compiling aws-lc-sys v0.40.0
[INFO] [stderr]    Compiling mlua-sys v0.10.0
[INFO] [stderr]    Compiling digest v0.11.2
[INFO] [stderr]    Compiling chacha20 v0.10.0
[INFO] [stderr]    Compiling crossbeam-epoch v0.9.18
[INFO] [stderr]    Compiling new_debug_unreachable v1.0.6
[INFO] [stderr]    Compiling deadpool-runtime v0.3.1
[INFO] [stderr]    Compiling hashbrown v0.15.5
[INFO] [stderr]    Compiling term v1.2.1
[INFO] [stderr]    Compiling toml_writer v1.1.1+spec-1.1.0
[INFO] [stderr]    Compiling allocator-api2 v0.2.21
[INFO] [stderr]    Compiling tagptr v0.2.0
[INFO] [stderr]    Compiling take_mut v0.2.2
[INFO] [stderr]    Compiling precomputed-hash v0.1.1
[INFO] [stderr]    Compiling ipnetwork v0.21.1
[INFO] [stderr]    Compiling foldhash v0.2.0
[INFO] [stderr]    Compiling rustc-hash v2.1.2
[INFO] [stderr]    Compiling hashbrown v0.17.0
[INFO] [stderr]    Compiling toml v1.1.2+spec-1.1.0
[INFO] [stderr]    Compiling rand v0.10.1
[INFO] [stderr]    Compiling regex v1.12.3
[INFO] [stderr]    Compiling sha2 v0.11.0
[INFO] [stderr]    Compiling bytesize v2.3.1
[INFO] [stderr]    Compiling webpki-roots v1.0.7
[INFO] [stderr]    Compiling http v1.4.0
[INFO] [stderr]    Compiling hex v0.4.3
[INFO] [stderr]    Compiling base64 v0.22.1
[INFO] [stderr]    Compiling glob v0.3.3
[INFO] [stderr]    Compiling byteorder v1.5.0
[INFO] [stderr]    Compiling bitflags v2.11.1
[INFO] [stderr]    Compiling resolv-conf v0.7.6
[INFO] [stderr]    Compiling synstructure v0.13.2
[INFO] [stderr]    Compiling proc-macro-error2 v2.0.1
[INFO] [stderr]    Compiling serde_derive v1.0.228
[INFO] [stderr]    Compiling zerofrom-derive v0.1.7
[INFO] [stderr]    Compiling yoke-derive v0.8.2
[INFO] [stderr]    Compiling zerovec-derive v0.11.3
[INFO] [stderr]    Compiling displaydoc v0.2.5
[INFO] [stderr]    Compiling futures-macro v0.3.32
[INFO] [stderr]    Compiling tokio-macros v2.7.0
[INFO] [stderr]    Compiling thiserror-impl v2.0.18
[INFO] [stderr]    Compiling strum_macros v0.28.0
[INFO] [stderr]    Compiling garde_derive v0.22.1
[INFO] [stderr]    Compiling mlua_derive v0.11.0
[INFO] [stderr]    Compiling clap_derive v4.6.1
[INFO] [stderr]    Compiling tokio-shared-rt-macro v0.1.0
[INFO] [stderr]    Compiling async-trait v0.1.89
[INFO] [stderr]    Compiling futures-util v0.3.32
[INFO] [stderr]    Compiling zerofrom v0.1.7
[INFO] [stderr]    Compiling yoke v0.8.2
[INFO] [stderr]    Compiling zerovec v0.11.6
[INFO] [stderr]    Compiling zerotrie v0.2.4
[INFO] [stderr]    Compiling strum v0.28.0
[INFO] [stderr]    Compiling tinystr v0.8.3
[INFO] [stderr]    Compiling icu_locale_core v2.2.0
[INFO] [stderr]    Compiling potential_utf v0.1.5
[INFO] [stderr]    Compiling icu_collections v2.2.0
[INFO] [stderr]    Compiling clap v4.6.1
[INFO] [stderr]    Compiling smallvec v1.15.1
[INFO] [stderr]    Compiling erased-serde v0.3.31
[INFO] [stderr]    Compiling compact_str v0.8.1
[INFO] [stderr]    Compiling bstr v1.12.1
[INFO] [stderr]    Compiling serde-value v0.7.0
[INFO] [stderr]    Compiling icu_provider v2.2.0
[INFO] [stderr]    Compiling parking_lot v0.12.5
[INFO] [stderr]    Compiling tokio v1.52.1
[INFO] [stderr]    Compiling garde v0.22.1
[INFO] [stderr]    Compiling icu_properties v2.2.0
[INFO] [stderr]    Compiling icu_normalizer v2.2.0
[INFO] [stderr]    Compiling slog-scope v4.4.1
[INFO] [stderr]    Compiling slog-term v2.9.2
[INFO] [stderr]    Compiling futures-executor v0.3.32
[INFO] [stderr]    Compiling slog-stdlog v4.1.1
[INFO] [stderr]    Compiling moka v0.12.15
[INFO] [stderr]    Compiling futures v0.3.32
[INFO] [stderr]    Compiling string_cache v0.9.0
[INFO] [stderr]    Compiling maxminddb v0.27.3
[INFO] [stderr]    Compiling idna_adapter v1.2.1
[INFO] [stderr]    Compiling idna v1.1.0
[INFO] [stderr]    Compiling url v2.5.8
[INFO] [stderr]    Compiling tokio-util v0.7.18
[INFO] [stderr]    Compiling tokio-shared-rt v0.1.0
[INFO] [stderr]    Compiling deadpool v0.13.0
[INFO] [stderr]    Compiling mlua v0.11.6
[INFO] [stderr]    Compiling rustls-webpki v0.103.13
[INFO] [stderr]    Compiling tokio-rustls v0.26.4
[INFO] [stderr]     Finished `release` profile [optimized] target(s) in 3m 02s
[INFO] [stderr] warning: the following packages contain code that will be rejected by a future version of Rust: proc-macro-error2 v2.0.1
[INFO] [stderr] note: to see what the problems were, use the option `--future-incompat-report`, or run `cargo report future-incompatibilities --id 7`
[INFO] running `Command { std: "docker" "inspect" "5da83d8e9dfc168eb26ac3b38f44cc25e558df1270a91127797a42b7e777d140", kill_on_drop: false }`
[INFO] running `Command { std: "docker" "exec" "-e" "SOURCE_DIR=/opt/rustwide/workdir" "-e" "CARGO_HOME=/opt/rustwide/cargo-home" "-e" "RUSTUP_HOME=/opt/rustwide/rustup-home" "-e" "CARGO_TARGET_DIR=/opt/rustwide/target" "-e" "CARGO_INCREMENTAL=0" "-e" "RUST_BACKTRACE=full" "-e" "RUSTFLAGS=--cap-lints=warn" "-e" "RUSTDOCFLAGS=--cap-lints=warn" "-w" "/opt/rustwide/workdir" "--user" "0:0" "5da83d8e9dfc168eb26ac3b38f44cc25e558df1270a91127797a42b7e777d140" "/opt/rustwide/cargo-home/bin/cargo" "+1.99.0-beta.8" "test" "--frozen" "--no-run" "--message-format=json" "--release", kill_on_drop: false }`
[INFO] [stderr]    Compiling humantime v2.3.0
[INFO] [stderr]    Compiling termcolor v1.4.1
[INFO] [stderr]    Compiling env_logger v0.10.2
[INFO] [stderr]    Compiling pretty_env_logger v0.5.0
[INFO] [stderr]    Compiling zerodns v0.1.0-alpha.10 (/opt/rustwide/workdir)
[INFO] [stderr]     Finished `release` profile [optimized] target(s) in 1m 00s
[INFO] [stderr] warning: the following packages contain code that will be rejected by a future version of Rust: proc-macro-error2 v2.0.1
[INFO] [stderr] note: to see what the problems were, use the option `--future-incompat-report`, or run `cargo report future-incompatibilities --id 7`
[INFO] running `Command { std: "docker" "inspect" "5da83d8e9dfc168eb26ac3b38f44cc25e558df1270a91127797a42b7e777d140", kill_on_drop: false }`
[INFO] running `Command { std: "docker" "exec" "-e" "SOURCE_DIR=/opt/rustwide/workdir" "-e" "CARGO_HOME=/opt/rustwide/cargo-home" "-e" "RUSTUP_HOME=/opt/rustwide/rustup-home" "-e" "CARGO_TARGET_DIR=/opt/rustwide/target" "-e" "CARGO_INCREMENTAL=0" "-e" "RUST_BACKTRACE=full" "-e" "RUSTFLAGS=--cap-lints=warn" "-e" "RUSTDOCFLAGS=--cap-lints=warn" "-w" "/opt/rustwide/workdir" "--user" "0:0" "5da83d8e9dfc168eb26ac3b38f44cc25e558df1270a91127797a42b7e777d140" "/opt/rustwide/cargo-home/bin/cargo" "+1.99.0-beta.8" "test" "--frozen" "--release", kill_on_drop: false }`
[INFO] [stderr]     Finished `release` profile [optimized] target(s) in 0.23s
[INFO] [stderr] warning: the following packages contain code that will be rejected by a future version of Rust: proc-macro-error2 v2.0.1
[INFO] [stderr] note: to see what the problems were, use the option `--future-incompat-report`, or run `cargo report future-incompatibilities --id 7`
[INFO] [stderr]      Running unittests src/lib.rs (/opt/rustwide/target/release/deps/zerodns-7160dc740295a360)
[INFO] [stdout] 
[INFO] [stdout] running 38 tests
[INFO] [stdout] test client::udp::tests::test_concurrency ... ignored
[INFO] [stdout] test client::udp::tests::test_weird ... ignored
[INFO] [stdout] test filter::hosts::tests::test_hosts_filter ... ok
[INFO] [stdout] test filter::misc::tests::test_options ... ok
[INFO] [stdout] test filter::proto::tests::test_filter ... ok
[INFO] [stdout] test config::tests::test_read_from_toml ... FAILED
[INFO] [stderr]  2026-10-18T20:36:45.070Z ERROR zerodns::client::udp > failed to send message-0x0150(28B) to 208.67.222.222:53: Network is unreachable (os error 101)
[INFO] [stdout] test filter::registry::tests::test_register ... ok
[INFO] [stdout] test protocol::frame::tests::test_big ... ok
[INFO] [stdout] test builtin::tests::test_init ... FAILED
[INFO] [stdout] test client::doh::tests::test_doh_client ... FAILED
[INFO] [stdout] test protocol::frame::tests::test_addition ... ok
[INFO] [stdout] test filter::chinadns::tests::test_chinadns ... FAILED
[INFO] [stdout] test protocol::frame::tests::test_broken ... ok
[INFO] [stdout] test protocol::frame::tests::test_flags ... ok
[INFO] [stderr]  2026-10-18T20:36:45.075Z ERROR zerodns::client::udp > failed to send message-0x41fc(32B) to 8.8.8.8:53: Network is unreachable (os error 101)
[INFO] [stderr]  2026-10-18T20:36:45.075Z ERROR zerodns::client::udp > failed to send message-0x41fd(32B) to 8.8.8.8:53: Network is unreachable (os error 101)
[INFO] [stderr]  2026-10-18T20:36:45.075Z ERROR zerodns::client::udp > failed to send message-0xcd7d(32B) to 169.254.169.254:53: Network is unreachable (os error 101)
[INFO] [stderr]  2026-10-18T20:36:45.075Z ERROR zerodns::client::udp > failed to send message-0x9067(38B) to 223.5.5.5:53: Network is unreachable (os error 101)
[INFO] [stdout] test protocol::frame::tests::test_decode ... ok
[INFO] [stdout] test protocol::frame::tests::test_flags_builder ... ok
[INFO] [stdout] test cache::memory::tests::test_load ... ok
[INFO] [stdout] test client::tcp::tests::test_request ... FAILED
[INFO] [stdout] test client::dot::tests::test_dot_client ... FAILED
[INFO] [stdout] test protocol::dns::tests::test_from_str ... ok
[INFO] [stdout] test protocol::frame::tests::test_edns ... ok
[INFO] [stdout] test handler::ruled::tests::test_ruled ... ok
[INFO] [stdout] test protocol::frame::tests::test_message_builder ... ok
[INFO] [stdout] test handler::filtered::tests::test_filtered_handler ... ok
[INFO] [stdout] test protocol::frame::tests::test_decode_response ... ok
[INFO] [stdout] test protocol::frame::tests::test_rdata_ptr ... ok
[INFO] [stdout] test protocol::frame::tests::test_message_builder_with_answer ... ok
[INFO] [stdout] test protocol::frame::tests::test_rdata_mx ... ok
[INFO] [stdout] test protocol::tcp::tests::test_encode_and_decode ... ok
[INFO] [stdout] test server::tcp::tests::test_tcp_listen ... ok
[INFO] [stdout] test protocol::frame::tests::test_soa ... ok
[INFO] [stdout] test protocol::frame::tests::test_rdata_cname ... ok
[INFO] [stdout] test server::udp::tests::test_udp_listen ... ok
[INFO] [stdout] test client::tests::test_request ... FAILED
[INFO] [stderr]  2026-10-18T20:36:50.071Z ERROR zerodns::client::udp > failed to send message-0xcd7e(32B) to 169.254.169.254:53: Network is unreachable (os error 101)
[INFO] [stdout] test client::system::tests::test_default_client ... FAILED
[INFO] [stdout] test client::udp::tests::test_request ... FAILED
[INFO] [stderr]  2026-10-18T20:37:00.075Z ERROR zerodns::client::udp > failed to send message-0xe8dc(28B) to 208.67.220.220:53: Network is unreachable (os error 101)
[INFO] [stdout] test filter::proxyby::tests::test_proxyby_filter ... FAILED
[INFO] [stdout] test filter::lua::tests::test_lua ... FAILED
[INFO] [stdout] 
[INFO] [stdout] failures:
[INFO] [stdout] 
[INFO] [stdout] ---- config::tests::test_read_from_toml stdout ----
[INFO] [stdout] 
[INFO] [stdout] thread 'config::tests::test_read_from_toml' (6437) panicked at src/config.rs:67:9:
[INFO] [stdout] assertion failed: c.is_ok_and(|c|
[INFO] [stdout]         {
[INFO] [stdout]             !c.server.listen.is_empty() && !c.rules.is_empty() &&
[INFO] [stdout]                 !c.filters.is_empty()
[INFO] [stdout]         })
[INFO] [stdout] stack backtrace:
[INFO] [stdout]    0:     0x5b70b2cf4716 - <<std[70759c8f55707aa4]::sys::backtrace::BacktraceLock>::print::DisplayBacktrace as core[df12db4294e9bfd3]::fmt::Display>::fmt
[INFO] [stdout]    1:     0x5b70b2b05e0a - core[df12db4294e9bfd3]::fmt::write
[INFO] [stdout]    2:     0x5b70b2cfa84c - <alloc[2182bb758b4b3781]::vec::Vec<u8> as core[df12db4294e9bfd3]::io::write::Write>::write_fmt
[INFO] [stdout]    3:     0x5b70b2ccfda2 - std[70759c8f55707aa4]::panicking::default_hook::{closure#0}
[INFO] [stdout]    4:     0x5b70b2cebf41 - std[70759c8f55707aa4]::panicking::default_hook
[INFO] [stdout]    5:     0x5b70b2cec382 - std[70759c8f55707aa4]::panicking::panic_with_hook
[INFO] [stdout]    6:     0x5b70b2ccfe84 - std[70759c8f55707aa4]::panicking::panic_handler::{closure#0}
[INFO] [stdout]    7:     0x5b70b2cc8579 - std[70759c8f55707aa4]::sys::backtrace::__rust_end_short_backtrace::<std[70759c8f55707aa4]::panicking::panic_handler::{closure#0}, !>
[INFO] [stdout]    8:     0x5b70b2cd0e5d - __rustc[8fa7c3cbc660c2b3]::rust_begin_unwind
[INFO] [stdout]    9:     0x5b70b2b0656c - core[df12db4294e9bfd3]::panicking::panic_fmt
[INFO] [stdout]   10:     0x5b70b2b06532 - core[df12db4294e9bfd3]::panicking::panic
[INFO] [stdout]   11:     0x5b70b2ded309 - zerodns[eef28889d7fcfce0]::config::tests::test_read_from_toml
[INFO] [stdout]   12:     0x5b70b2f66c49 - <zerodns[eef28889d7fcfce0]::config::tests::test_read_from_toml::{closure#0} as core[df12db4294e9bfd3]::ops::function::FnOnce<()>>::call_once
[INFO] [stdout]   13:     0x5b70b2cfd28b - test[9d35eded1c95d3be]::__rust_begin_short_backtrace::<core[df12db4294e9bfd3]::result::Result<(), alloc[2182bb758b4b3781]::string::String>, fn() -> core[df12db4294e9bfd3]::result::Result<(), alloc[2182bb758b4b3781]::string::String>>
[INFO] [stdout]   14:     0x5b70b2d0b3e1 - test[9d35eded1c95d3be]::run_test::{closure#0}
[INFO] [stdout]   15:     0x5b70b2d04af4 - std[70759c8f55707aa4]::sys::backtrace::__rust_begin_short_backtrace::<test[9d35eded1c95d3be]::run_test::{closure#1}, ()>
[INFO] [stdout]   16:     0x5b70b2d0f202 - <std[70759c8f55707aa4]::thread::lifecycle::spawn_unchecked<test[9d35eded1c95d3be]::run_test::{closure#1}, ()>::{closure#1} as core[df12db4294e9bfd3]::ops::function::FnOnce<()>>::call_once::{shim:vtable#0}
[INFO] [stdout]   17:     0x5b70b2cf35ce - <std[70759c8f55707aa4]::sys::thread::unix::Thread>::new::thread_start
[INFO] [stdout]   18:     0x70be77ae1dfa - <unknown>
[INFO] [stdout]   19:     0x70be77b753d4 - clone
[INFO] [stdout]   20:                0x0 - <unknown>
[INFO] [stdout] 
[INFO] [stdout] ---- builtin::tests::test_init stdout ----
[INFO] [stdout] 
[INFO] [stdout] thread 'builtin::tests::test_init' (6429) panicked at src/builtin.rs:63:13:
[INFO] [stdout] assertion failed: load("chinadns", &opts).is_ok()
[INFO] [stdout] stack backtrace:
[INFO] [stdout]    0:     0x5b70b2cf4716 - <<std[70759c8f55707aa4]::sys::backtrace::BacktraceLock>::print::DisplayBacktrace as core[df12db4294e9bfd3]::fmt::Display>::fmt
[INFO] [stdout]    1:     0x5b70b2b05e0a - core[df12db4294e9bfd3]::fmt::write
[INFO] [stdout]    2:     0x5b70b2cfa84c - <alloc[2182bb758b4b3781]::vec::Vec<u8> as core[df12db4294e9bfd3]::io::write::Write>::write_fmt
[INFO] [stdout]    3:     0x5b70b2ccfda2 - std[70759c8f55707aa4]::panicking::default_hook::{closure#0}
[INFO] [stdout]    4:     0x5b70b2cebf41 - std[70759c8f55707aa4]::panicking::default_hook
[INFO] [stdout]    5:     0x5b70b2cec382 - std[70759c8f55707aa4]::panicking::panic_with_hook
[INFO] [stdout]    6:     0x5b70b2ccfe84 - std[70759c8f55707aa4]::panicking::panic_handler::{closure#0}
[INFO] [stdout]    7:     0x5b70b2cc8579 - std[70759c8f55707aa4]::sys::backtrace::__rust_end_short_backtrace::<std[70759c8f55707aa4]::panicking::panic_handler::{closure#0}, !>
[INFO] [stdout]    8:     0x5b70b2cd0e5d - __rustc[8fa7c3cbc660c2b3]::rust_begin_unwind
[INFO] [stdout]    9:     0x5b70b2b0656c - core[df12db4294e9bfd3]::panicking::panic_fmt
[INFO] [stdout]   10:     0x5b70b2b06532 - core[df12db4294e9bfd3]::panicking::panic
[INFO] [stdout]   11:     0x5b70b2dedd23 - zerodns[eef28889d7fcfce0]::builtin::tests::test_init
[INFO] [stdout]   12:     0x5b70b2f66c69 - <zerodns[eef28889d7fcfce0]::builtin::tests::test_init::{closure#0} as core[df12db4294e9bfd3]::ops::function::FnOnce<()>>::call_once
[INFO] [stdout]   13:     0x5b70b2cfd28b - test[9d35eded1c95d3be]::__rust_begin_short_backtrace::<core[df12db4294e9bfd3]::result::Result<(), alloc[2182bb758b4b3781]::string::String>, fn() -> core[df12db4294e9bfd3]::result::Result<(), alloc[2182bb758b4b3781]::string::String>>
[INFO] [stdout]   14:     0x5b70b2d0b3e1 - test[9d35eded1c95d3be]::run_test::{closure#0}
[INFO] [stdout]   15:     0x5b70b2d04af4 - std[70759c8f55707aa4]::sys::backtrace::__rust_begin_short_backtrace::<test[9d35eded1c95d3be]::run_test::{closure#1}, ()>
[INFO] [stdout]   16:     0x5b70b2d0f202 - <std[70759c8f55707aa4]::thread::lifecycle::spawn_unchecked<test[9d35eded1c95d3be]::run_test::{closure#1}, ()>::{closure#1} as core[df12db4294e9bfd3]::ops::function::FnOnce<()>>::call_once::{shim:vtable#0}
[INFO] [stdout]   17:     0x5b70b2cf35ce - <std[70759c8f55707aa4]::sys::thread::unix::Thread>::new::thread_start
[INFO] [stdout]   18:     0x70be77ae1dfa - <unknown>
[INFO] [stdout]   19:     0x70be77b753d4 - clone
[INFO] [stdout]   20:                0x0 - <unknown>
[INFO] [stdout] 
[INFO] [stdout] ---- client::doh::tests::test_doh_client stdout ----
[INFO] [stdout] Error: cannot get tcp stream: Backend(Network is unreachable (os error 101)
[INFO] [stdout] 
[INFO] [stdout] Stack backtrace:
[INFO] [stdout]    0: <anyhow::Error as core::convert::From<core::io::error::Error>>::from
[INFO] [stdout]    1: <futures_util::future::future::map::Map<<zerodns::misc::tls::Manager>::connect::{closure#0}, <zerodns::misc::tls::Manager as deadpool::managed::manager::Manager>::create::{closure#0}> as core::future::future::Future>::poll
[INFO] [stdout]    2: <zerodns::client::doh::DoHClient as zerodns::client::Client>::request::{closure#0}
[INFO] [stdout]    3: zerodns::client::doh::tests::test_doh_client::{closure#0}
[INFO] [stdout]    4: <tokio::runtime::park::CachedParkThread>::block_on::<core::future::poll_fn::PollFn<<tokio::runtime::scheduler::current_thread::CurrentThread>::block_on<core::pin::Pin<&mut dyn core::future::future::Future<Output = core::result::Result<(), anyhow::Error>>>>::{closure#0}::{closure#0}>>
[INFO] [stdout]    5: tokio::runtime::context::runtime::enter_runtime::<<tokio::runtime::scheduler::current_thread::CurrentThread>::block_on<core::pin::Pin<&mut dyn core::future::future::Future<Output = core::result::Result<(), anyhow::Error>>>>::{closure#0}, core::result::Result<(), anyhow::Error>>
[INFO] [stdout]    6: <tokio::runtime::runtime::Runtime>::block_on::<core::pin::Pin<&mut dyn core::future::future::Future<Output = core::result::Result<(), anyhow::Error>>>>
[INFO] [stdout]    7: <zerodns::client::doh::tests::test_doh_client::{closure#0} as core::ops::function::FnOnce<()>>::call_once
[INFO] [stdout]    8: test::__rust_begin_short_backtrace::<core::result::Result<(), alloc::string::String>, fn() -> core::result::Result<(), alloc::string::String>>
[INFO] [stdout]    9: test::run_test::{closure#0}
[INFO] [stdout]   10: std::sys::backtrace::__rust_begin_short_backtrace::<test::run_test::{closure#1}, ()>
[INFO] [stdout]   11: <std::thread::lifecycle::spawn_unchecked<test::run_test::{closure#1}, ()>::{closure#1} as core::ops::function::FnOnce<()>>::call_once::{shim:vtable#0}
[INFO] [stdout]   12: <std::sys::thread::unix::Thread>::new::thread_start
[INFO] [stdout]   13: <unknown>
[INFO] [stdout]   14: clone)
[INFO] [stdout] 
[INFO] [stdout] Stack backtrace:
[INFO] [stdout]    0: <anyhow::Error>::msg::<alloc::string::String>
[INFO] [stdout]    1: <zerodns::client::doh::DoHClient as zerodns::client::Client>::request::{closure#0}::{closure#0}
[INFO] [stdout]    2: <zerodns::client::doh::DoHClient as zerodns::client::Client>::request::{closure#0}
[INFO] [stdout]    3: zerodns::client::doh::tests::test_doh_client::{closure#0}
[INFO] [stdout]    4: <tokio::runtime::park::CachedParkThread>::block_on::<core::future::poll_fn::PollFn<<tokio::runtime::scheduler::current_thread::CurrentThread>::block_on<core::pin::Pin<&mut dyn core::future::future::Future<Output = core::result::Result<(), anyhow::Error>>>>::{closure#0}::{closure#0}>>
[INFO] [stdout]    5: tokio::runtime::context::runtime::enter_runtime::<<tokio::runtime::scheduler::current_thread::CurrentThread>::block_on<core::pin::Pin<&mut dyn core::future::future::Future<Output = core::result::Result<(), anyhow::Error>>>>::{closure#0}, core::result::Result<(), anyhow::Error>>
[INFO] [stdout]    6: <tokio::runtime::runtime::Runtime>::block_on::<core::pin::Pin<&mut dyn core::future::future::Future<Output = core::result::Result<(), anyhow::Error>>>>
[INFO] [stdout]    7: <zerodns::client::doh::tests::test_doh_client::{closure#0} as core::ops::function::FnOnce<()>>::call_once
[INFO] [stdout]    8: test::__rust_begin_short_backtrace::<core::result::Result<(), alloc::string::String>, fn() -> core::result::Result<(), alloc::string::String>>
[INFO] [stdout]    9: test::run_test::{closure#0}
[INFO] [stdout]   10: std::sys::backtrace::__rust_begin_short_backtrace::<test::run_test::{closure#1}, ()>
[INFO] [stdout]   11: <std::thread::lifecycle::spawn_unchecked<test::run_test::{closure#1}, ()>::{closure#1} as core::ops::function::FnOnce<()>>::call_once::{shim:vtable#0}
[INFO] [stdout]   12: <std::sys::thread::unix::Thread>::new::thread_start
[INFO] [stdout]   13: <unknown>
[INFO] [stdout]   14: clone
[INFO] [stdout] 
[INFO] [stdout] ---- filter::chinadns::tests::test_chinadns stdout ----
[INFO] [stdout] Error: i/o error: No such file or directory (os error 2)
[INFO] [stdout] 
[INFO] [stdout] Caused by:
[INFO] [stdout]     No such file or directory (os error 2)
[INFO] [stdout] 
[INFO] [stdout] Stack backtrace:
[INFO] [stdout]    0: <anyhow::Error as core::convert::From<maxminddb::error::MaxMindDbError>>::from
[INFO] [stdout]    1: <zerodns::filter::chinadns::ChinaDNSFilterFactory as core::convert::TryFrom<&std::collections::hash::map::HashMap<alloc::string::String, toml::value::Value>>>::try_from
[INFO] [stdout]    2: zerodns::filter::chinadns::tests::test_chinadns::{closure#0}
[INFO] [stdout]    3: <tokio::runtime::park::CachedParkThread>::block_on::<core::future::poll_fn::PollFn<<tokio::runtime::scheduler::current_thread::CurrentThread>::block_on<core::pin::Pin<&mut dyn core::future::future::Future<Output = core::result::Result<(), anyhow::Error>>>>::{closure#0}::{closure#0}>>
[INFO] [stdout]    4: tokio::runtime::context::runtime::enter_runtime::<<tokio::runtime::scheduler::current_thread::CurrentThread>::block_on<core::pin::Pin<&mut dyn core::future::future::Future<Output = core::result::Result<(), anyhow::Error>>>>::{closure#0}, core::result::Result<(), anyhow::Error>>
[INFO] [stdout]    5: <tokio::runtime::runtime::Runtime>::block_on::<core::pin::Pin<&mut dyn core::future::future::Future<Output = core::result::Result<(), anyhow::Error>>>>
[INFO] [stdout]    6: <zerodns::filter::chinadns::tests::test_chinadns::{closure#0} as core::ops::function::FnOnce<()>>::call_once
[INFO] [stdout]    7: test::__rust_begin_short_backtrace::<core::result::Result<(), alloc::string::String>, fn() -> core::result::Result<(), alloc::string::String>>
[INFO] [stdout]    8: test::run_test::{closure#0}
[INFO] [stdout]    9: std::sys::backtrace::__rust_begin_short_backtrace::<test::run_test::{closure#1}, ()>
[INFO] [stdout]   10: <std::thread::lifecycle::spawn_unchecked<test::run_test::{closure#1}, ()>::{closure#1} as core::ops::function::FnOnce<()>>::call_once::{shim:vtable#0}
[INFO] [stdout]   11: <std::sys::thread::unix::Thread>::new::thread_start
[INFO] [stdout]   12: <unknown>
[INFO] [stdout]   13: clone
[INFO] [stdout] 
[INFO] [stdout] ---- client::tcp::tests::test_request stdout ----
[INFO] [stdout] Error: cannot get tcp stream: Backend(Network is unreachable (os error 101)
[INFO] [stdout] 
[INFO] [stdout] Stack backtrace:
[INFO] [stdout]    0: <anyhow::Error as core::convert::From<core::io::error::Error>>::from
[INFO] [stdout]    1: <zerodns::misc::tcp::Manager as deadpool::managed::manager::Manager>::create
[INFO] [stdout]    2: <zerodns::client::tcp::TcpClient as zerodns::client::Client>::request::{closure#0}
[INFO] [stdout]    3: zerodns::client::tcp::tests::test_request::{closure#0}
[INFO] [stdout]    4: <tokio::runtime::scheduler::current_thread::Context>::enter::<core::task::poll::Poll<core::result::Result<(), anyhow::Error>>, <tokio::runtime::scheduler::current_thread::CoreGuard>::block_on<core::pin::Pin<&mut core::pin::Pin<&mut dyn core::future::future::Future<Output = core::result::Result<(), anyhow::Error>>>>>::{closure#0}::{closure#0}>
[INFO] [stdout]    5: <tokio::runtime::context::scoped::Scoped<tokio::runtime::scheduler::Context>>::set::<<tokio::runtime::scheduler::current_thread::CoreGuard>::enter<<tokio::runtime::scheduler::current_thread::CoreGuard>::block_on<core::pin::Pin<&mut core::pin::Pin<&mut dyn core::future::future::Future<Output = core::result::Result<(), anyhow::Error>>>>>::{closure#0}, core::option::Option<core::result::Result<(), anyhow::Error>>>::{closure#0}, (alloc::boxed::Box<tokio::runtime::scheduler::current_thread::Core>, core::option::Option<core::result::Result<(), anyhow::Error>>)>
[INFO] [stdout]    6: <tokio::runtime::scheduler::current_thread::CoreGuard>::block_on::<core::pin::Pin<&mut core::pin::Pin<&mut dyn core::future::future::Future<Output = core::result::Result<(), anyhow::Error>>>>>
[INFO] [stdout]    7: tokio::runtime::context::runtime::enter_runtime::<<tokio::runtime::scheduler::current_thread::CurrentThread>::block_on<core::pin::Pin<&mut dyn core::future::future::Future<Output = core::result::Result<(), anyhow::Error>>>>::{closure#0}, core::result::Result<(), anyhow::Error>>
[INFO] [stdout]    8: <tokio::runtime::runtime::Runtime>::block_on::<core::pin::Pin<&mut dyn core::future::future::Future<Output = core::result::Result<(), anyhow::Error>>>>
[INFO] [stdout]    9: <zerodns::client::tcp::tests::test_request::{closure#0} as core::ops::function::FnOnce<()>>::call_once
[INFO] [stdout]   10: test::__rust_begin_short_backtrace::<core::result::Result<(), alloc::string::String>, fn() -> core::result::Result<(), alloc::string::String>>
[INFO] [stdout]   11: test::run_test::{closure#0}
[INFO] [stdout]   12: std::sys::backtrace::__rust_begin_short_backtrace::<test::run_test::{closure#1}, ()>
[INFO] [stdout]   13: <std::thread::lifecycle::spawn_unchecked<test::run_test::{closure#1}, ()>::{closure#1} as core::ops::function::FnOnce<()>>::call_once::{shim:vtable#0}
[INFO] [stdout]   14: <std::sys::thread::unix::Thread>::new::thread_start
[INFO] [stdout]   15: <unknown>
[INFO] [stdout]   16: clone)
[INFO] [stdout] 
[INFO] [stdout] Stack backtrace:
[INFO] [stdout]    0: <anyhow::Error>::msg::<alloc::string::String>
[INFO] [stdout]    1: <zerodns::client::dot::DoTClient as zerodns::client::Client>::request::{closure#0}::{closure#0}
[INFO] [stdout]    2: <zerodns::client::tcp::TcpClient as zerodns::client::Client>::request::{closure#0}
[INFO] [stdout]    3: zerodns::client::tcp::tests::test_request::{closure#0}
[INFO] [stdout]    4: <tokio::runtime::scheduler::current_thread::Context>::enter::<core::task::poll::Poll<core::result::Result<(), anyhow::Error>>, <tokio::runtime::scheduler::current_thread::CoreGuard>::block_on<core::pin::Pin<&mut core::pin::Pin<&mut dyn core::future::future::Future<Output = core::result::Result<(), anyhow::Error>>>>>::{closure#0}::{closure#0}>
[INFO] [stdout]    5: <tokio::runtime::context::scoped::Scoped<tokio::runtime::scheduler::Context>>::set::<<tokio::runtime::scheduler::current_thread::CoreGuard>::enter<<tokio::runtime::scheduler::current_thread::CoreGuard>::block_on<core::pin::Pin<&mut core::pin::Pin<&mut dyn core::future::future::Future<Output = core::result::Result<(), anyhow::Error>>>>>::{closure#0}, core::option::Option<core::result::Result<(), anyhow::Error>>>::{closure#0}, (alloc::boxed::Box<tokio::runtime::scheduler::current_thread::Core>, core::option::Option<core::result::Result<(), anyhow::Error>>)>
[INFO] [stdout]    6: <tokio::runtime::scheduler::current_thread::CoreGuard>::block_on::<core::pin::Pin<&mut core::pin::Pin<&mut dyn core::future::future::Future<Output = core::result::Result<(), anyhow::Error>>>>>
[INFO] [stdout]    7: tokio::runtime::context::runtime::enter_runtime::<<tokio::runtime::scheduler::current_thread::CurrentThread>::block_on<core::pin::Pin<&mut dyn core::future::future::Future<Output = core::result::Result<(), anyhow::Error>>>>::{closure#0}, core::result::Result<(), anyhow::Error>>
[INFO] [stdout]    8: <tokio::runtime::runtime::Runtime>::block_on::<core::pin::Pin<&mut dyn core::future::future::Future<Output = core::result::Result<(), anyhow::Error>>>>
[INFO] [stdout]    9: <zerodns::client::tcp::tests::test_request::{closure#0} as core::ops::function::FnOnce<()>>::call_once
[INFO] [stdout]   10: test::__rust_begin_short_backtrace::<core::result::Result<(), alloc::string::String>, fn() -> core::result::Result<(), alloc::string::String>>
[INFO] [stdout]   11: test::run_test::{closure#0}
[INFO] [stdout]   12: std::sys::backtrace::__rust_begin_short_backtrace::<test::run_test::{closure#1}, ()>
[INFO] [stdout]   13: <std::thread::lifecycle::spawn_unchecked<test::run_test::{closure#1}, ()>::{closure#1} as core::ops::function::FnOnce<()>>::call_once::{shim:vtable#0}
[INFO] [stdout]   14: <std::sys::thread::unix::Thread>::new::thread_start
[INFO] [stdout]   15: <unknown>
[INFO] [stdout]   16: clone
[INFO] [stdout] 
[INFO] [stdout] ---- client::dot::tests::test_dot_client stdout ----
[INFO] [stdout] 
[INFO] [stdout] thread 'client::dot::tests::test_dot_client' (6432) panicked at src/client/dot.rs:170:13:
[INFO] [stdout] assertion failed: res.is_ok_and(|msg|
[INFO] [stdout]         {
[INFO] [stdout]             for next in msg.answers() {
[INFO] [stdout]                 info!("{}.\t{}\t{:?}\t{:?}\t{}", next.name(),
[INFO] [stdout]                 next.time_to_live(), next.class(), next.kind(),
[INFO] [stdout]                 next.rdata().unwrap());
[INFO] [stdout]             }
[INFO] [stdout]             msg.answer_count() > 0
[INFO] [stdout]         })
[INFO] [stdout] stack backtrace:
[INFO] [stdout]    0:     0x5b70b2cf4716 - <<std[70759c8f55707aa4]::sys::backtrace::BacktraceLock>::print::DisplayBacktrace as core[df12db4294e9bfd3]::fmt::Display>::fmt
[INFO] [stdout]    1:     0x5b70b2b05e0a - core[df12db4294e9bfd3]::fmt::write
[INFO] [stdout]    2:     0x5b70b2cfa84c - <alloc[2182bb758b4b3781]::vec::Vec<u8> as core[df12db4294e9bfd3]::io::write::Write>::write_fmt
[INFO] [stdout]    3:     0x5b70b2ccfda2 - std[70759c8f55707aa4]::panicking::default_hook::{closure#0}
[INFO] [stdout]    4:     0x5b70b2cebf41 - std[70759c8f55707aa4]::panicking::default_hook
[INFO] [stdout]    5:     0x5b70b2cec382 - std[70759c8f55707aa4]::panicking::panic_with_hook
[INFO] [stdout]    6:     0x5b70b2ccfe84 - std[70759c8f55707aa4]::panicking::panic_handler::{closure#0}
[INFO] [stdout]    7:     0x5b70b2cc8579 - std[70759c8f55707aa4]::sys::backtrace::__rust_end_short_backtrace::<std[70759c8f55707aa4]::panicking::panic_handler::{closure#0}, !>
[INFO] [stdout]    8:     0x5b70b2cd0e5d - __rustc[8fa7c3cbc660c2b3]::rust_begin_unwind
[INFO] [stdout]    9:     0x5b70b2b0656c - core[df12db4294e9bfd3]::panicking::panic_fmt
[INFO] [stdout]   10:     0x5b70b2b06532 - core[df12db4294e9bfd3]::panicking::panic
[INFO] [stdout]   11:     0x5b70b2f5f1c0 - zerodns[eef28889d7fcfce0]::client::dot::tests::test_dot_client::{closure#0}
[INFO] [stdout]   12:     0x5b70b2e877a2 - <tokio[4e0d0f2aa653c570]::runtime::park::CachedParkThread>::block_on::<core[df12db4294e9bfd3]::future::poll_fn::PollFn<<tokio[4e0d0f2aa653c570]::runtime::scheduler::current_thread::CurrentThread>::block_on<core[df12db4294e9bfd3]::pin::Pin<&mut dyn core[df12db4294e9bfd3]::future::future::Future<Output = core[df12db4294e9bfd3]::result::Result<(), anyhow[67d496284791833b]::Error>>>>::{closure#0}::{closure#0}>>
[INFO] [stdout]   13:     0x5b70b2eb3c97 - tokio[4e0d0f2aa653c570]::runtime::context::runtime::enter_runtime::<<tokio[4e0d0f2aa653c570]::runtime::scheduler::current_thread::CurrentThread>::block_on<core[df12db4294e9bfd3]::pin::Pin<&mut dyn core[df12db4294e9bfd3]::future::future::Future<Output = core[df12db4294e9bfd3]::result::Result<(), anyhow[67d496284791833b]::Error>>>>::{closure#0}, core[df12db4294e9bfd3]::result::Result<(), anyhow[67d496284791833b]::Error>>
[INFO] [stdout]   14:     0x5b70b2e862e3 - <tokio[4e0d0f2aa653c570]::runtime::runtime::Runtime>::block_on::<core[df12db4294e9bfd3]::pin::Pin<&mut dyn core[df12db4294e9bfd3]::future::future::Future<Output = core[df12db4294e9bfd3]::result::Result<(), anyhow[67d496284791833b]::Error>>>>
[INFO] [stdout]   15:     0x5b70b2f66ded - <zerodns[eef28889d7fcfce0]::client::dot::tests::test_dot_client::{closure#0} as core[df12db4294e9bfd3]::ops::function::FnOnce<()>>::call_once
[INFO] [stdout]   16:     0x5b70b2cfd28b - test[9d35eded1c95d3be]::__rust_begin_short_backtrace::<core[df12db4294e9bfd3]::result::Result<(), alloc[2182bb758b4b3781]::string::String>, fn() -> core[df12db4294e9bfd3]::result::Result<(), alloc[2182bb758b4b3781]::string::String>>
[INFO] [stdout]   17:     0x5b70b2d0b3e1 - test[9d35eded1c95d3be]::run_test::{closure#0}
[INFO] [stdout]   18:     0x5b70b2d04af4 - std[70759c8f55707aa4]::sys::backtrace::__rust_begin_short_backtrace::<test[9d35eded1c95d3be]::run_test::{closure#1}, ()>
[INFO] [stdout]   19:     0x5b70b2d0f202 - <std[70759c8f55707aa4]::thread::lifecycle::spawn_unchecked<test[9d35eded1c95d3be]::run_test::{closure#1}, ()>::{closure#1} as core[df12db4294e9bfd3]::ops::function::FnOnce<()>>::call_once::{shim:vtable#0}
[INFO] [stdout]   20:     0x5b70b2cf35ce - <std[70759c8f55707aa4]::sys::thread::unix::Thread>::new::thread_start
[INFO] [stdout]   21:     0x70be77ae1dfa - <unknown>
[INFO] [stdout]   22:     0x70be77b753d4 - clone
[INFO] [stdout]   23:                0x0 - <unknown>
[INFO] [stdout] 
[INFO] [stdout] ---- client::tests::test_request stdout ----
[INFO] [stdout] 
[INFO] [stdout] thread 'client::tests::test_request' (6435) panicked at src/client/mod.rs:123:13:
[INFO] [stdout] assertion failed: res.is_ok()
[INFO] [stdout] stack backtrace:
[INFO] [stdout]    0:     0x5b70b2cf4716 - <<std[70759c8f55707aa4]::sys::backtrace::BacktraceLock>::print::DisplayBacktrace as core[df12db4294e9bfd3]::fmt::Display>::fmt
[INFO] [stdout]    1:     0x5b70b2b05e0a - core[df12db4294e9bfd3]::fmt::write
[INFO] [stdout]    2:     0x5b70b2cfa84c - <alloc[2182bb758b4b3781]::vec::Vec<u8> as core[df12db4294e9bfd3]::io::write::Write>::write_fmt
[INFO] [stdout]    3:     0x5b70b2ccfda2 - std[70759c8f55707aa4]::panicking::default_hook::{closure#0}
[INFO] [stdout]    4:     0x5b70b2cebf41 - std[70759c8f55707aa4]::panicking::default_hook
[INFO] [stdout]    5:     0x5b70b2cec382 - std[70759c8f55707aa4]::panicking::panic_with_hook
[INFO] [stdout]    6:     0x5b70b2ccfe84 - std[70759c8f55707aa4]::panicking::panic_handler::{closure#0}
[INFO] [stdout]    7:     0x5b70b2cc8579 - std[70759c8f55707aa4]::sys::backtrace::__rust_end_short_backtrace::<std[70759c8f55707aa4]::panicking::panic_handler::{closure#0}, !>
[INFO] [stdout]    8:     0x5b70b2cd0e5d - __rustc[8fa7c3cbc660c2b3]::rust_begin_unwind
[INFO] [stdout]    9:     0x5b70b2b0656c - core[df12db4294e9bfd3]::panicking::panic_fmt
[INFO] [stdout]   10:     0x5b70b2b06532 - core[df12db4294e9bfd3]::panicking::panic
[INFO] [stdout]   11:     0x5b70b2e9a5e9 - zerodns[eef28889d7fcfce0]::client::tests::test_request::{closure#0}
[INFO] [stdout]   12:     0x5b70b2e877a2 - <tokio[4e0d0f2aa653c570]::runtime::park::CachedParkThread>::block_on::<core[df12db4294e9bfd3]::future::poll_fn::PollFn<<tokio[4e0d0f2aa653c570]::runtime::scheduler::current_thread::CurrentThread>::block_on<core[df12db4294e9bfd3]::pin::Pin<&mut dyn core[df12db4294e9bfd3]::future::future::Future<Output = core[df12db4294e9bfd3]::result::Result<(), anyhow[67d496284791833b]::Error>>>>::{closure#0}::{closure#0}>>
[INFO] [stdout]   13:     0x5b70b2eb3c97 - tokio[4e0d0f2aa653c570]::runtime::context::runtime::enter_runtime::<<tokio[4e0d0f2aa653c570]::runtime::scheduler::current_thread::CurrentThread>::block_on<core[df12db4294e9bfd3]::pin::Pin<&mut dyn core[df12db4294e9bfd3]::future::future::Future<Output = core[df12db4294e9bfd3]::result::Result<(), anyhow[67d496284791833b]::Error>>>>::{closure#0}, core[df12db4294e9bfd3]::result::Result<(), anyhow[67d496284791833b]::Error>>
[INFO] [stdout]   14:     0x5b70b2e862e3 - <tokio[4e0d0f2aa653c570]::runtime::runtime::Runtime>::block_on::<core[df12db4294e9bfd3]::pin::Pin<&mut dyn core[df12db4294e9bfd3]::future::future::Future<Output = core[df12db4294e9bfd3]::result::Result<(), anyhow[67d496284791833b]::Error>>>>
[INFO] [stdout]   15:     0x5b70b2ea0b16 - zerodns[eef28889d7fcfce0]::client::tests::test_request
[INFO] [stdout]   16:     0x5b70b2f66c29 - <zerodns[eef28889d7fcfce0]::client::tests::test_request::{closure#0} as core[df12db4294e9bfd3]::ops::function::FnOnce<()>>::call_once
[INFO] [stdout]   17:     0x5b70b2cfd28b - test[9d35eded1c95d3be]::__rust_begin_short_backtrace::<core[df12db4294e9bfd3]::result::Result<(), alloc[2182bb758b4b3781]::string::String>, fn() -> core[df12db4294e9bfd3]::result::Result<(), alloc[2182bb758b4b3781]::string::String>>
[INFO] [stdout]   18:     0x5b70b2d0b3e1 - test[9d35eded1c95d3be]::run_test::{closure#0}
[INFO] [stdout]   19:     0x5b70b2d04af4 - std[70759c8f55707aa4]::sys::backtrace::__rust_begin_short_backtrace::<test[9d35eded1c95d3be]::run_test::{closure#1}, ()>
[INFO] [stdout]   20:     0x5b70b2d0f202 - <std[70759c8f55707aa4]::thread::lifecycle::spawn_unchecked<test[9d35eded1c95d3be]::run_test::{closure#1}, ()>::{closure#1} as core[df12db4294e9bfd3]::ops::function::FnOnce<()>>::call_once::{shim:vtable#0}
[INFO] [stdout]   21:     0x5b70b2cf35ce - <std[70759c8f55707aa4]::sys::thread::unix::Thread>::new::thread_start
[INFO] [stdout]   22:     0x70be77ae1dfa - <unknown>
[INFO] [stdout]   23:     0x70be77b753d4 - clone
[INFO] [stdout]   24:                0x0 - <unknown>
[INFO] [stdout] 
[INFO] [stdout] ---- client::system::tests::test_default_client stdout ----
[INFO] [stdout] 
[INFO] [stdout] thread 'client::system::tests::test_default_client' (6433) panicked at src/client/system.rs:180:9:
[INFO] [stdout] assertion failed: res.is_ok_and(|res|
[INFO] [stdout]         {
[INFO] [stdout]             for next in res.answers() {
[INFO] [stdout]                 info!("{}\t{}\t{}\t{}", next.name(), next.kind(),
[INFO] [stdout]                 next.class(), next.rdata().unwrap());
[INFO] [stdout]             }
[INFO] [stdout]             res.flags().response_code() == RCode::NoError
[INFO] [stdout]         })
[INFO] [stdout] stack backtrace:
[INFO] [stdout]    0:     0x5b70b2cf4716 - <<std[70759c8f55707aa4]::sys::backtrace::BacktraceLock>::print::DisplayBacktrace as core[df12db4294e9bfd3]::fmt::Display>::fmt
[INFO] [stdout]    1:     0x5b70b2b05e0a - core[df12db4294e9bfd3]::fmt::write
[INFO] [stdout]    2:     0x5b70b2cfa84c - <alloc[2182bb758b4b3781]::vec::Vec<u8> as core[df12db4294e9bfd3]::io::write::Write>::write_fmt
[INFO] [stdout]    3:     0x5b70b2ccfda2 - std[70759c8f55707aa4]::panicking::default_hook::{closure#0}
[INFO] [stdout]    4:     0x5b70b2cebf41 - std[70759c8f55707aa4]::panicking::default_hook
[INFO] [stdout]    5:     0x5b70b2cec382 - std[70759c8f55707aa4]::panicking::panic_with_hook
[INFO] [stdout]    6:     0x5b70b2ccfe84 - std[70759c8f55707aa4]::panicking::panic_handler::{closure#0}
[INFO] [stdout]    7:     0x5b70b2cc8579 - std[70759c8f55707aa4]::sys::backtrace::__rust_end_short_backtrace::<std[70759c8f55707aa4]::panicking::panic_handler::{closure#0}, !>
[INFO] [stdout]    8:     0x5b70b2cd0e5d - __rustc[8fa7c3cbc660c2b3]::rust_begin_unwind
[INFO] [stdout]    9:     0x5b70b2b0656c - core[df12db4294e9bfd3]::panicking::panic_fmt
[INFO] [stdout]   10:     0x5b70b2b06532 - core[df12db4294e9bfd3]::panicking::panic
[INFO] [stdout]   11:     0x5b70b2f01172 - zerodns[eef28889d7fcfce0]::client::system::tests::test_default_client::{closure#0}
[INFO] [stdout]   12:     0x5b70b2e877a2 - <tokio[4e0d0f2aa653c570]::runtime::park::CachedParkThread>::block_on::<core[df12db4294e9bfd3]::future::poll_fn::PollFn<<tokio[4e0d0f2aa653c570]::runtime::scheduler::current_thread::CurrentThread>::block_on<core[df12db4294e9bfd3]::pin::Pin<&mut dyn core[df12db4294e9bfd3]::future::future::Future<Output = core[df12db4294e9bfd3]::result::Result<(), anyhow[67d496284791833b]::Error>>>>::{closure#0}::{closure#0}>>
[INFO] [stdout]   13:     0x5b70b2eb3c97 - tokio[4e0d0f2aa653c570]::runtime::context::runtime::enter_runtime::<<tokio[4e0d0f2aa653c570]::runtime::scheduler::current_thread::CurrentThread>::block_on<core[df12db4294e9bfd3]::pin::Pin<&mut dyn core[df12db4294e9bfd3]::future::future::Future<Output = core[df12db4294e9bfd3]::result::Result<(), anyhow[67d496284791833b]::Error>>>>::{closure#0}, core[df12db4294e9bfd3]::result::Result<(), anyhow[67d496284791833b]::Error>>
[INFO] [stdout]   14:     0x5b70b2e862e3 - <tokio[4e0d0f2aa653c570]::runtime::runtime::Runtime>::block_on::<core[df12db4294e9bfd3]::pin::Pin<&mut dyn core[df12db4294e9bfd3]::future::future::Future<Output = core[df12db4294e9bfd3]::result::Result<(), anyhow[67d496284791833b]::Error>>>>
[INFO] [stdout]   15:     0x5b70b2f670df - <zerodns[eef28889d7fcfce0]::client::system::tests::test_default_client::{closure#0} as core[df12db4294e9bfd3]::ops::function::FnOnce<()>>::call_once
[INFO] [stdout]   16:     0x5b70b2cfd28b - test[9d35eded1c95d3be]::__rust_begin_short_backtrace::<core[df12db4294e9bfd3]::result::Result<(), alloc[2182bb758b4b3781]::string::String>, fn() -> core[df12db4294e9bfd3]::result::Result<(), alloc[2182bb758b4b3781]::string::String>>
[INFO] [stdout]   17:     0x5b70b2d0b3e1 - test[9d35eded1c95d3be]::run_test::{closure#0}
[INFO] [stdout]   18:     0x5b70b2d04af4 - std[70759c8f55707aa4]::sys::backtrace::__rust_begin_short_backtrace::<test[9d35eded1c95d3be]::run_test::{closure#1}, ()>
[INFO] [stdout]   19:     0x5b70b2d0f202 - <std[70759c8f55707aa4]::thread::lifecycle::spawn_unchecked<test[9d35eded1c95d3be]::run_test::{closure#1}, ()>::{closure#1} as core[df12db4294e9bfd3]::ops::function::FnOnce<()>>::call_once::{shim:vtable#0}
[INFO] [stdout]   20:     0x5b70b2cf35ce - <std[70759c8f55707aa4]::sys::thread::unix::Thread>::new::thread_start
[INFO] [stdout]   21:     0x70be77ae1dfa - <unknown>
[INFO] [stdout]   22:     0x70be77b753d4 - clone
[INFO] [stdout]   23:                0x0 - <unknown>
[INFO] [stdout] 
[INFO] [stdout] ---- client::udp::tests::test_request stdout ----
[INFO] [stdout] Error: deadline has elapsed
[INFO] [stdout] 
[INFO] [stdout] Stack backtrace:
[INFO] [stdout]    0: <anyhow::Error as core::convert::From<tokio::time::error::Elapsed>>::from
[INFO] [stdout]    1: <zerodns::client::udp::UdpClient as zerodns::client::Client>::request::{closure#0}
[INFO] [stdout]    2: zerodns::client::udp::tests::test_request::{closure#0}
[INFO] [stdout]    3: <tokio::runtime::scheduler::current_thread::Context>::enter::<core::task::poll::Poll<core::result::Result<(), anyhow::Error>>, <tokio::runtime::scheduler::current_thread::CoreGuard>::block_on<core::pin::Pin<&mut core::pin::Pin<&mut dyn core::future::future::Future<Output = core::result::Result<(), anyhow::Error>>>>>::{closure#0}::{closure#0}>
[INFO] [stdout]    4: <tokio::runtime::context::scoped::Scoped<tokio::runtime::scheduler::Context>>::set::<<tokio::runtime::scheduler::current_thread::CoreGuard>::enter<<tokio::runtime::scheduler::current_thread::CoreGuard>::block_on<core::pin::Pin<&mut core::pin::Pin<&mut dyn core::future::future::Future<Output = core::result::Result<(), anyhow::Error>>>>>::{closure#0}, core::option::Option<core::result::Result<(), anyhow::Error>>>::{closure#0}, (alloc::boxed::Box<tokio::runtime::scheduler::current_thread::Core>, core::option::Option<core::result::Result<(), anyhow::Error>>)>
[INFO] [stdout]    5: <tokio::runtime::scheduler::current_thread::CoreGuard>::block_on::<core::pin::Pin<&mut core::pin::Pin<&mut dyn core::future::future::Future<Output = core::result::Result<(), anyhow::Error>>>>>
[INFO] [stdout]    6: tokio::runtime::context::runtime::enter_runtime::<<tokio::runtime::scheduler::current_thread::CurrentThread>::block_on<core::pin::Pin<&mut dyn core::future::future::Future<Output = core::result::Result<(), anyhow::Error>>>>::{closure#0}, core::result::Result<(), anyhow::Error>>
[INFO] [stdout]    7: <tokio::runtime::runtime::Runtime>::block_on::<core::pin::Pin<&mut dyn core::future::future::Future<Output = core::result::Result<(), anyhow::Error>>>>
[INFO] [stdout]    8: <zerodns::client::udp::tests::test_request::{closure#0} as core::ops::function::FnOnce<()>>::call_once
[INFO] [stdout]    9: test::__rust_begin_short_backtrace::<core::result::Result<(), alloc::string::String>, fn() -> core::result::Result<(), alloc::string::String>>
[INFO] [stdout]   10: test::run_test::{closure#0}
[INFO] [stdout]   11: std::sys::backtrace::__rust_begin_short_backtrace::<test::run_test::{closure#1}, ()>
[INFO] [stdout]   12: <std::thread::lifecycle::spawn_unchecked<test::run_test::{closure#1}, ()>::{closure#1} as core::ops::function::FnOnce<()>>::call_once::{shim:vtable#0}
[INFO] [stdout]   13: <std::sys::thread::unix::Thread>::new::thread_start
[INFO] [stdout]   14: <unknown>
[INFO] [stdout]   15: clone
[INFO] [stdout] 
[INFO] [stdout] ---- filter::proxyby::tests::test_proxyby_filter stdout ----
[INFO] [stdout] 
[INFO] [stdout] thread 'filter::proxyby::tests::test_proxyby_filter' (6455) panicked at src/filter/proxyby.rs:122:9:
[INFO] [stdout] assertion failed: res.is_some()
[INFO] [stdout] stack backtrace:
[INFO] [stdout]    0:     0x5b70b2cf4716 - <<std[70759c8f55707aa4]::sys::backtrace::BacktraceLock>::print::DisplayBacktrace as core[df12db4294e9bfd3]::fmt::Display>::fmt
[INFO] [stdout]    1:     0x5b70b2b05e0a - core[df12db4294e9bfd3]::fmt::write
[INFO] [stdout]    2:     0x5b70b2cfa84c - <alloc[2182bb758b4b3781]::vec::Vec<u8> as core[df12db4294e9bfd3]::io::write::Write>::write_fmt
[INFO] [stdout]    3:     0x5b70b2ccfda2 - std[70759c8f55707aa4]::panicking::default_hook::{closure#0}
[INFO] [stdout]    4:     0x5b70b2cebf41 - std[70759c8f55707aa4]::panicking::default_hook
[INFO] [stdout]    5:     0x5b70b2cec382 - std[70759c8f55707aa4]::panicking::panic_with_hook
[INFO] [stdout]    6:     0x5b70b2ccfe84 - std[70759c8f55707aa4]::panicking::panic_handler::{closure#0}
[INFO] [stdout]    7:     0x5b70b2cc8579 - std[70759c8f55707aa4]::sys::backtrace::__rust_end_short_backtrace::<std[70759c8f55707aa4]::panicking::panic_handler::{closure#0}, !>
[INFO] [stdout]    8:     0x5b70b2cd0e5d - __rustc[8fa7c3cbc660c2b3]::rust_begin_unwind
[INFO] [stdout]    9:     0x5b70b2b0656c - core[df12db4294e9bfd3]::panicking::panic_fmt
[INFO] [stdout]   10:     0x5b70b2b06532 - core[df12db4294e9bfd3]::panicking::panic
[INFO] [stdout]   11:     0x5b70b2de936c - zerodns[eef28889d7fcfce0]::filter::proxyby::tests::test_proxyby_filter::{closure#0}
[INFO] [stdout]   12:     0x5b70b2f58e14 - <tokio[4e0d0f2aa653c570]::runtime::scheduler::current_thread::Context>::enter::<core[df12db4294e9bfd3]::task::poll::Poll<()>, <tokio[4e0d0f2aa653c570]::runtime::scheduler::current_thread::CoreGuard>::block_on<core[df12db4294e9bfd3]::pin::Pin<&mut core[df12db4294e9bfd3]::pin::Pin<&mut dyn core[df12db4294e9bfd3]::future::future::Future<Output = ()>>>>::{closure#0}::{closure#0}>
[INFO] [stdout]   13:     0x5b70b2ee6f20 - <tokio[4e0d0f2aa653c570]::runtime::context::scoped::Scoped<tokio[4e0d0f2aa653c570]::runtime::scheduler::Context>>::set::<<tokio[4e0d0f2aa653c570]::runtime::scheduler::current_thread::CoreGuard>::enter<<tokio[4e0d0f2aa653c570]::runtime::scheduler::current_thread::CoreGuard>::block_on<core[df12db4294e9bfd3]::pin::Pin<&mut core[df12db4294e9bfd3]::pin::Pin<&mut dyn core[df12db4294e9bfd3]::future::future::Future<Output = ()>>>>::{closure#0}, core[df12db4294e9bfd3]::option::Option<()>>::{closure#0}, (alloc[2182bb758b4b3781]::boxed::Box<tokio[4e0d0f2aa653c570]::runtime::scheduler::current_thread::Core>, core[df12db4294e9bfd3]::option::Option<()>)>
[INFO] [stdout]   14:     0x5b70b2f59f52 - <tokio[4e0d0f2aa653c570]::runtime::scheduler::current_thread::CoreGuard>::block_on::<core[df12db4294e9bfd3]::pin::Pin<&mut core[df12db4294e9bfd3]::pin::Pin<&mut dyn core[df12db4294e9bfd3]::future::future::Future<Output = ()>>>>
[INFO] [stdout]   15:     0x5b70b2eb414f - tokio[4e0d0f2aa653c570]::runtime::context::runtime::enter_runtime::<<tokio[4e0d0f2aa653c570]::runtime::scheduler::current_thread::CurrentThread>::block_on<core[df12db4294e9bfd3]::pin::Pin<&mut dyn core[df12db4294e9bfd3]::future::future::Future<Output = ()>>>::{closure#0}, ()>
[INFO] [stdout]   16:     0x5b70b2e864a3 - <tokio[4e0d0f2aa653c570]::runtime::runtime::Runtime>::block_on::<core[df12db4294e9bfd3]::pin::Pin<&mut dyn core[df12db4294e9bfd3]::future::future::Future<Output = ()>>>
[INFO] [stdout]   17:     0x5b70b2f67351 - <zerodns[eef28889d7fcfce0]::filter::proxyby::tests::test_proxyby_filter::{closure#0} as core[df12db4294e9bfd3]::ops::function::FnOnce<()>>::call_once
[INFO] [stdout]   18:     0x5b70b2cfd28b - test[9d35eded1c95d3be]::__rust_begin_short_backtrace::<core[df12db4294e9bfd3]::result::Result<(), alloc[2182bb758b4b3781]::string::String>, fn() -> core[df12db4294e9bfd3]::result::Result<(), alloc[2182bb758b4b3781]::string::String>>
[INFO] [stdout]   19:     0x5b70b2d0b3e1 - test[9d35eded1c95d3be]::run_test::{closure#0}
[INFO] [stdout]   20:     0x5b70b2d04af4 - std[70759c8f55707aa4]::sys::backtrace::__rust_begin_short_backtrace::<test[9d35eded1c95d3be]::run_test::{closure#1}, ()>
[INFO] [stdout]   21:     0x5b70b2d0f202 - <std[70759c8f55707aa4]::thread::lifecycle::spawn_unchecked<test[9d35eded1c95d3be]::run_test::{closure#1}, ()>::{closure#1} as core[df12db4294e9bfd3]::ops::function::FnOnce<()>>::call_once::{shim:vtable#0}
[INFO] [stdout]   22:     0x5b70b2cf35ce - <std[70759c8f55707aa4]::sys::thread::unix::Thread>::new::thread_start
[INFO] [stdout]   23:     0x70be77ae1dfa - <unknown>
[INFO] [stdout]   24:     0x70be77b753d4 - clone
[INFO] [stdout]   25:                0x0 - <unknown>
[INFO] [stdout] 
[INFO] [stdout] ---- filter::lua::tests::test_lua stdout ----
[INFO] [stdout] 
[INFO] [stdout] thread 'filter::lua::tests::test_lua' (6440) panicked at src/filter/lua.rs:641:9:
[INFO] [stdout] assertion failed: res.is_ok()
[INFO] [stdout] stack backtrace:
[INFO] [stdout]    0:     0x5b70b2cf4716 - <<std[70759c8f55707aa4]::sys::backtrace::BacktraceLock>::print::DisplayBacktrace as core[df12db4294e9bfd3]::fmt::Display>::fmt
[INFO] [stdout]    1:     0x5b70b2b05e0a - core[df12db4294e9bfd3]::fmt::write
[INFO] [stdout]    2:     0x5b70b2cfa84c - <alloc[2182bb758b4b3781]::vec::Vec<u8> as core[df12db4294e9bfd3]::io::write::Write>::write_fmt
[INFO] [stdout]    3:     0x5b70b2ccfda2 - std[70759c8f55707aa4]::panicking::default_hook::{closure#0}
[INFO] [stdout]    4:     0x5b70b2cebf41 - std[70759c8f55707aa4]::panicking::default_hook
[INFO] [stdout]    5:     0x5b70b2cec382 - std[70759c8f55707aa4]::panicking::panic_with_hook
[INFO] [stdout]    6:     0x5b70b2ccfe84 - std[70759c8f55707aa4]::panicking::panic_handler::{closure#0}
[INFO] [stdout]    7:     0x5b70b2cc8579 - std[70759c8f55707aa4]::sys::backtrace::__rust_end_short_backtrace::<std[70759c8f55707aa4]::panicking::panic_handler::{closure#0}, !>
[INFO] [stdout]    8:     0x5b70b2cd0e5d - __rustc[8fa7c3cbc660c2b3]::rust_begin_unwind
[INFO] [stdout]    9:     0x5b70b2b0656c - core[df12db4294e9bfd3]::panicking::panic_fmt
[INFO] [stdout]   10:     0x5b70b2b06532 - core[df12db4294e9bfd3]::panicking::panic
[INFO] [stdout]   11:     0x5b70b2e9b8b3 - zerodns[eef28889d7fcfce0]::filter::lua::tests::test_lua::{closure#0}
[INFO] [stdout]   12:     0x5b70b2e877a2 - <tokio[4e0d0f2aa653c570]::runtime::park::CachedParkThread>::block_on::<core[df12db4294e9bfd3]::future::poll_fn::PollFn<<tokio[4e0d0f2aa653c570]::runtime::scheduler::current_thread::CurrentThread>::block_on<core[df12db4294e9bfd3]::pin::Pin<&mut dyn core[df12db4294e9bfd3]::future::future::Future<Output = core[df12db4294e9bfd3]::result::Result<(), anyhow[67d496284791833b]::Error>>>>::{closure#0}::{closure#0}>>
[INFO] [stdout]   13:     0x5b70b2eb3c97 - tokio[4e0d0f2aa653c570]::runtime::context::runtime::enter_runtime::<<tokio[4e0d0f2aa653c570]::runtime::scheduler::current_thread::CurrentThread>::block_on<core[df12db4294e9bfd3]::pin::Pin<&mut dyn core[df12db4294e9bfd3]::future::future::Future<Output = core[df12db4294e9bfd3]::result::Result<(), anyhow[67d496284791833b]::Error>>>>::{closure#0}, core[df12db4294e9bfd3]::result::Result<(), anyhow[67d496284791833b]::Error>>
[INFO] [stdout]   14:     0x5b70b2e862e3 - <tokio[4e0d0f2aa653c570]::runtime::runtime::Runtime>::block_on::<core[df12db4294e9bfd3]::pin::Pin<&mut dyn core[df12db4294e9bfd3]::future::future::Future<Output = core[df12db4294e9bfd3]::result::Result<(), anyhow[67d496284791833b]::Error>>>>
[INFO] [stdout]   15:     0x5b70b2f67175 - <zerodns[eef28889d7fcfce0]::filter::lua::tests::test_lua::{closure#0} as core[df12db4294e9bfd3]::ops::function::FnOnce<()>>::call_once
[INFO] [stdout]   16:     0x5b70b2cfd28b - test[9d35eded1c95d3be]::__rust_begin_short_backtrace::<core[df12db4294e9bfd3]::result::Result<(), alloc[2182bb758b4b3781]::string::String>, fn() -> core[df12db4294e9bfd3]::result::Result<(), alloc[2182bb758b4b3781]::string::String>>
[INFO] [stdout]   17:     0x5b70b2d0b3e1 - test[9d35eded1c95d3be]::run_test::{closure#0}
[INFO] [stdout]   18:     0x5b70b2d04af4 - std[70759c8f55707aa4]::sys::backtrace::__rust_begin_short_backtrace::<test[9d35eded1c95d3be]::run_test::{closure#1}, ()>
[INFO] [stdout]   19:     0x5b70b2d0f202 - <std[70759c8f55707aa4]::thread::lifecycle::spawn_unchecked<test[9d35eded1c95d3be]::run_test::{closure#1}, ()>::{closure#1} as core[df12db4294e9bfd3]::ops::function::FnOnce<()>>::call_once::{shim:vtable#0}
[INFO] [stdout]   20:     0x5b70b2cf35ce - <std[70759c8f55707aa4]::sys::thread::unix::Thread>::new::thread_start
[INFO] [stdout]   21:     0x70be77ae1dfa - <unknown>
[INFO] [stdout]   22:     0x70be77b753d4 - clone
[INFO] [stdout]   23:                0x0 - <unknown>
[INFO] [stdout] 
[INFO] [stdout] 
[INFO] [stdout] failures:
[INFO] [stdout]     builtin::tests::test_init
[INFO] [stdout]     client::doh::tests::test_doh_client
[INFO] [stdout]     client::dot::tests::test_dot_client
[INFO] [stdout]     client::system::tests::test_default_client
[INFO] [stdout]     client::tcp::tests::test_request
[INFO] [stdout]     client::tests::test_request
[INFO] [stdout]     client::udp::tests::test_request
[INFO] [stdout]     config::tests::test_read_from_toml
[INFO] [stdout]     filter::chinadns::tests::test_chinadns
[INFO] [stdout]     filter::lua::tests::test_lua
[INFO] [stdout]     filter::proxyby::tests::test_proxyby_filter
[INFO] [stdout] 
[INFO] [stdout] test result: FAILED. 25 passed; 11 failed; 2 ignored; 0 measured; 0 filtered out; finished in 30.08s
[INFO] [stdout] 
[INFO] [stderr] error: test failed, to rerun pass `--lib`
[INFO] running `Command { std: "docker" "inspect" "5da83d8e9dfc168eb26ac3b38f44cc25e558df1270a91127797a42b7e777d140", kill_on_drop: false }`
[INFO] running `Command { std: "docker" "rm" "-f" "5da83d8e9dfc168eb26ac3b38f44cc25e558df1270a91127797a42b7e777d140", kill_on_drop: false }`
[INFO] [stdout] 5da83d8e9dfc168eb26ac3b38f44cc25e558df1270a91127797a42b7e777d140
