[INFO] fetching crate zerodds-types 1.0.0-rc.6...
[INFO] testing zerodds-types-1.0.0-rc.6 against 1.99.0-beta.8+cargoflags=--release for beta-release-1.100-2
[INFO] extracting crate zerodds-types 1.0.0-rc.6 into /workspace/builds/worker-7-tc1/source
[INFO] started tweaking crates.io crate zerodds-types 1.0.0-rc.6
[INFO] removed 0 missing tests
[INFO] finished tweaking crates.io crate zerodds-types 1.0.0-rc.6
[INFO] tweaked toml for crates.io crate zerodds-types 1.0.0-rc.6 written to /workspace/builds/worker-7-tc1/source/Cargo.toml
[INFO] validating manifest of crates.io crate zerodds-types 1.0.0-rc.6 on toolchain 1.99.0-beta.8
[INFO] running `Command { std: CARGO_HOME="/workspace/cargo-home" RUSTUP_HOME="/workspace/rustup-home" "/workspace/cargo-home/bin/cargo" "+1.99.0-beta.8" "metadata" "--manifest-path" "Cargo.toml" "--no-deps", kill_on_drop: false }`
[INFO] crate crates.io crate zerodds-types 1.0.0-rc.6 already has a lockfile, it will not be regenerated
[INFO] running `Command { std: CARGO_HOME="/workspace/cargo-home" RUSTUP_HOME="/workspace/rustup-home" "/workspace/cargo-home/bin/cargo" "+1.99.0-beta.8" "fetch" "--manifest-path" "Cargo.toml", kill_on_drop: false }`
[INFO] [stderr]     Blocking waiting for file lock on package cache
[INFO] [stderr]     Updating crates.io index
[INFO] [stderr]  Downloading crates ...
[INFO] [stderr]   Downloaded zerodds-foundation v1.0.0-rc.6
[INFO] [stderr]   Downloaded zerodds-cdr v1.0.0-rc.6
[INFO] running `Command { std: "docker" "create" "-v" "/var/lib/crater-agent-workspace/builds/worker-7-tc1/source:/opt/rustwide/workdir:ro,Z" "-v" "/var/lib/crater-agent-workspace/builds/worker-7-tc1/target:/opt/rustwide/target:rw,Z" "-v" "/var/lib/crater-agent-workspace/cargo-home:/opt/rustwide/cargo-home:ro,Z" "-v" "/var/lib/crater-agent-workspace/rustup-home:/opt/rustwide/rustup-home:ro,Z" "-m" "1610612736" "--network" "none" "ghcr.io/rust-lang/crates-build-env/linux@sha256:77db811e55d90add9212f6832c23229e3de5f1c1f9905e8cb07319ea15df73ac" "sleep" "infinity", kill_on_drop: false }`
[INFO] [stdout] 323903edd84e4b25e23f9d0e5620f932a57cf87ccf2bfeb3a8218290ba4b77dd
[INFO] running `Command { std: "docker" "start" "323903edd84e4b25e23f9d0e5620f932a57cf87ccf2bfeb3a8218290ba4b77dd", kill_on_drop: false }`
[INFO] running `Command { std: "docker" "inspect" "323903edd84e4b25e23f9d0e5620f932a57cf87ccf2bfeb3a8218290ba4b77dd", kill_on_drop: false }`
[INFO] running `Command { std: "docker" "exec" "-e" "SOURCE_DIR=/opt/rustwide/workdir" "-e" "CARGO_HOME=/opt/rustwide/cargo-home" "-e" "RUSTUP_HOME=/opt/rustwide/rustup-home" "-e" "CARGO_TARGET_DIR=/opt/rustwide/target" "-w" "/opt/rustwide/workdir" "--user" "0:0" "323903edd84e4b25e23f9d0e5620f932a57cf87ccf2bfeb3a8218290ba4b77dd" "/opt/rustwide/cargo-home/bin/cargo" "+1.99.0-beta.8" "metadata" "--no-deps" "--format-version=1", kill_on_drop: false }`
[INFO] running `Command { std: "docker" "inspect" "323903edd84e4b25e23f9d0e5620f932a57cf87ccf2bfeb3a8218290ba4b77dd", kill_on_drop: false }`
[INFO] running `Command { std: "docker" "exec" "-e" "SOURCE_DIR=/opt/rustwide/workdir" "-e" "CARGO_HOME=/opt/rustwide/cargo-home" "-e" "RUSTUP_HOME=/opt/rustwide/rustup-home" "-e" "CARGO_TARGET_DIR=/opt/rustwide/target" "-e" "CARGO_INCREMENTAL=0" "-e" "RUST_BACKTRACE=full" "-e" "RUSTFLAGS=--cap-lints=warn" "-e" "RUSTDOCFLAGS=--cap-lints=warn" "-w" "/opt/rustwide/workdir" "--user" "0:0" "323903edd84e4b25e23f9d0e5620f932a57cf87ccf2bfeb3a8218290ba4b77dd" "/opt/rustwide/cargo-home/bin/cargo" "+1.99.0-beta.8" "build" "--frozen" "--message-format=json" "--release", kill_on_drop: false }`
[INFO] [stderr]    Compiling zerodds-foundation v1.0.0-rc.6
[INFO] [stderr]    Compiling zerodds-cdr v1.0.0-rc.6
[INFO] [stderr]    Compiling zerodds-types v1.0.0-rc.6 (/opt/rustwide/workdir)
[INFO] [stderr]     Finished `release` profile [optimized] target(s) in 8.00s
[INFO] running `Command { std: "docker" "inspect" "323903edd84e4b25e23f9d0e5620f932a57cf87ccf2bfeb3a8218290ba4b77dd", kill_on_drop: false }`
[INFO] running `Command { std: "docker" "exec" "-e" "SOURCE_DIR=/opt/rustwide/workdir" "-e" "CARGO_HOME=/opt/rustwide/cargo-home" "-e" "RUSTUP_HOME=/opt/rustwide/rustup-home" "-e" "CARGO_TARGET_DIR=/opt/rustwide/target" "-e" "CARGO_INCREMENTAL=0" "-e" "RUST_BACKTRACE=full" "-e" "RUSTFLAGS=--cap-lints=warn" "-e" "RUSTDOCFLAGS=--cap-lints=warn" "-w" "/opt/rustwide/workdir" "--user" "0:0" "323903edd84e4b25e23f9d0e5620f932a57cf87ccf2bfeb3a8218290ba4b77dd" "/opt/rustwide/cargo-home/bin/cargo" "+1.99.0-beta.8" "test" "--frozen" "--no-run" "--message-format=json" "--release", kill_on_drop: false }`
[INFO] [stderr]    Compiling libc v0.2.186
[INFO] [stderr]    Compiling zerocopy v0.8.48
[INFO] [stderr]    Compiling num-traits v0.2.19
[INFO] [stderr]    Compiling getrandom v0.3.4
[INFO] [stderr]    Compiling rand_core v0.9.5
[INFO] [stderr]    Compiling rand v0.9.4
[INFO] [stderr]    Compiling rand_xorshift v0.4.0
[INFO] [stderr]    Compiling ppv-lite86 v0.2.21
[INFO] [stderr]    Compiling rand_chacha v0.9.0
[INFO] [stderr]    Compiling proptest v1.11.0
[INFO] [stderr]    Compiling zerodds-types v1.0.0-rc.6 (/opt/rustwide/workdir)
[INFO] [stderr]     Finished `release` profile [optimized] target(s) in 28.79s
[INFO] running `Command { std: "docker" "inspect" "323903edd84e4b25e23f9d0e5620f932a57cf87ccf2bfeb3a8218290ba4b77dd", kill_on_drop: false }`
[INFO] running `Command { std: "docker" "exec" "-e" "SOURCE_DIR=/opt/rustwide/workdir" "-e" "CARGO_HOME=/opt/rustwide/cargo-home" "-e" "RUSTUP_HOME=/opt/rustwide/rustup-home" "-e" "CARGO_TARGET_DIR=/opt/rustwide/target" "-e" "CARGO_INCREMENTAL=0" "-e" "RUST_BACKTRACE=full" "-e" "RUSTFLAGS=--cap-lints=warn" "-e" "RUSTDOCFLAGS=--cap-lints=warn" "-w" "/opt/rustwide/workdir" "--user" "0:0" "323903edd84e4b25e23f9d0e5620f932a57cf87ccf2bfeb3a8218290ba4b77dd" "/opt/rustwide/cargo-home/bin/cargo" "+1.99.0-beta.8" "test" "--frozen" "--release", kill_on_drop: false }`
[INFO] [stderr]     Finished `release` profile [optimized] target(s) in 0.03s
[INFO] [stderr]      Running unittests src/lib.rs (/opt/rustwide/target/release/deps/zerodds_types-632b34154178eb70)
[INFO] [stdout] 
[INFO] [stdout] running 324 tests
[INFO] [stdout] test assignability::tests::appendable_struct_writer_smaller_than_reader_is_no ... ok
[INFO] [stdout] test assignability::tests::appendable_struct_with_extra_writer_field_is_assignable ... ok
[INFO] [stdout] test assignability::tests::differing_complete_hashes_unknown_objects_are_not_assignable ... ok
[INFO] [stdout] test assignability::tests::enum_assignable_with_ignore_literal_names_via_reader_flag ... ok
[INFO] [stdout] test assignability::tests::enum_not_assignable_strict_default ... ok
[INFO] [stdout] test assignability::tests::extensibility_mismatch_fails ... ok
[INFO] [stdout] test assignability::tests::equivalence_hash_unresolved_writer_is_no ... ok
[INFO] [stdout] test assignability::tests::flat_type_construction_two_levels ... ok
[INFO] [stdout] test assignability::tests::flatten_inheritance_no_base_returns_struct_unchanged ... ok
[INFO] [stdout] test assignability::tests::final_struct_member_count_mismatch_is_no ... ok
[INFO] [stdout] test assignability::tests::enum_assignable_with_ignore_literal_names ... ok
[INFO] [stdout] test assignability::tests::flatten_inheritance_two_levels_concatenates_base_first ... ok
[INFO] [stdout] test assignability::tests::equivalence_hash_identical_short_circuits_to_yes ... ok
[INFO] [stdout] test assignability::tests::identical_type_identifiers_short_circuit_yes ... ok
[INFO] [stdout] test assignability::tests::enum_bit_bound_mismatch_is_no ... ok
[INFO] [stdout] test assignability::tests::inheritance_conflict_same_id ... ok
[INFO] [stdout] test assignability::tests::mixed_kinds_report_kinds_do_not_match ... ok
[INFO] [stdout] test assignability::tests::primitive_different_kind_is_not_assignable_by_default ... ok
[INFO] [stdout] test assignability::tests::mutable_reader_member_missing_in_writer_non_optional_is_no ... ok
[INFO] [stdout] test assignability::tests::primitive_same_kind_is_assignable ... ok
[INFO] [stdout] test assignability::tests::nested_sequence_of_sequence_assignable_when_elements_match ... ok
[INFO] [stdout] test assignability::tests::plain_array_identical_assigns_yes ... ok
[INFO] [stdout] test assignability::tests::sequence_elements_must_be_assignable ... ok
[INFO] [stdout] test assignability::tests::sequence_reader_unbounded_accepts_any_writer_bound ... ok
[INFO] [stdout] test assignability::tests::primitive_widening_int16_to_int64_is_assignable_with_coercion ... ok
[INFO] [stdout] test assignability::tests::primitive_widening_with_coercion_is_assignable ... ok
[INFO] [stdout] test assignability::tests::equal_complete_hash_is_assignable_with_empty_registry ... ok
[INFO] [stdout] test assignability::tests::enum_assignable_with_ignore_literal_names_via_writer_flag ... ok
[INFO] [stdout] test assignability::tests::final_struct_with_extra_writer_field_is_not_assignable ... ok
[INFO] [stdout] test assignability::tests::sequence_bounds_ignored_when_policy_allows ... ok
[INFO] [stdout] test assignability::tests::equal_minimal_hash_is_assignable_with_empty_registry ... ok
[INFO] [stdout] test assignability::tests::sequence_writer_bound_exceeds_reader_bound_is_no ... ok
[INFO] [stdout] test assignability::tests::equivalence_hash_unresolved_reader_is_no ... ok
[INFO] [stdout] test assignability::tests::assignable_is_yes_matches_expectation ... ok
[INFO] [stdout] test assignability::tests::enum_identical_labels_is_yes ... ok
[INFO] [stdout] test assignability::tests::mutable_struct_member_id_matching ... ok
[INFO] [stdout] test assignability::tests::enum_mismatch_writer_literal_unknown_in_reader_is_no ... ok
[INFO] [stdout] test assignability::tests::primitive_unwidening_is_rejected_even_with_coercion ... ok
[INFO] [stdout] test assignability::tests::string_small_and_large_interchangeable ... ok
[INFO] [stdout] test assignability::tests::string8_vs_string16_not_assignable ... ok
[INFO] [stdout] test assignability::tests::struct_vs_enum_type_object_kinds_dont_match ... ok
[INFO] [stdout] test builder::tests::default_overrides_implicit_zero ... ok
[INFO] [stdout] test assignability::tests::two_level_inheritance_assignability_chain ... ok
[INFO] [stdout] test builder::tests::appendable_map_extensibility_is_ok ... ok
[INFO] [stdout] test builder::tests::alias_builder_minimal_and_complete ... ok
[INFO] [stdout] test builder::tests::default_value_roundtrips_via_encode_decode ... ok
[INFO] [stdout] test builder::tests::enum_builder_roundtrip_ready ... ok
[INFO] [stdout] test builder::tests::final_map_extensibility_is_ok ... ok
[INFO] [stdout] test builder::tests::member_with_explicit_default_used_when_field_missing ... ok
[INFO] [stdout] test builder::tests::mutable_map_extensibility_is_error ... ok
[INFO] [stdout] test builder::tests::struct_builder_explicit_ids_respected ... ok
[INFO] [stdout] test builder::tests::struct_builder_extensibility_mutable ... ok
[INFO] [stdout] test builder::tests::union_builder_complete_preserves_names_and_extensibility ... ok
[INFO] [stdout] test builder::tests::sequence_builder_minimal ... ok
[INFO] [stdout] test builder::tests::struct_builder_autoid_hash_collision_free_for_distinct_names ... ok
[INFO] [stdout] test builder::tests::struct_builder_basic_with_two_members ... ok
[INFO] [stdout] test builder::tests::bitset_builder_two_fields ... ok
[INFO] [stdout] test dynamic::bridge::tests::create_type_w_minimal_typeobject_bare_needs_registry ... ok
[INFO] [stdout] test dynamic::bridge::tests::dynamic_array_to_typeobject_complete ... ok
[INFO] [stdout] test builder::tests::union_builder_minimal_with_two_cases_and_default ... ok
[INFO] [stdout] test dynamic::bridge::tests::dynamic_alias_to_typeobject_complete ... ok
[INFO] [stdout] test dynamic::bridge::tests::dynamic_annotation_to_typeobject_complete ... ok
[INFO] [stdout] test builder::tests::bitmask_builder_three_flags ... ok
[INFO] [stdout] test builder::tests::complete_builder_preserves_names ... ok
[INFO] [stdout] test builder::tests::array_builder_3d ... ok
[INFO] [stdout] test builder::tests::bitmask_builder_complete_preserves_names ... ok
[INFO] [stdout] test dynamic::bridge::tests::alias_to_composite_resolves_transparently ... ok
[INFO] [stdout] test dynamic::bridge::tests::bridge_built_map_roundtrips_on_the_wire ... ok
[INFO] [stdout] test assignability::tests::inheritance_conflict_same_name ... ok
[INFO] [stdout] test assignability::tests::plain_array_diff_bounds_is_no ... ok
[INFO] [stdout] test builder::tests::bitset_builder_complete_preserves_names ... ok
[INFO] [stdout] test dynamic::bridge::tests::minimal_nested_member_resolves_via_registry ... ok
[INFO] [stdout] test dynamic::bridge::tests::dynamic_map_to_typeobject_complete ... ok
[INFO] [stdout] test dynamic::bridge::tests::dynamic_bitset_to_typeobject_complete ... ok
[INFO] [stdout] test dynamic::bridge::tests::dynamic_enum_to_typeobject_complete ... ok
[INFO] [stdout] test dynamic::bridge::tests::resolve_array_of_struct_fully_via_registry ... ok
[INFO] [stdout] test dynamic::bridge::tests::resolve_map_of_struct_fully_via_registry ... ok
[INFO] [stdout] test dynamic::bridge::tests::dynamic_sequence_to_typeobject_complete ... ok
[INFO] [stdout] test dynamic::bridge::tests::dynamic_struct_to_typeobject_complete ... ok
[INFO] [stdout] test dynamic::bridge::tests::bridge_built_seq_of_struct_roundtrips_on_the_wire ... ok
[INFO] [stdout] test assignability::tests::string16_small_and_large_interchangeable ... ok
[INFO] [stdout] test dynamic::bridge::tests::dynamic_union_to_typeobject_complete ... ok
[INFO] [stdout] test dynamic::bridge::tests::resolve_nested_struct_member_fully_via_registry ... ok
[INFO] [stdout] test dynamic::bridge::tests::minimal_resolves_wire_identical_to_complete ... ok
[INFO] [stdout] test dynamic::bridge::tests::resolve_seq_of_seq_of_struct_nested ... ok
[INFO] [stdout] test builder::tests::map_builder_string_to_int ... ok
[INFO] [stdout] test dynamic::bridge::tests::resolve_seq_of_struct_fully_via_registry ... ok
[INFO] [stdout] test dynamic::bridge::tests::unsupported_kind_to_typeobject_yields_unsupported_error ... ok
[INFO] [stdout] test dynamic::bridge::tests::dynamic_bitmask_to_typeobject_complete ... ok
[INFO] [stdout] test dynamic::builder::tests::add_member_rejects_duplicate_name ... ok
[INFO] [stdout] test dynamic::builder::tests::create_type_rejects_invalid_descriptor ... ok
[INFO] [stdout] test dynamic::bridge::tests::resolve_seq_of_scalar_still_works ... ok
[INFO] [stdout] test dynamic::builder::tests::primitive_singleton_returns_same_arc ... ok
[INFO] [stdout] test dynamic::bridge::tests::roundtrip_dynamic_to_typeobject_to_dynamic_equals_logically ... ok
[INFO] [stdout] test dynamic::bridge::tests::typeobject_complete_struct_back_to_dynamic_type ... ok
[INFO] [stdout] test dynamic::builder::tests::add_member_on_primitive_is_illegal ... ok
[INFO] [stdout] test dynamic::builder::tests::union_build_requires_at_least_one_member ... ok
[INFO] [stdout] test dynamic::builder::tests::add_member_rejects_duplicate_id ... ok
[INFO] [stdout] test dynamic::builder::tests::build_simple_struct_with_three_members ... ok
[INFO] [stdout] test dynamic::builder::tests::build_twice_rejected ... ok
[INFO] [stdout] test dynamic::builder::tests::primitive_singleton_rejects_non_primitive ... ok
[INFO] [stdout] test dynamic::builder::tests::union_duplicate_label_rejected ... ok
[INFO] [stdout] test dynamic::builtin_types::tests::dds_keyed_string_has_key_and_value ... ok
[INFO] [stdout] test dynamic::builtin_types::tests::dds_string_has_one_value_member ... ok
[INFO] [stdout] test dynamic::builtin_types::tests::dds_keyed_bytes_has_key_and_octet_sequence ... ok
[INFO] [stdout] test dynamic::builtin_types::tests::spec_names_match_annex_e ... ok
[INFO] [stdout] test dynamic::builtin_types::tests::all_builtin_types_have_nested_annotation ... ok
[INFO] [stdout] test dynamic::builtin_types::tests::all_builtin_types_returns_four_with_correct_names ... ok
[INFO] [stdout] test dynamic::builtin_types::tests::dds_bytes_has_unbounded_octet_sequence ... ok
[INFO] [stdout] test dynamic::builtin_types::tests::unkeyed_types_have_no_key_member ... ok
[INFO] [stdout] test dynamic::codec::tests::map_primitive_pair_byte_identical_to_compiled ... ok
[INFO] [stdout] test dynamic::builtin_types::tests::dds_string_singleton_calls_produce_equal_types ... ok
[INFO] [stdout] test dynamic::builtin_types::tests::is_builtin_type_name_recognises_all_four ... ok
[INFO] [stdout] test dynamic::codec::tests::roundtrip_appendable_xcdr2 ... ok
[INFO] [stdout] test dynamic::builtin_types::tests::keyed_types_have_exactly_one_key_member ... ok
[INFO] [stdout] test dynamic::codec::tests::roundtrip_array_int32 ... ok
[INFO] [stdout] test dynamic::codec::tests::map_nonprimitive_value_byte_identical_to_compiled ... ok
[INFO] [stdout] test dynamic::codec::tests::roundtrip_array_of_struct ... ok
[INFO] [stdout] test dynamic::codec::tests::roundtrip_final_xcdr1 ... ok
[INFO] [stdout] test dynamic::codec::tests::roundtrip_final_xcdr2 ... ok
[INFO] [stdout] test dynamic::codec::tests::roundtrip_map_of_scalar ... ok
[INFO] [stdout] test dynamic::codec::tests::roundtrip_seq_int32 ... ok
[INFO] [stdout] test dynamic::codec::tests::roundtrip_seq_of_struct ... ok
[INFO] [stdout] test dynamic::codec::tests::roundtrip_union_mutable ... ok
[INFO] [stdout] test dynamic::codec::tests::union_int16_discriminator_is_two_bytes ... ok
[INFO] [stdout] test dynamic::collection::tests::scalar_sequence_has_no_resolved_element ... ok
[INFO] [stdout] test dynamic::codec::tests::roundtrip_mutable_xcdr2 ... ok
[INFO] [stdout] test dynamic::codec::tests::roundtrip_map_of_struct ... ok
[INFO] [stdout] test dynamic::collection::tests::sequence_of_struct_retains_element ... ok
[INFO] [stdout] test dynamic::codec::tests::roundtrip_seq_string ... ok
[INFO] [stdout] test dynamic::codec::tests::roundtrip_nested_struct ... ok
[INFO] [stdout] test dynamic::data::tests::complex_value_set_get ... ok
[INFO] [stdout] test dynamic::data::tests::all_twelve_primitive_setters_work ... ok
[INFO] [stdout] test dynamic::data::tests::equals_distinguishes_value_diffs ... ok
[INFO] [stdout] test dynamic::data::tests::loan_return_then_loan_again_works ... ok
[INFO] [stdout] test dynamic::data::tests::return_unknown_loan_rejected ... ok
[INFO] [stdout] test dynamic::codec::tests::roundtrip_wstring ... ok
[INFO] [stdout] test dynamic::data::tests::item_count_grows_with_sets ... ok
[INFO] [stdout] test dynamic::data::tests::sequence_length_and_element_access ... ok
[INFO] [stdout] test dynamic::descriptor::tests::descriptor_inheritance_cycle_self_reference_rejected ... ok
[INFO] [stdout] test dynamic::descriptor::tests::descriptor_sequence_with_element_passes ... ok
[INFO] [stdout] test dynamic::codec::tests::roundtrip_union ... ok
[INFO] [stdout] test dynamic::descriptor::tests::member_descriptor_default_label_with_labels_rejected ... ok
[INFO] [stdout] test dynamic::descriptor::tests::member_descriptor_empty_name_rejected ... ok
[INFO] [stdout] test dynamic::descriptor::tests::try_construct_default_is_discard ... ok
[INFO] [stdout] test dynamic::descriptor::tests::type_kind_aggregable_set ... ok
[INFO] [stdout] test dynamic::descriptor::tests::type_kind_primitive_set_matches_spec_table_10 ... ok
[INFO] [stdout] test dynamic::error::tests::dynamic_error_display_emits_helpful_text ... ok
[INFO] [stdout] test dynamic::descriptor::tests::extensibility_default_is_appendable ... ok
[INFO] [stdout] test dynamic::factory::tests::factory_create_data_returns_empty_instance ... ok
[INFO] [stdout] test dynamic::factory::tests::factory_delete_data_is_noop ... ok
[INFO] [stdout] test dynamic::data::tests::unknown_member_id_rejected ... ok
[INFO] [stdout] test dynamic::descriptor::tests::descriptor_struct_passes_consistency ... ok
[INFO] [stdout] test dynamic::descriptor::tests::descriptor_array_with_zero_dim_fails ... ok
[INFO] [stdout] test dynamic::try_construct::tests::parse_default_int32_works ... ok
[INFO] [stdout] test dynamic::descriptor::tests::descriptor_array_without_dims_fails ... ok
[INFO] [stdout] test dynamic::descriptor::tests::descriptor_map_requires_both_key_and_value ... ok
[INFO] [stdout] test dynamic::try_construct::tests::parse_default_invalid_returns_none ... ok
[INFO] [stdout] test dynamic::try_construct::tests::use_default_falls_back_to_discard_when_no_default ... ok
[INFO] [stdout] test dynamic::try_construct::tests::unbounded_string_always_accepts ... ok
[INFO] [stdout] test dynamic::try_construct::tests::use_default_replaces_too_long_string ... ok
[INFO] [stdout] test dynamic::descriptor::tests::descriptor_union_with_invalid_discriminator_fails ... ok
[INFO] [stdout] test dynamic::data::tests::loan_double_rejected ... ok
[INFO] [stdout] test dynamic::descriptor::tests::descriptor_union_without_discriminator_fails ... ok
[INFO] [stdout] test dynamic::data::tests::set_get_int32_roundtrips ... ok
[INFO] [stdout] test dynamic::try_construct::tests::parse_default_bool_accepts_canonical_forms ... ok
[INFO] [stdout] test dynamic::data::tests::set_int32_into_int64_member_rejected ... ok
[INFO] [stdout] test dynamic::try_construct::tests::trim_respects_utf8_codepoint_boundaries ... ok
[INFO] [stdout] test dynamic::type_::tests::primitive_dynamic_type_has_correct_kind_and_name ... ok
[INFO] [stdout] test dynamic::try_construct::tests::trim_truncates_sequence_to_bound ... ok
[INFO] [stdout] test dynamic::try_construct::tests::trim_truncates_string_to_bound ... ok
[INFO] [stdout] test error::tests::from_encode_and_decode_error ... ok
[INFO] [stdout] test error::tests::display_encode_decode_variants_dont_panic ... ok
[INFO] [stdout] test dynamic::try_construct::tests::discard_drops_too_long_sequence ... ok
[INFO] [stdout] test hash::tests::hash_is_14_bytes_and_deterministic ... ok
[INFO] [stdout] test hash::tests::minimal_and_complete_same_semantic_differ_in_hash ... ok
[INFO] [stdout] test hash::tests::to_hashed_type_identifier_picks_correct_kind ... ok
[INFO] [stdout] test error::tests::display_unknown_type_kind_hex_formatted ... ok
[INFO] [stdout] test qos::tests::consistency_flags_all_set ... ok
[INFO] [stdout] test dynamic::try_construct::tests::accept_when_value_within_bound ... ok
[INFO] [stdout] test qos::tests::negotiate_fallback_to_xcdr1 ... ok
[INFO] [stdout] test dynamic::try_construct::tests::discard_drops_too_long_string ... ok
[INFO] [stdout] test dynamic::type_::tests::equals_distinguishes_different_kinds ... ok
[INFO] [stdout] test dynamic::type_::tests::equals_is_reflexive_and_value_based ... ok
[INFO] [stdout] test qos::tests::consistency_roundtrip_default ... ok
[INFO] [stdout] test hash::tests::hash_bytes_deterministic_for_known_input ... ok
[INFO] [stdout] test qos::tests::xcdr1_final_combination_is_allowed ... ok
[INFO] [stdout] test qos::tests::negotiate_no_overlap ... ok
[INFO] [stdout] test hash::tests::different_type_objects_have_different_hashes ... ok
[INFO] [stdout] test qos::tests::xcdr2_supports_all_three_extensibilities ... ok
[INFO] [stdout] test hash::tests::hash_bytes_matches_md5_truncated_reference ... ok
[INFO] [stdout] test qos::tests::negotiate_xcdr2_preferred ... ok
[INFO] [stdout] test qos::tests::xcdr1_appendable_is_disallowed ... ok
[INFO] [stdout] test qos::tests::xcdr1_mutable_combination_is_allowed ... ok
[INFO] [stdout] test resolve::tests::collect_referenced_hashes_from_alias ... ok
[INFO] [stdout] test resolve::tests::collect_referenced_hashes_from_complete_typeobject ... ok
[INFO] [stdout] test resolve::tests::collect_referenced_hashes_from_union_cases ... ok
[INFO] [stdout] test resolve::tests::external_forward_decl_roundtrip ... ok
[INFO] [stdout] test resolve::tests::collect_referenced_hashes_from_sequence_and_array_and_map ... ok
[INFO] [stdout] test resolve::tests::resolve_cycle_detected ... ok
[INFO] [stdout] test resolve::tests::collect_referenced_hashes_nested_plain_sequence_in_plain_map ... ok
[INFO] [stdout] test resolve::tests::resolve_depth_exceeded_with_long_alias_chain ... ok
[INFO] [stdout] test resolve::tests::resolve_chained_aliases_two_deep ... ok
[INFO] [stdout] test resolve::tests::collect_referenced_hashes_picks_up_nested_struct_members ... ok
[INFO] [stdout] test resolve::tests::resolve_follows_single_alias_to_target ... ok
[INFO] [stdout] test resolve::tests::external_diamond_resolves_through_both_paths ... ok
[INFO] [stdout] test resolve::tests::scc_diamond_with_cycle_resolves_finitely ... ok
[INFO] [stdout] test type_identifier::tests::equivalence_hash_wire_is_discriminator_plus_14_bytes ... ok
[INFO] [stdout] test type_identifier::tests::equivalence_kind_roundtrip ... ok
[INFO] [stdout] test type_identifier::tests::equivalence_hash_zero_constant_is_zeroes ... ok
[INFO] [stdout] test type_identifier::tests::max_decode_depth_constant_is_reasonable ... ok
[INFO] [stdout] test type_identifier::tests::equivalence_kind_from_u8_unknown_is_none ... ok
[INFO] [stdout] test resolve::tests::resolve_returns_primitive_unchanged ... ok
[INFO] [stdout] test resolve::tests::collect_referenced_hashes_skips_duplicates ... ok
[INFO] [stdout] test resolve::tests::scc_self_loop_does_not_explode_node_count ... ok
[INFO] [stdout] test type_identifier::tests::all_primitives_roundtrip ... ok
[INFO] [stdout] test type_identifier::tests::plain_array_large_roundtrips ... ok
[INFO] [stdout] test type_identifier::tests::nested_sequence_of_sequence_roundtrips ... ok
[INFO] [stdout] test type_identifier::tests::plain_array_large_with_many_dimensions_roundtrips ... ok
[INFO] [stdout] test type_identifier::tests::equivalence_hash_minimal_roundtrips ... ok
[INFO] [stdout] test resolve::tests::scc_three_element_cycle_resolves_correctly ... ok
[INFO] [stdout] test type_identifier::tests::plain_array_small_3d_roundtrips ... ok
[INFO] [stdout] test type_identifier::tests::plain_array_small_with_single_dimension_roundtrips ... ok
[INFO] [stdout] test type_identifier::tests::scc_encode_rejects_negative_values ... ok
[INFO] [stdout] test type_identifier::tests::encode_first_byte_is_always_discriminator ... ok
[INFO] [stdout] test resolve::tests::resolve_unknown_hash_fails ... ok
[INFO] [stdout] test type_identifier::tests::string16_small_and_large_roundtrip ... ok
[INFO] [stdout] test type_identifier::tests::string8_small_roundtrips ... ok
[INFO] [stdout] test type_identifier::tests::deeply_nested_but_bounded_sequence_decodes_ok ... ok
[INFO] [stdout] test type_identifier::tests::string8_large_roundtrips ... ok
[INFO] [stdout] test type_identifier::tests::primitive_none_roundtrips ... ok
[INFO] [stdout] test type_identifier::tests::plain_map_small_roundtrips ... ok
[INFO] [stdout] test type_identifier::tests::unknown_discriminator_preserved_in_decode ... ok
[INFO] [stdout] test type_identifier::tests::plain_sequence_large_of_string_roundtrips ... ok
[INFO] [stdout] test type_identifier::tests::plain_sequence_large_with_u32_max_bound_roundtrips ... ok
[INFO] [stdout] test type_information::tests::add_dependency_updates_count_and_list ... ok
[INFO] [stdout] test type_identifier::tests::primitive_int32_discriminator_is_spec_value ... ok
[INFO] [stdout] test type_identifier::tests::primitive_kind_roundtrip_via_u8 ... ok
[INFO] [stdout] test type_information::tests::typeinformation_roundtrips ... ok
[INFO] [stdout] test type_information::tests::negative_dependent_typeid_count_roundtrips ... ok
[INFO] [stdout] test resolve::tests::scc_four_element_cycle_resolves_correctly ... ok
[INFO] [stdout] test type_lookup::tests::continuation_point_len_max_roundtrips ... ok
[INFO] [stdout] test type_identifier::tests::strongly_connected_component_roundtrips ... ok
[INFO] [stdout] test type_identifier::tests::strongly_connected_component_large_scc_length_and_index ... ok
[INFO] [stdout] test type_identifier::tests::unknown_discriminator_encodes_exactly_one_byte ... ok
[INFO] [stdout] test type_identifier::tests::plain_sequence_of_int32_roundtrips ... ok
[INFO] [stdout] test type_identifier::tests::plain_map_large_with_nested_map_value_roundtrips ... ok
[INFO] [stdout] test type_identifier::tests::unknown_discriminators_cover_multiple_bytes ... ok
[INFO] [stdout] test type_information::tests::typeinformation_minimal_has_minimal_discriminator ... ok
[INFO] [stdout] test type_lookup::tests::continuation_point_len_max_plus_one_on_decode_rejected ... ok
[INFO] [stdout] test type_lookup::tests::continuation_point_len_zero_encodes_to_four_zero_bytes ... ok
[INFO] [stdout] test type_information::tests::typeinformation_size_matches_actual_typeobject_bytes ... ok
[INFO] [stdout] test type_identifier::tests::primitive_kind_from_u8_rejects_unknown ... ok
[INFO] [stdout] test type_identifier::tests::scc_encode_rejects_index_out_of_bounds ... ok
[INFO] [stdout] test type_matcher::tests::incompatible_reports_reason ... ok
[INFO] [stdout] test type_lookup::tests::continuation_point_too_large_on_decode_rejected ... ok
[INFO] [stdout] test type_lookup::tests::empty_get_type_dependencies_reply_roundtrips ... ok
[INFO] [stdout] test type_lookup::tests::continuation_point_roundtrip_and_max_len ... ok
[INFO] [stdout] test type_lookup::tests::get_types_request_roundtrips ... ok
[INFO] [stdout] test type_lookup::tests::empty_get_types_reply_roundtrips ... ok
[INFO] [stdout] test type_lookup::tests::empty_get_types_request_roundtrips ... ok
[INFO] [stdout] test type_lookup::tests::reply_type_object_minimal_and_complete_serialize_distinct_discriminator ... ok
[INFO] [stdout] test type_lookup::tests::get_type_dependencies_request_reply_roundtrip ... ok
[INFO] [stdout] test type_matcher::tests::disallow_type_coercion_blocks_widening ... ok
[INFO] [stdout] test type_lookup::tests::get_type_dependencies_request_with_continuation_payload_roundtrips ... ok
[INFO] [stdout] test type_matcher::tests::identical_primitive_matches ... ok
[INFO] [stdout] test type_lookup::tests::get_types_reply_roundtrip_with_mixed_minimal_and_complete ... ok
[INFO] [stdout] test type_matcher::tests::force_type_validation_blocks_coercion ... ok
[INFO] [stdout] test type_lookup::tests::empty_get_type_dependencies_request_roundtrips ... ok
[INFO] [stdout] test type_matcher::tests::widening_blocked_by_prevent_type_widening ... ok
[INFO] [stdout] test type_matcher_vectors::array_different_bounds_mismatch ... ok
[INFO] [stdout] test type_matcher_vectors::array_small_large_cross_encoding_matches ... ok
[INFO] [stdout] test type_matcher_vectors::string8_vs_string16_mismatch ... ok
[INFO] [stdout] test type_matcher_vectors::map_small_large_cross_encoding_matches ... ok
[INFO] [stdout] test type_matcher_vectors::narrowing_int32_to_int16_mismatch ... ok
[INFO] [stdout] test type_matcher_vectors::prevent_widening_overrides_allow_coercion ... ok
[INFO] [stdout] test type_matcher::tests::widening_allowed_by_default_tce ... ok
[INFO] [stdout] test type_matcher_vectors::uint16_to_uint64_widening_matches ... ok
[INFO] [stdout] test type_matcher_vectors::uint8_to_uint32_widening_matches ... ok
[INFO] [stdout] test type_object::common::safe_capacity_tests::safe_capacity_caps_at_prealloc_cap ... ok
[INFO] [stdout] test type_object::common::safe_capacity_tests::safe_capacity_clamps_by_remaining_bytes ... ok
[INFO] [stdout] test type_object::common::safe_capacity_tests::decode_seq_truncates_preallocation_for_large_lengths ... ok
[INFO] [stdout] test type_object::common::safe_capacity_tests::safe_capacity_handles_zero_elem_size ... ok
[INFO] [stdout] test type_object::common::safe_capacity_tests::verbatim_placement_roundtrip_before ... ok
[INFO] [stdout] test type_object::common::safe_capacity_tests::verbatim_placement_roundtrip_begin_file ... ok
[INFO] [stdout] test type_matcher_vectors::sequence_bounds_ignored_by_default_tce ... ok
[INFO] [stdout] test type_object::common::safe_capacity_tests::verbatim_placement_roundtrip_end_file ... ok
[INFO] [stdout] test type_matcher_vectors::string_bound_overflow_rejected_when_strict ... ok
[INFO] [stdout] test type_matcher_vectors::widening_int16_to_int32_matches_default_tce ... ok
[INFO] [stdout] test type_object::common::safe_capacity_tests::verbatim_placement_roundtrip_other_forward_compat ... ok
[INFO] [stdout] test type_matcher_vectors::disallow_coercion_blocks_widening ... ok
[INFO] [stdout] test type_matcher_vectors::force_validation_beats_allow_coercion ... ok
[INFO] [stdout] test type_matcher_vectors::string_bounds_ignored_by_default_tce ... ok
[INFO] [stdout] test type_matcher_vectors::identical_int32_matches ... ok
[INFO] [stdout] test type_matcher_vectors::sequence_small_large_cross_encoding_matches ... ok
[INFO] [stdout] test type_matcher_vectors::widening_float_matches ... ok
[INFO] [stdout] test type_object::tests::complete_annotation_roundtrips ... ok
[INFO] [stdout] test type_object::tests::complete_bitmask_roundtrips ... ok
[INFO] [stdout] test type_matcher_vectors::float_int_cross_type_mismatch ... ok
[INFO] [stdout] test type_object::tests::complete_array_3d_roundtrips ... ok
[INFO] [stdout] test type_object::tests::minimal_array_3d_doubles ... ok
[INFO] [stdout] test type_object::tests::complete_map_roundtrips ... ok
[INFO] [stdout] test type_object::tests::complete_enum_with_literal_names ... ok
[INFO] [stdout] test type_object::tests::minimal_bitmask_3_flags ... ok
[INFO] [stdout] test type_object::tests::complete_struct_sensor_with_names_and_annotations ... ok
[INFO] [stdout] test type_object::tests::complete_union_roundtrips ... ok
[INFO] [stdout] test type_object::tests::complete_verbatim_placement_variants_roundtrip ... ok
[INFO] [stdout] test type_object::tests::minimal_alias_int64_typedef ... ok
[INFO] [stdout] test type_object::tests::minimal_union_with_int_discriminator_two_cases ... ok
[INFO] [stdout] test type_object::common::safe_capacity_tests::safe_capacity_returns_len_when_small ... ok
[INFO] [stdout] test type_object::common::safe_capacity_tests::verbatim_placement_roundtrip_after ... ok
[INFO] [stdout] test type_object::tests::complete_bitset_roundtrips ... ok
[INFO] [stdout] test type_object::tests::complete_alias_typedef ... ok
[INFO] [stdout] test type_object::tests::minimal_map_string_to_int64 ... ok
[INFO] [stdout] test type_object::tests::complete_sequence_of_floats ... ok
[INFO] [stdout] test type_object::tests::minimal_sequence_of_floats ... ok
[INFO] [stdout] test type_object::tests::minimal_struct_mutable_final_flags ... ok
[INFO] [stdout] test type_object::tests::minimal_struct_with_base_type ... ok
[INFO] [stdout] test type_object::tests::minimal_struct_sensor_with_two_fields ... ok
[INFO] [stdout] test type_object::tests::unknown_equivalence_kind_fails_gracefully ... ok
[INFO] [stdout] test type_object::tests::minimal_annotation_with_named_parameter ... ok
[INFO] [stderr]      Running tests/compliance_typeobject.rs (/opt/rustwide/target/release/deps/compliance_typeobject-9e5f8b4641d71421)
[INFO] [stdout] test type_object::tests::minimal_bitset_roundtrips ... ok
[INFO] [stdout] test type_object::tests::minimal_enum_color_3_literals ... ok
[INFO] [stdout] test resolve::tests::collect_referenced_hashes_node_limit_exceeded_on_wide_struct ... ok
[INFO] [stdout] 
[INFO] [stdout] test result: ok. 324 passed; 0 failed; 0 ignored; 0 measured; 0 filtered out; finished in 0.06s
[INFO] [stdout] 
[INFO] [stdout] 
[INFO] [stdout] running 9 tests
[INFO] [stdout] test indirect_hash_plain_array_small_minimal_wire_vector ... ok
[INFO] [stderr] error: test failed, to rerun pass `--test compliance_typeobject`
[INFO] [stdout] test indirect_hash_invalid_equiv_kind_in_header_decodes_as_unknown_ek_byte ... ok
[INFO] [stdout] test indirect_hash_nested_sequence_of_sequence_minimal_wire_roundtrip ... ok
[INFO] [stdout] test indirect_hash_plain_array_large_complete_wire_vector ... ok
[INFO] [stdout] test indirect_hash_plain_map_large_complete_keys_minimal_values_wire_vector ... ok
[INFO] [stdout] test indirect_hash_plain_map_small_minimal_keys_complete_values_wire_vector ... ok
[INFO] [stdout] test indirect_hash_plain_sequence_large_complete_wire_vector ... ok
[INFO] [stdout] test indirect_hash_plain_sequence_small_minimal_wire_vector ... ok
[INFO] [stdout] test md5_empty_string_first_14_bytes_golden_vector ... FAILED
[INFO] [stdout] 
[INFO] [stdout] failures:
[INFO] [stdout] 
[INFO] [stdout] ---- md5_empty_string_first_14_bytes_golden_vector stdout ----
[INFO] [stdout] 
[INFO] [stdout] thread 'md5_empty_string_first_14_bytes_golden_vector' (947) panicked at tests/compliance_typeobject.rs:31:46:
[INFO] [stdout] called `Result::unwrap()` on an `Err` value: Os { code: 2, kind: NotFound, message: "No such file or directory" }
[INFO] [stdout] stack backtrace:
[INFO] [stdout]    0:     0x5666a2549131 - <<std[70759c8f55707aa4]::sys::backtrace::BacktraceLock>::print::DisplayBacktrace as core[df12db4294e9bfd3]::fmt::Display>::fmt
[INFO] [stdout]    1:     0x5666a255d66a - core[df12db4294e9bfd3]::fmt::write
[INFO] [stdout]    2:     0x5666a254d5cc - <alloc[2182bb758b4b3781]::vec::Vec<u8> as core[df12db4294e9bfd3]::io::write::Write>::write_fmt
[INFO] [stdout]    3:     0x5666a25251a6 - std[70759c8f55707aa4]::panicking::default_hook::{closure#0}
[INFO] [stdout]    4:     0x5666a2541529 - std[70759c8f55707aa4]::panicking::default_hook
[INFO] [stdout]    5:     0x5666a24dae40 - test[9d35eded1c95d3be]::test_main_inner::<test[9d35eded1c95d3be]::test_main_static::{closure#0}>::{closure#0}
[INFO] [stdout]    6:     0x5666a25416e2 - std[70759c8f55707aa4]::panicking::panic_with_hook
[INFO] [stdout]    7:     0x5666a2525252 - std[70759c8f55707aa4]::panicking::panic_handler::{closure#0}
[INFO] [stdout]    8:     0x5666a251de49 - std[70759c8f55707aa4]::sys::backtrace::__rust_end_short_backtrace::<std[70759c8f55707aa4]::panicking::panic_handler::{closure#0}, !>
[INFO] [stdout]    9:     0x5666a2525e4d - __rustc[8fa7c3cbc660c2b3]::rust_begin_unwind
[INFO] [stdout]   10:     0x5666a255dd9c - core[df12db4294e9bfd3]::panicking::panic_fmt
[INFO] [stdout]   11:     0x5666a255db72 - core[df12db4294e9bfd3]::result::unwrap_failed
[INFO] [stdout]   12:     0x5666a24cdbbf - <compliance_typeobject[1d5c613670f446eb]::md5_empty_string_first_14_bytes_golden_vector::{closure#0} as core[df12db4294e9bfd3]::ops::function::FnOnce<()>>::call_once
[INFO] [stdout]   13:     0x5666a24ce12b - test[9d35eded1c95d3be]::__rust_begin_short_backtrace::<core[df12db4294e9bfd3]::result::Result<(), alloc[2182bb758b4b3781]::string::String>, fn() -> core[df12db4294e9bfd3]::result::Result<(), alloc[2182bb758b4b3781]::string::String>>
[INFO] [stdout]   14:     0x5666a24db795 - test[9d35eded1c95d3be]::run_test::{closure#0}
[INFO] [stdout]   15:     0x5666a24d5054 - std[70759c8f55707aa4]::sys::backtrace::__rust_begin_short_backtrace::<test[9d35eded1c95d3be]::run_test::{closure#1}, ()>
[INFO] [stdout]   16:     0x5666a24de8f2 - <std[70759c8f55707aa4]::thread::lifecycle::spawn_unchecked<test[9d35eded1c95d3be]::run_test::{closure#1}, ()>::{closure#1} as core[df12db4294e9bfd3]::ops::function::FnOnce<()>>::call_once::{shim:vtable#0}
[INFO] [stdout]   17:     0x5666a2548699 - <std[70759c8f55707aa4]::sys::thread::unix::Thread>::new::thread_start
[INFO] [stdout]   18:     0x7e584540adfa - <unknown>
[INFO] [stdout]   19:     0x7e584549e3d4 - clone
[INFO] [stdout]   20:                0x0 - <unknown>
[INFO] [stdout] 
[INFO] [stdout] 
[INFO] [stdout] failures:
[INFO] [stdout]     md5_empty_string_first_14_bytes_golden_vector
[INFO] [stdout] 
[INFO] [stdout] test result: FAILED. 8 passed; 1 failed; 0 ignored; 0 measured; 0 filtered out; finished in 0.00s
[INFO] [stdout] 
[INFO] running `Command { std: "docker" "inspect" "323903edd84e4b25e23f9d0e5620f932a57cf87ccf2bfeb3a8218290ba4b77dd", kill_on_drop: false }`
[INFO] running `Command { std: "docker" "rm" "-f" "323903edd84e4b25e23f9d0e5620f932a57cf87ccf2bfeb3a8218290ba4b77dd", kill_on_drop: false }`
[INFO] [stdout] 323903edd84e4b25e23f9d0e5620f932a57cf87ccf2bfeb3a8218290ba4b77dd
