[INFO] fetching crate zerodds-record 1.0.0-rc.6...
[INFO] testing zerodds-record-1.0.0-rc.6 against 1.99.0-beta.8+cargoflags=--release for beta-release-1.100-2
[INFO] extracting crate zerodds-record 1.0.0-rc.6 into /workspace/builds/worker-3-tc1/source
[INFO] started tweaking crates.io crate zerodds-record 1.0.0-rc.6
[INFO] removed 0 missing tests
[INFO] finished tweaking crates.io crate zerodds-record 1.0.0-rc.6
[INFO] tweaked toml for crates.io crate zerodds-record 1.0.0-rc.6 written to /workspace/builds/worker-3-tc1/source/Cargo.toml
[INFO] validating manifest of crates.io crate zerodds-record 1.0.0-rc.6 on toolchain 1.99.0-beta.8
[INFO] running `Command { std: CARGO_HOME="/workspace/cargo-home" RUSTUP_HOME="/workspace/rustup-home" "/workspace/cargo-home/bin/cargo" "+1.99.0-beta.8" "metadata" "--manifest-path" "Cargo.toml" "--no-deps", kill_on_drop: false }`
[INFO] crate crates.io crate zerodds-record 1.0.0-rc.6 already has a lockfile, it will not be regenerated
[INFO] running `Command { std: CARGO_HOME="/workspace/cargo-home" RUSTUP_HOME="/workspace/rustup-home" "/workspace/cargo-home/bin/cargo" "+1.99.0-beta.8" "fetch" "--manifest-path" "Cargo.toml", kill_on_drop: false }`
[INFO] [stderr]     Blocking waiting for file lock on package cache
[INFO] [stderr]     Updating crates.io index
[INFO] [stderr]     Blocking waiting for file lock on package cache
[INFO] [stderr]  Downloading crates ...
[INFO] [stderr]   Downloaded zerodds-recorder-decode v1.0.0-rc.6
[INFO] [stderr]   Downloaded zerodds-idl v1.0.0-rc.6
[INFO] running `Command { std: "docker" "create" "-v" "/var/lib/crater-agent-workspace/builds/worker-3-tc1/source:/opt/rustwide/workdir:ro,Z" "-v" "/var/lib/crater-agent-workspace/builds/worker-3-tc1/target:/opt/rustwide/target:rw,Z" "-v" "/var/lib/crater-agent-workspace/cargo-home:/opt/rustwide/cargo-home:ro,Z" "-v" "/var/lib/crater-agent-workspace/rustup-home:/opt/rustwide/rustup-home:ro,Z" "-m" "1610612736" "--network" "none" "ghcr.io/rust-lang/crates-build-env/linux@sha256:77db811e55d90add9212f6832c23229e3de5f1c1f9905e8cb07319ea15df73ac" "sleep" "infinity", kill_on_drop: false }`
[INFO] [stdout] 3ca430e335f89059a6621e1e38a75b297bc60b4caeef7929adff8e8a6a8075db
[INFO] running `Command { std: "docker" "start" "3ca430e335f89059a6621e1e38a75b297bc60b4caeef7929adff8e8a6a8075db", kill_on_drop: false }`
[INFO] running `Command { std: "docker" "inspect" "3ca430e335f89059a6621e1e38a75b297bc60b4caeef7929adff8e8a6a8075db", kill_on_drop: false }`
[INFO] running `Command { std: "docker" "exec" "-e" "SOURCE_DIR=/opt/rustwide/workdir" "-e" "CARGO_HOME=/opt/rustwide/cargo-home" "-e" "RUSTUP_HOME=/opt/rustwide/rustup-home" "-e" "CARGO_TARGET_DIR=/opt/rustwide/target" "-w" "/opt/rustwide/workdir" "--user" "0:0" "3ca430e335f89059a6621e1e38a75b297bc60b4caeef7929adff8e8a6a8075db" "/opt/rustwide/cargo-home/bin/cargo" "+1.99.0-beta.8" "metadata" "--no-deps" "--format-version=1", kill_on_drop: false }`
[INFO] running `Command { std: "docker" "inspect" "3ca430e335f89059a6621e1e38a75b297bc60b4caeef7929adff8e8a6a8075db", kill_on_drop: false }`
[INFO] running `Command { std: "docker" "exec" "-e" "SOURCE_DIR=/opt/rustwide/workdir" "-e" "CARGO_HOME=/opt/rustwide/cargo-home" "-e" "RUSTUP_HOME=/opt/rustwide/rustup-home" "-e" "CARGO_TARGET_DIR=/opt/rustwide/target" "-e" "CARGO_INCREMENTAL=0" "-e" "RUST_BACKTRACE=full" "-e" "RUSTFLAGS=--cap-lints=warn" "-e" "RUSTDOCFLAGS=--cap-lints=warn" "-w" "/opt/rustwide/workdir" "--user" "0:0" "3ca430e335f89059a6621e1e38a75b297bc60b4caeef7929adff8e8a6a8075db" "/opt/rustwide/cargo-home/bin/cargo" "+1.99.0-beta.8" "build" "--frozen" "--message-format=json" "--release", kill_on_drop: false }`
[INFO] [stderr]    Compiling zerodds-foundation v1.0.0-rc.6
[INFO] [stderr]    Compiling portable-atomic v1.13.1
[INFO] [stderr]    Compiling libsqlite3-sys v0.30.1
[INFO] [stderr]    Compiling serde_core v1.0.228
[INFO] [stderr]    Compiling hashbrown v0.14.5
[INFO] [stderr]    Compiling num-integer v0.1.46
[INFO] [stderr]    Compiling zerodds-security v1.0.0-rc.6
[INFO] [stderr]    Compiling zerodds-sql-filter v1.0.0-rc.6
[INFO] [stderr]    Compiling zerodds-cdr v1.0.0-rc.6
[INFO] [stderr]    Compiling zerodds-monitor v1.0.0-rc.6
[INFO] [stderr]    Compiling num-bigint v0.4.6
[INFO] [stderr]    Compiling zerodds-types v1.0.0-rc.6
[INFO] [stderr]    Compiling zerodds-qos v1.0.0-rc.6
[INFO] [stderr]    Compiling hashlink v0.9.1
[INFO] [stderr]    Compiling zerodds-recorder v1.0.0-rc.6
[INFO] [stderr]    Compiling zerodds-rtps v1.0.0-rc.6
[INFO] [stderr]    Compiling zerodds-idl v1.0.0-rc.6
[INFO] [stderr]    Compiling serde_json v1.0.149
[INFO] [stderr]    Compiling zerodds-transport v1.0.0-rc.6
[INFO] [stderr]    Compiling zerodds-transport-tcp v1.0.0-rc.6
[INFO] [stderr]    Compiling zerodds-transport-udp v1.0.0-rc.6
[INFO] [stderr]    Compiling zerodds-discovery v1.0.0-rc.6
[INFO] [stderr]    Compiling zerodds-dcps v1.0.0-rc.6
[INFO] [stderr]    Compiling rusqlite v0.32.1
[INFO] [stderr]    Compiling zerodds-recorder-decode v1.0.0-rc.6
[INFO] [stderr]    Compiling zerodds-record v1.0.0-rc.6 (/opt/rustwide/workdir)
[INFO] [stdout] warning: direct cast of function item into an integer
[INFO] [stdout]    --> src/main.rs:561:48
[INFO] [stdout]     |
[INFO] [stdout] 561 |             libc::signal(libc::SIGINT, handler as usize);
[INFO] [stdout]     |                                                ^^^^^^^^
[INFO] [stdout]     |
[INFO] [stdout]     = note: `#[warn(function_casts_as_integer)]` on by default
[INFO] [stdout] help: first cast to a pointer `as *const ()`
[INFO] [stdout]     |
[INFO] [stdout] 561 |             libc::signal(libc::SIGINT, handler as *const () as usize);
[INFO] [stdout]     |                                                ++++++++++++
[INFO] [stdout] 
[INFO] [stdout] 
[INFO] [stdout] warning: direct cast of function item into an integer
[INFO] [stdout]    --> src/main.rs:562:49
[INFO] [stdout]     |
[INFO] [stdout] 562 |             libc::signal(libc::SIGTERM, handler as usize);
[INFO] [stdout]     |                                                 ^^^^^^^^
[INFO] [stdout]     |
[INFO] [stdout] help: first cast to a pointer `as *const ()`
[INFO] [stdout]     |
[INFO] [stdout] 562 |             libc::signal(libc::SIGTERM, handler as *const () as usize);
[INFO] [stdout]     |                                                 ++++++++++++
[INFO] [stdout] 
[INFO] [stdout] 
[INFO] [stderr]     Finished `release` profile [optimized] target(s) in 1m 56s
[INFO] running `Command { std: "docker" "inspect" "3ca430e335f89059a6621e1e38a75b297bc60b4caeef7929adff8e8a6a8075db", kill_on_drop: false }`
[INFO] running `Command { std: "docker" "exec" "-e" "SOURCE_DIR=/opt/rustwide/workdir" "-e" "CARGO_HOME=/opt/rustwide/cargo-home" "-e" "RUSTUP_HOME=/opt/rustwide/rustup-home" "-e" "CARGO_TARGET_DIR=/opt/rustwide/target" "-e" "CARGO_INCREMENTAL=0" "-e" "RUST_BACKTRACE=full" "-e" "RUSTFLAGS=--cap-lints=warn" "-e" "RUSTDOCFLAGS=--cap-lints=warn" "-w" "/opt/rustwide/workdir" "--user" "0:0" "3ca430e335f89059a6621e1e38a75b297bc60b4caeef7929adff8e8a6a8075db" "/opt/rustwide/cargo-home/bin/cargo" "+1.99.0-beta.8" "test" "--frozen" "--no-run" "--message-format=json" "--release", kill_on_drop: false }`
[INFO] [stderr]    Compiling ahash v0.8.12
[INFO] [stderr]    Compiling rustix v1.1.4
[INFO] [stderr]    Compiling hashbrown v0.14.5
[INFO] [stderr]    Compiling hashlink v0.9.1
[INFO] [stderr]    Compiling rusqlite v0.32.1
[INFO] [stderr]    Compiling tempfile v3.27.0
[INFO] [stderr]    Compiling zerodds-recorder-decode v1.0.0-rc.6
[INFO] [stderr]    Compiling zerodds-record v1.0.0-rc.6 (/opt/rustwide/workdir)
[INFO] [stdout] warning: direct cast of function item into an integer
[INFO] [stdout]    --> src/main.rs:561:48
[INFO] [stdout]     |
[INFO] [stdout] 561 |             libc::signal(libc::SIGINT, handler as usize);
[INFO] [stdout]     |                                                ^^^^^^^^
[INFO] [stdout]     |
[INFO] [stdout]     = note: `#[warn(function_casts_as_integer)]` on by default
[INFO] [stdout] help: first cast to a pointer `as *const ()`
[INFO] [stdout]     |
[INFO] [stdout] 561 |             libc::signal(libc::SIGINT, handler as *const () as usize);
[INFO] [stdout]     |                                                ++++++++++++
[INFO] [stdout] 
[INFO] [stdout] 
[INFO] [stdout] warning: direct cast of function item into an integer
[INFO] [stdout]    --> src/main.rs:562:49
[INFO] [stdout]     |
[INFO] [stdout] 562 |             libc::signal(libc::SIGTERM, handler as usize);
[INFO] [stdout]     |                                                 ^^^^^^^^
[INFO] [stdout]     |
[INFO] [stdout] help: first cast to a pointer `as *const ()`
[INFO] [stdout]     |
[INFO] [stdout] 562 |             libc::signal(libc::SIGTERM, handler as *const () as usize);
[INFO] [stdout]     |                                                 ++++++++++++
[INFO] [stdout] 
[INFO] [stdout] 
[INFO] [stdout] warning: direct cast of function item into an integer
[INFO] [stdout]    --> src/main.rs:561:48
[INFO] [stdout]     |
[INFO] [stdout] 561 |             libc::signal(libc::SIGINT, handler as usize);
[INFO] [stdout]     |                                                ^^^^^^^^
[INFO] [stdout]     |
[INFO] [stdout]     = note: `#[warn(function_casts_as_integer)]` on by default
[INFO] [stdout] help: first cast to a pointer `as *const ()`
[INFO] [stdout]     |
[INFO] [stdout] 561 |             libc::signal(libc::SIGINT, handler as *const () as usize);
[INFO] [stdout]     |                                                ++++++++++++
[INFO] [stdout] 
[INFO] [stdout] 
[INFO] [stdout] warning: direct cast of function item into an integer
[INFO] [stdout]    --> src/main.rs:562:49
[INFO] [stdout]     |
[INFO] [stdout] 562 |             libc::signal(libc::SIGTERM, handler as usize);
[INFO] [stdout]     |                                                 ^^^^^^^^
[INFO] [stdout]     |
[INFO] [stdout] help: first cast to a pointer `as *const ()`
[INFO] [stdout]     |
[INFO] [stdout] 562 |             libc::signal(libc::SIGTERM, handler as *const () as usize);
[INFO] [stdout]     |                                                 ++++++++++++
[INFO] [stdout] 
[INFO] [stdout] 
[INFO] [stderr]     Finished `release` profile [optimized] target(s) in 3.28s
[INFO] running `Command { std: "docker" "inspect" "3ca430e335f89059a6621e1e38a75b297bc60b4caeef7929adff8e8a6a8075db", kill_on_drop: false }`
[INFO] running `Command { std: "docker" "exec" "-e" "SOURCE_DIR=/opt/rustwide/workdir" "-e" "CARGO_HOME=/opt/rustwide/cargo-home" "-e" "RUSTUP_HOME=/opt/rustwide/rustup-home" "-e" "CARGO_TARGET_DIR=/opt/rustwide/target" "-e" "CARGO_INCREMENTAL=0" "-e" "RUST_BACKTRACE=full" "-e" "RUSTFLAGS=--cap-lints=warn" "-e" "RUSTDOCFLAGS=--cap-lints=warn" "-w" "/opt/rustwide/workdir" "--user" "0:0" "3ca430e335f89059a6621e1e38a75b297bc60b4caeef7929adff8e8a6a8075db" "/opt/rustwide/cargo-home/bin/cargo" "+1.99.0-beta.8" "test" "--frozen" "--release", kill_on_drop: false }`
[INFO] [stderr] warning: direct cast of function item into an integer
[INFO] [stderr]    --> src/main.rs:561:48
[INFO] [stderr]     |
[INFO] [stderr] 561 |             libc::signal(libc::SIGINT, handler as usize);
[INFO] [stderr]     |                                                ^^^^^^^^
[INFO] [stderr]     |
[INFO] [stderr]     = note: `#[warn(function_casts_as_integer)]` on by default
[INFO] [stderr] help: first cast to a pointer `as *const ()`
[INFO] [stderr]     |
[INFO] [stderr] 561 |             libc::signal(libc::SIGINT, handler as *const () as usize);
[INFO] [stderr]     |                                                ++++++++++++
[INFO] [stderr] 
[INFO] [stderr] warning: direct cast of function item into an integer
[INFO] [stderr]    --> src/main.rs:562:49
[INFO] [stderr]     |
[INFO] [stderr] 562 |             libc::signal(libc::SIGTERM, handler as usize);
[INFO] [stderr]     |                                                 ^^^^^^^^
[INFO] [stderr]     |
[INFO] [stderr] help: first cast to a pointer `as *const ()`
[INFO] [stderr]     |
[INFO] [stderr] 562 |             libc::signal(libc::SIGTERM, handler as *const () as usize);
[INFO] [stderr]     |                                                 ++++++++++++
[INFO] [stderr] 
[INFO] [stderr] warning: `zerodds-record` (bin "zerodds-record") generated 2 warnings (run `cargo fix --bin "zerodds-record" -p zerodds-record` to apply 2 suggestions)
[INFO] [stderr] warning: `zerodds-record` (bin "zerodds-record" test) generated 2 warnings (2 duplicates)
[INFO] [stderr]     Finished `release` profile [optimized] target(s) in 0.03s
[INFO] [stderr]      Running unittests src/lib.rs (/opt/rustwide/target/release/deps/zerodds_record-b82e39d1fcfff88b)
[INFO] [stdout] 
[INFO] [stdout] running 7 tests
[INFO] [stdout] test tests::parse_duration_units ... ok
[INFO] [stdout] test tests::parse_info_subcommand ... ok
[INFO] [stdout] test tests::parse_no_args_rejected ... ok
[INFO] [stdout] test tests::parse_record_minimal ... ok
[INFO] [stdout] test tests::header_summary_reads_synthetic_file ... ok
[INFO] [stdout] test tests::parse_unknown_subcommand_rejected ... ok
[INFO] [stdout] test tests::parse_record_full ... ok
[INFO] [stdout] 
[INFO] [stdout] test result: ok. 7 passed; 0 failed; 0 ignored; 0 measured; 0 filtered out; finished in 0.00s
[INFO] [stdout] 
[INFO] [stderr]      Running unittests src/main.rs (/opt/rustwide/target/release/deps/zerodds_record-a98c01b907a7381b)
[INFO] [stdout] 
[INFO] [stdout] running 0 tests
[INFO] [stdout] 
[INFO] [stdout] test result: ok. 0 passed; 0 failed; 0 ignored; 0 measured; 0 filtered out; finished in 0.00s
[INFO] [stdout] 
[INFO] [stderr]      Running tests/cli_smoke.rs (/opt/rustwide/target/release/deps/cli_smoke-23a55e43df1569f5)
[INFO] [stdout] 
[INFO] [stdout] running 8 tests
[INFO] [stdout] test help_exits_zero ... ok
[INFO] [stdout] test no_args_exits_two ... ok
[INFO] [stdout] test info_reads_synthetic_zddsrec ... ok
[INFO] [stdout] test info_missing_file_exits_three ... ok
[INFO] [stdout] test version_exits_zero ... ok
[INFO] [stdout] test record_rejects_missing_topic ... ok
[INFO] [stdout] test record_short_duration_terminates ... ok
[INFO] [stdout] test unknown_subcommand_exits_two ... ok
[INFO] [stdout] 
[INFO] [stdout] test result: ok. 8 passed; 0 failed; 0 ignored; 0 measured; 0 filtered out; finished in 0.00s
[INFO] [stdout] 
[INFO] [stderr]      Running tests/live_decode_e2e.rs (/opt/rustwide/target/release/deps/live_decode_e2e-45bdbc349853c8ac)
[INFO] [stdout] 
[INFO] [stdout] running 1 test
[INFO] [stdout] test live_record_decode_roundtrip ... FAILED
[INFO] [stdout] 
[INFO] [stdout] failures:
[INFO] [stdout] 
[INFO] [stdout] ---- live_record_decode_roundtrip stdout ----
[INFO] [stdout] 
[INFO] [stdout] thread 'live_record_decode_roundtrip' (952) panicked at tests/live_decode_e2e.rs:113:6:
[INFO] [stdout] publisher runtime: TransportError { label: "spdp multicast bind" }
[INFO] [stdout] stack backtrace:
[INFO] [stdout]    0:     0x6458aa075931 - <<std[70759c8f55707aa4]::sys::backtrace::BacktraceLock>::print::DisplayBacktrace as core[df12db4294e9bfd3]::fmt::Display>::fmt
[INFO] [stdout]    1:     0x6458aa08b44a - core[df12db4294e9bfd3]::fmt::write
[INFO] [stdout]    2:     0x6458aa07a0fc - <alloc[2182bb758b4b3781]::vec::Vec<u8> as core[df12db4294e9bfd3]::io::write::Write>::write_fmt
[INFO] [stdout]    3:     0x6458aa04eed6 - std[70759c8f55707aa4]::panicking::default_hook::{closure#0}
[INFO] [stdout]    4:     0x6458aa06cc39 - std[70759c8f55707aa4]::panicking::default_hook
[INFO] [stdout]    5:     0x6458a9cf4e70 - test[9d35eded1c95d3be]::test_main_inner::<test[9d35eded1c95d3be]::test_main_static::{closure#0}>::{closure#0}
[INFO] [stdout]    6:     0x6458aa06cdf2 - std[70759c8f55707aa4]::panicking::panic_with_hook
[INFO] [stdout]    7:     0x6458aa04ef82 - std[70759c8f55707aa4]::panicking::panic_handler::{closure#0}
[INFO] [stdout]    8:     0x6458aa047a59 - std[70759c8f55707aa4]::sys::backtrace::__rust_end_short_backtrace::<std[70759c8f55707aa4]::panicking::panic_handler::{closure#0}, !>
[INFO] [stdout]    9:     0x6458aa04fb7d - __rustc[8fa7c3cbc660c2b3]::rust_begin_unwind
[INFO] [stdout]   10:     0x6458aa08bbac - core[df12db4294e9bfd3]::panicking::panic_fmt
[INFO] [stdout]   11:     0x6458aa08b982 - core[df12db4294e9bfd3]::result::unwrap_failed
[INFO] [stdout]   12:     0x6458a9cdaf5a - live_decode_e2e[cc44795d4c9abd66]::live_record_decode_roundtrip
[INFO] [stdout]   13:     0x6458a9cdc989 - <live_decode_e2e[cc44795d4c9abd66]::live_record_decode_roundtrip::{closure#0} as core[df12db4294e9bfd3]::ops::function::FnOnce<()>>::call_once
[INFO] [stdout]   14:     0x6458a9ce815b - test[9d35eded1c95d3be]::__rust_begin_short_backtrace::<core[df12db4294e9bfd3]::result::Result<(), alloc[2182bb758b4b3781]::string::String>, fn() -> core[df12db4294e9bfd3]::result::Result<(), alloc[2182bb758b4b3781]::string::String>>
[INFO] [stdout]   15:     0x6458a9cf57c5 - test[9d35eded1c95d3be]::run_test::{closure#0}
[INFO] [stdout]   16:     0x6458a9cef084 - std[70759c8f55707aa4]::sys::backtrace::__rust_begin_short_backtrace::<test[9d35eded1c95d3be]::run_test::{closure#1}, ()>
[INFO] [stdout]   17:     0x6458a9cf8922 - <std[70759c8f55707aa4]::thread::lifecycle::spawn_unchecked<test[9d35eded1c95d3be]::run_test::{closure#1}, ()>::{closure#1} as core[df12db4294e9bfd3]::ops::function::FnOnce<()>>::call_once::{shim:vtable#0}
[INFO] [stdout]   18:     0x6458aa074629 - <std[70759c8f55707aa4]::sys::thread::unix::Thread>::new::thread_start
[INFO] [stdout]   19:     0x7bd4dde70dfa - <unknown>
[INFO] [stdout]   20:     0x7bd4ddf043d4 - clone
[INFO] [stdout]   21:                0x0 - <unknown>
[INFO] [stdout] 
[INFO] [stdout] 
[INFO] [stdout] failures:
[INFO] [stdout]     live_record_decode_roundtrip
[INFO] [stdout] 
[INFO] [stdout] test result: FAILED. 0 passed; 1 failed; 0 ignored; 0 measured; 0 filtered out; finished in 0.00s
[INFO] [stdout] 
[INFO] [stderr] error: test failed, to rerun pass `--test live_decode_e2e`
[INFO] running `Command { std: "docker" "inspect" "3ca430e335f89059a6621e1e38a75b297bc60b4caeef7929adff8e8a6a8075db", kill_on_drop: false }`
[INFO] running `Command { std: "docker" "rm" "-f" "3ca430e335f89059a6621e1e38a75b297bc60b4caeef7929adff8e8a6a8075db", kill_on_drop: false }`
[INFO] [stdout] 3ca430e335f89059a6621e1e38a75b297bc60b4caeef7929adff8e8a6a8075db
