[INFO] fetching crate zerodds-mqtt-bridge 1.0.0-rc.6...
[INFO] testing zerodds-mqtt-bridge-1.0.0-rc.6 against 1.99.0-beta.8+cargoflags=--release for beta-release-1.100-2
[INFO] extracting crate zerodds-mqtt-bridge 1.0.0-rc.6 into /workspace/builds/worker-5-tc1/source
[INFO] started tweaking crates.io crate zerodds-mqtt-bridge 1.0.0-rc.6
[INFO] removed 0 missing tests
[INFO] finished tweaking crates.io crate zerodds-mqtt-bridge 1.0.0-rc.6
[INFO] tweaked toml for crates.io crate zerodds-mqtt-bridge 1.0.0-rc.6 written to /workspace/builds/worker-5-tc1/source/Cargo.toml
[INFO] validating manifest of crates.io crate zerodds-mqtt-bridge 1.0.0-rc.6 on toolchain 1.99.0-beta.8
[INFO] running `Command { std: CARGO_HOME="/workspace/cargo-home" RUSTUP_HOME="/workspace/rustup-home" "/workspace/cargo-home/bin/cargo" "+1.99.0-beta.8" "metadata" "--manifest-path" "Cargo.toml" "--no-deps", kill_on_drop: false }`
[INFO] crate crates.io crate zerodds-mqtt-bridge 1.0.0-rc.6 already has a lockfile, it will not be regenerated
[INFO] running `Command { std: CARGO_HOME="/workspace/cargo-home" RUSTUP_HOME="/workspace/rustup-home" "/workspace/cargo-home/bin/cargo" "+1.99.0-beta.8" "fetch" "--manifest-path" "Cargo.toml", kill_on_drop: false }`
[INFO] [stderr]     Blocking waiting for file lock on package cache
[INFO] [stderr]     Blocking waiting for file lock on package cache
[INFO] running `Command { std: "docker" "create" "-v" "/var/lib/crater-agent-workspace/builds/worker-5-tc1/source:/opt/rustwide/workdir:ro,Z" "-v" "/var/lib/crater-agent-workspace/builds/worker-5-tc1/target:/opt/rustwide/target:rw,Z" "-v" "/var/lib/crater-agent-workspace/cargo-home:/opt/rustwide/cargo-home:ro,Z" "-v" "/var/lib/crater-agent-workspace/rustup-home:/opt/rustwide/rustup-home:ro,Z" "-m" "1610612736" "--network" "none" "ghcr.io/rust-lang/crates-build-env/linux@sha256:77db811e55d90add9212f6832c23229e3de5f1c1f9905e8cb07319ea15df73ac" "sleep" "infinity", kill_on_drop: false }`
[INFO] [stdout] 7684fcdeb74ebec9d8590c2b7f8927fd2828c8431bb2b42bf3e24454c9816157
[INFO] running `Command { std: "docker" "start" "7684fcdeb74ebec9d8590c2b7f8927fd2828c8431bb2b42bf3e24454c9816157", kill_on_drop: false }`
[INFO] running `Command { std: "docker" "inspect" "7684fcdeb74ebec9d8590c2b7f8927fd2828c8431bb2b42bf3e24454c9816157", kill_on_drop: false }`
[INFO] running `Command { std: "docker" "exec" "-e" "SOURCE_DIR=/opt/rustwide/workdir" "-e" "CARGO_HOME=/opt/rustwide/cargo-home" "-e" "RUSTUP_HOME=/opt/rustwide/rustup-home" "-e" "CARGO_TARGET_DIR=/opt/rustwide/target" "-w" "/opt/rustwide/workdir" "--user" "0:0" "7684fcdeb74ebec9d8590c2b7f8927fd2828c8431bb2b42bf3e24454c9816157" "/opt/rustwide/cargo-home/bin/cargo" "+1.99.0-beta.8" "metadata" "--no-deps" "--format-version=1", kill_on_drop: false }`
[INFO] running `Command { std: "docker" "inspect" "7684fcdeb74ebec9d8590c2b7f8927fd2828c8431bb2b42bf3e24454c9816157", kill_on_drop: false }`
[INFO] running `Command { std: "docker" "exec" "-e" "SOURCE_DIR=/opt/rustwide/workdir" "-e" "CARGO_HOME=/opt/rustwide/cargo-home" "-e" "RUSTUP_HOME=/opt/rustwide/rustup-home" "-e" "CARGO_TARGET_DIR=/opt/rustwide/target" "-e" "CARGO_INCREMENTAL=0" "-e" "RUST_BACKTRACE=full" "-e" "RUSTFLAGS=--cap-lints=warn" "-e" "RUSTDOCFLAGS=--cap-lints=warn" "-w" "/opt/rustwide/workdir" "--user" "0:0" "7684fcdeb74ebec9d8590c2b7f8927fd2828c8431bb2b42bf3e24454c9816157" "/opt/rustwide/cargo-home/bin/cargo" "+1.99.0-beta.8" "build" "--frozen" "--message-format=json" "--release", kill_on_drop: false }`
[INFO] [stderr]    Compiling zerodds-foundation v1.0.0-rc.6
[INFO] [stderr]    Compiling portable-atomic v1.13.1
[INFO] [stderr]    Compiling rustls v0.23.40
[INFO] [stderr]    Compiling socket2 v0.5.10
[INFO] [stderr]    Compiling zerodds-security v1.0.0-rc.6
[INFO] [stderr]    Compiling signal-hook v0.3.18
[INFO] [stderr]    Compiling base64 v0.22.1
[INFO] [stderr]    Compiling zerodds-sql-filter v1.0.0-rc.6
[INFO] [stderr]    Compiling ring v0.17.14
[INFO] [stderr]    Compiling rustls-pemfile v2.2.0
[INFO] [stderr]    Compiling zerodds-cdr v1.0.0-rc.6
[INFO] [stderr]    Compiling zerodds-monitor v1.0.0-rc.6
[INFO] [stderr]    Compiling zerodds-observability-otlp v1.0.0-rc.6
[INFO] [stderr]    Compiling zerodds-qos v1.0.0-rc.6
[INFO] [stderr]    Compiling zerodds-types v1.0.0-rc.6
[INFO] [stderr]    Compiling zerodds-rtps v1.0.0-rc.6
[INFO] [stderr]    Compiling zerodds-transport v1.0.0-rc.6
[INFO] [stderr]    Compiling zerodds-discovery v1.0.0-rc.6
[INFO] [stderr]    Compiling zerodds-transport-tcp v1.0.0-rc.6
[INFO] [stderr]    Compiling zerodds-transport-udp v1.0.0-rc.6
[INFO] [stderr]    Compiling zerodds-dcps v1.0.0-rc.6
[INFO] [stderr]    Compiling rustls-webpki v0.103.13
[INFO] [stderr]    Compiling zerodds-bridge-security v1.0.0-rc.6
[INFO] [stderr]    Compiling zerodds-mqtt-bridge v1.0.0-rc.6 (/opt/rustwide/workdir)
[INFO] [stderr]     Finished `release` profile [optimized] target(s) in 28.03s
[INFO] running `Command { std: "docker" "inspect" "7684fcdeb74ebec9d8590c2b7f8927fd2828c8431bb2b42bf3e24454c9816157", kill_on_drop: false }`
[INFO] running `Command { std: "docker" "exec" "-e" "SOURCE_DIR=/opt/rustwide/workdir" "-e" "CARGO_HOME=/opt/rustwide/cargo-home" "-e" "RUSTUP_HOME=/opt/rustwide/rustup-home" "-e" "CARGO_TARGET_DIR=/opt/rustwide/target" "-e" "CARGO_INCREMENTAL=0" "-e" "RUST_BACKTRACE=full" "-e" "RUSTFLAGS=--cap-lints=warn" "-e" "RUSTDOCFLAGS=--cap-lints=warn" "-w" "/opt/rustwide/workdir" "--user" "0:0" "7684fcdeb74ebec9d8590c2b7f8927fd2828c8431bb2b42bf3e24454c9816157" "/opt/rustwide/cargo-home/bin/cargo" "+1.99.0-beta.8" "test" "--frozen" "--no-run" "--message-format=json" "--release", kill_on_drop: false }`
[INFO] [stderr]    Compiling deranged v0.4.0
[INFO] [stderr]    Compiling time-core v0.1.4
[INFO] [stderr]    Compiling pem v3.0.6
[INFO] [stderr]    Compiling time v0.3.41
[INFO] [stderr]    Compiling yasna v0.5.2
[INFO] [stderr]    Compiling rcgen v0.13.2
[INFO] [stderr]    Compiling zerodds-mqtt-bridge v1.0.0-rc.6 (/opt/rustwide/workdir)
[INFO] [stderr]     Finished `release` profile [optimized] target(s) in 8.73s
[INFO] running `Command { std: "docker" "inspect" "7684fcdeb74ebec9d8590c2b7f8927fd2828c8431bb2b42bf3e24454c9816157", kill_on_drop: false }`
[INFO] running `Command { std: "docker" "exec" "-e" "SOURCE_DIR=/opt/rustwide/workdir" "-e" "CARGO_HOME=/opt/rustwide/cargo-home" "-e" "RUSTUP_HOME=/opt/rustwide/rustup-home" "-e" "CARGO_TARGET_DIR=/opt/rustwide/target" "-e" "CARGO_INCREMENTAL=0" "-e" "RUST_BACKTRACE=full" "-e" "RUSTFLAGS=--cap-lints=warn" "-e" "RUSTDOCFLAGS=--cap-lints=warn" "-w" "/opt/rustwide/workdir" "--user" "0:0" "7684fcdeb74ebec9d8590c2b7f8927fd2828c8431bb2b42bf3e24454c9816157" "/opt/rustwide/cargo-home/bin/cargo" "+1.99.0-beta.8" "test" "--frozen" "--release", kill_on_drop: false }`
[INFO] [stderr]     Finished `release` profile [optimized] target(s) in 0.03s
[INFO] [stderr]      Running unittests src/lib.rs (/opt/rustwide/target/release/deps/zerodds_mqtt_bridge-96e7fc47b77a5179)
[INFO] [stdout] 
[INFO] [stdout] running 165 tests
[INFO] [stdout] test broker::tests::allocate_packet_id_increments ... ok
[INFO] [stdout] test broker::tests::clean_disconnect_drops_will ... ok
[INFO] [stdout] test broker::tests::connect_creates_session ... ok
[INFO] [stdout] test broker::tests::disconnect_with_will_delivers_will_message ... ok
[INFO] [stdout] test broker::tests::empty_payload_clears_retained ... ok
[INFO] [stdout] test broker::tests::invalid_filter_rejected ... ok
[INFO] [stdout] test broker::tests::packet_id_wraps_skipping_zero ... ok
[INFO] [stdout] test broker::tests::publish_qos_is_min_of_pub_and_sub ... ok
[INFO] [stdout] test broker::tests::qos_round_trip ... ok
[INFO] [stdout] test broker::tests::retained_message_persists ... ok
[INFO] [stdout] test broker::tests::subscribe_replaces_existing_filter ... ok
[INFO] [stdout] test broker::tests::subscribe_then_publish_delivers ... ok
[INFO] [stdout] test broker::tests::unknown_client_subscribe_rejected ... ok
[INFO] [stdout] test broker::tests::unsubscribe_removes_filter ... ok
[INFO] [stdout] test codec::tests::empty_input_decode_fails ... ok
[INFO] [stdout] test codec::tests::empty_properties_round_trips_as_empty_vec ... ok
[INFO] [stdout] test codec::tests::fixed_header_first_byte_layout_for_publish ... ok
[INFO] [stdout] test codec::tests::invalid_qos_3_rejected_on_encode ... ok
[INFO] [stdout] test codec::tests::large_payload_encodes_multibyte_remaining_length ... ok
[INFO] [stdout] test codec::tests::missing_packet_id_at_qos1_rejected ... ok
[INFO] [stdout] test codec::tests::non_empty_properties_round_trip_preserves_bytes ... ok
[INFO] [stdout] test codec::tests::publish_qos0_no_packet_id_round_trip ... ok
[INFO] [stdout] test codec::tests::publish_qos1_includes_packet_id_round_trip ... ok
[INFO] [stdout] test codec::tests::publish_qos2_round_trip ... ok
[INFO] [stdout] test codec::tests::truncated_remaining_length_decode_fails ... ok
[INFO] [stdout] test codec::tests::v311_publish_has_no_property_block ... ok
[INFO] [stdout] test codec::tests::v311_publish_qos0_round_trip ... ok
[INFO] [stdout] test codec::tests::wrong_packet_type_rejected_on_decode ... ok
[INFO] [stdout] test control_packets::tests::ack_body_round_trip_with_properties ... ok
[INFO] [stdout] test control_packets::tests::ack_body_short_form_no_reason_code_no_properties ... ok
[INFO] [stdout] test control_packets::tests::auth_body_round_trip_via_alias ... ok
[INFO] [stdout] test control_packets::tests::connack_body_round_trip ... ok
[INFO] [stdout] test control_packets::tests::connect_body_round_trip_minimal ... ok
[INFO] [stdout] test control_packets::tests::connect_body_round_trip_with_will_and_credentials ... ok
[INFO] [stdout] test control_packets::tests::disconnect_body_round_trip_with_reason_string_property ... ok
[INFO] [stdout] test control_packets::tests::disconnect_body_short_form_implicit_normal_disconnection ... ok
[INFO] [stdout] test control_packets::tests::property_data_type_returns_none_for_unknown_id ... ok
[INFO] [stdout] test control_packets::tests::property_data_type_table_covers_all_spec_identifiers ... ok
[INFO] [stdout] test control_packets::tests::property_data_type_user_property_is_utf8_pair ... ok
[INFO] [stdout] test control_packets::tests::suback_body_round_trip_with_reason_codes ... ok
[INFO] [stdout] test control_packets::tests::subscribe_body_round_trip_with_two_filters ... ok
[INFO] [stdout] test control_packets::tests::unsuback_body_round_trip_via_alias ... ok
[INFO] [stdout] test control_packets::tests::unsubscribe_body_round_trip ... ok
[INFO] [stdout] test control_packets::tests::v311_ack_is_packet_id_only ... ok
[INFO] [stdout] test control_packets::tests::v311_connack_is_exactly_two_bytes ... ok
[INFO] [stdout] test control_packets::tests::v311_connect_omits_property_blocks ... ok
[INFO] [stdout] test control_packets::tests::v311_disconnect_body_is_empty ... ok
[INFO] [stdout] test control_packets::tests::v311_suback_has_no_property_block ... ok
[INFO] [stdout] test control_packets::tests::v311_unsuback_is_packet_id_only_no_reason_codes ... ok
[INFO] [stdout] test daemon::cli::tests::broker_url_parsed ... ok
[INFO] [stdout] test daemon::cli::tests::domain_int ... ok
[INFO] [stdout] test daemon::cli::tests::empty_args_default ... ok
[INFO] [stdout] test daemon::cli::tests::equals_form ... ok
[INFO] [stdout] test daemon::cli::tests::help_short_form ... ok
[INFO] [stdout] test daemon::cli::tests::unknown_flag_rejected ... ok
[INFO] [stdout] test daemon::client::tests::backoff_config_default_increments_exponentially ... ok
[INFO] [stdout] test daemon::client::tests::backoff_config_caps_at_max ... ok
[INFO] [stdout] test daemon::client::tests::wrap_packet_publish ... ok
[INFO] [stdout] test daemon::client::tests::backoff_connect_aborts_when_stop_set ... ok
[INFO] [stdout] test daemon::client::tests::wrap_packet_subscribe_has_reserved_bits ... ok
[INFO] [stdout] test daemon::config::tests::config_loads_minimal ... ok
[INFO] [stdout] test daemon::config::tests::parse_broker_url_explicit_port ... ok
[INFO] [stdout] test daemon::config::tests::parse_broker_url_mqtts_default_port ... ok
[INFO] [stdout] test daemon::config::tests::parse_broker_url_mqtt_default_port ... ok
[INFO] [stdout] test daemon::config::tests::parse_broker_url_rejects_unknown_scheme ... ok
[INFO] [stdout] test daemon::config::tests::slug_handles_double_colon ... ok
[INFO] [stdout] test daemon::config::tests::slug_replaces_unsafe_chars ... ok
[INFO] [stdout] test daemon::qos_translation::tests::best_effort_yields_qos0_no_retain ... ok
[INFO] [stdout] test daemon::qos_translation::tests::default_for_topic_yields_qos1_no_retain ... ok
[INFO] [stdout] test daemon::qos_translation::tests::keep_last_uses_depth_for_receive_max ... ok
[INFO] [stdout] test daemon::qos_translation::tests::reliable_keep_all_yields_qos2 ... ok
[INFO] [stdout] test daemon::qos_translation::tests::reliable_keep_last_yields_qos1 ... ok
[INFO] [stdout] test daemon::qos_translation::tests::transient_local_yields_retain_true ... ok
[INFO] [stdout] test daemon::qos_translation::tests::volatile_yields_retain_false ... ok
[INFO] [stdout] test daemon::runtime_common::tests::catalog_render_json_contains_topic_fields ... ok
[INFO] [stdout] test daemon::runtime_common::tests::metrics_register_idempotent ... ok
[INFO] [stdout] test daemon::runtime_common::tests::otlp_config_parses_endpoint ... ok
[INFO] [stdout] test daemon::runtime_common::tests::metrics_visible_in_prometheus_render ... ok
[INFO] [stdout] test daemon::security::tests::mqtt_acl_publish_check ... ok
[INFO] [stdout] test daemon::security::tests::mqtt_bearer_treats_password_as_token ... ok
[INFO] [stdout] test daemon::security::tests::mqtt_none_yields_anonymous_without_creds ... ok
[INFO] [stdout] test daemon::runtime_common::tests::admin_endpoint_serves_paths ... ok
[INFO] [stdout] test daemon::security::tests::mqtt_sasl_plain_accepts_user_pass ... ok
[INFO] [stdout] test daemon::security::tests::mqtt_sasl_plain_rejects_wrong_password ... ok
[INFO] [stdout] test daemon::server::tests::map_connack_other_to_broker_connect ... ok
[INFO] [stdout] test daemon::server::tests::map_connack_reject_to_auth_error ... ok
[INFO] [stdout] test daemon::server::tests::resolve_exact_match ... ok
[INFO] [stdout] test daemon::server::tests::resolve_no_match_returns_none ... ok
[INFO] [stdout] test daemon::server::tests::resolve_wildcard_suffix ... ok
[INFO] [stdout] test daemon::yaml::tests::env_substitution ... ok
[INFO] [stdout] test daemon::yaml::tests::parses_flat_map ... ok
[INFO] [stdout] test daemon::yaml::tests::parses_nested_map ... ok
[INFO] [stdout] test daemon::yaml::tests::parses_seq_of_maps ... ok
[INFO] [stdout] test daemon::yaml::tests::strips_comments ... ok
[INFO] [stdout] test data_types::tests::binary_data_round_trip ... ok
[INFO] [stdout] test data_types::tests::two_byte_int_round_trip ... ok
[INFO] [stdout] test data_types::tests::two_byte_int_decode_truncated ... ok
[INFO] [stdout] test data_types::tests::utf8_string_decode_invalid_utf8 ... ok
[INFO] [stdout] test data_types::tests::utf8_string_decode_truncated ... ok
[INFO] [stdout] test data_types::tests::utf8_string_round_trip ... ok
[INFO] [stdout] test data_types::tests::utf8_string_starts_with_be_length ... ok
[INFO] [stdout] test dds_bridge::tests::bridge_forward_to_dds_increments_stats ... ok
[INFO] [stdout] test dds_bridge::tests::bridge_forward_to_mqtt_increments_stats ... ok
[INFO] [stdout] test dds_bridge::tests::dds_to_mqtt_round_trip ... ok
[INFO] [stdout] test dds_bridge::tests::forward_user_properties_uses_kv_format ... ok
[INFO] [stdout] test dds_bridge::tests::qos_0_maps_to_best_effort_volatile ... ok
[INFO] [stdout] test dds_bridge::tests::qos_1_maps_to_reliable_volatile ... ok
[INFO] [stdout] test dds_bridge::tests::qos_2_maps_to_reliable_transient_local ... ok
[INFO] [stdout] test dds_bridge::tests::topic_mapper_default_is_identity ... ok
[INFO] [stdout] test dds_bridge::tests::topic_mapper_override_round_trip ... ok
[INFO] [stdout] test keep_alive::tests::fresh_tracker_not_expired ... ok
[INFO] [stdout] test keep_alive::tests::keep_alive_zero_is_disabled ... ok
[INFO] [stdout] test net::tests::read_packet_handles_multibyte_remaining_length ... ok
[INFO] [stdout] test net::tests::frame_and_read_round_trip ... ok
[INFO] [stdout] test packet::tests::packet_type_zero_is_reserved ... ok
[INFO] [stdout] test packet::tests::publish_header_decodes_dup_qos_retain_flags ... ok
[INFO] [stdout] test packet::tests::packet_type_round_trip_via_bits ... ok
[INFO] [stdout] test properties::tests::decode_binary_data_round_trip ... ok
[INFO] [stdout] test properties::tests::decode_four_byte_int_round_trip ... ok
[INFO] [stdout] test properties::tests::decode_two_byte_int_round_trip ... ok
[INFO] [stdout] test properties::tests::decode_two_byte_int_truncated_rejected ... ok
[INFO] [stdout] test properties::tests::decode_utf8_string_invalid_utf8_rejected ... ok
[INFO] [stdout] test properties::tests::decode_utf8_string_round_trip ... ok
[INFO] [stdout] test properties::tests::decode_utf8_string_truncated_rejected ... ok
[INFO] [stdout] test properties::tests::property_id_round_trip_for_all_named ... ok
[INFO] [stdout] test properties::tests::property_id_unknown_yields_other_variant ... ok
[INFO] [stdout] test properties::tests::value_kind_matches_table_2_4 ... ok
[INFO] [stdout] test properties::tests::well_known_property_ids_match_spec_values ... ok
[INFO] [stdout] test reason_codes::tests::display_formats_with_hex ... ok
[INFO] [stdout] test reason_codes::tests::error_codes_have_high_bit ... ok
[INFO] [stdout] test reason_codes::tests::granted_qos_codes_are_not_errors ... ok
[INFO] [stdout] test reason_codes::tests::round_trip_all_codes ... ok
[INFO] [stdout] test reason_codes::tests::success_is_zero ... ok
[INFO] [stdout] test reason_codes::tests::unknown_code_rejected ... ok
[INFO] [stdout] test topic_filter::tests::dollar_topic_matched_by_explicit_filter ... ok
[INFO] [stdout] test topic_filter::tests::dollar_topic_not_matched_by_root_wildcard ... ok
[INFO] [stdout] test topic_filter::tests::match_exact_topic ... ok
[INFO] [stdout] test topic_filter::tests::match_hash_wildcard ... ok
[INFO] [stdout] test topic_filter::tests::match_plus_wildcard ... ok
[INFO] [stdout] test topic_filter::tests::match_root_hash_matches_all ... ok
[INFO] [stdout] test topic_filter::tests::topic_name_with_wildcard_rejected ... ok
[INFO] [stdout] test topic_filter::tests::validate_empty_rejected ... ok
[INFO] [stdout] test topic_filter::tests::validate_hash_at_end ... ok
[INFO] [stdout] test topic_filter::tests::validate_hash_in_middle_rejected ... ok
[INFO] [stdout] test topic_filter::tests::validate_mixed_wildcard_rejected ... ok
[INFO] [stdout] test topic_filter::tests::validate_only_hash ... ok
[INFO] [stdout] test topic_filter::tests::validate_plus_in_middle ... ok
[INFO] [stdout] test topic_filter::tests::validate_simple_filter ... ok
[INFO] [stdout] test vbi::tests::decode_rejects_5_byte_vbi ... ok
[INFO] [stdout] test vbi::tests::decode_rejects_truncated_input ... ok
[INFO] [stdout] test vbi::tests::decode_round_trips_all_boundary_values ... ok
[INFO] [stdout] test vbi::tests::encode_127_yields_single_7f_byte ... ok
[INFO] [stdout] test vbi::tests::encode_128_yields_two_bytes_with_continuation ... ok
[INFO] [stdout] test vbi::tests::encode_16383_is_two_byte_max ... ok
[INFO] [stdout] test vbi::tests::encode_16384_is_three_byte_min ... ok
[INFO] [stdout] test vbi::tests::encode_above_max_returns_none ... ok
[INFO] [stdout] test vbi::tests::encode_zero_yields_single_zero_byte ... ok
[INFO] [stdout] test vbi::tests::encode_max_vbi_is_four_byte_max ... ok
[INFO] [stdout] test vbi::tests::vbi_size_matches_encoded_byte_count ... ok
[INFO] [stdout] test version::tests::level_round_trip ... ok
[INFO] [stdout] test version::tests::only_v5_has_properties ... ok
[INFO] [stdout] test version::tests::unsupported_levels_rejected ... ok
[INFO] [stdout] test keep_alive::tests::record_packet_resets_timer ... ok
[INFO] [stdout] test keep_alive::tests::remaining_decreases_over_time ... ok
[INFO] [stdout] test keep_alive::tests::small_keep_alive_expires_after_1_5x ... ok
[INFO] [stdout] 
[INFO] [stdout] test result: ok. 165 passed; 0 failed; 0 ignored; 0 measured; 0 filtered out; finished in 1.61s
[INFO] [stdout] 
[INFO] [stderr]      Running unittests src/bin/zerodds-mqtt-bridged.rs (/opt/rustwide/target/release/deps/zerodds_mqtt_bridged-5073f3a3656cac94)
[INFO] [stdout] 
[INFO] [stdout] running 0 tests
[INFO] [stdout] 
[INFO] [stdout] test result: ok. 0 passed; 0 failed; 0 ignored; 0 measured; 0 filtered out; finished in 0.00s
[INFO] [stdout] 
[INFO] [stderr]      Running tests/broker_server_e2e.rs (/opt/rustwide/target/release/deps/broker_server_e2e-425241ad2d21c042)
[INFO] [stdout] 
[INFO] [stdout] running 6 tests
[INFO] [stdout] test publish_subscribe_qos1 ... ok
[INFO] [stdout] test cross_version_v5_publishes_v311_subscribes ... ok
[INFO] [stdout] test cross_version_v311_publishes_v5_subscribes ... ok
[INFO] [stdout] test qos2_exactly_once_delivery ... ok
[INFO] [stdout] test wildcard_plus_and_hash ... ok
[INFO] [stdout] test retained_message_delivered_to_late_subscriber ... ok
[INFO] [stdout] 
[INFO] [stdout] test result: ok. 6 passed; 0 failed; 0 ignored; 0 measured; 0 filtered out; finished in 0.00s
[INFO] [stdout] 
[INFO] [stderr]      Running tests/cross_vendor.rs (/opt/rustwide/target/release/deps/cross_vendor-68d8a5b18e4aecf5)
[INFO] [stdout] 
[INFO] [stdout] running 0 tests
[INFO] [stdout] 
[INFO] [stdout] test result: ok. 0 passed; 0 failed; 0 ignored; 0 measured; 0 filtered out; finished in 0.00s
[INFO] [stdout] 
[INFO] [stderr]      Running tests/daemon_e2e.rs (/opt/rustwide/target/release/deps/daemon_e2e-d965f9c4b9da2515)
[INFO] [stdout] 
[INFO] [stdout] running 3 tests
[INFO] [stdout] test dds_publish_pumps_to_mqtt_broker ... FAILED
[INFO] [stdout] test daemon_connects_and_subscribes ... FAILED
[INFO] [stdout] test mqtt_publish_to_daemon_does_not_crash_and_subscribe_arrived ... FAILED
[INFO] [stdout] 
[INFO] [stdout] failures:
[INFO] [stdout] 
[INFO] [stdout] ---- dds_publish_pumps_to_mqtt_broker stdout ----
[INFO] [stdout] [zerodds-mqtt-bridged] starting domain=99 broker=mqtt://127.0.0.1:37007 topics=1
[INFO] [stdout] [zerodds-mqtt-bridged] auth-mode=none acl-entries=0 broker-tls=false
[INFO] [stdout] 
[INFO] [stdout] thread 'dds_publish_pumps_to_mqtt_broker' (1448) panicked at tests/daemon_e2e.rs:326:41:
[INFO] [stdout] daemon start: Dds("TransportError { label: \"spdp multicast bind\" }")
[INFO] [stdout] stack backtrace:
[INFO] [stdout]    0:     0x5cc2f75089b1 - <<std[70759c8f55707aa4]::sys::backtrace::BacktraceLock>::print::DisplayBacktrace as core[df12db4294e9bfd3]::fmt::Display>::fmt
[INFO] [stdout]    1:     0x5cc2f751e78a - core[df12db4294e9bfd3]::fmt::write
[INFO] [stdout]    2:     0x5cc2f750d58c - <alloc[2182bb758b4b3781]::vec::Vec<u8> as core[df12db4294e9bfd3]::io::write::Write>::write_fmt
[INFO] [stdout]    3:     0x5cc2f74e2976 - std[70759c8f55707aa4]::panicking::default_hook::{closure#0}
[INFO] [stdout]    4:     0x5cc2f7500199 - std[70759c8f55707aa4]::panicking::default_hook
[INFO] [stdout]    5:     0x5cc2f7251d80 - test[9d35eded1c95d3be]::test_main_inner::<test[9d35eded1c95d3be]::test_main_static::{closure#0}>::{closure#0}
[INFO] [stdout]    6:     0x5cc2f7500352 - std[70759c8f55707aa4]::panicking::panic_with_hook
[INFO] [stdout]    7:     0x5cc2f74e2a22 - std[70759c8f55707aa4]::panicking::panic_handler::{closure#0}
[INFO] [stdout]    8:     0x5cc2f74db6f9 - std[70759c8f55707aa4]::sys::backtrace::__rust_end_short_backtrace::<std[70759c8f55707aa4]::panicking::panic_handler::{closure#0}, !>
[INFO] [stdout]    9:     0x5cc2f74e380d - __rustc[8fa7c3cbc660c2b3]::rust_begin_unwind
[INFO] [stdout]   10:     0x5cc2f751eebc - core[df12db4294e9bfd3]::panicking::panic_fmt
[INFO] [stdout]   11:     0x5cc2f751ec92 - core[df12db4294e9bfd3]::result::unwrap_failed
[INFO] [stdout]   12:     0x5cc2f72432d4 - <daemon_e2e[34451742c79f49b0]::dds_publish_pumps_to_mqtt_broker::{closure#0} as core[df12db4294e9bfd3]::ops::function::FnOnce<()>>::call_once
[INFO] [stdout]   13:     0x5cc2f724506b - test[9d35eded1c95d3be]::__rust_begin_short_backtrace::<core[df12db4294e9bfd3]::result::Result<(), alloc[2182bb758b4b3781]::string::String>, fn() -> core[df12db4294e9bfd3]::result::Result<(), alloc[2182bb758b4b3781]::string::String>>
[INFO] [stdout]   14:     0x5cc2f72526d5 - test[9d35eded1c95d3be]::run_test::{closure#0}
[INFO] [stdout]   15:     0x5cc2f724bf94 - std[70759c8f55707aa4]::sys::backtrace::__rust_begin_short_backtrace::<test[9d35eded1c95d3be]::run_test::{closure#1}, ()>
[INFO] [stdout]   16:     0x5cc2f7255832 - <std[70759c8f55707aa4]::thread::lifecycle::spawn_unchecked<test[9d35eded1c95d3be]::run_test::{closure#1}, ()>::{closure#1} as core[df12db4294e9bfd3]::ops::function::FnOnce<()>>::call_once::{shim:vtable#0}
[INFO] [stdout]   17:     0x5cc2f7507469 - <std[70759c8f55707aa4]::sys::thread::unix::Thread>::new::thread_start
[INFO] [stdout]   18:     0x721cfdf99dfa - <unknown>
[INFO] [stdout]   19:     0x721cfe02d3d4 - clone
[INFO] [stdout]   20:                0x0 - <unknown>
[INFO] [stdout] 
[INFO] [stdout] ---- daemon_connects_and_subscribes stdout ----
[INFO] [stdout] [zerodds-mqtt-bridged] starting domain=99 broker=mqtt://127.0.0.1:38261 topics=1
[INFO] [stdout] [zerodds-mqtt-bridged] auth-mode=none acl-entries=0 broker-tls=false
[INFO] [stdout] 
[INFO] [stdout] thread 'daemon_connects_and_subscribes' (1447) panicked at tests/daemon_e2e.rs:260:41:
[INFO] [stdout] daemon start: Dds("TransportError { label: \"spdp multicast bind\" }")
[INFO] [stdout] stack backtrace:
[INFO] [stdout]    0:     0x5cc2f75089b1 - <<std[70759c8f55707aa4]::sys::backtrace::BacktraceLock>::print::DisplayBacktrace as core[df12db4294e9bfd3]::fmt::Display>::fmt
[INFO] [stdout]    1:     0x5cc2f751e78a - core[df12db4294e9bfd3]::fmt::write
[INFO] [stdout]    2:     0x5cc2f750d58c - <alloc[2182bb758b4b3781]::vec::Vec<u8> as core[df12db4294e9bfd3]::io::write::Write>::write_fmt
[INFO] [stdout]    3:     0x5cc2f74e2976 - std[70759c8f55707aa4]::panicking::default_hook::{closure#0}
[INFO] [stdout]    4:     0x5cc2f7500199 - std[70759c8f55707aa4]::panicking::default_hook
[INFO] [stdout]    5:     0x5cc2f7251d80 - test[9d35eded1c95d3be]::test_main_inner::<test[9d35eded1c95d3be]::test_main_static::{closure#0}>::{closure#0}
[INFO] [stdout]    6:     0x5cc2f7500352 - std[70759c8f55707aa4]::panicking::panic_with_hook
[INFO] [stdout]    7:     0x5cc2f74e2a22 - std[70759c8f55707aa4]::panicking::panic_handler::{closure#0}
[INFO] [stdout]    8:     0x5cc2f74db6f9 - std[70759c8f55707aa4]::sys::backtrace::__rust_end_short_backtrace::<std[70759c8f55707aa4]::panicking::panic_handler::{closure#0}, !>
[INFO] [stdout]    9:     0x5cc2f74e380d - __rustc[8fa7c3cbc660c2b3]::rust_begin_unwind
[INFO] [stdout]   10:     0x5cc2f751eebc - core[df12db4294e9bfd3]::panicking::panic_fmt
[INFO] [stdout]   11:     0x5cc2f751ec92 - core[df12db4294e9bfd3]::result::unwrap_failed
[INFO] [stdout]   12:     0x5cc2f7242aeb - <daemon_e2e[34451742c79f49b0]::daemon_connects_and_subscribes::{closure#0} as core[df12db4294e9bfd3]::ops::function::FnOnce<()>>::call_once
[INFO] [stdout]   13:     0x5cc2f724506b - test[9d35eded1c95d3be]::__rust_begin_short_backtrace::<core[df12db4294e9bfd3]::result::Result<(), alloc[2182bb758b4b3781]::string::String>, fn() -> core[df12db4294e9bfd3]::result::Result<(), alloc[2182bb758b4b3781]::string::String>>
[INFO] [stdout]   14:     0x5cc2f72526d5 - test[9d35eded1c95d3be]::run_test::{closure#0}
[INFO] [stderr] error: test failed, to rerun pass `--test daemon_e2e`
[INFO] [stdout]   15:     0x5cc2f724bf94 - std[70759c8f55707aa4]::sys::backtrace::__rust_begin_short_backtrace::<test[9d35eded1c95d3be]::run_test::{closure#1}, ()>
[INFO] [stdout]   16:     0x5cc2f7255832 - <std[70759c8f55707aa4]::thread::lifecycle::spawn_unchecked<test[9d35eded1c95d3be]::run_test::{closure#1}, ()>::{closure#1} as core[df12db4294e9bfd3]::ops::function::FnOnce<()>>::call_once::{shim:vtable#0}
[INFO] [stdout]   17:     0x5cc2f7507469 - <std[70759c8f55707aa4]::sys::thread::unix::Thread>::new::thread_start
[INFO] [stdout]   18:     0x721cfdf99dfa - <unknown>
[INFO] [stdout]   19:     0x721cfe02d3d4 - clone
[INFO] [stdout]   20:                0x0 - <unknown>
[INFO] [stdout] 
[INFO] [stdout] ---- mqtt_publish_to_daemon_does_not_crash_and_subscribe_arrived stdout ----
[INFO] [stdout] [zerodds-mqtt-bridged] starting domain=99 broker=mqtt://127.0.0.1:35823 topics=1
[INFO] [stdout] [zerodds-mqtt-bridged] auth-mode=none acl-entries=0 broker-tls=false
[INFO] [stdout] 
[INFO] [stdout] thread 'mqtt_publish_to_daemon_does_not_crash_and_subscribe_arrived' (1449) panicked at tests/daemon_e2e.rs:295:41:
[INFO] [stdout] daemon start: Dds("TransportError { label: \"spdp multicast bind\" }")
[INFO] [stdout] stack backtrace:
[INFO] [stdout]    0:     0x5cc2f75089b1 - <<std[70759c8f55707aa4]::sys::backtrace::BacktraceLock>::print::DisplayBacktrace as core[df12db4294e9bfd3]::fmt::Display>::fmt
[INFO] [stdout]    1:     0x5cc2f751e78a - core[df12db4294e9bfd3]::fmt::write
[INFO] [stdout]    2:     0x5cc2f750d58c - <alloc[2182bb758b4b3781]::vec::Vec<u8> as core[df12db4294e9bfd3]::io::write::Write>::write_fmt
[INFO] [stdout]    3:     0x5cc2f74e2976 - std[70759c8f55707aa4]::panicking::default_hook::{closure#0}
[INFO] [stdout]    4:     0x5cc2f7500199 - std[70759c8f55707aa4]::panicking::default_hook
[INFO] [stdout]    5:     0x5cc2f7251d80 - test[9d35eded1c95d3be]::test_main_inner::<test[9d35eded1c95d3be]::test_main_static::{closure#0}>::{closure#0}
[INFO] [stdout]    6:     0x5cc2f7500352 - std[70759c8f55707aa4]::panicking::panic_with_hook
[INFO] [stdout]    7:     0x5cc2f74e2a22 - std[70759c8f55707aa4]::panicking::panic_handler::{closure#0}
[INFO] [stdout]    8:     0x5cc2f74db6f9 - std[70759c8f55707aa4]::sys::backtrace::__rust_end_short_backtrace::<std[70759c8f55707aa4]::panicking::panic_handler::{closure#0}, !>
[INFO] [stdout]    9:     0x5cc2f74e380d - __rustc[8fa7c3cbc660c2b3]::rust_begin_unwind
[INFO] [stdout]   10:     0x5cc2f751eebc - core[df12db4294e9bfd3]::panicking::panic_fmt
[INFO] [stdout]   11:     0x5cc2f751ec92 - core[df12db4294e9bfd3]::result::unwrap_failed
[INFO] [stdout]   12:     0x5cc2f7243863 - <daemon_e2e[34451742c79f49b0]::mqtt_publish_to_daemon_does_not_crash_and_subscribe_arrived::{closure#0} as core[df12db4294e9bfd3]::ops::function::FnOnce<()>>::call_once
[INFO] [stdout]   13:     0x5cc2f724506b - test[9d35eded1c95d3be]::__rust_begin_short_backtrace::<core[df12db4294e9bfd3]::result::Result<(), alloc[2182bb758b4b3781]::string::String>, fn() -> core[df12db4294e9bfd3]::result::Result<(), alloc[2182bb758b4b3781]::string::String>>
[INFO] [stdout]   14:     0x5cc2f72526d5 - test[9d35eded1c95d3be]::run_test::{closure#0}
[INFO] [stdout]   15:     0x5cc2f724bf94 - std[70759c8f55707aa4]::sys::backtrace::__rust_begin_short_backtrace::<test[9d35eded1c95d3be]::run_test::{closure#1}, ()>
[INFO] [stdout]   16:     0x5cc2f7255832 - <std[70759c8f55707aa4]::thread::lifecycle::spawn_unchecked<test[9d35eded1c95d3be]::run_test::{closure#1}, ()>::{closure#1} as core[df12db4294e9bfd3]::ops::function::FnOnce<()>>::call_once::{shim:vtable#0}
[INFO] [stdout]   17:     0x5cc2f7507469 - <std[70759c8f55707aa4]::sys::thread::unix::Thread>::new::thread_start
[INFO] [stdout]   18:     0x721cfdf99dfa - <unknown>
[INFO] [stdout]   19:     0x721cfe02d3d4 - clone
[INFO] [stdout]   20:                0x0 - <unknown>
[INFO] [stdout] 
[INFO] [stdout] 
[INFO] [stdout] failures:
[INFO] [stdout]     daemon_connects_and_subscribes
[INFO] [stdout]     dds_publish_pumps_to_mqtt_broker
[INFO] [stdout]     mqtt_publish_to_daemon_does_not_crash_and_subscribe_arrived
[INFO] [stdout] 
[INFO] [stdout] test result: FAILED. 0 passed; 3 failed; 0 ignored; 0 measured; 0 filtered out; finished in 0.00s
[INFO] [stdout] 
[INFO] running `Command { std: "docker" "inspect" "7684fcdeb74ebec9d8590c2b7f8927fd2828c8431bb2b42bf3e24454c9816157", kill_on_drop: false }`
[INFO] running `Command { std: "docker" "rm" "-f" "7684fcdeb74ebec9d8590c2b7f8927fd2828c8431bb2b42bf3e24454c9816157", kill_on_drop: false }`
[INFO] [stdout] 7684fcdeb74ebec9d8590c2b7f8927fd2828c8431bb2b42bf3e24454c9816157
