[INFO] fetching crate zerodds-conformance 1.0.0-rc.6...
[INFO] testing zerodds-conformance-1.0.0-rc.6 against 1.99.0-beta.8+cargoflags=--release for beta-release-1.100-2
[INFO] extracting crate zerodds-conformance 1.0.0-rc.6 into /workspace/builds/worker-2-tc1/source
[INFO] started tweaking crates.io crate zerodds-conformance 1.0.0-rc.6
[INFO] removed 0 missing tests
[INFO] finished tweaking crates.io crate zerodds-conformance 1.0.0-rc.6
[INFO] tweaked toml for crates.io crate zerodds-conformance 1.0.0-rc.6 written to /workspace/builds/worker-2-tc1/source/Cargo.toml
[INFO] validating manifest of crates.io crate zerodds-conformance 1.0.0-rc.6 on toolchain 1.99.0-beta.8
[INFO] running `Command { std: CARGO_HOME="/workspace/cargo-home" RUSTUP_HOME="/workspace/rustup-home" "/workspace/cargo-home/bin/cargo" "+1.99.0-beta.8" "metadata" "--manifest-path" "Cargo.toml" "--no-deps", kill_on_drop: false }`
[INFO] crate crates.io crate zerodds-conformance 1.0.0-rc.6 already has a lockfile, it will not be regenerated
[INFO] running `Command { std: CARGO_HOME="/workspace/cargo-home" RUSTUP_HOME="/workspace/rustup-home" "/workspace/cargo-home/bin/cargo" "+1.99.0-beta.8" "fetch" "--manifest-path" "Cargo.toml", kill_on_drop: false }`
[INFO] [stderr]     Blocking waiting for file lock on package cache
[INFO] [stderr]     Updating crates.io index
[INFO] [stderr]     Blocking waiting for file lock on package cache
[INFO] [stderr]  Downloading crates ...
[INFO] [stderr]   Downloaded zerodds-xml-wire v1.0.0-rc.6
[INFO] [stderr]   Downloaded zerodds-bridge-security v1.0.0-rc.6
[INFO] [stderr]   Downloaded zerodds-mqtt-bridge v1.0.0-rc.6
[INFO] [stderr]   Downloaded zerodds-observability-otlp v1.0.0-rc.6
[INFO] [stderr]   Downloaded zerodds-hpack v1.0.0-rc.6
[INFO] [stderr]   Downloaded zerodds-websocket-bridge v1.0.0-rc.6
[INFO] [stderr]   Downloaded zerodds-http2 v1.0.0-rc.6
[INFO] [stderr]   Downloaded zerodds-grpc-bridge v1.0.0-rc.6
[INFO] [stderr]   Downloaded zerodds-coap-bridge v1.0.0-rc.6
[INFO] running `Command { std: "docker" "create" "-v" "/var/lib/crater-agent-workspace/builds/worker-2-tc1/source:/opt/rustwide/workdir:ro,Z" "-v" "/var/lib/crater-agent-workspace/builds/worker-2-tc1/target:/opt/rustwide/target:rw,Z" "-v" "/var/lib/crater-agent-workspace/cargo-home:/opt/rustwide/cargo-home:ro,Z" "-v" "/var/lib/crater-agent-workspace/rustup-home:/opt/rustwide/rustup-home:ro,Z" "-m" "1610612736" "--network" "none" "ghcr.io/rust-lang/crates-build-env/linux@sha256:77db811e55d90add9212f6832c23229e3de5f1c1f9905e8cb07319ea15df73ac" "sleep" "infinity", kill_on_drop: false }`
[INFO] [stdout] cd97d03c383e3cc9a51ff0cfc86b42ba3129edf8cdf3d9f8057b482ed92cdf03
[INFO] running `Command { std: "docker" "start" "cd97d03c383e3cc9a51ff0cfc86b42ba3129edf8cdf3d9f8057b482ed92cdf03", kill_on_drop: false }`
[INFO] running `Command { std: "docker" "inspect" "cd97d03c383e3cc9a51ff0cfc86b42ba3129edf8cdf3d9f8057b482ed92cdf03", kill_on_drop: false }`
[INFO] running `Command { std: "docker" "exec" "-e" "SOURCE_DIR=/opt/rustwide/workdir" "-e" "CARGO_HOME=/opt/rustwide/cargo-home" "-e" "RUSTUP_HOME=/opt/rustwide/rustup-home" "-e" "CARGO_TARGET_DIR=/opt/rustwide/target" "-w" "/opt/rustwide/workdir" "--user" "0:0" "cd97d03c383e3cc9a51ff0cfc86b42ba3129edf8cdf3d9f8057b482ed92cdf03" "/opt/rustwide/cargo-home/bin/cargo" "+1.99.0-beta.8" "metadata" "--no-deps" "--format-version=1", kill_on_drop: false }`
[INFO] running `Command { std: "docker" "inspect" "cd97d03c383e3cc9a51ff0cfc86b42ba3129edf8cdf3d9f8057b482ed92cdf03", kill_on_drop: false }`
[INFO] running `Command { std: "docker" "exec" "-e" "SOURCE_DIR=/opt/rustwide/workdir" "-e" "CARGO_HOME=/opt/rustwide/cargo-home" "-e" "RUSTUP_HOME=/opt/rustwide/rustup-home" "-e" "CARGO_TARGET_DIR=/opt/rustwide/target" "-e" "CARGO_INCREMENTAL=0" "-e" "RUST_BACKTRACE=full" "-e" "RUSTFLAGS=--cap-lints=warn" "-e" "RUSTDOCFLAGS=--cap-lints=warn" "-w" "/opt/rustwide/workdir" "--user" "0:0" "cd97d03c383e3cc9a51ff0cfc86b42ba3129edf8cdf3d9f8057b482ed92cdf03" "/opt/rustwide/cargo-home/bin/cargo" "+1.99.0-beta.8" "build" "--frozen" "--message-format=json" "--release", kill_on_drop: false }`
[INFO] [stderr]    Compiling zerodds-foundation v1.0.0-rc.6
[INFO] [stderr]    Compiling portable-atomic v1.13.1
[INFO] [stderr]    Compiling signal-hook v0.3.18
[INFO] [stderr]    Compiling socket2 v0.5.10
[INFO] [stderr]    Compiling base64 v0.22.1
[INFO] [stderr]    Compiling zerodds-security v1.0.0-rc.6
[INFO] [stderr]    Compiling zerodds-sql-filter v1.0.0-rc.6
[INFO] [stderr]    Compiling cc v1.2.60
[INFO] [stderr]    Compiling getrandom v0.2.17
[INFO] [stderr]    Compiling zerodds-hpack v1.0.0-rc.6
[INFO] [stderr]    Compiling zerodds-http2 v1.0.0-rc.6
[INFO] [stderr]    Compiling zerodds-xml-wire v1.0.0-rc.6
[INFO] [stderr]    Compiling rustls-pemfile v2.2.0
[INFO] [stderr]    Compiling zerodds-cdr v1.0.0-rc.6
[INFO] [stderr]    Compiling zerodds-monitor v1.0.0-rc.6
[INFO] [stderr]    Compiling zerodds-observability-otlp v1.0.0-rc.6
[INFO] [stderr]    Compiling zerodds-qos v1.0.0-rc.6
[INFO] [stderr]    Compiling zerodds-types v1.0.0-rc.6
[INFO] [stderr]    Compiling ring v0.17.14
[INFO] [stderr]    Compiling zerodds-rtps v1.0.0-rc.6
[INFO] [stderr]    Compiling zerodds-transport v1.0.0-rc.6
[INFO] [stderr]    Compiling zerodds-discovery v1.0.0-rc.6
[INFO] [stderr]    Compiling zerodds-transport-tcp v1.0.0-rc.6
[INFO] [stderr]    Compiling zerodds-transport-udp v1.0.0-rc.6
[INFO] [stderr]    Compiling zerodds-dcps v1.0.0-rc.6
[INFO] [stderr]    Compiling rustls v0.23.40
[INFO] [stderr]    Compiling rustls-webpki v0.103.13
[INFO] [stderr]    Compiling zerodds-bridge-security v1.0.0-rc.6
[INFO] [stderr]    Compiling zerodds-coap-bridge v1.0.0-rc.6
[INFO] [stderr]    Compiling zerodds-grpc-bridge v1.0.0-rc.6
[INFO] [stderr]    Compiling zerodds-websocket-bridge v1.0.0-rc.6
[INFO] [stderr]    Compiling zerodds-mqtt-bridge v1.0.0-rc.6
[INFO] [stderr]    Compiling zerodds-conformance v1.0.0-rc.6 (/opt/rustwide/workdir)
[INFO] [stderr]     Finished `release` profile [optimized] target(s) in 1m 05s
[INFO] running `Command { std: "docker" "inspect" "cd97d03c383e3cc9a51ff0cfc86b42ba3129edf8cdf3d9f8057b482ed92cdf03", kill_on_drop: false }`
[INFO] running `Command { std: "docker" "exec" "-e" "SOURCE_DIR=/opt/rustwide/workdir" "-e" "CARGO_HOME=/opt/rustwide/cargo-home" "-e" "RUSTUP_HOME=/opt/rustwide/rustup-home" "-e" "CARGO_TARGET_DIR=/opt/rustwide/target" "-e" "CARGO_INCREMENTAL=0" "-e" "RUST_BACKTRACE=full" "-e" "RUSTFLAGS=--cap-lints=warn" "-e" "RUSTDOCFLAGS=--cap-lints=warn" "-w" "/opt/rustwide/workdir" "--user" "0:0" "cd97d03c383e3cc9a51ff0cfc86b42ba3129edf8cdf3d9f8057b482ed92cdf03" "/opt/rustwide/cargo-home/bin/cargo" "+1.99.0-beta.8" "test" "--frozen" "--no-run" "--message-format=json" "--release", kill_on_drop: false }`
[INFO] [stderr]    Compiling zerodds-conformance v1.0.0-rc.6 (/opt/rustwide/workdir)
[INFO] [stderr]     Finished `release` profile [optimized] target(s) in 1.04s
[INFO] running `Command { std: "docker" "inspect" "cd97d03c383e3cc9a51ff0cfc86b42ba3129edf8cdf3d9f8057b482ed92cdf03", kill_on_drop: false }`
[INFO] running `Command { std: "docker" "exec" "-e" "SOURCE_DIR=/opt/rustwide/workdir" "-e" "CARGO_HOME=/opt/rustwide/cargo-home" "-e" "RUSTUP_HOME=/opt/rustwide/rustup-home" "-e" "CARGO_TARGET_DIR=/opt/rustwide/target" "-e" "CARGO_INCREMENTAL=0" "-e" "RUST_BACKTRACE=full" "-e" "RUSTFLAGS=--cap-lints=warn" "-e" "RUSTDOCFLAGS=--cap-lints=warn" "-w" "/opt/rustwide/workdir" "--user" "0:0" "cd97d03c383e3cc9a51ff0cfc86b42ba3129edf8cdf3d9f8057b482ed92cdf03" "/opt/rustwide/cargo-home/bin/cargo" "+1.99.0-beta.8" "test" "--frozen" "--release", kill_on_drop: false }`
[INFO] [stderr]     Finished `release` profile [optimized] target(s) in 0.05s
[INFO] [stderr]      Running unittests src/lib.rs (/opt/rustwide/target/release/deps/zerodds_conformance-32c4b192f2b2836c)
[INFO] [stdout] 
[INFO] [stdout] running 7 tests
[INFO] [stdout] test coap_plugtest::tests::full_suite_passes ... ok
[INFO] [stdout] test h2spec_grpc::tests::full_suite_passes ... ok
[INFO] [stdout] test tests::run_suite_reports_counts ... ok
[INFO] [stdout] test dds_xml_xvendor::tests::full_suite_passes ... ok
[INFO] [stdout] test oasis_mqtt::tests::full_suite_passes ... ok
[INFO] [stdout] test tests::case_result_pass_acceptable ... ok
[INFO] [stderr]      Running tests/cross_language_xcdr2.rs (/opt/rustwide/target/release/deps/cross_language_xcdr2-faccfe59c0b4a879)
[INFO] [stdout] test autobahn_ws::tests::full_suite_passes ... ok
[INFO] [stdout] 
[INFO] [stdout] test result: ok. 7 passed; 0 failed; 0 ignored; 0 measured; 0 filtered out; finished in 0.01s
[INFO] [stdout] 
[INFO] [stdout] 
[INFO] [stdout] running 7 tests
[INFO] [stdout] test l3_0_cross_language_equivalence_documented ... FAILED
[INFO] [stdout] test l3_4_csharp_binding ... ok
[INFO] [stdout] test l3_5_java_binding ... ok
[INFO] [stdout] test l3_6_typescript_binding ... ok
[INFO] [stdout] test l3_2_cpp_binding ... FAILED
[INFO] [stderr] error: could not find `Cargo.toml` in `/opt` or any parent directory
[INFO] [stderr] error: could not find `Cargo.toml` in `/opt` or any parent directory
[INFO] [stderr] error: could not find `Cargo.toml` in `/opt` or any parent directory
[INFO] [stdout] test l3_3_c_ffi_binding ... FAILED
[INFO] [stdout] test l3_1_rust_reference_encoder ... FAILED
[INFO] [stdout] 
[INFO] [stdout] failures:
[INFO] [stdout] 
[INFO] [stdout] ---- l3_0_cross_language_equivalence_documented stdout ----
[INFO] [stdout] 
[INFO] [stdout] thread 'l3_0_cross_language_equivalence_documented' (1066) panicked at tests/cross_language_xcdr2.rs:195:5:
[INFO] [stdout] master conformance spec must exist
[INFO] [stdout] stack backtrace:
[INFO] [stdout]    0:     0x56385e091d41 - <<std[70759c8f55707aa4]::sys::backtrace::BacktraceLock>::print::DisplayBacktrace as core[df12db4294e9bfd3]::fmt::Display>::fmt
[INFO] [stdout]    1:     0x56385e0a5f1a - core[df12db4294e9bfd3]::fmt::write
[INFO] [stdout]    2:     0x56385e0961dc - <alloc[2182bb758b4b3781]::vec::Vec<u8> as core[df12db4294e9bfd3]::io::write::Write>::write_fmt
[INFO] [stdout]    3:     0x56385e06ddc6 - std[70759c8f55707aa4]::panicking::default_hook::{closure#0}
[INFO] [stdout]    4:     0x56385e08a4a9 - std[70759c8f55707aa4]::panicking::default_hook
[INFO] [stdout]    5:     0x56385e026370 - test[9d35eded1c95d3be]::test_main_inner::<test[9d35eded1c95d3be]::test_main_static::{closure#0}>::{closure#0}
[INFO] [stdout]    6:     0x56385e08a662 - std[70759c8f55707aa4]::panicking::panic_with_hook
[INFO] [stdout]    7:     0x56385e06dea4 - std[70759c8f55707aa4]::panicking::panic_handler::{closure#0}
[INFO] [stdout]    8:     0x56385e066bf9 - std[70759c8f55707aa4]::sys::backtrace::__rust_end_short_backtrace::<std[70759c8f55707aa4]::panicking::panic_handler::{closure#0}, !>
[INFO] [stdout]    9:     0x56385e06ea6d - __rustc[8fa7c3cbc660c2b3]::rust_begin_unwind
[INFO] [stdout]   10:     0x56385e0a664c - core[df12db4294e9bfd3]::panicking::panic_fmt
[INFO] [stdout]   11:     0x56385e0195b9 - <cross_language_xcdr2[9bfa36920babb8a9]::l3_0_cross_language_equivalence_documented::{closure#0} as core[df12db4294e9bfd3]::ops::function::FnOnce<()>>::call_once
[INFO] [stdout]   12:     0x56385e01965b - test[9d35eded1c95d3be]::__rust_begin_short_backtrace::<core[df12db4294e9bfd3]::result::Result<(), alloc[2182bb758b4b3781]::string::String>, fn() -> core[df12db4294e9bfd3]::result::Result<(), alloc[2182bb758b4b3781]::string::String>>
[INFO] [stdout]   13:     0x56385e026cc5 - test[9d35eded1c95d3be]::run_test::{closure#0}
[INFO] [stdout]   14:     0x56385e020584 - std[70759c8f55707aa4]::sys::backtrace::__rust_begin_short_backtrace::<test[9d35eded1c95d3be]::run_test::{closure#1}, ()>
[INFO] [stdout]   15:     0x56385e029e22 - <std[70759c8f55707aa4]::thread::lifecycle::spawn_unchecked<test[9d35eded1c95d3be]::run_test::{closure#1}, ()>::{closure#1} as core[df12db4294e9bfd3]::ops::function::FnOnce<()>>::call_once::{shim:vtable#0}
[INFO] [stdout]   16:     0x56385e091619 - <std[70759c8f55707aa4]::sys::thread::unix::Thread>::new::thread_start
[INFO] [stdout]   17:     0x75ae39afbdfa - <unknown>
[INFO] [stdout]   18:     0x75ae39b8f3d4 - clone
[INFO] [stdout]   19:                0x0 - <unknown>
[INFO] [stdout] 
[INFO] [stdout] ---- l3_2_cpp_binding stdout ----
[INFO] [stdout] 
[INFO] [stdout] thread 'l3_2_cpp_binding' (1068) panicked at tests/cross_language_xcdr2.rs:91:5:
[INFO] [stdout] cpp V-1..V-12 must pass
[INFO] [stdout] stack backtrace:
[INFO] [stdout]    0:     0x56385e091d41 - <<std[70759c8f55707aa4]::sys::backtrace::BacktraceLock>::print::DisplayBacktrace as core[df12db4294e9bfd3]::fmt::Display>::fmt
[INFO] [stdout]    1:     0x56385e0a5f1a - core[df12db4294e9bfd3]::fmt::write
[INFO] [stdout]    2:     0x56385e0961dc - <alloc[2182bb758b4b3781]::vec::Vec<u8> as core[df12db4294e9bfd3]::io::write::Write>::write_fmt
[INFO] [stdout]    3:     0x56385e06ddc6 - std[70759c8f55707aa4]::panicking::default_hook::{closure#0}
[INFO] [stdout]    4:     0x56385e08a4a9 - std[70759c8f55707aa4]::panicking::default_hook
[INFO] [stdout]    5:     0x56385e026370 - test[9d35eded1c95d3be]::test_main_inner::<test[9d35eded1c95d3be]::test_main_static::{closure#0}>::{closure#0}
[INFO] [stdout]    6:     0x56385e08a662 - std[70759c8f55707aa4]::panicking::panic_with_hook
[INFO] [stdout]    7:     0x56385e06dea4 - std[70759c8f55707aa4]::panicking::panic_handler::{closure#0}
[INFO] [stdout]    8:     0x56385e066bf9 - std[70759c8f55707aa4]::sys::backtrace::__rust_end_short_backtrace::<std[70759c8f55707aa4]::panicking::panic_handler::{closure#0}, !>
[INFO] [stdout]    9:     0x56385e06ea6d - __rustc[8fa7c3cbc660c2b3]::rust_begin_unwind
[INFO] [stdout]   10:     0x56385e0a664c - core[df12db4294e9bfd3]::panicking::panic_fmt
[INFO] [stdout]   11:     0x56385e0188dd - <cross_language_xcdr2[9bfa36920babb8a9]::l3_2_cpp_binding::{closure#0} as core[df12db4294e9bfd3]::ops::function::FnOnce<()>>::call_once
[INFO] [stdout]   12:     0x56385e01965b - test[9d35eded1c95d3be]::__rust_begin_short_backtrace::<core[df12db4294e9bfd3]::result::Result<(), alloc[2182bb758b4b3781]::string::String>, fn() -> core[df12db4294e9bfd3]::result::Result<(), alloc[2182bb758b4b3781]::string::String>>
[INFO] [stdout]   13:     0x56385e026cc5 - test[9d35eded1c95d3be]::run_test::{closure#0}
[INFO] [stdout]   14:     0x56385e020584 - std[70759c8f55707aa4]::sys::backtrace::__rust_begin_short_backtrace::<test[9d35eded1c95d3be]::run_test::{closure#1}, ()>
[INFO] [stdout]   15:     0x56385e029e22 - <std[70759c8f55707aa4]::thread::lifecycle::spawn_unchecked<test[9d35eded1c95d3be]::run_test::{closure#1}, ()>::{closure#1} as core[df12db4294e9bfd3]::ops::function::FnOnce<()>>::call_once::{shim:vtable#0}
[INFO] [stdout]   16:     0x56385e091619 - <std[70759c8f55707aa4]::sys::thread::unix::Thread>::new::thread_start
[INFO] [stdout]   17:     0x75ae39afbdfa - <unknown>
[INFO] [stdout]   18:     0x75ae39b8f3d4 - clone
[INFO] [stdout]   19:                0x0 - <unknown>
[INFO] [stdout] 
[INFO] [stdout] ---- l3_3_c_ffi_binding stdout ----
[INFO] [stdout] 
[INFO] [stdout] thread 'l3_3_c_ffi_binding' (1069) panicked at tests/cross_language_xcdr2.rs:113:5:
[INFO] [stdout] c-ffi V-1..V-12 must pass
[INFO] [stdout] stack backtrace:
[INFO] [stdout]    0:     0x56385e091d41 - <<std[70759c8f55707aa4]::sys::backtrace::BacktraceLock>::print::DisplayBacktrace as core[df12db4294e9bfd3]::fmt::Display>::fmt
[INFO] [stdout]    1:     0x56385e0a5f1a - core[df12db4294e9bfd3]::fmt::write
[INFO] [stdout]    2:     0x56385e0961dc - <alloc[2182bb758b4b3781]::vec::Vec<u8> as core[df12db4294e9bfd3]::io::write::Write>::write_fmt
[INFO] [stdout]    3:     0x56385e06ddc6 - std[70759c8f55707aa4]::panicking::default_hook::{closure#0}
[INFO] [stdout]    4:     0x56385e08a4a9 - std[70759c8f55707aa4]::panicking::default_hook
[INFO] [stdout]    5:     0x56385e026370 - test[9d35eded1c95d3be]::test_main_inner::<test[9d35eded1c95d3be]::test_main_static::{closure#0}>::{closure#0}
[INFO] [stdout]    6:     0x56385e08a662 - std[70759c8f55707aa4]::panicking::panic_with_hook
[INFO] [stdout]    7:     0x56385e06dea4 - std[70759c8f55707aa4]::panicking::panic_handler::{closure#0}
[INFO] [stdout]    8:     0x56385e066bf9 - std[70759c8f55707aa4]::sys::backtrace::__rust_end_short_backtrace::<std[70759c8f55707aa4]::panicking::panic_handler::{closure#0}, !>
[INFO] [stdout]    9:     0x56385e06ea6d - __rustc[8fa7c3cbc660c2b3]::rust_begin_unwind
[INFO] [stdout]   10:     0x56385e0a664c - core[df12db4294e9bfd3]::panicking::panic_fmt
[INFO] [stdout]   11:     0x56385e018d02 - <cross_language_xcdr2[9bfa36920babb8a9]::l3_3_c_ffi_binding::{closure#0} as core[df12db4294e9bfd3]::ops::function::FnOnce<()>>::call_once
[INFO] [stdout]   12:     0x56385e01965b - test[9d35eded1c95d3be]::__rust_begin_short_backtrace::<core[df12db4294e9bfd3]::result::Result<(), alloc[2182bb758b4b3781]::string::String>, fn() -> core[df12db4294e9bfd3]::result::Result<(), alloc[2182bb758b4b3781]::string::String>>
[INFO] [stdout]   13:     0x56385e026cc5 - test[9d35eded1c95d3be]::run_test::{closure#0}
[INFO] [stdout]   14:     0x56385e020584 - std[70759c8f55707aa4]::sys::backtrace::__rust_begin_short_backtrace::<test[9d35eded1c95d3be]::run_test::{closure#1}, ()>
[INFO] [stdout]   15:     0x56385e029e22 - <std[70759c8f55707aa4]::thread::lifecycle::spawn_unchecked<test[9d35eded1c95d3be]::run_test::{closure#1}, ()>::{closure#1} as core[df12db4294e9bfd3]::ops::function::FnOnce<()>>::call_once::{shim:vtable#0}
[INFO] [stdout]   16:     0x56385e091619 - <std[70759c8f55707aa4]::sys::thread::unix::Thread>::new::thread_start
[INFO] [stdout]   17:     0x75ae39afbdfa - <unknown>
[INFO] [stdout]   18:     0x75ae39b8f3d4 - clone
[INFO] [stdout]   19:                0x0 - <unknown>
[INFO] [stdout] 
[INFO] [stdout] ---- l3_1_rust_reference_encoder stdout ----
[INFO] [stdout] 
[INFO] [stdout] thread 'l3_1_rust_reference_encoder' (1067) panicked at tests/cross_language_xcdr2.rs:67:5:
[INFO] [stdout] rust V-1..V-12 must pass
[INFO] [stdout] stack backtrace:
[INFO] [stdout]    0:     0x56385e091d41 - <<std[70759c8f55707aa4]::sys::backtrace::BacktraceLock>::print::DisplayBacktrace as core[df12db4294e9bfd3]::fmt::Display>::fmt
[INFO] [stdout]    1:     0x56385e0a5f1a - core[df12db4294e9bfd3]::fmt::write
[INFO] [stdout]    2:     0x56385e0961dc - <alloc[2182bb758b4b3781]::vec::Vec<u8> as core[df12db4294e9bfd3]::io::write::Write>::write_fmt
[INFO] [stdout]    3:     0x56385e06ddc6 - std[70759c8f55707aa4]::panicking::default_hook::{closure#0}
[INFO] [stdout]    4:     0x56385e08a4a9 - std[70759c8f55707aa4]::panicking::default_hook
[INFO] [stdout]    5:     0x56385e026370 - test[9d35eded1c95d3be]::test_main_inner::<test[9d35eded1c95d3be]::test_main_static::{closure#0}>::{closure#0}
[INFO] [stdout]    6:     0x56385e08a662 - std[70759c8f55707aa4]::panicking::panic_with_hook
[INFO] [stdout]    7:     0x56385e06dea4 - std[70759c8f55707aa4]::panicking::panic_handler::{closure#0}
[INFO] [stdout]    8:     0x56385e066bf9 - std[70759c8f55707aa4]::sys::backtrace::__rust_end_short_backtrace::<std[70759c8f55707aa4]::panicking::panic_handler::{closure#0}, !>
[INFO] [stdout]    9:     0x56385e06ea6d - __rustc[8fa7c3cbc660c2b3]::rust_begin_unwind
[INFO] [stdout]   10:     0x56385e0a664c - core[df12db4294e9bfd3]::panicking::panic_fmt
[INFO] [stdout]   11:     0x56385e01947b - <cross_language_xcdr2[9bfa36920babb8a9]::l3_1_rust_reference_encoder::{closure#0} as core[df12db4294e9bfd3]::ops::function::FnOnce<()>>::call_once
[INFO] [stdout]   12:     0x56385e01965b - test[9d35eded1c95d3be]::__rust_begin_short_backtrace::<core[df12db4294e9bfd3]::result::Result<(), alloc[2182bb758b4b3781]::string::String>, fn() -> core[df12db4294e9bfd3]::result::Result<(), alloc[2182bb758b4b3781]::string::String>>
[INFO] [stdout]   13:     0x56385e026cc5 - test[9d35eded1c95d3be]::run_test::{closure#0}
[INFO] [stdout]   14:     0x56385e020584 - std[70759c8f55707aa4]::sys::backtrace::__rust_begin_short_backtrace::<test[9d35eded1c95d3be]::run_test::{closure#1}, ()>
[INFO] [stdout]   15:     0x56385e029e22 - <std[70759c8f55707aa4]::thread::lifecycle::spawn_unchecked<test[9d35eded1c95d3be]::run_test::{closure#1}, ()>::{closure#1} as core[df12db4294e9bfd3]::ops::function::FnOnce<()>>::call_once::{shim:vtable#0}
[INFO] [stdout]   16:     0x56385e091619 - <std[70759c8f55707aa4]::sys::thread::unix::Thread>::new::thread_start
[INFO] [stdout]   17:     0x75ae39afbdfa - <unknown>
[INFO] [stdout]   18:     0x75ae39b8f3d4 - clone
[INFO] [stdout]   19:                0x0 - <unknown>
[INFO] [stdout] 
[INFO] [stdout] 
[INFO] [stdout] failures:
[INFO] [stdout]     l3_0_cross_language_equivalence_documented
[INFO] [stdout]     l3_1_rust_reference_encoder
[INFO] [stdout]     l3_2_cpp_binding
[INFO] [stdout]     l3_3_c_ffi_binding
[INFO] [stdout] 
[INFO] [stdout] test result: FAILED. 3 passed; 4 failed; 0 ignored; 0 measured; 0 filtered out; finished in 0.06s
[INFO] [stdout] 
[INFO] [stderr] error: test failed, to rerun pass `--test cross_language_xcdr2`
[INFO] running `Command { std: "docker" "inspect" "cd97d03c383e3cc9a51ff0cfc86b42ba3129edf8cdf3d9f8057b482ed92cdf03", kill_on_drop: false }`
[INFO] running `Command { std: "docker" "rm" "-f" "cd97d03c383e3cc9a51ff0cfc86b42ba3129edf8cdf3d9f8057b482ed92cdf03", kill_on_drop: false }`
[INFO] [stdout] cd97d03c383e3cc9a51ff0cfc86b42ba3129edf8cdf3d9f8057b482ed92cdf03
