[INFO] fetching crate zerodds-coap-bridge 1.0.0-rc.6...
[INFO] testing zerodds-coap-bridge-1.0.0-rc.6 against 1.99.0-beta.8+cargoflags=--release for beta-release-1.100-2
[INFO] extracting crate zerodds-coap-bridge 1.0.0-rc.6 into /workspace/builds/worker-1-tc1/source
[INFO] started tweaking crates.io crate zerodds-coap-bridge 1.0.0-rc.6
[INFO] removed 0 missing tests
[INFO] finished tweaking crates.io crate zerodds-coap-bridge 1.0.0-rc.6
[INFO] tweaked toml for crates.io crate zerodds-coap-bridge 1.0.0-rc.6 written to /workspace/builds/worker-1-tc1/source/Cargo.toml
[INFO] validating manifest of crates.io crate zerodds-coap-bridge 1.0.0-rc.6 on toolchain 1.99.0-beta.8
[INFO] running `Command { std: CARGO_HOME="/workspace/cargo-home" RUSTUP_HOME="/workspace/rustup-home" "/workspace/cargo-home/bin/cargo" "+1.99.0-beta.8" "metadata" "--manifest-path" "Cargo.toml" "--no-deps", kill_on_drop: false }`
[INFO] crate crates.io crate zerodds-coap-bridge 1.0.0-rc.6 already has a lockfile, it will not be regenerated
[INFO] running `Command { std: CARGO_HOME="/workspace/cargo-home" RUSTUP_HOME="/workspace/rustup-home" "/workspace/cargo-home/bin/cargo" "+1.99.0-beta.8" "fetch" "--manifest-path" "Cargo.toml", kill_on_drop: false }`
[INFO] [stderr]     Blocking waiting for file lock on package cache
[INFO] [stderr]     Updating crates.io index
[INFO] [stderr]     Blocking waiting for file lock on package cache
[INFO] [stderr]  Downloading crates ...
[INFO] [stderr]   Downloaded oid-registry v0.7.1
[INFO] [stderr]   Downloaded x509-parser v0.16.0
[INFO] [stderr]   Downloaded asn1-rs-derive v0.5.1
[INFO] [stderr]   Downloaded webrtc-util v0.11.0
[INFO] [stderr]   Downloaded asn1-rs v0.6.2
[INFO] [stderr]   Downloaded der-parser v9.0.0
[INFO] [stderr]   Downloaded webrtc-dtls v0.12.0
[INFO] [stderr]   Downloaded ccm v0.5.0
[INFO] running `Command { std: "docker" "create" "-v" "/var/lib/crater-agent-workspace/builds/worker-1-tc1/source:/opt/rustwide/workdir:ro,Z" "-v" "/var/lib/crater-agent-workspace/builds/worker-1-tc1/target:/opt/rustwide/target:rw,Z" "-v" "/var/lib/crater-agent-workspace/cargo-home:/opt/rustwide/cargo-home:ro,Z" "-v" "/var/lib/crater-agent-workspace/rustup-home:/opt/rustwide/rustup-home:ro,Z" "-m" "1610612736" "--network" "none" "ghcr.io/rust-lang/crates-build-env/linux@sha256:77db811e55d90add9212f6832c23229e3de5f1c1f9905e8cb07319ea15df73ac" "sleep" "infinity", kill_on_drop: false }`
[INFO] [stdout] eb41ec462a78180b30556d1eee69a3408023dca24d3718f2600688cd14f63fc3
[INFO] running `Command { std: "docker" "start" "eb41ec462a78180b30556d1eee69a3408023dca24d3718f2600688cd14f63fc3", kill_on_drop: false }`
[INFO] running `Command { std: "docker" "inspect" "eb41ec462a78180b30556d1eee69a3408023dca24d3718f2600688cd14f63fc3", kill_on_drop: false }`
[INFO] running `Command { std: "docker" "exec" "-e" "SOURCE_DIR=/opt/rustwide/workdir" "-e" "CARGO_HOME=/opt/rustwide/cargo-home" "-e" "RUSTUP_HOME=/opt/rustwide/rustup-home" "-e" "CARGO_TARGET_DIR=/opt/rustwide/target" "-w" "/opt/rustwide/workdir" "--user" "0:0" "eb41ec462a78180b30556d1eee69a3408023dca24d3718f2600688cd14f63fc3" "/opt/rustwide/cargo-home/bin/cargo" "+1.99.0-beta.8" "metadata" "--no-deps" "--format-version=1", kill_on_drop: false }`
[INFO] running `Command { std: "docker" "inspect" "eb41ec462a78180b30556d1eee69a3408023dca24d3718f2600688cd14f63fc3", kill_on_drop: false }`
[INFO] running `Command { std: "docker" "exec" "-e" "SOURCE_DIR=/opt/rustwide/workdir" "-e" "CARGO_HOME=/opt/rustwide/cargo-home" "-e" "RUSTUP_HOME=/opt/rustwide/rustup-home" "-e" "CARGO_TARGET_DIR=/opt/rustwide/target" "-e" "CARGO_INCREMENTAL=0" "-e" "RUST_BACKTRACE=full" "-e" "RUSTFLAGS=--cap-lints=warn" "-e" "RUSTDOCFLAGS=--cap-lints=warn" "-w" "/opt/rustwide/workdir" "--user" "0:0" "eb41ec462a78180b30556d1eee69a3408023dca24d3718f2600688cd14f63fc3" "/opt/rustwide/cargo-home/bin/cargo" "+1.99.0-beta.8" "build" "--frozen" "--message-format=json" "--release", kill_on_drop: false }`
[INFO] [stderr]    Compiling zerodds-foundation v1.0.0-rc.6
[INFO] [stderr]    Compiling portable-atomic v1.13.1
[INFO] [stderr]    Compiling rustls v0.23.40
[INFO] [stderr]    Compiling socket2 v0.5.10
[INFO] [stderr]    Compiling zerodds-security v1.0.0-rc.6
[INFO] [stderr]    Compiling cc v1.2.60
[INFO] [stderr]    Compiling signal-hook v0.3.18
[INFO] [stderr]    Compiling zerodds-sql-filter v1.0.0-rc.6
[INFO] [stderr]    Compiling zerodds-cdr v1.0.0-rc.6
[INFO] [stderr]    Compiling zerodds-monitor v1.0.0-rc.6
[INFO] [stderr]    Compiling zerodds-observability-otlp v1.0.0-rc.6
[INFO] [stderr]    Compiling zerodds-types v1.0.0-rc.6
[INFO] [stderr]    Compiling zerodds-qos v1.0.0-rc.6
[INFO] [stderr]    Compiling ring v0.17.14
[INFO] [stderr]    Compiling zerodds-rtps v1.0.0-rc.6
[INFO] [stderr]    Compiling zerodds-transport v1.0.0-rc.6
[INFO] [stderr]    Compiling zerodds-discovery v1.0.0-rc.6
[INFO] [stderr]    Compiling zerodds-transport-tcp v1.0.0-rc.6
[INFO] [stderr]    Compiling zerodds-transport-udp v1.0.0-rc.6
[INFO] [stderr]    Compiling zerodds-dcps v1.0.0-rc.6
[INFO] [stderr]    Compiling rustls-webpki v0.103.13
[INFO] [stderr]    Compiling zerodds-bridge-security v1.0.0-rc.6
[INFO] [stderr]    Compiling zerodds-coap-bridge v1.0.0-rc.6 (/opt/rustwide/workdir)
[INFO] [stderr]     Finished `release` profile [optimized] target(s) in 55.05s
[INFO] running `Command { std: "docker" "inspect" "eb41ec462a78180b30556d1eee69a3408023dca24d3718f2600688cd14f63fc3", kill_on_drop: false }`
[INFO] running `Command { std: "docker" "exec" "-e" "SOURCE_DIR=/opt/rustwide/workdir" "-e" "CARGO_HOME=/opt/rustwide/cargo-home" "-e" "RUSTUP_HOME=/opt/rustwide/rustup-home" "-e" "CARGO_TARGET_DIR=/opt/rustwide/target" "-e" "CARGO_INCREMENTAL=0" "-e" "RUST_BACKTRACE=full" "-e" "RUSTFLAGS=--cap-lints=warn" "-e" "RUSTDOCFLAGS=--cap-lints=warn" "-w" "/opt/rustwide/workdir" "--user" "0:0" "eb41ec462a78180b30556d1eee69a3408023dca24d3718f2600688cd14f63fc3" "/opt/rustwide/cargo-home/bin/cargo" "+1.99.0-beta.8" "test" "--frozen" "--no-run" "--message-format=json" "--release", kill_on_drop: false }`
[INFO] [stderr]    Compiling mio v1.2.0
[INFO] [stderr]    Compiling tokio-macros v2.7.0
[INFO] [stderr]    Compiling tokio v1.52.1
[INFO] [stderr]    Compiling zerodds-coap-bridge v1.0.0-rc.6 (/opt/rustwide/workdir)
[INFO] [stderr]     Finished `release` profile [optimized] target(s) in 12.91s
[INFO] running `Command { std: "docker" "inspect" "eb41ec462a78180b30556d1eee69a3408023dca24d3718f2600688cd14f63fc3", kill_on_drop: false }`
[INFO] running `Command { std: "docker" "exec" "-e" "SOURCE_DIR=/opt/rustwide/workdir" "-e" "CARGO_HOME=/opt/rustwide/cargo-home" "-e" "RUSTUP_HOME=/opt/rustwide/rustup-home" "-e" "CARGO_TARGET_DIR=/opt/rustwide/target" "-e" "CARGO_INCREMENTAL=0" "-e" "RUST_BACKTRACE=full" "-e" "RUSTFLAGS=--cap-lints=warn" "-e" "RUSTDOCFLAGS=--cap-lints=warn" "-w" "/opt/rustwide/workdir" "--user" "0:0" "eb41ec462a78180b30556d1eee69a3408023dca24d3718f2600688cd14f63fc3" "/opt/rustwide/cargo-home/bin/cargo" "+1.99.0-beta.8" "test" "--frozen" "--release", kill_on_drop: false }`
[INFO] [stderr]     Finished `release` profile [optimized] target(s) in 0.08s
[INFO] [stderr]      Running unittests src/lib.rs (/opt/rustwide/target/release/deps/zerodds_coap_bridge-e266370a74171264)
[INFO] [stdout] 
[INFO] [stdout] running 179 tests
[INFO] [stdout] test bridge::tests::bridge_apply_write_then_read_round_trip ... ok
[INFO] [stdout] test bridge::tests::bridge_discover_lists_keys ... ok
[INFO] [stdout] test blockwise::tests::final_block_can_be_smaller ... ok
[INFO] [stdout] test blockwise::tests::decode_rejects_bad_length ... ok
[INFO] [stdout] test blockwise::tests::szx_7_rejected ... ok
[INFO] [stdout] test blockwise::tests::block_size_matches_spec_szx_table ... ok
[INFO] [stdout] test blockwise::tests::intermediate_block_size_must_match ... ok
[INFO] [stdout] test blockwise::tests::round_trip_small_block_value ... ok
[INFO] [stdout] test blockwise::tests::round_trip_large_block_value ... ok
[INFO] [stdout] test blockwise::tests::num_too_large_rejected ... ok
[INFO] [stdout] test blockwise::tests::reassembler_combines_blocks_in_order ... ok
[INFO] [stdout] test bridge::tests::map_method_get_with_key_is_read ... ok
[INFO] [stdout] test bridge::tests::map_method_delete_is_dispose ... ok
[INFO] [stdout] test bridge::tests::parses_topic_with_key ... ok
[INFO] [stdout] test bridge::tests::map_method_get_observe_deregister ... ok
[INFO] [stdout] test bridge::tests::bridge_dispose_removes_sample ... ok
[INFO] [stdout] test bridge::tests::map_method_get_observe_register ... ok
[INFO] [stdout] test bridge::tests::map_method_get_topic_is_discover ... ok
[INFO] [stdout] test bridge::tests::map_method_post_is_write ... ok
[INFO] [stdout] test caching_proxy::tests::http_200_maps_to_coap_2_05 ... ok
[INFO] [stdout] test bridge::tests::map_method_put_is_update ... ok
[INFO] [stdout] test bridge::tests::parses_topic_only ... ok
[INFO] [stdout] test caching_proxy::tests::http_500_maps_to_coap_5_00 ... ok
[INFO] [stdout] test blockwise::tests::out_of_order_block_rejected ... ok
[INFO] [stdout] test caching_proxy::tests::coap_method_round_trip ... ok
[INFO] [stdout] test bridge::tests::bridge_observe_deregister_decrements ... ok
[INFO] [stdout] test caching_proxy::tests::coap_to_http_round_trip ... ok
[INFO] [stdout] test caching_proxy::tests::http_404_maps_to_coap_4_04 ... ok
[INFO] [stdout] test bridge::tests::rejects_non_dds_path ... ok
[INFO] [stdout] test caching_proxy::tests::cap_evicts_oldest ... ok
[INFO] [stdout] test caching_proxy::tests::http_unknown_method_returns_none ... ok
[INFO] [stdout] test caching_proxy::tests::http_unknown_returns_none ... ok
[INFO] [stdout] test caching_proxy::tests::proxy_config_default_is_forward_coap_to_coap ... ok
[INFO] [stdout] test codec::tests::empty_message_round_trip ... ok
[INFO] [stdout] test caching_proxy::tests::http_get_maps_to_coap_1 ... ok
[INFO] [stdout] test codec::tests::full_observe_request_encode_decode_round_trip ... ok
[INFO] [stdout] test bridge::tests::bridge_observe_register_increments_observer_count ... ok
[INFO] [stdout] test caching_proxy::tests::empty_cache_returns_miss ... ok
[INFO] [stdout] test codec::tests::encodes_minimum_get_request_to_4_byte_header ... ok
[INFO] [stdout] test codec::tests::option_delta_extended_13_uses_one_extra_byte ... ok
[INFO] [stdout] test caching_proxy::tests::store_then_fresh_lookup ... ok
[INFO] [stdout] test codec::tests::token_length_above_8_is_rejected_on_encode ... ok
[INFO] [stdout] test codec::tests::option_delta_extended_14_uses_two_extra_bytes ... ok
[INFO] [stdout] test codec::tests::options_are_sorted_on_encode ... ok
[INFO] [stdout] test codec::tests::single_short_option_encodes_in_one_byte_header ... ok
[INFO] [stdout] test codec::tests::payload_marker_separates_options_from_payload ... ok
[INFO] [stdout] test codec::tests::encode_decode_round_trip_preserves_header_fields ... ok
[INFO] [stdout] test codec::tests::delta_encoding_sums_across_multiple_options ... ok
[INFO] [stdout] test bridge::tests::parses_hex_key ... ok
[INFO] [stdout] test codec::tests::option_length_extended_13_uses_one_extra_byte ... ok
[INFO] [stdout] test codec::tests::reserved_token_length_9_through_15_decode_fails ... ok
[INFO] [stdout] test codec::tests::header_too_short_decode_fails ... ok
[INFO] [stdout] test codec::tests::unsupported_version_decode_fails ... ok
[INFO] [stdout] test codec::tests::payload_marker_without_payload_is_format_error ... ok
[INFO] [stdout] test core_link::tests::decode_handles_numeric_attr ... ok
[INFO] [stdout] test codec::tests::token_truncated_decode_fails ... ok
[INFO] [stdout] test core_link::tests::decode_handles_quoted_string_with_comma ... ok
[INFO] [stdout] test core_link::tests::decode_rejects_uri_without_brackets ... ok
[INFO] [stdout] test core_link::tests::decode_attr_without_value_yields_empty ... ok
[INFO] [stdout] test core_link::tests::decode_round_trip_with_attrs ... ok
[INFO] [stdout] test core_link::tests::encode_escapes_inner_quotes ... ok
[INFO] [stdout] test core_link::tests::encode_simple_link_format ... ok
[INFO] [stdout] test core_link::tests::encode_multiple_links_comma_separated ... ok
[INFO] [stdout] test daemon::cli::tests::domain_parses_int ... ok
[INFO] [stdout] test daemon::cli::tests::equals_form ... ok
[INFO] [stdout] test daemon::cli::tests::bind_addr_parsed ... ok
[INFO] [stdout] test daemon::cli::tests::help_short_form ... ok
[INFO] [stdout] test daemon::config::tests::parses_minimal_config ... ok
[INFO] [stdout] test daemon::cli::tests::unknown_flag_rejected ... ok
[INFO] [stdout] test daemon::config::tests::topic_default_direction_is_bidir ... ok
[INFO] [stdout] test daemon::config::tests::slug_replaces_unsafe_chars ... ok
[INFO] [stdout] test daemon::qos_translation::tests::best_effort_yields_non ... ok
[INFO] [stdout] test daemon::qos_translation::tests::default_behavior_is_reliable_no_replay ... ok
[INFO] [stdout] test daemon::qos_translation::tests::reliable_yields_con ... ok
[INFO] [stdout] test daemon::qos_translation::tests::transient_local_keep_last_replay_depth ... ok
[INFO] [stdout] test daemon::config::tests::slug_handles_double_colon ... ok
[INFO] [stdout] test daemon::security::tests::coap_acl_subscribe_check ... ok
[INFO] [stdout] test daemon::security::tests::coap_missing_option_with_bearer_rejected ... ok
[INFO] [stdout] test daemon::security::tests::coap_no_tls_args_passes_phase_check ... ok
[INFO] [stdout] test daemon::security::tests::coap_none_auth_yields_anonymous ... ok
[INFO] [stdout] test daemon::cli::tests::empty_args_default ... ok
[INFO] [stdout] test daemon::security::tests::coap_dtls_phase_marker_blocks_tls_cli ... ok
[INFO] [stdout] test daemon::qos_translation::tests::volatile_no_replay ... ok
[INFO] [stdout] test daemon::runtime_common::tests::catalog_render_contains_topic_fields ... ok
[INFO] [stdout] test daemon::runtime_common::tests::metrics_register_idempotent ... ok
[INFO] [stdout] test daemon::security::tests::coap_bearer_in_option_accepted ... ok
[INFO] [stdout] test daemon::qos_translation::tests::deadline_infinite_no_max_age ... ok
[INFO] [stdout] test daemon::config::tests::rejects_topic_without_name ... ok
[INFO] [stdout] test daemon::qos_translation::tests::deadline_set_yields_max_age ... ok
[INFO] [stdout] test daemon::runtime_common::tests::admin_endpoint_serves_metrics ... ok
[INFO] [stdout] test daemon::server::tests::extract_observe_register ... ok
[INFO] [stdout] test daemon::server::tests::extract_uri_path_empty_when_no_options ... ok
[INFO] [stdout] test daemon::server::tests::make_response_uses_ack_for_con ... ok
[INFO] [stdout] test daemon::server::tests::render_well_known_core_format ... ok
[INFO] [stdout] test daemon::yaml::tests::parses_seq_of_maps ... ok
[INFO] [stdout] test daemon::yaml::tests::strips_comments ... ok
[INFO] [stdout] test daemon::yaml::tests::env_substitution ... ok
[INFO] [stdout] test dtls::tests::nosec_is_not_secure ... ok
[INFO] [stdout] test daemon::server::tests::extract_uri_path_joins_segments ... ok
[INFO] [stdout] test dtls::tests::validate_psk_short_key_rejected ... ok
[INFO] [stdout] test dtls::tests::validate_psk_valid ... ok
[INFO] [stdout] test daemon::yaml::tests::parses_flat_map ... ok
[INFO] [stdout] test daemon::yaml::tests::parses_nested_map ... ok
[INFO] [stdout] test dtls::tests::raw_public_key_is_secure ... ok
[INFO] [stdout] test dtls::tests::validate_certificate_empty_chain_rejected ... ok
[INFO] [stdout] test dtls::tests::validate_nosec_passes ... ok
[INFO] [stdout] test matching::tests::evict_keeps_fresh_pendings ... ok
[INFO] [stdout] test dtls::tests::validate_psk_empty_identity_rejected ... ok
[INFO] [stdout] test matching::tests::submit_above_cap_rejected ... ok
[INFO] [stdout] test message::tests::code_display_uses_dotted_format ... ok
[INFO] [stdout] test daemon::server::tests::make_response_uses_non_for_non_request ... ok
[INFO] [stdout] test matching::tests::submit_empty_token_rejected ... ok
[INFO] [stdout] test dtls::tests::certificate_is_secure ... ok
[INFO] [stdout] test dtls::tests::psk_is_secure ... ok
[INFO] [stdout] test dtls::tests::validate_certificate_no_trust_anchors_rejected ... ok
[INFO] [stdout] test message::tests::code_classification_predicates ... ok
[INFO] [stdout] test matching::tests::complete_unknown_token_returns_none ... ok
[INFO] [stdout] test message::tests::code_byte_round_trip ... ok
[INFO] [stdout] test matching::tests::submit_duplicate_token_rejected ... ok
[INFO] [stdout] test dtls::tests::validate_raw_public_key_empty_rejected ... ok
[INFO] [stdout] test matching::tests::submit_then_complete_round_trip ... ok
[INFO] [stdout] test message::tests::message_type_rejects_out_of_range ... ok
[INFO] [stdout] test method_props::tests::get_is_safe ... ok
[INFO] [stdout] test message::tests::message_type_round_trips_via_bits ... ok
[INFO] [stdout] test message::tests::new_message_defaults_version_to_1 ... ok
[INFO] [stdout] test message::tests::well_known_codes_match_spec_values ... ok
[INFO] [stdout] test method_props::tests::get_put_delete_idempotent ... ok
[INFO] [stdout] test method_props::tests::post_not_idempotent ... ok
[INFO] [stdout] test method_props::tests::method_predicate_recognizes_all_four ... ok
[INFO] [stdout] test multicast::tests::ipv4_multicast_recognizes_class_d_range ... ok
[INFO] [stdout] test multicast::tests::multicast_request_must_not_be_confirmable ... ok
[INFO] [stdout] test method_props::tests::post_put_delete_not_safe ... ok
[INFO] [stdout] test caching_proxy::tests::evict_expired_without_etag_keeps_revalidatable ... ok
[INFO] [stdout] test caching_proxy::tests::stale_with_etag_yields_validation_path ... ok
[INFO] [stdout] test multicast::tests::default_leisure_is_5_seconds ... ok
[INFO] [stdout] test caching_proxy::tests::stale_without_etag_yields_miss ... ok
[INFO] [stdout] test observe::tests::deregister_removes_specific_token ... ok
[INFO] [stdout] test observe::tests::next_seq_wraps_at_24_bits ... ok
[INFO] [stdout] test observe::tests::observers_of_unknown_returns_empty ... ok
[INFO] [stdout] test observe::tests::register_then_observers_lists_one ... ok
[INFO] [stdout] test option::tests::content_format_uses_number_12 ... ok
[INFO] [stdout] test option::tests::observe_option_uses_number_6 ... ok
[INFO] [stdout] test option::tests::option_uri_path_constructs_string_value ... ok
[INFO] [stdout] test multicast::tests::ipv6_multicast_recognizes_ff_prefix ... ok
[INFO] [stdout] test observe::tests::deregister_unknown_returns_false ... ok
[INFO] [stdout] test multicast::tests::leisure_delay_within_max ... ok
[INFO] [stdout] test observe::tests::re_register_with_same_token_updates_endpoint ... ok
[INFO] [stdout] test multicast::tests::well_known_addresses_match_spec ... ok
[INFO] [stdout] test option::tests::option_value_to_wire_bytes_matches_format ... ok
[INFO] [stdout] test multicast::tests::valid_multicast_request_passes ... ok
[INFO] [stdout] test option::tests::uint_from_bytes_decodes_minimal_form ... ok
[INFO] [stdout] test multicast::tests::leisure_delay_zero_when_leisure_is_zero ... ok
[INFO] [stdout] test multicast::tests::multicast_request_must_have_token ... ok
[INFO] [stdout] test reliability::tests::unknown_ack_returns_false ... ok
[INFO] [stdout] test option::tests::uint_from_bytes_handles_leading_zeros ... ok
[INFO] [stdout] test option::tests::uint_strips_leading_zero_bytes ... ok
[INFO] [stdout] test option::tests::uint_from_bytes_rejects_more_than_8_bytes ... ok
[INFO] [stdout] test option::tests::uint_zero_is_empty_byte_sequence ... ok
[INFO] [stdout] test observe::tests::next_seq_increments_per_observer ... ok
[INFO] [stdout] test option::tests::uint_one_is_single_byte ... ok
[INFO] [stdout] test uri::tests::default_port_returns_5684_for_coaps ... ok
[INFO] [stdout] test reliability::tests::fresh_tracker_is_empty ... ok
[INFO] [stdout] test reliability::tests::send_then_ack_clears_pending ... ok
[INFO] [stdout] test reliability::tests::exhausting_retransmits_times_out ... ok
[INFO] [stdout] test reliability::tests::rst_clears_pending ... ok
[INFO] [stdout] test reliability::tests::tick_before_timeout_does_nothing ... ok
[INFO] [stdout] test uri::tests::parses_basic_coap_uri ... ok
[INFO] [stdout] test reliability::tests::interval_doubles_per_retransmit ... ok
[INFO] [stdout] test uri::tests::rejects_unknown_scheme ... ok
[INFO] [stdout] test reliability::tests::tick_after_timeout_retransmits ... ok
[INFO] [stdout] test uri::tests::rejects_invalid_port ... ok
[INFO] [stdout] test uri::tests::parses_query_params ... ok
[INFO] [stdout] test uri::tests::rejects_fragment ... ok
[INFO] [stdout] test uri::tests::rejects_missing_host ... ok
[INFO] [stdout] test uri::tests::parses_explicit_port ... ok
[INFO] [stdout] test matching::tests::evict_expired_removes_overdue_pendings ... ok
[INFO] [stdout] test uri::tests::parses_coaps_default_port ... ok
[INFO] [stdout] test uri::tests::round_trip_path_filtering_strips_empty_segments ... ok
[INFO] [stdout] test uri::tests::parses_empty_path_when_no_slash ... ok
[INFO] [stdout] 
[INFO] [stdout] test result: ok. 179 passed; 0 failed; 0 ignored; 0 measured; 0 filtered out; finished in 0.03s
[INFO] [stdout] 
[INFO] [stderr]      Running unittests src/bin/zerodds-coap-bridged.rs (/opt/rustwide/target/release/deps/zerodds_coap_bridged-fcd25c25340dd39c)
[INFO] [stdout] 
[INFO] [stdout] running 0 tests
[INFO] [stdout] 
[INFO] [stdout] test result: ok. 0 passed; 0 failed; 0 ignored; 0 measured; 0 filtered out; finished in 0.00s
[INFO] [stdout] 
[INFO] [stderr]      Running tests/cross_vendor.rs (/opt/rustwide/target/release/deps/cross_vendor-4e8ef976b4fdd560)
[INFO] [stdout] 
[INFO] [stdout] running 0 tests
[INFO] [stdout] 
[INFO] [stdout] test result: ok. 0 passed; 0 failed; 0 ignored; 0 measured; 0 filtered out; finished in 0.00s
[INFO] [stdout] 
[INFO] [stderr]      Running tests/daemon_dtls_e2e.rs (/opt/rustwide/target/release/deps/daemon_dtls_e2e-a1a5ed65057ef50a)
[INFO] [stdout] 
[INFO] [stdout] running 0 tests
[INFO] [stdout] 
[INFO] [stdout] test result: ok. 0 passed; 0 failed; 0 ignored; 0 measured; 0 filtered out; finished in 0.00s
[INFO] [stdout] 
[INFO] [stderr]      Running tests/daemon_e2e.rs (/opt/rustwide/target/release/deps/daemon_e2e-ef128637e824186a)
[INFO] [stdout] 
[INFO] [stdout] running 7 tests
[INFO] [stdout] test dtls_enabled_fails_closed_never_serves_plaintext ... ok
[INFO] [stdout] test unknown_path_returns_bad_request ... FAILED
[INFO] [stdout] test block1_chunked_post_completes_with_2_04_changed ... FAILED
[INFO] [stdout] test block1_out_of_order_returns_2_31_continue_only_in_order ... FAILED
[INFO] [stdout] test observe_register_returns_initial_content_with_observe_option ... FAILED
[INFO] [stdout] test well_known_core_returns_link_format_catalog ... FAILED
[INFO] [stdout] test post_to_configured_path_returns_2_04_changed ... FAILED
[INFO] [stdout] 
[INFO] [stdout] failures:
[INFO] [stdout] 
[INFO] [stdout] ---- unknown_path_returns_bad_request stdout ----
[INFO] [stdout] [zerodds-coap-bridged] starting bind=127.0.0.1:0 domain=99 topics=1
[INFO] [stdout] [zerodds-coap-bridged] auth-mode=none acl-entries=0 dtls=off
[INFO] [stdout] [zerodds-coap-bridged] bound on 127.0.0.1:56673
[INFO] [stdout] 
[INFO] [stdout] thread 'unknown_path_returns_bad_request' (1383) panicked at tests/daemon_e2e.rs:156:41:
[INFO] [stdout] daemon start: Dds("TransportError { label: \"spdp multicast bind\" }")
[INFO] [stdout] stack backtrace:
[INFO] [stdout]    0:     0x5e4e04cf5d01 - <<std[70759c8f55707aa4]::sys::backtrace::BacktraceLock>::print::DisplayBacktrace as core[df12db4294e9bfd3]::fmt::Display>::fmt
[INFO] [stdout]    1:     0x5e4e04d0c47a - core[df12db4294e9bfd3]::fmt::write
[INFO] [stdout]    2:     0x5e4e04cfa79c - <alloc[2182bb758b4b3781]::vec::Vec<u8> as core[df12db4294e9bfd3]::io::write::Write>::write_fmt
[INFO] [stdout]    3:     0x5e4e04ccfcc6 - std[70759c8f55707aa4]::panicking::default_hook::{closure#0}
[INFO] [stdout]    4:     0x5e4e04ced4e9 - std[70759c8f55707aa4]::panicking::default_hook
[INFO] [stdout]    5:     0x5e4e04aae640 - test[9d35eded1c95d3be]::test_main_inner::<test[9d35eded1c95d3be]::test_main_static::{closure#0}>::{closure#0}
[INFO] [stdout]    6:     0x5e4e04ced6a2 - std[70759c8f55707aa4]::panicking::panic_with_hook
[INFO] [stdout]    7:     0x5e4e04ccfd72 - std[70759c8f55707aa4]::panicking::panic_handler::{closure#0}
[INFO] [stdout]    8:     0x5e4e04cc8a49 - std[70759c8f55707aa4]::sys::backtrace::__rust_end_short_backtrace::<std[70759c8f55707aa4]::panicking::panic_handler::{closure#0}, !>
[INFO] [stdout]    9:     0x5e4e04cd0b5d - __rustc[8fa7c3cbc660c2b3]::rust_begin_unwind
[INFO] [stdout]   10:     0x5e4e04d0cbac - core[df12db4294e9bfd3]::panicking::panic_fmt
[INFO] [stdout]   11:     0x5e4e04d0c982 - core[df12db4294e9bfd3]::result::unwrap_failed
[INFO] [stdout]   12:     0x5e4e04a9f6cb - <daemon_e2e[23402b6598f85822]::unknown_path_returns_bad_request::{closure#0} as core[df12db4294e9bfd3]::ops::function::FnOnce<()>>::call_once
[INFO] [stdout]   13:     0x5e4e04aa192b - test[9d35eded1c95d3be]::__rust_begin_short_backtrace::<core[df12db4294e9bfd3]::result::Result<(), alloc[2182bb758b4b3781]::string::String>, fn() -> core[df12db4294e9bfd3]::result::Result<(), alloc[2182bb758b4b3781]::string::String>>
[INFO] [stdout]   14:     0x5e4e04aaef95 - test[9d35eded1c95d3be]::run_test::{closure#0}
[INFO] [stdout]   15:     0x5e4e04aa8854 - std[70759c8f55707aa4]::sys::backtrace::__rust_begin_short_backtrace::<test[9d35eded1c95d3be]::run_test::{closure#1}, ()>
[INFO] [stdout]   16:     0x5e4e04ab20f2 - <std[70759c8f55707aa4]::thread::lifecycle::spawn_unchecked<test[9d35eded1c95d3be]::run_test::{closure#1}, ()>::{closure#1} as core[df12db4294e9bfd3]::ops::function::FnOnce<()>>::call_once::{shim:vtable#0}
[INFO] [stdout]   17:     0x5e4e04cf47b9 - <std[70759c8f55707aa4]::sys::thread::unix::Thread>::new::thread_start
[INFO] [stdout]   18:     0x7666c65d5dfa - <unknown>
[INFO] [stdout]   19:     0x7666c66693d4 - clone
[INFO] [stdout]   20:                0x0 - <unknown>
[INFO] [stdout] 
[INFO] [stdout] ---- block1_chunked_post_completes_with_2_04_changed stdout ----
[INFO] [stdout] [zerodds-coap-bridged] starting bind=127.0.0.1:0 domain=99 topics=1
[INFO] [stdout] [zerodds-coap-bridged] auth-mode=none acl-entries=0 dtls=off
[INFO] [stdout] [zerodds-coap-bridged] bound on 127.0.0.1:33261
[INFO] [stdout] 
[INFO] [stdout] thread 'block1_chunked_post_completes_with_2_04_changed' (1378) panicked at tests/daemon_e2e.rs:187:41:
[INFO] [stdout] daemon start: Dds("TransportError { label: \"spdp multicast bind\" }")
[INFO] [stdout] stack backtrace:
[INFO] [stdout]    0:     0x5e4e04cf5d01 - <<std[70759c8f55707aa4]::sys::backtrace::BacktraceLock>::print::DisplayBacktrace as core[df12db4294e9bfd3]::fmt::Display>::fmt
[INFO] [stdout]    1:     0x5e4e04d0c47a - core[df12db4294e9bfd3]::fmt::write
[INFO] [stdout]    2:     0x5e4e04cfa79c - <alloc[2182bb758b4b3781]::vec::Vec<u8> as core[df12db4294e9bfd3]::io::write::Write>::write_fmt
[INFO] [stdout]    3:     0x5e4e04ccfcc6 - std[70759c8f55707aa4]::panicking::default_hook::{closure#0}
[INFO] [stderr] error: test failed, to rerun pass `--test daemon_e2e`
[INFO] [stdout]    4:     0x5e4e04ced4e9 - std[70759c8f55707aa4]::panicking::default_hook
[INFO] [stdout]    5:     0x5e4e04aae640 - test[9d35eded1c95d3be]::test_main_inner::<test[9d35eded1c95d3be]::test_main_static::{closure#0}>::{closure#0}
[INFO] [stdout]    6:     0x5e4e04ced6a2 - std[70759c8f55707aa4]::panicking::panic_with_hook
[INFO] [stdout]    7:     0x5e4e04ccfd72 - std[70759c8f55707aa4]::panicking::panic_handler::{closure#0}
[INFO] [stdout]    8:     0x5e4e04cc8a49 - std[70759c8f55707aa4]::sys::backtrace::__rust_end_short_backtrace::<std[70759c8f55707aa4]::panicking::panic_handler::{closure#0}, !>
[INFO] [stdout]    9:     0x5e4e04cd0b5d - __rustc[8fa7c3cbc660c2b3]::rust_begin_unwind
[INFO] [stdout]   10:     0x5e4e04d0cbac - core[df12db4294e9bfd3]::panicking::panic_fmt
[INFO] [stdout]   11:     0x5e4e04d0c982 - core[df12db4294e9bfd3]::result::unwrap_failed
[INFO] [stdout]   12:     0x5e4e04aa0ad0 - <daemon_e2e[23402b6598f85822]::block1_chunked_post_completes_with_2_04_changed::{closure#0} as core[df12db4294e9bfd3]::ops::function::FnOnce<()>>::call_once
[INFO] [stdout]   13:     0x5e4e04aa192b - test[9d35eded1c95d3be]::__rust_begin_short_backtrace::<core[df12db4294e9bfd3]::result::Result<(), alloc[2182bb758b4b3781]::string::String>, fn() -> core[df12db4294e9bfd3]::result::Result<(), alloc[2182bb758b4b3781]::string::String>>
[INFO] [stdout]   14:     0x5e4e04aaef95 - test[9d35eded1c95d3be]::run_test::{closure#0}
[INFO] [stdout]   15:     0x5e4e04aa8854 - std[70759c8f55707aa4]::sys::backtrace::__rust_begin_short_backtrace::<test[9d35eded1c95d3be]::run_test::{closure#1}, ()>
[INFO] [stdout]   16:     0x5e4e04ab20f2 - <std[70759c8f55707aa4]::thread::lifecycle::spawn_unchecked<test[9d35eded1c95d3be]::run_test::{closure#1}, ()>::{closure#1} as core[df12db4294e9bfd3]::ops::function::FnOnce<()>>::call_once::{shim:vtable#0}
[INFO] [stdout]   17:     0x5e4e04cf47b9 - <std[70759c8f55707aa4]::sys::thread::unix::Thread>::new::thread_start
[INFO] [stdout]   18:     0x7666c65d5dfa - <unknown>
[INFO] [stdout]   19:     0x7666c66693d4 - clone
[INFO] [stdout]   20:                0x0 - <unknown>
[INFO] [stdout] 
[INFO] [stdout] ---- block1_out_of_order_returns_2_31_continue_only_in_order stdout ----
[INFO] [stdout] [zerodds-coap-bridged] starting bind=127.0.0.1:0 domain=99 topics=1
[INFO] [stdout] [zerodds-coap-bridged] auth-mode=none acl-entries=0 dtls=off
[INFO] [stdout] [zerodds-coap-bridged] bound on 127.0.0.1:44268
[INFO] [stdout] 
[INFO] [stdout] thread 'block1_out_of_order_returns_2_31_continue_only_in_order' (1379) panicked at tests/daemon_e2e.rs:242:41:
[INFO] [stdout] daemon start: Dds("TransportError { label: \"spdp multicast bind\" }")
[INFO] [stdout] stack backtrace:
[INFO] [stdout]    0:     0x5e4e04cf5d01 - <<std[70759c8f55707aa4]::sys::backtrace::BacktraceLock>::print::DisplayBacktrace as core[df12db4294e9bfd3]::fmt::Display>::fmt
[INFO] [stdout]    1:     0x5e4e04d0c47a - core[df12db4294e9bfd3]::fmt::write
[INFO] [stdout]    2:     0x5e4e04cfa79c - <alloc[2182bb758b4b3781]::vec::Vec<u8> as core[df12db4294e9bfd3]::io::write::Write>::write_fmt
[INFO] [stdout]    3:     0x5e4e04ccfcc6 - std[70759c8f55707aa4]::panicking::default_hook::{closure#0}
[INFO] [stdout]    4:     0x5e4e04ced4e9 - std[70759c8f55707aa4]::panicking::default_hook
[INFO] [stdout]    5:     0x5e4e04aae640 - test[9d35eded1c95d3be]::test_main_inner::<test[9d35eded1c95d3be]::test_main_static::{closure#0}>::{closure#0}
[INFO] [stdout]    6:     0x5e4e04ced6a2 - std[70759c8f55707aa4]::panicking::panic_with_hook
[INFO] [stdout]    7:     0x5e4e04ccfd72 - std[70759c8f55707aa4]::panicking::panic_handler::{closure#0}
[INFO] [stdout]    8:     0x5e4e04cc8a49 - std[70759c8f55707aa4]::sys::backtrace::__rust_end_short_backtrace::<std[70759c8f55707aa4]::panicking::panic_handler::{closure#0}, !>
[INFO] [stdout]    9:     0x5e4e04cd0b5d - __rustc[8fa7c3cbc660c2b3]::rust_begin_unwind
[INFO] [stdout]   10:     0x5e4e04d0cbac - core[df12db4294e9bfd3]::panicking::panic_fmt
[INFO] [stdout]   11:     0x5e4e04d0c982 - core[df12db4294e9bfd3]::result::unwrap_failed
[INFO] [stdout]   12:     0x5e4e04aa124a - <daemon_e2e[23402b6598f85822]::block1_out_of_order_returns_2_31_continue_only_in_order::{closure#0} as core[df12db4294e9bfd3]::ops::function::FnOnce<()>>::call_once
[INFO] [stdout]   13:     0x5e4e04aa192b - test[9d35eded1c95d3be]::__rust_begin_short_backtrace::<core[df12db4294e9bfd3]::result::Result<(), alloc[2182bb758b4b3781]::string::String>, fn() -> core[df12db4294e9bfd3]::result::Result<(), alloc[2182bb758b4b3781]::string::String>>
[INFO] [stdout]   14:     0x5e4e04aaef95 - test[9d35eded1c95d3be]::run_test::{closure#0}
[INFO] [stdout]   15:     0x5e4e04aa8854 - std[70759c8f55707aa4]::sys::backtrace::__rust_begin_short_backtrace::<test[9d35eded1c95d3be]::run_test::{closure#1}, ()>
[INFO] [stdout]   16:     0x5e4e04ab20f2 - <std[70759c8f55707aa4]::thread::lifecycle::spawn_unchecked<test[9d35eded1c95d3be]::run_test::{closure#1}, ()>::{closure#1} as core[df12db4294e9bfd3]::ops::function::FnOnce<()>>::call_once::{shim:vtable#0}
[INFO] [stdout]   17:     0x5e4e04cf47b9 - <std[70759c8f55707aa4]::sys::thread::unix::Thread>::new::thread_start
[INFO] [stdout]   18:     0x7666c65d5dfa - <unknown>
[INFO] [stdout]   19:     0x7666c66693d4 - clone
[INFO] [stdout]   20:                0x0 - <unknown>
[INFO] [stdout] 
[INFO] [stdout] ---- observe_register_returns_initial_content_with_observe_option stdout ----
[INFO] [stdout] [zerodds-coap-bridged] starting bind=127.0.0.1:0 domain=99 topics=1
[INFO] [stdout] [zerodds-coap-bridged] auth-mode=none acl-entries=0 dtls=off
[INFO] [stdout] [zerodds-coap-bridged] bound on 127.0.0.1:46892
[INFO] [stdout] 
[INFO] [stdout] thread 'observe_register_returns_initial_content_with_observe_option' (1381) panicked at tests/daemon_e2e.rs:124:41:
[INFO] [stdout] daemon start: Dds("TransportError { label: \"spdp multicast bind\" }")
[INFO] [stdout] stack backtrace:
[INFO] [stdout]    0:     0x5e4e04cf5d01 - <<std[70759c8f55707aa4]::sys::backtrace::BacktraceLock>::print::DisplayBacktrace as core[df12db4294e9bfd3]::fmt::Display>::fmt
[INFO] [stdout]    1:     0x5e4e04d0c47a - core[df12db4294e9bfd3]::fmt::write
[INFO] [stdout]    2:     0x5e4e04cfa79c - <alloc[2182bb758b4b3781]::vec::Vec<u8> as core[df12db4294e9bfd3]::io::write::Write>::write_fmt
[INFO] [stdout]    3:     0x5e4e04ccfcc6 - std[70759c8f55707aa4]::panicking::default_hook::{closure#0}
[INFO] [stdout]    4:     0x5e4e04ced4e9 - std[70759c8f55707aa4]::panicking::default_hook
[INFO] [stdout]    5:     0x5e4e04aae640 - test[9d35eded1c95d3be]::test_main_inner::<test[9d35eded1c95d3be]::test_main_static::{closure#0}>::{closure#0}
[INFO] [stdout]    6:     0x5e4e04ced6a2 - std[70759c8f55707aa4]::panicking::panic_with_hook
[INFO] [stdout]    7:     0x5e4e04ccfd72 - std[70759c8f55707aa4]::panicking::panic_handler::{closure#0}
[INFO] [stdout]    8:     0x5e4e04cc8a49 - std[70759c8f55707aa4]::sys::backtrace::__rust_end_short_backtrace::<std[70759c8f55707aa4]::panicking::panic_handler::{closure#0}, !>
[INFO] [stdout]    9:     0x5e4e04cd0b5d - __rustc[8fa7c3cbc660c2b3]::rust_begin_unwind
[INFO] [stdout]   10:     0x5e4e04d0cbac - core[df12db4294e9bfd3]::panicking::panic_fmt
[INFO] [stdout]   11:     0x5e4e04d0c982 - core[df12db4294e9bfd3]::result::unwrap_failed
[INFO] [stdout]   12:     0x5e4e04aa177a - <daemon_e2e[23402b6598f85822]::observe_register_returns_initial_content_with_observe_option::{closure#0} as core[df12db4294e9bfd3]::ops::function::FnOnce<()>>::call_once
[INFO] [stdout]   13:     0x5e4e04aa192b - test[9d35eded1c95d3be]::__rust_begin_short_backtrace::<core[df12db4294e9bfd3]::result::Result<(), alloc[2182bb758b4b3781]::string::String>, fn() -> core[df12db4294e9bfd3]::result::Result<(), alloc[2182bb758b4b3781]::string::String>>
[INFO] [stdout]   14:     0x5e4e04aaef95 - test[9d35eded1c95d3be]::run_test::{closure#0}
[INFO] [stdout]   15:     0x5e4e04aa8854 - std[70759c8f55707aa4]::sys::backtrace::__rust_begin_short_backtrace::<test[9d35eded1c95d3be]::run_test::{closure#1}, ()>
[INFO] [stdout]   16:     0x5e4e04ab20f2 - <std[70759c8f55707aa4]::thread::lifecycle::spawn_unchecked<test[9d35eded1c95d3be]::run_test::{closure#1}, ()>::{closure#1} as core[df12db4294e9bfd3]::ops::function::FnOnce<()>>::call_once::{shim:vtable#0}
[INFO] [stdout]   17:     0x5e4e04cf47b9 - <std[70759c8f55707aa4]::sys::thread::unix::Thread>::new::thread_start
[INFO] [stdout]   18:     0x7666c65d5dfa - <unknown>
[INFO] [stdout]   19:     0x7666c66693d4 - clone
[INFO] [stdout]   20:                0x0 - <unknown>
[INFO] [stdout] 
[INFO] [stdout] ---- well_known_core_returns_link_format_catalog stdout ----
[INFO] [stdout] [zerodds-coap-bridged] starting bind=127.0.0.1:0 domain=99 topics=1
[INFO] [stdout] [zerodds-coap-bridged] auth-mode=none acl-entries=0 dtls=off
[INFO] [stdout] [zerodds-coap-bridged] bound on 127.0.0.1:54183
[INFO] [stdout] 
[INFO] [stdout] thread 'well_known_core_returns_link_format_catalog' (1384) panicked at tests/daemon_e2e.rs:97:41:
[INFO] [stdout] daemon start: Dds("TransportError { label: \"spdp multicast bind\" }")
[INFO] [stdout] stack backtrace:
[INFO] [stdout]    0:     0x5e4e04cf5d01 - <<std[70759c8f55707aa4]::sys::backtrace::BacktraceLock>::print::DisplayBacktrace as core[df12db4294e9bfd3]::fmt::Display>::fmt
[INFO] [stdout]    1:     0x5e4e04d0c47a - core[df12db4294e9bfd3]::fmt::write
[INFO] [stdout]    2:     0x5e4e04cfa79c - <alloc[2182bb758b4b3781]::vec::Vec<u8> as core[df12db4294e9bfd3]::io::write::Write>::write_fmt
[INFO] [stdout]    3:     0x5e4e04ccfcc6 - std[70759c8f55707aa4]::panicking::default_hook::{closure#0}
[INFO] [stdout]    4:     0x5e4e04ced4e9 - std[70759c8f55707aa4]::panicking::default_hook
[INFO] [stdout]    5:     0x5e4e04aae640 - test[9d35eded1c95d3be]::test_main_inner::<test[9d35eded1c95d3be]::test_main_static::{closure#0}>::{closure#0}
[INFO] [stdout]    6:     0x5e4e04ced6a2 - std[70759c8f55707aa4]::panicking::panic_with_hook
[INFO] [stdout]    7:     0x5e4e04ccfd72 - std[70759c8f55707aa4]::panicking::panic_handler::{closure#0}
[INFO] [stdout]    8:     0x5e4e04cc8a49 - std[70759c8f55707aa4]::sys::backtrace::__rust_end_short_backtrace::<std[70759c8f55707aa4]::panicking::panic_handler::{closure#0}, !>
[INFO] [stdout]    9:     0x5e4e04cd0b5d - __rustc[8fa7c3cbc660c2b3]::rust_begin_unwind
[INFO] [stdout]   10:     0x5e4e04d0cbac - core[df12db4294e9bfd3]::panicking::panic_fmt
[INFO] [stdout]   11:     0x5e4e04d0c982 - core[df12db4294e9bfd3]::result::unwrap_failed
[INFO] [stdout]   12:     0x5e4e04a9fca4 - <daemon_e2e[23402b6598f85822]::well_known_core_returns_link_format_catalog::{closure#0} as core[df12db4294e9bfd3]::ops::function::FnOnce<()>>::call_once
[INFO] [stdout]   13:     0x5e4e04aa192b - test[9d35eded1c95d3be]::__rust_begin_short_backtrace::<core[df12db4294e9bfd3]::result::Result<(), alloc[2182bb758b4b3781]::string::String>, fn() -> core[df12db4294e9bfd3]::result::Result<(), alloc[2182bb758b4b3781]::string::String>>
[INFO] [stdout]   14:     0x5e4e04aaef95 - test[9d35eded1c95d3be]::run_test::{closure#0}
[INFO] [stdout]   15:     0x5e4e04aa8854 - std[70759c8f55707aa4]::sys::backtrace::__rust_begin_short_backtrace::<test[9d35eded1c95d3be]::run_test::{closure#1}, ()>
[INFO] [stdout]   16:     0x5e4e04ab20f2 - <std[70759c8f55707aa4]::thread::lifecycle::spawn_unchecked<test[9d35eded1c95d3be]::run_test::{closure#1}, ()>::{closure#1} as core[df12db4294e9bfd3]::ops::function::FnOnce<()>>::call_once::{shim:vtable#0}
[INFO] [stdout]   17:     0x5e4e04cf47b9 - <std[70759c8f55707aa4]::sys::thread::unix::Thread>::new::thread_start
[INFO] [stdout]   18:     0x7666c65d5dfa - <unknown>
[INFO] [stdout]   19:     0x7666c66693d4 - clone
[INFO] [stdout]   20:                0x0 - <unknown>
[INFO] [stdout] 
[INFO] [stdout] ---- post_to_configured_path_returns_2_04_changed stdout ----
[INFO] [stdout] [zerodds-coap-bridged] starting bind=127.0.0.1:0 domain=99 topics=1
[INFO] [stdout] [zerodds-coap-bridged] auth-mode=none acl-entries=0 dtls=off
[INFO] [stdout] [zerodds-coap-bridged] bound on 127.0.0.1:41783
[INFO] [stdout] 
[INFO] [stdout] thread 'post_to_configured_path_returns_2_04_changed' (1382) panicked at tests/daemon_e2e.rs:72:41:
[INFO] [stdout] daemon start: Dds("TransportError { label: \"spdp multicast bind\" }")
[INFO] [stdout] stack backtrace:
[INFO] [stdout]    0:     0x5e4e04cf5d01 - <<std[70759c8f55707aa4]::sys::backtrace::BacktraceLock>::print::DisplayBacktrace as core[df12db4294e9bfd3]::fmt::Display>::fmt
[INFO] [stdout]    1:     0x5e4e04d0c47a - core[df12db4294e9bfd3]::fmt::write
[INFO] [stdout]    2:     0x5e4e04cfa79c - <alloc[2182bb758b4b3781]::vec::Vec<u8> as core[df12db4294e9bfd3]::io::write::Write>::write_fmt
[INFO] [stdout]    3:     0x5e4e04ccfcc6 - std[70759c8f55707aa4]::panicking::default_hook::{closure#0}
[INFO] [stdout]    4:     0x5e4e04ced4e9 - std[70759c8f55707aa4]::panicking::default_hook
[INFO] [stdout]    5:     0x5e4e04aae640 - test[9d35eded1c95d3be]::test_main_inner::<test[9d35eded1c95d3be]::test_main_static::{closure#0}>::{closure#0}
[INFO] [stdout]    6:     0x5e4e04ced6a2 - std[70759c8f55707aa4]::panicking::panic_with_hook
[INFO] [stdout]    7:     0x5e4e04ccfd72 - std[70759c8f55707aa4]::panicking::panic_handler::{closure#0}
[INFO] [stdout]    8:     0x5e4e04cc8a49 - std[70759c8f55707aa4]::sys::backtrace::__rust_end_short_backtrace::<std[70759c8f55707aa4]::panicking::panic_handler::{closure#0}, !>
[INFO] [stdout]    9:     0x5e4e04cd0b5d - __rustc[8fa7c3cbc660c2b3]::rust_begin_unwind
[INFO] [stdout]   10:     0x5e4e04d0cbac - core[df12db4294e9bfd3]::panicking::panic_fmt
[INFO] [stdout]   11:     0x5e4e04d0c982 - core[df12db4294e9bfd3]::result::unwrap_failed
[INFO] [stdout]   12:     0x5e4e04aa02ce - <daemon_e2e[23402b6598f85822]::post_to_configured_path_returns_2_04_changed::{closure#0} as core[df12db4294e9bfd3]::ops::function::FnOnce<()>>::call_once
[INFO] [stdout]   13:     0x5e4e04aa192b - test[9d35eded1c95d3be]::__rust_begin_short_backtrace::<core[df12db4294e9bfd3]::result::Result<(), alloc[2182bb758b4b3781]::string::String>, fn() -> core[df12db4294e9bfd3]::result::Result<(), alloc[2182bb758b4b3781]::string::String>>
[INFO] [stdout]   14:     0x5e4e04aaef95 - test[9d35eded1c95d3be]::run_test::{closure#0}
[INFO] [stdout]   15:     0x5e4e04aa8854 - std[70759c8f55707aa4]::sys::backtrace::__rust_begin_short_backtrace::<test[9d35eded1c95d3be]::run_test::{closure#1}, ()>
[INFO] [stdout]   16:     0x5e4e04ab20f2 - <std[70759c8f55707aa4]::thread::lifecycle::spawn_unchecked<test[9d35eded1c95d3be]::run_test::{closure#1}, ()>::{closure#1} as core[df12db4294e9bfd3]::ops::function::FnOnce<()>>::call_once::{shim:vtable#0}
[INFO] [stdout]   17:     0x5e4e04cf47b9 - <std[70759c8f55707aa4]::sys::thread::unix::Thread>::new::thread_start
[INFO] [stdout]   18:     0x7666c65d5dfa - <unknown>
[INFO] [stdout]   19:     0x7666c66693d4 - clone
[INFO] [stdout]   20:                0x0 - <unknown>
[INFO] [stdout] 
[INFO] [stdout] 
[INFO] [stdout] failures:
[INFO] [stdout]     block1_chunked_post_completes_with_2_04_changed
[INFO] [stdout]     block1_out_of_order_returns_2_31_continue_only_in_order
[INFO] [stdout]     observe_register_returns_initial_content_with_observe_option
[INFO] [stdout]     post_to_configured_path_returns_2_04_changed
[INFO] [stdout]     unknown_path_returns_bad_request
[INFO] [stdout]     well_known_core_returns_link_format_catalog
[INFO] [stdout] 
[INFO] [stdout] test result: FAILED. 1 passed; 6 failed; 0 ignored; 0 measured; 0 filtered out; finished in 0.01s
[INFO] [stdout] 
[INFO] running `Command { std: "docker" "inspect" "eb41ec462a78180b30556d1eee69a3408023dca24d3718f2600688cd14f63fc3", kill_on_drop: false }`
[INFO] running `Command { std: "docker" "rm" "-f" "eb41ec462a78180b30556d1eee69a3408023dca24d3718f2600688cd14f63fc3", kill_on_drop: false }`
[INFO] [stdout] eb41ec462a78180b30556d1eee69a3408023dca24d3718f2600688cd14f63fc3
