[INFO] fetching crate zerocopy 0.8.63...
[INFO] testing zerocopy-0.8.63 against 1.100.0-beta.1+cargoflags=--release for beta-release-1.100-2
[INFO] extracting crate zerocopy 0.8.63 into /workspace/builds/worker-3-tc2/source
[INFO] started tweaking crates.io crate zerocopy 0.8.63
[INFO] removed 0 missing tests
[INFO] finished tweaking crates.io crate zerocopy 0.8.63
[INFO] tweaked toml for crates.io crate zerocopy 0.8.63 written to /workspace/builds/worker-3-tc2/source/Cargo.toml
[INFO] validating manifest of crates.io crate zerocopy 0.8.63 on toolchain 1.100.0-beta.1
[INFO] running `Command { std: CARGO_HOME="/workspace/cargo-home" RUSTUP_HOME="/workspace/rustup-home" "/workspace/cargo-home/bin/cargo" "+1.100.0-beta.1" "metadata" "--manifest-path" "Cargo.toml" "--no-deps", kill_on_drop: false }`
[INFO] crate crates.io crate zerocopy 0.8.63 already has a lockfile, it will not be regenerated
[INFO] running `Command { std: CARGO_HOME="/workspace/cargo-home" RUSTUP_HOME="/workspace/rustup-home" "/workspace/cargo-home/bin/cargo" "+1.100.0-beta.1" "fetch" "--manifest-path" "Cargo.toml", kill_on_drop: false }`
[INFO] running `Command { std: "docker" "create" "-v" "/var/lib/crater-agent-workspace/builds/worker-3-tc2/source:/opt/rustwide/workdir:ro,Z" "-v" "/var/lib/crater-agent-workspace/builds/worker-3-tc2/target:/opt/rustwide/target:rw,Z" "-v" "/var/lib/crater-agent-workspace/cargo-home:/opt/rustwide/cargo-home:ro,Z" "-v" "/var/lib/crater-agent-workspace/rustup-home:/opt/rustwide/rustup-home:ro,Z" "-m" "1610612736" "--network" "none" "ghcr.io/rust-lang/crates-build-env/linux@sha256:77db811e55d90add9212f6832c23229e3de5f1c1f9905e8cb07319ea15df73ac" "sleep" "infinity", kill_on_drop: false }`
[INFO] [stdout] d26321448ac8d1bb20741b9ac77d683128ecb950b7c046619422a71fa350ea83
[INFO] running `Command { std: "docker" "start" "d26321448ac8d1bb20741b9ac77d683128ecb950b7c046619422a71fa350ea83", kill_on_drop: false }`
[INFO] running `Command { std: "docker" "inspect" "d26321448ac8d1bb20741b9ac77d683128ecb950b7c046619422a71fa350ea83", kill_on_drop: false }`
[INFO] running `Command { std: "docker" "exec" "-e" "SOURCE_DIR=/opt/rustwide/workdir" "-e" "CARGO_HOME=/opt/rustwide/cargo-home" "-e" "RUSTUP_HOME=/opt/rustwide/rustup-home" "-e" "CARGO_TARGET_DIR=/opt/rustwide/target" "-w" "/opt/rustwide/workdir" "--user" "0:0" "d26321448ac8d1bb20741b9ac77d683128ecb950b7c046619422a71fa350ea83" "/opt/rustwide/cargo-home/bin/cargo" "+1.100.0-beta.1" "metadata" "--no-deps" "--format-version=1", kill_on_drop: false }`
[INFO] running `Command { std: "docker" "inspect" "d26321448ac8d1bb20741b9ac77d683128ecb950b7c046619422a71fa350ea83", kill_on_drop: false }`
[INFO] running `Command { std: "docker" "exec" "-e" "SOURCE_DIR=/opt/rustwide/workdir" "-e" "CARGO_HOME=/opt/rustwide/cargo-home" "-e" "RUSTUP_HOME=/opt/rustwide/rustup-home" "-e" "CARGO_TARGET_DIR=/opt/rustwide/target" "-e" "CARGO_INCREMENTAL=0" "-e" "RUST_BACKTRACE=full" "-e" "RUSTFLAGS=--cap-lints=warn" "-e" "RUSTDOCFLAGS=--cap-lints=warn" "-w" "/opt/rustwide/workdir" "--user" "0:0" "d26321448ac8d1bb20741b9ac77d683128ecb950b7c046619422a71fa350ea83" "/opt/rustwide/cargo-home/bin/cargo" "+1.100.0-beta.1" "build" "--frozen" "--message-format=json" "--release", kill_on_drop: false }`
[INFO] [stderr]    Compiling zerocopy v0.8.63 (/opt/rustwide/workdir)
[INFO] [stderr]     Finished `release` profile [optimized] target(s) in 4.89s
[INFO] running `Command { std: "docker" "inspect" "d26321448ac8d1bb20741b9ac77d683128ecb950b7c046619422a71fa350ea83", kill_on_drop: false }`
[INFO] running `Command { std: "docker" "exec" "-e" "SOURCE_DIR=/opt/rustwide/workdir" "-e" "CARGO_HOME=/opt/rustwide/cargo-home" "-e" "RUSTUP_HOME=/opt/rustwide/rustup-home" "-e" "CARGO_TARGET_DIR=/opt/rustwide/target" "-e" "CARGO_INCREMENTAL=0" "-e" "RUST_BACKTRACE=full" "-e" "RUSTFLAGS=--cap-lints=warn" "-e" "RUSTDOCFLAGS=--cap-lints=warn" "-w" "/opt/rustwide/workdir" "--user" "0:0" "d26321448ac8d1bb20741b9ac77d683128ecb950b7c046619422a71fa350ea83" "/opt/rustwide/cargo-home/bin/cargo" "+1.100.0-beta.1" "test" "--frozen" "--no-run" "--message-format=json" "--release", kill_on_drop: false }`
[INFO] [stderr]    Compiling proc-macro2 v1.0.80
[INFO] [stderr]    Compiling either v1.13.0
[INFO] [stderr]    Compiling rand_core v0.6.4
[INFO] [stderr]    Compiling elain v0.3.1
[INFO] [stderr]    Compiling aho-corasick v0.7.20
[INFO] [stderr]    Compiling rand v0.8.7
[INFO] [stderr]    Compiling itertools v0.11.0
[INFO] [stderr]    Compiling quote v1.0.40
[INFO] [stderr]    Compiling syn v2.0.56
[INFO] [stderr]    Compiling regex v1.7.3
[INFO] [stderr]    Compiling zerocopy-derive v0.8.63
[INFO] [stderr]    Compiling zerocopy v0.8.63 (/opt/rustwide/workdir)
[INFO] [stdout] warning: use of deprecated constant `_::WARNING`: Development of zerocopy using cargo is not supported. Please use `cargo.sh` or `win-cargo.bat` instead.
[INFO] [stdout]    --> src/lib.rs:427:5
[INFO] [stdout]     |
[INFO] [stdout] 427 |     WARNING
[INFO] [stdout]     |     ^^^^^^^
[INFO] [stdout]     |
[INFO] [stdout] note: the lint level is defined here
[INFO] [stdout]    --> src/lib.rs:426:12
[INFO] [stdout]     |
[INFO] [stdout] 426 |     #[warn(deprecated)]
[INFO] [stdout]     |            ^^^^^^^^^^
[INFO] [stdout] 
[INFO] [stdout] 
[INFO] [stderr]     Finished `release` profile [optimized] target(s) in 27.26s
[INFO] running `Command { std: "docker" "inspect" "d26321448ac8d1bb20741b9ac77d683128ecb950b7c046619422a71fa350ea83", kill_on_drop: false }`
[INFO] running `Command { std: "docker" "exec" "-e" "SOURCE_DIR=/opt/rustwide/workdir" "-e" "CARGO_HOME=/opt/rustwide/cargo-home" "-e" "RUSTUP_HOME=/opt/rustwide/rustup-home" "-e" "CARGO_TARGET_DIR=/opt/rustwide/target" "-e" "CARGO_INCREMENTAL=0" "-e" "RUST_BACKTRACE=full" "-e" "RUSTFLAGS=--cap-lints=warn" "-e" "RUSTDOCFLAGS=--cap-lints=warn" "-w" "/opt/rustwide/workdir" "--user" "0:0" "d26321448ac8d1bb20741b9ac77d683128ecb950b7c046619422a71fa350ea83" "/opt/rustwide/cargo-home/bin/cargo" "+1.100.0-beta.1" "test" "--frozen" "--release", kill_on_drop: false }`
[INFO] [stdout] 
[INFO] [stdout] running 140 tests
[INFO] [stdout] test byteorder::tests::test_debug_impl ... ok
[INFO] [stdout] test byteorder::tests::test_const_methods ... ok
[INFO] [stdout] test byteorder::tests::test_max_value ... ok
[INFO] [stdout] test byte_slice::tests::test_ref_split_at_unchecked ... ok
[INFO] [stdout] test byteorder::tests::test_ops_impls ... ok
[INFO] [stdout] test byteorder::tests::test_float_bit_patterns ... ok
[INFO] [stdout] test error::tests::test_convert_error_display_debug_more ... ok
[INFO] [stdout] test byteorder::tests::test_byteorder_traits_coverage ... ok
[INFO] [stdout] test error::tests::test_alignment_error_methods ... ok
[INFO] [stdout] test byteorder::tests::test_endian ... ok
[INFO] [stdout] test error::tests::test_convert_error_from_unaligned ... ok
[INFO] [stdout] test error::tests::test_convert_error_from_unaligned_variants ... ok
[INFO] [stdout] test impls::tests::test_impls ... ok
[INFO] [stdout] test layout::tests::test_dst_layout_extend_sized_with_dst ... ok
[INFO] [stdout] test layout::tests::test_dst_layout_extend_sized_with_sized ... ok
[INFO] [stdout] test error::tests::test_size_error_display_debug ... ok
[INFO] [stderr] warning: use of deprecated constant `_::WARNING`: Development of zerocopy using cargo is not supported. Please use `cargo.sh` or `win-cargo.bat` instead.
[INFO] [stderr]    --> src/lib.rs:427:5
[INFO] [stderr]     |
[INFO] [stderr] 427 |     WARNING
[INFO] [stderr]     |     ^^^^^^^
[INFO] [stderr]     |
[INFO] [stderr] note: the lint level is defined here
[INFO] [stderr]    --> src/lib.rs:426:12
[INFO] [stderr]     |
[INFO] [stderr] 426 |     #[warn(deprecated)]
[INFO] [stderr]     |            ^^^^^^^^^^
[INFO] [stderr] 
[INFO] [stderr] warning: `zerocopy` (lib test) generated 1 warning
[INFO] [stderr]     Finished `release` profile [optimized] target(s) in 0.05s
[INFO] [stderr]      Running unittests src/lib.rs (/opt/rustwide/target/release/build/zerocopy/c75a4f3c84eccf34/out/zerocopy-c75a4f3c84eccf34)
[INFO] [stdout] test error::tests::test_eq_partial_eq_clone ... ok
[INFO] [stdout] test deprecated::tests::test_deprecated_ref_methods ... ok
[INFO] [stdout] test error::tests::test_send_sync ... ok
[INFO] [stdout] test error::tests::test_convert_error_debug ... ok
[INFO] [stdout] test deprecated::tests::test_deprecated_into_mut_slice ... ok
[INFO] [stdout] test layout::tests::test_dst_layout_for_slice ... ok
[INFO] [stdout] test layout::tests::test_dst_layout_pad_to_align_with_dst ... ok
[INFO] [stdout] test layout::tests::test_dst_layout_pad_to_align_with_sized ... ok
[INFO] [stdout] test byte_slice::tests::test_ref_mut_split_at_unchecked ... ok
[INFO] [stdout] test deprecated::tests::test_deprecated_into_slice ... ok
[INFO] [stdout] test error::tests::test_alignment_error_display_debug ... ok
[INFO] [stdout] test macros::tests::test_include_value ... ok
[INFO] [stdout] test error::tests::size_display ... FAILED
[INFO] [stdout] test byteorder::tests::test_zero ... ok
[INFO] [stdout] test error::tests::test_validity_error_display_debug ... ok
[INFO] [stdout] test error::tests::alignment_display ... FAILED
[INFO] [stdout] test error::tests::validity_display ... FAILED
[INFO] [stdout] test layout::tests::test_normalized_size_bounds ... ok
[INFO] [stdout] test layout::tests::test_size_rounding_align_and_phase_encoding ... ok
[INFO] [stdout] test macros::tests::test_macros_evaluate_args_once ... ok
[INFO] [stdout] test macros::tests::test_try_transmute_ref ... ok
[INFO] [stdout] test pointer::inner::tests::test_meta ... ok
[INFO] [stdout] test pointer::inner::tests::test_ptr_inner_clone ... ok
[INFO] [stdout] test macros::tests::test_try_transmute_mut ... ok
[INFO] [stdout] test pointer::inner::tests::test_trailing_slice ... ok
[INFO] [stdout] test macros::tests::test_transmute ... ok
[INFO] [stdout] test pointer::inner::tests::test_split_at ... ok
[INFO] [stdout] test macros::tests::test_transmute_mut ... ok
[INFO] [stdout] test macros::tests::test_transmute_ref ... ok
[INFO] [stdout] test macros::tests::test_try_transmute ... ok
[INFO] [stdout] test pointer::ptr::tests::test_project_tag_downgrades_aliasing ... ok
[INFO] [stdout] test pointer::ptr::tests::test_ptr_try_cast_into_soundness::f32 ... ok
[INFO] [stdout] test pointer::ptr::tests::test_ptr_try_cast_into_soundness::AU64 ... ok
[INFO] [stdout] test pointer::ptr::tests::test_ptr_try_cast_into_soundness::f64 ... ok
[INFO] [stdout] test pointer::ptr::tests::test_ptr_try_cast_into_soundness::i16 ... ok
[INFO] [stdout] test layout::tests::test_model_via_dst_layout ... ok
[INFO] [stdout] test layout::tests::test_padding_for_elems ... ok
[INFO] [stdout] test layout::tests::test_padding_for_elems_for_rust_layouts ... ok
[INFO] [stdout] test layout::tests::test_trailing_slice_layout_normal_form ... ok
[INFO] [stdout] test layout::tests::test_trailing_slice_layout_size_sequence_equivalence ... ok
[INFO] [stdout] test pointer::ptr::tests::test_ptr_try_cast_into_soundness::i32 ... ok
[INFO] [stdout] test macros::tests::test_cryptocorrosion_derive_traits ... ok
[INFO] [stdout] test pointer::ptr::tests::test_ptr_try_cast_into_soundness::u16 ... ok
[INFO] [stdout] test pointer::ptr::tests::test_ptr_try_cast_into_soundness::i8 ... ok
[INFO] [stdout] test pointer::ptr::tests::test_ptr_try_cast_into_soundness::u64 ... ok
[INFO] [stdout] test r#ref::tests::test_display_debug ... ok
[INFO] [stdout] test pointer::ptr::tests::test_ptr_try_cast_into_soundness::u8 ... ok
[INFO] [stdout] test r#ref::tests::test_eq ... ok
[INFO] [stdout] test pointer::ptr::tests::test_ptr_try_cast_into_soundness::u32 ... ok
[INFO] [stdout] test pointer::ptr::tests::test_ptr_try_cast_into_soundness::isize ... ok
[INFO] [stdout] test pointer::ptr::tests::test_ptr_try_cast_into_soundness::i64 ... ok
[INFO] [stdout] test r#ref::tests::test_new_oversized ... ok
[INFO] [stdout] test r#ref::tests::test_ne ... ok
[INFO] [stdout] test r#ref::tests::test_into_ref_mut ... ok
[INFO] [stdout] test pointer::ptr::tests::test_ptr_try_cast_into_soundness::usize ... ok
[INFO] [stdout] test r#ref::tests::test_ord ... ok
[INFO] [stdout] test r#ref::tests::test_with_elems_preserves_ambiguous_metadata ... ok
[INFO] [stdout] test split_at::tests::test_split_at_packed_preserves_inner_padding ... ok
[INFO] [stdout] test split_at::tests::test_split_at_packed ... ok
[INFO] [stdout] test split_at::tests::test_split_at_packed_interior_mutation_and_zsts ... ok
[INFO] [stdout] test split_at::tests::test_split_at_via_unaligned ... ok
[INFO] [stdout] test split_at::tests::test_split_at_nested_packed ... ok
[INFO] [stdout] test pointer::ptr::tests::test_try_cast_into_no_leftover_restores_original_slice ... ok
[INFO] [stdout] test pointer::transmute::tests::test_transmute_coverage ... ok
[INFO] [stdout] test r#ref::tests::test_address ... ok
[INFO] [stdout] test tests::test_known_layout_pointer_to_metadata ... ok
[INFO] [stdout] test r#ref::tests::test_mut_slice_into_ref ... ok
[INFO] [stdout] test tests::test_array ... ok
[INFO] [stdout] test r#ref::tests::test_new_aligned_sized ... ok
[INFO] [stdout] test r#ref::tests::test_new_error ... ok
[INFO] [stdout] test tests::test_nested_packed_dst_layout ... ok
[INFO] [stdout] test tests::test_raw_dangling ... ok
[INFO] [stdout] test tests::test_read_write ... ok
[INFO] [stdout] test tests::test_ref_from_mut_from_bytes ... ok
[INFO] [stdout] test tests::test_ref_from_mut_from_bytes_error ... ok
[INFO] [stdout] test tests::test_ref_from_prefix_suffix_typed_source ... ok
[INFO] [stdout] test tests::test_ref_from_prefix_suffix_typed_source_alignment_error ... ok
[INFO] [stdout] test tests::test_nested_packed_dst_projection ... ok
[INFO] [stdout] test tests::test_deprecated_from_bytes ... ok
[INFO] [stdout] test tests::test_from_zeros_only ... ok
[INFO] [stdout] test tests::test_known_layout ... ok
[INFO] [stdout] test tests::test_to_methods ... ok
[INFO] [stdout] test pointer::ptr::tests::test_ptr_try_cast_into_soundness::empty_tuple ... ok
[INFO] [stdout] test split_at::tests::test_split_at_unchecked ... ok
[INFO] [stdout] test tests::test_object_safety ... ok
[INFO] [stdout] test pointer::ptr::tests::test_try_cast_into_explicit_count ... ok
[INFO] [stdout] test split_at::tests::test_split_at_via_methods ... ok
[INFO] [stdout] test tests::test_try_ref_from_prefix_suffix_typed_source ... ok
[INFO] [stdout] test pointer::ptr::tests::test_iter_exclusive_yields_disjoint_ptrs ... ok
[INFO] [stdout] test tests::test_new_zeroed ... ok
[INFO] [stdout] test tests::test_try_ref_from_suffix_with_elems ... ok
[INFO] [stdout] test split_at::tests::test_split_at_via_no_dynamic_padding ... ok
[INFO] [stdout] test tests::test_zst_count_preserved ... ok
[INFO] [stdout] test tests::test_try_ref_from_prefix_suffix ... ok
[INFO] [stdout] test tests::test_try_read_from_typed_source ... ok
[INFO] [stdout] test util::macro_util::tests::test_repr_c_struct_padding ... ok
[INFO] [stdout] test util::tests::test_send_sync_phantom_data ... ok
[INFO] [stdout] test tests::test_transparent_packed_generic_struct ... ok
[INFO] [stdout] test util::macro_util::tests::test_struct_padding ... ok
[INFO] [stdout] test wrappers::tests::test_maybe_uninit ... ok
[INFO] [stdout] test tests::test_try_read_error_sources_and_zero_sized ... ok
[INFO] [stdout] test tests::test_try_ref_from_prefix_with_elems ... ok
[INFO] [stdout] test util::tests::test_as_address ... ok
[INFO] [stdout] test util::tests::test_round_down_to_next_multiple_of_alignment ... ok
[INFO] [stdout] test wrappers::tests::test_read_only_mutable_access ... ok
[INFO] [stdout] test util::macro_util::tests::test_enum_padding ... ok
[INFO] [stdout] test wrappers::tests::test_read_only_unsized ... ok
[INFO] [stdout] test util::macro_util::tests::test_union_padding ... ok
[INFO] [stdout] test util::tests::test_round_down_to_next_multiple_of_alignment_zerocopy_panic_in_const_and_vec_try_reserve - should panic ... FAILED
[INFO] [stdout] test wrappers::tests::test_maybe_uninit_debug ... ok
[INFO] [stdout] test wrappers::tests::test_read_only_borrowed_lookup ... ok
[INFO] [stdout] test wrappers::tests::test_read_only_copy_clone ... ok
[INFO] [stdout] test wrappers::tests::test_read_only_formatting ... ok
[INFO] [stdout] test wrappers::tests::test_unalign_update ... ok
[INFO] [stdout] test util::macro_util::tests::test_enum_casts ... ok
[INFO] [stdout] test tests::test_try_ref_from_prefix_suffix_typed_source_validity_error ... ok
[INFO] [stdout] test wrappers::tests::test_unalign ... ok
[INFO] [stdout] test wrappers::tests::test_unalign_copy_clone ... ok
[INFO] [stdout] test wrappers::tests::test_unalign_trait_impls ... ok
[INFO] [stdout] test wrappers::tests::test_maybe_uninit_uninit ... ok
[INFO] [stdout] test tests::test_try_from_bytes_try_read_from ... ok
[INFO] [stdout] test tests::test_try_read_initialized_padding ... ok
[INFO] [stdout] test layout::tests::test_validate_cast_and_convert_metadata ... FAILED
[INFO] [stdout] test layout::tests::test_model_via_dst_layout_combinations ... ok
[INFO] [stdout] 
[INFO] [stdout] failures:
[INFO] [stdout] 
[INFO] [stdout] ---- error::tests::size_display stdout ----
[INFO] [stdout] 
[INFO] [stdout] thread 'error::tests::size_display' (468) panicked at src/error.rs:1179:9:
[INFO] [stdout] assertion `left == right` failed
[INFO] [stdout]   left: "The conversion failed because the source was incorrectly sized to complete the conversion into the destination type."
[INFO] [stdout]  right: "The conversion failed because the source was incorrectly sized to complete the conversion into the destination type.\n\nSource type: &[u8]\nSource size: 2 bytes\nDestination type: [u8]"
[INFO] [stdout] stack backtrace:
[INFO] [stdout]    0:     0x646e081ed041 - <<std[617be2ca0a6fd877]::sys::backtrace::BacktraceLock>::print::DisplayBacktrace as core[a373ad73a504971]::fmt::Display>::fmt
[INFO] [stdout]    1:     0x646e0820273a - core[a373ad73a504971]::fmt::write
[INFO] [stdout]    2:     0x646e081f125c - <alloc[2e1b2a31b91974c5]::vec::Vec<u8> as core[a373ad73a504971]::io::write::Write>::write_fmt
[INFO] [stdout]    3:     0x646e081c94a6 - std[617be2ca0a6fd877]::panicking::default_hook::{closure#0}
[INFO] [stdout]    4:     0x646e081e56d9 - std[617be2ca0a6fd877]::panicking::default_hook
[INFO] [stdout]    5:     0x646e08181bd0 - test[aada8e7e76ba119b]::test_main_inner::{closure#0}
[INFO] [stdout]    6:     0x646e081e5892 - std[617be2ca0a6fd877]::panicking::panic_with_hook
[INFO] [stdout]    7:     0x646e081c9552 - std[617be2ca0a6fd877]::panicking::panic_handler::{closure#0}
[INFO] [stdout]    8:     0x646e081c2269 - std[617be2ca0a6fd877]::sys::backtrace::__rust_end_short_backtrace::<std[617be2ca0a6fd877]::panicking::panic_handler::{closure#0}, !>
[INFO] [stdout]    9:     0x646e081ca15d - __rustc[ea4f61d10b84890b]::rust_begin_unwind
[INFO] [stdout]   10:     0x646e08202e6c - core[a373ad73a504971]::panicking::panic_fmt
[INFO] [stdout]   11:     0x646e08202d83 - core[a373ad73a504971]::panicking::assert_failed_inner
[INFO] [stdout]   12:     0x646e0817231e - core[a373ad73a504971]::panicking::assert_failed::<alloc[2e1b2a31b91974c5]::string::String, &str>
[INFO] [stdout]   13:     0x646e08162342 - <zerocopy[60990a369df86a6d]::error::tests::size_display::{closure#0} as core[a373ad73a504971]::ops::function::FnOnce<()>>::call_once
[INFO] [stdout]   14:     0x646e0817501b - test[aada8e7e76ba119b]::__rust_begin_short_backtrace::<core[a373ad73a504971]::result::Result<(), alloc[2e1b2a31b91974c5]::string::String>, fn() -> core[a373ad73a504971]::result::Result<(), alloc[2e1b2a31b91974c5]::string::String>>
[INFO] [stdout]   15:     0x646e081821f5 - test[aada8e7e76ba119b]::run_test::{closure#0}
[INFO] [stdout]   16:     0x646e0817bae4 - std[617be2ca0a6fd877]::sys::backtrace::__rust_begin_short_backtrace::<test[aada8e7e76ba119b]::run_test::{closure#1}, ()>
[INFO] [stdout]   17:     0x646e08185282 - <std[617be2ca0a6fd877]::thread::lifecycle::spawn_unchecked<test[aada8e7e76ba119b]::run_test::{closure#1}, ()>::{closure#1} as core[a373ad73a504971]::ops::function::FnOnce<()>>::call_once::{shim:vtable#0}
[INFO] [stdout]   18:     0x646e081ec89f - <std[617be2ca0a6fd877]::sys::thread::unix::Thread>::new::thread_start
[INFO] [stdout]   19:     0x7de889191dfa - <unknown>
[INFO] [stdout]   20:     0x7de8892253d4 - clone
[INFO] [stdout]   21:                0x0 - <unknown>
[INFO] [stdout] 
[INFO] [stdout] ---- error::tests::alignment_display stdout ----
[INFO] [stdout] 
[INFO] [stdout] thread 'error::tests::alignment_display' (467) panicked at src/error.rs:1134:9:
[INFO] [stdout] assertion `left == right` failed
[INFO] [stdout]   left: "The conversion failed because the address of the source is not a multiple of the alignment of the destination type."
[INFO] [stdout]  right: "The conversion failed because the address of the source is not a multiple of the alignment of the destination type.\n\nSource type: &[u8]\nSource address: 0x7de87b5f9401 (a multiple of 1)\nDestination type: elain::Align<8>\nDestination alignment: 8"
[INFO] [stdout] stack backtrace:
[INFO] [stdout]    0:     0x646e081ed041 - <<std[617be2ca0a6fd877]::sys::backtrace::BacktraceLock>::print::DisplayBacktrace as core[a373ad73a504971]::fmt::Display>::fmt
[INFO] [stdout]    1:     0x646e0820273a - core[a373ad73a504971]::fmt::write
[INFO] [stdout]    2:     0x646e081f125c - <alloc[2e1b2a31b91974c5]::vec::Vec<u8> as core[a373ad73a504971]::io::write::Write>::write_fmt
[INFO] [stdout]    3:     0x646e081c94a6 - std[617be2ca0a6fd877]::panicking::default_hook::{closure#0}
[INFO] [stdout]    4:     0x646e081e56d9 - std[617be2ca0a6fd877]::panicking::default_hook
[INFO] [stdout]    5:     0x646e08181bd0 - test[aada8e7e76ba119b]::test_main_inner::{closure#0}
[INFO] [stdout]    6:     0x646e081e5892 - std[617be2ca0a6fd877]::panicking::panic_with_hook
[INFO] [stdout]    7:     0x646e081c9552 - std[617be2ca0a6fd877]::panicking::panic_handler::{closure#0}
[INFO] [stdout]    8:     0x646e081c2269 - std[617be2ca0a6fd877]::sys::backtrace::__rust_end_short_backtrace::<std[617be2ca0a6fd877]::panicking::panic_handler::{closure#0}, !>
[INFO] [stdout]    9:     0x646e081ca15d - __rustc[ea4f61d10b84890b]::rust_begin_unwind
[INFO] [stdout]   10:     0x646e08202e6c - core[a373ad73a504971]::panicking::panic_fmt
[INFO] [stdout]   11:     0x646e08202d83 - core[a373ad73a504971]::panicking::assert_failed_inner
[INFO] [stdout]   12:     0x646e081722e7 - core[a373ad73a504971]::panicking::assert_failed::<alloc[2e1b2a31b91974c5]::string::String, alloc[2e1b2a31b91974c5]::string::String>
[INFO] [stdout]   13:     0x646e08162b5b - <zerocopy[60990a369df86a6d]::error::tests::alignment_display::{closure#0} as core[a373ad73a504971]::ops::function::FnOnce<()>>::call_once
[INFO] [stdout]   14:     0x646e0817501b - test[aada8e7e76ba119b]::__rust_begin_short_backtrace::<core[a373ad73a504971]::result::Result<(), alloc[2e1b2a31b91974c5]::string::String>, fn() -> core[a373ad73a504971]::result::Result<(), alloc[2e1b2a31b91974c5]::string::String>>
[INFO] [stdout]   15:     0x646e081821f5 - test[aada8e7e76ba119b]::run_test::{closure#0}
[INFO] [stdout]   16:     0x646e0817bae4 - std[617be2ca0a6fd877]::sys::backtrace::__rust_begin_short_backtrace::<test[aada8e7e76ba119b]::run_test::{closure#1}, ()>
[INFO] [stdout]   17:     0x646e08185282 - <std[617be2ca0a6fd877]::thread::lifecycle::spawn_unchecked<test[aada8e7e76ba119b]::run_test::{closure#1}, ()>::{closure#1} as core[a373ad73a504971]::ops::function::FnOnce<()>>::call_once::{shim:vtable#0}
[INFO] [stdout]   18:     0x646e081ec89f - <std[617be2ca0a6fd877]::sys::thread::unix::Thread>::new::thread_start
[INFO] [stdout]   19:     0x7de889191dfa - <unknown>
[INFO] [stdout]   20:     0x7de8892253d4 - clone
[INFO] [stdout]   21:                0x0 - <unknown>
[INFO] [stdout] 
[INFO] [stdout] ---- error::tests::validity_display stdout ----
[INFO] [stdout] 
[INFO] [stdout] thread 'error::tests::validity_display' (479) panicked at src/error.rs:1199:9:
[INFO] [stdout] assertion `left == right` failed
[INFO] [stdout]   left: "The conversion failed because the source bytes are not a valid value of the destination type."
[INFO] [stdout]  right: "The conversion failed because the source bytes are not a valid value of the destination type.\n\nDestination type: bool"
[INFO] [stdout] stack backtrace:
[INFO] [stdout]    0:     0x646e081ed041 - <<std[617be2ca0a6fd877]::sys::backtrace::BacktraceLock>::print::DisplayBacktrace as core[a373ad73a504971]::fmt::Display>::fmt
[INFO] [stdout]    1:     0x646e0820273a - core[a373ad73a504971]::fmt::write
[INFO] [stdout]    2:     0x646e081f125c - <alloc[2e1b2a31b91974c5]::vec::Vec<u8> as core[a373ad73a504971]::io::write::Write>::write_fmt
[INFO] [stdout]    3:     0x646e081c94a6 - std[617be2ca0a6fd877]::panicking::default_hook::{closure#0}
[INFO] [stdout]    4:     0x646e081e56d9 - std[617be2ca0a6fd877]::panicking::default_hook
[INFO] [stdout]    5:     0x646e08181bd0 - test[aada8e7e76ba119b]::test_main_inner::{closure#0}
[INFO] [stdout]    6:     0x646e081e5892 - std[617be2ca0a6fd877]::panicking::panic_with_hook
[INFO] [stdout]    7:     0x646e081c9552 - std[617be2ca0a6fd877]::panicking::panic_handler::{closure#0}
[INFO] [stdout]    8:     0x646e081c2269 - std[617be2ca0a6fd877]::sys::backtrace::__rust_end_short_backtrace::<std[617be2ca0a6fd877]::panicking::panic_handler::{closure#0}, !>
[INFO] [stdout]    9:     0x646e081ca15d - __rustc[ea4f61d10b84890b]::rust_begin_unwind
[INFO] [stdout]   10:     0x646e08202e6c - core[a373ad73a504971]::panicking::panic_fmt
[INFO] [stdout]   11:     0x646e08202d83 - core[a373ad73a504971]::panicking::assert_failed_inner
[INFO] [stdout]   12:     0x646e0817231e - core[a373ad73a504971]::panicking::assert_failed::<alloc[2e1b2a31b91974c5]::string::String, &str>
[INFO] [stdout]   13:     0x646e081624e1 - <zerocopy[60990a369df86a6d]::error::tests::validity_display::{closure#0} as core[a373ad73a504971]::ops::function::FnOnce<()>>::call_once
[INFO] [stdout]   14:     0x646e0817501b - test[aada8e7e76ba119b]::__rust_begin_short_backtrace::<core[a373ad73a504971]::result::Result<(), alloc[2e1b2a31b91974c5]::string::String>, fn() -> core[a373ad73a504971]::result::Result<(), alloc[2e1b2a31b91974c5]::string::String>>
[INFO] [stdout]   15:     0x646e081821f5 - test[aada8e7e76ba119b]::run_test::{closure#0}
[INFO] [stdout]   16:     0x646e0817bae4 - std[617be2ca0a6fd877]::sys::backtrace::__rust_begin_short_backtrace::<test[aada8e7e76ba119b]::run_test::{closure#1}, ()>
[INFO] [stdout]   17:     0x646e08185282 - <std[617be2ca0a6fd877]::thread::lifecycle::spawn_unchecked<test[aada8e7e76ba119b]::run_test::{closure#1}, ()>::{closure#1} as core[a373ad73a504971]::ops::function::FnOnce<()>>::call_once::{shim:vtable#0}
[INFO] [stdout]   18:     0x646e081ec89f - <std[617be2ca0a6fd877]::sys::thread::unix::Thread>::new::thread_start
[INFO] [stdout]   19:     0x7de889191dfa - <unknown>
[INFO] [stdout]   20:     0x7de8892253d4 - clone
[INFO] [stdout]   21:                0x0 - <unknown>
[INFO] [stdout] 
[INFO] [stdout] ---- util::tests::test_round_down_to_next_multiple_of_alignment_zerocopy_panic_in_const_and_vec_try_reserve stdout ----
[INFO] [stdout] note: test did not panic as expected at src/util/mod.rs:894:8
[INFO] [stdout] ---- layout::tests::test_validate_cast_and_convert_metadata stdout ----
[INFO] [stdout] 
[INFO] [stdout] thread 'layout::tests::test_validate_cast_and_convert_metadata' (494) panicked at src/layout.rs:3439:9:
[INFO] [stdout] layout(Sized { size: 0 }, 1).validate_cast_and_convert_metadata(18446744073709551615, 1, Prefix)
[INFO] [stdout] stack backtrace:
[INFO] [stdout]    0:     0x646e081ed041 - <<std[617be2ca0a6fd877]::sys::backtrace::BacktraceLock>::print::DisplayBacktrace as core[a373ad73a504971]::fmt::Display>::fmt
[INFO] [stdout]    1:     0x646e0820273a - core[a373ad73a504971]::fmt::write
[INFO] [stdout]    2:     0x646e081f125c - <alloc[2e1b2a31b91974c5]::vec::Vec<u8> as core[a373ad73a504971]::io::write::Write>::write_fmt
[INFO] [stdout]    3:     0x646e081c94a6 - std[617be2ca0a6fd877]::panicking::default_hook::{closure#0}
[INFO] [stdout]    4:     0x646e081e56d9 - std[617be2ca0a6fd877]::panicking::default_hook
[INFO] [stdout]    5:     0x646e08181bd0 - test[aada8e7e76ba119b]::test_main_inner::{closure#0}
[INFO] [stdout]    6:     0x646e081e5892 - std[617be2ca0a6fd877]::panicking::panic_with_hook
[INFO] [stdout]    7:     0x646e081c9552 - std[617be2ca0a6fd877]::panicking::panic_handler::{closure#0}
[INFO] [stdout]    8:     0x646e081c2269 - std[617be2ca0a6fd877]::sys::backtrace::__rust_end_short_backtrace::<std[617be2ca0a6fd877]::panicking::panic_handler::{closure#0}, !>
[INFO] [stdout]    9:     0x646e081ca15d - __rustc[ea4f61d10b84890b]::rust_begin_unwind
[INFO] [stdout]   10:     0x646e08202e6c - core[a373ad73a504971]::panicking::panic_fmt
[INFO] [stdout]   11:     0x646e0816a811 - <itertools[e6ee211ce9504385]::adaptors::Product<itertools[e6ee211ce9504385]::cons_tuples_impl::ConsTuples<itertools[e6ee211ce9504385]::adaptors::Product<itertools[e6ee211ce9504385]::cons_tuples_impl::ConsTuples<itertools[e6ee211ce9504385]::adaptors::Product<itertools[e6ee211ce9504385]::adaptors::Product<core[a373ad73a504971]::iter::adapters::chain::Chain<core[a373ad73a504971]::iter::adapters::map::Map<core[a373ad73a504971]::ops::range::Range<usize>, <usize as core[a373ad73a504971]::convert::Into<zerocopy[60990a369df86a6d]::layout::SizeInfo>>::into>, core[a373ad73a504971]::iter::adapters::map::Map<itertools[e6ee211ce9504385]::adaptors::Product<core[a373ad73a504971]::ops::range::Range<usize>, core[a373ad73a504971]::ops::range::Range<usize>>, <(usize, usize) as core[a373ad73a504971]::convert::Into<zerocopy[60990a369df86a6d]::layout::SizeInfo>>::into>>, core[a373ad73a504971]::array::iter::IntoIter<usize, 5usize>>, core[a373ad73a504971]::array::iter::IntoIter<usize, 1usize>>, ((zerocopy[60990a369df86a6d]::layout::SizeInfo, usize), usize)>, core[a373ad73a504971]::ops::range::Range<usize>>, ((zerocopy[60990a369df86a6d]::layout::SizeInfo, usize, usize), usize)>, core[a373ad73a504971]::array::iter::IntoIter<zerocopy[60990a369df86a6d]::layout::CastType, 2usize>> as core[a373ad73a504971]::iter::traits::iterator::Iterator>::fold::<(), <itertools[e6ee211ce9504385]::cons_tuples_impl::ConsTuples<itertools[e6ee211ce9504385]::adaptors::Product<itertools[e6ee211ce9504385]::cons_tuples_impl::ConsTuples<itertools[e6ee211ce9504385]::adaptors::Product<itertools[e6ee211ce9504385]::cons_tuples_impl::ConsTuples<itertools[e6ee211ce9504385]::adaptors::Product<itertools[e6ee211ce9504385]::adaptors::Product<core[a373ad73a504971]::iter::adapters::chain::Chain<core[a373ad73a504971]::iter::adapters::map::Map<core[a373ad73a504971]::ops::range::Range<usize>, <usize as core[a373ad73a504971]::convert::Into<zerocopy[60990a369df86a6d]::layout::SizeInfo>>::into>, core[a373ad73a504971]::iter::adapters::map::Map<itertools[e6ee211ce9504385]::adaptors::Product<core[a373ad73a504971]::ops::range::Range<usize>, core[a373ad73a504971]::ops::range::Range<usize>>, <(usize, usize) as core[a373ad73a504971]::convert::Into<zerocopy[60990a369df86a6d]::layout::SizeInfo>>::into>>, core[a373ad73a504971]::array::iter::IntoIter<usize, 5usize>>, core[a373ad73a504971]::array::iter::IntoIter<usize, 1usize>>, ((zerocopy[60990a369df86a6d]::layout::SizeInfo, usize), usize)>, core[a373ad73a504971]::ops::range::Range<usize>>, ((zerocopy[60990a369df86a6d]::layout::SizeInfo, usize, usize), usize)>, core[a373ad73a504971]::array::iter::IntoIter<zerocopy[60990a369df86a6d]::layout::CastType, 2usize>>, ((zerocopy[60990a369df86a6d]::layout::SizeInfo, usize, usize, usize), zerocopy[60990a369df86a6d]::layout::CastType)> as core[a373ad73a504971]::iter::traits::iterator::Iterator>::fold<(), core[a373ad73a504971]::iter::traits::iterator::Iterator::for_each::call<(zerocopy[60990a369df86a6d]::layout::SizeInfo, usize, usize, usize, zerocopy[60990a369df86a6d]::layout::CastType), zerocopy[60990a369df86a6d]::layout::tests::test_validate_cast_and_convert_metadata::{closure#10}>::{closure#0}>::{closure#0}>
[INFO] [stdout]   12:     0x646e0815f70b - <zerocopy[60990a369df86a6d]::layout::tests::test_validate_cast_and_convert_metadata::{closure#0} as core[a373ad73a504971]::ops::function::FnOnce<()>>::call_once
[INFO] [stdout]   13:     0x646e0817501b - test[aada8e7e76ba119b]::__rust_begin_short_backtrace::<core[a373ad73a504971]::result::Result<(), alloc[2e1b2a31b91974c5]::string::String>, fn() -> core[a373ad73a504971]::result::Result<(), alloc[2e1b2a31b91974c5]::string::String>>
[INFO] [stdout]   14:     0x646e081821f5 - test[aada8e7e76ba119b]::run_test::{closure#0}
[INFO] [stdout]   15:     0x646e0817bae4 - std[617be2ca0a6fd877]::sys::backtrace::__rust_begin_short_backtrace::<test[aada8e7e76ba119b]::run_test::{closure#1}, ()>
[INFO] [stdout]   16:     0x646e08185282 - <std[617be2ca0a6fd877]::thread::lifecycle::spawn_unchecked<test[aada8e7e76ba119b]::run_test::{closure#1}, ()>::{closure#1} as core[a373ad73a504971]::ops::function::FnOnce<()>>::call_once::{shim:vtable#0}
[INFO] [stdout]   17:     0x646e081ec89f - <std[617be2ca0a6fd877]::sys::thread::unix::Thread>::new::thread_start
[INFO] [stdout]   18:     0x7de889191dfa - <unknown>
[INFO] [stdout]   19:     0x7de8892253d4 - clone
[INFO] [stdout]   20:                0x0 - <unknown>
[INFO] [stdout] 
[INFO] [stdout] 
[INFO] [stdout] failures:
[INFO] [stdout]     error::tests::alignment_display
[INFO] [stdout]     error::tests::size_display
[INFO] [stdout]     error::tests::validity_display
[INFO] [stdout]     layout::tests::test_validate_cast_and_convert_metadata
[INFO] [stdout]     util::tests::test_round_down_to_next_multiple_of_alignment_zerocopy_panic_in_const_and_vec_try_reserve
[INFO] [stdout] 
[INFO] [stdout] test result: FAILED. 135 passed; 5 failed; 0 ignored; 0 measured; 0 filtered out; finished in 0.21s
[INFO] [stdout] 
[INFO] [stderr] error: test failed, to rerun pass `--lib`
[INFO] running `Command { std: "docker" "inspect" "d26321448ac8d1bb20741b9ac77d683128ecb950b7c046619422a71fa350ea83", kill_on_drop: false }`
[INFO] running `Command { std: "docker" "rm" "-f" "d26321448ac8d1bb20741b9ac77d683128ecb950b7c046619422a71fa350ea83", kill_on_drop: false }`
[INFO] [stdout] d26321448ac8d1bb20741b9ac77d683128ecb950b7c046619422a71fa350ea83
