[INFO] fetching crate zeroconf 0.18.0...
[INFO] testing zeroconf-0.18.0 against 1.99.0-beta.8+cargoflags=--release for beta-release-1.100-2
[INFO] extracting crate zeroconf 0.18.0 into /workspace/builds/worker-4-tc1/source
[INFO] started tweaking crates.io crate zeroconf 0.18.0
[INFO] finished tweaking crates.io crate zeroconf 0.18.0
[INFO] tweaked toml for crates.io crate zeroconf 0.18.0 written to /workspace/builds/worker-4-tc1/source/Cargo.toml
[INFO] validating manifest of crates.io crate zeroconf 0.18.0 on toolchain 1.99.0-beta.8
[INFO] running `Command { std: CARGO_HOME="/workspace/cargo-home" RUSTUP_HOME="/workspace/rustup-home" "/workspace/cargo-home/bin/cargo" "+1.99.0-beta.8" "metadata" "--manifest-path" "Cargo.toml" "--no-deps", kill_on_drop: false }`
[INFO] crate crates.io crate zeroconf 0.18.0 already has a lockfile, it will not be regenerated
[INFO] running `Command { std: CARGO_HOME="/workspace/cargo-home" RUSTUP_HOME="/workspace/rustup-home" "/workspace/cargo-home/bin/cargo" "+1.99.0-beta.8" "fetch" "--manifest-path" "Cargo.toml", kill_on_drop: false }`
[INFO] [stderr]     Blocking waiting for file lock on package cache
[INFO] [stderr]     Updating crates.io index
[INFO] [stderr]     Blocking waiting for file lock on package cache
[INFO] [stderr]  Downloading crates ...
[INFO] [stderr]   Downloaded unicode-ident v1.0.22
[INFO] [stderr]   Downloaded quote v1.0.42
[INFO] [stderr]   Downloaded colorchoice v1.0.4
[INFO] [stderr]   Downloaded clap_lex v0.7.6
[INFO] [stderr]   Downloaded home v0.5.12
[INFO] [stderr]   Downloaded is-terminal v0.4.17
[INFO] [stderr]   Downloaded winapi-util v0.1.11
[INFO] [stderr]   Downloaded maplit v1.0.2
[INFO] [stderr]   Downloaded anstream v0.6.21
[INFO] [stderr]   Downloaded errno v0.3.14
[INFO] [stderr]   Downloaded itoa v1.0.15
[INFO] [stderr]   Downloaded termcolor v1.4.1
[INFO] [stderr]   Downloaded humantime v2.3.0
[INFO] [stderr]   Downloaded anstyle-parse v0.2.7
[INFO] [stderr]   Downloaded proc-macro2 v1.0.103
[INFO] [stderr]   Downloaded libloading v0.8.9
[INFO] [stderr]   Downloaded glob v0.3.3
[INFO] [stderr]   Downloaded clap_derive v4.5.49
[INFO] [stderr]   Downloaded env_logger v0.10.2
[INFO] [stderr]   Downloaded hermit-abi v0.5.2
[INFO] [stderr]   Downloaded anstyle v1.0.13
[INFO] [stderr]   Downloaded once_cell v1.21.3
[INFO] [stderr]   Downloaded bitflags v2.10.0
[INFO] [stderr]   Downloaded either v1.15.0
[INFO] [stderr]   Downloaded serde_derive v1.0.228
[INFO] [stderr]   Downloaded ryu v1.0.20
[INFO] [stderr]   Downloaded prettyplease v0.2.37
[INFO] [stderr]   Downloaded serde_core v1.0.228
[INFO] [stderr]   Downloaded clap v4.5.53
[INFO] [stderr]   Downloaded log v0.4.28
[INFO] [stderr]   Downloaded memchr v2.7.6
[INFO] [stderr]   Downloaded serde v1.0.228
[INFO] [stderr]   Downloaded regex v1.12.2
[INFO] [stderr]   Downloaded aho-corasick v1.1.4
[INFO] [stderr]   Downloaded clap_builder v4.5.53
[INFO] [stderr]   Downloaded syn v2.0.110
[INFO] [stderr]   Downloaded serde_json v1.0.145
[INFO] [stderr]   Downloaded bindgen v0.69.5
[INFO] [stderr]   Downloaded regex-syntax v0.8.8
[INFO] [stderr]   Downloaded rustix v0.38.44
[INFO] [stderr]   Downloaded regex-automata v0.4.13
[INFO] [stderr]   Downloaded libc v0.2.177
[INFO] [stderr]   Downloaded linux-raw-sys v0.4.15
[INFO] [stderr]   Downloaded windows-sys v0.59.0
[INFO] running `Command { std: "docker" "create" "-v" "/var/lib/crater-agent-workspace/builds/worker-4-tc1/source:/opt/rustwide/workdir:ro,Z" "-v" "/var/lib/crater-agent-workspace/builds/worker-4-tc1/target:/opt/rustwide/target:rw,Z" "-v" "/var/lib/crater-agent-workspace/cargo-home:/opt/rustwide/cargo-home:ro,Z" "-v" "/var/lib/crater-agent-workspace/rustup-home:/opt/rustwide/rustup-home:ro,Z" "-m" "1610612736" "--network" "none" "ghcr.io/rust-lang/crates-build-env/linux@sha256:77db811e55d90add9212f6832c23229e3de5f1c1f9905e8cb07319ea15df73ac" "sleep" "infinity", kill_on_drop: false }`
[INFO] [stdout] 276152ade0808cbe467bc4c5d17fefc15653602466c1bd69f47cc416d51b0a0c
[INFO] running `Command { std: "docker" "start" "276152ade0808cbe467bc4c5d17fefc15653602466c1bd69f47cc416d51b0a0c", kill_on_drop: false }`
[INFO] running `Command { std: "docker" "inspect" "276152ade0808cbe467bc4c5d17fefc15653602466c1bd69f47cc416d51b0a0c", kill_on_drop: false }`
[INFO] running `Command { std: "docker" "exec" "-e" "SOURCE_DIR=/opt/rustwide/workdir" "-e" "CARGO_HOME=/opt/rustwide/cargo-home" "-e" "RUSTUP_HOME=/opt/rustwide/rustup-home" "-e" "CARGO_TARGET_DIR=/opt/rustwide/target" "-w" "/opt/rustwide/workdir" "--user" "0:0" "276152ade0808cbe467bc4c5d17fefc15653602466c1bd69f47cc416d51b0a0c" "/opt/rustwide/cargo-home/bin/cargo" "+1.99.0-beta.8" "metadata" "--no-deps" "--format-version=1", kill_on_drop: false }`
[INFO] running `Command { std: "docker" "inspect" "276152ade0808cbe467bc4c5d17fefc15653602466c1bd69f47cc416d51b0a0c", kill_on_drop: false }`
[INFO] running `Command { std: "docker" "exec" "-e" "SOURCE_DIR=/opt/rustwide/workdir" "-e" "CARGO_HOME=/opt/rustwide/cargo-home" "-e" "RUSTUP_HOME=/opt/rustwide/rustup-home" "-e" "CARGO_TARGET_DIR=/opt/rustwide/target" "-e" "CARGO_INCREMENTAL=0" "-e" "RUST_BACKTRACE=full" "-e" "RUSTFLAGS=--cap-lints=warn" "-e" "RUSTDOCFLAGS=--cap-lints=warn" "-w" "/opt/rustwide/workdir" "--user" "0:0" "276152ade0808cbe467bc4c5d17fefc15653602466c1bd69f47cc416d51b0a0c" "/opt/rustwide/cargo-home/bin/cargo" "+1.99.0-beta.8" "build" "--frozen" "--message-format=json" "--release", kill_on_drop: false }`
[INFO] [stderr]    Compiling clang-sys v1.8.1
[INFO] [stderr]    Compiling regex-syntax v0.8.8
[INFO] [stderr]    Compiling either v1.15.0
[INFO] [stderr]    Compiling nom v7.1.3
[INFO] [stderr]    Compiling libloading v0.8.9
[INFO] [stderr]    Compiling strsim v0.9.3
[INFO] [stderr]    Compiling syn v1.0.109
[INFO] [stderr]    Compiling rustix v0.38.44
[INFO] [stderr]    Compiling prettyplease v0.2.37
[INFO] [stderr]    Compiling derive_builder v0.9.0
[INFO] [stderr]    Compiling zeroconf-macros v0.2.0
[INFO] [stderr]    Compiling itertools v0.12.1
[INFO] [stderr]    Compiling bindgen v0.69.5
[INFO] [stderr]    Compiling regex-automata v0.4.13
[INFO] [stderr]    Compiling which v4.4.2
[INFO] [stderr]    Compiling cexpr v0.6.0
[INFO] [stderr]    Compiling darling_core v0.10.2
[INFO] [stderr]    Compiling regex v1.12.2
[INFO] [stderr]    Compiling derive-new v0.5.9
[INFO] [stderr]    Compiling derive-getters v0.3.0
[INFO] [stderr]    Compiling darling_macro v0.10.2
[INFO] [stderr]    Compiling darling v0.10.2
[INFO] [stderr]    Compiling derive_builder_core v0.9.0
[INFO] [stderr]    Compiling avahi-sys v0.10.1
[INFO] [stderr]    Compiling zeroconf v0.18.0 (/opt/rustwide/workdir)
[INFO] [stderr]     Finished `release` profile [optimized] target(s) in 21.15s
[INFO] running `Command { std: "docker" "inspect" "276152ade0808cbe467bc4c5d17fefc15653602466c1bd69f47cc416d51b0a0c", kill_on_drop: false }`
[INFO] running `Command { std: "docker" "exec" "-e" "SOURCE_DIR=/opt/rustwide/workdir" "-e" "CARGO_HOME=/opt/rustwide/cargo-home" "-e" "RUSTUP_HOME=/opt/rustwide/rustup-home" "-e" "CARGO_TARGET_DIR=/opt/rustwide/target" "-e" "CARGO_INCREMENTAL=0" "-e" "RUST_BACKTRACE=full" "-e" "RUSTFLAGS=--cap-lints=warn" "-e" "RUSTDOCFLAGS=--cap-lints=warn" "-w" "/opt/rustwide/workdir" "--user" "0:0" "276152ade0808cbe467bc4c5d17fefc15653602466c1bd69f47cc416d51b0a0c" "/opt/rustwide/cargo-home/bin/cargo" "+1.99.0-beta.8" "test" "--frozen" "--no-run" "--message-format=json" "--release", kill_on_drop: false }`
[INFO] [stderr]    Compiling serde_core v1.0.228
[INFO] [stderr]    Compiling log v0.4.28
[INFO] [stderr]    Compiling is-terminal v0.4.17
[INFO] [stderr]    Compiling maplit v1.0.2
[INFO] [stderr]    Compiling clap v4.5.53
[INFO] [stderr]    Compiling env_logger v0.10.2
[INFO] [stderr]    Compiling zeroconf v0.18.0 (/opt/rustwide/workdir)
[INFO] [stderr]    Compiling serde_json v1.0.145
[INFO] [stderr]     Finished `release` profile [optimized] target(s) in 9.40s
[INFO] running `Command { std: "docker" "inspect" "276152ade0808cbe467bc4c5d17fefc15653602466c1bd69f47cc416d51b0a0c", kill_on_drop: false }`
[INFO] running `Command { std: "docker" "exec" "-e" "SOURCE_DIR=/opt/rustwide/workdir" "-e" "CARGO_HOME=/opt/rustwide/cargo-home" "-e" "RUSTUP_HOME=/opt/rustwide/rustup-home" "-e" "CARGO_TARGET_DIR=/opt/rustwide/target" "-e" "CARGO_INCREMENTAL=0" "-e" "RUST_BACKTRACE=full" "-e" "RUSTFLAGS=--cap-lints=warn" "-e" "RUSTDOCFLAGS=--cap-lints=warn" "-w" "/opt/rustwide/workdir" "--user" "0:0" "276152ade0808cbe467bc4c5d17fefc15653602466c1bd69f47cc416d51b0a0c" "/opt/rustwide/cargo-home/bin/cargo" "+1.99.0-beta.8" "test" "--frozen" "--release", kill_on_drop: false }`
[INFO] [stderr]     Finished `release` profile [optimized] target(s) in 0.11s
[INFO] [stderr]      Running unittests src/lib.rs (/opt/rustwide/target/release/deps/zeroconf-19848409529db64a)
[INFO] [stdout] 
[INFO] [stdout] running 54 tests
[INFO] [stdout] test avahi::avahi_util::tests::get_error_returns_valid_error_string ... ok
[INFO] [stdout] test avahi::avahi_util::tests::address_to_string_returns_correct_ipv6_string ... ok
[INFO] [stdout] test avahi::avahi_util::tests::format_sub_type_strips_leading_underscore ... ok
[INFO] [stdout] test avahi::avahi_util::tests::interface_from_index_returns_unspec_for_avahi_unspec ... ok
[INFO] [stdout] test avahi::avahi_util::tests::interface_index_returns_index_for_index ... ok
[INFO] [stdout] test avahi::avahi_util::tests::interface_index_returns_unspec_for_unspec ... ok
[INFO] [stdout] test avahi::avahi_util::tests::format_sub_type_returns_valid_string ... ok
[INFO] [stdout] test avahi::string_list::tests::add_get_pair_success ... ok
[INFO] [stdout] test avahi::string_list::tests::add_pair_replaces_success ... ok
[INFO] [stdout] test avahi::avahi_util::tests::sys_exec_returns_error_for_failure ... ok
[INFO] [stdout] test avahi::avahi_util::tests::format_browser_type_returns_valid_string ... ok
[INFO] [stdout] test avahi::avahi_util::tests::format_browser_type_returns_string_with_sub_types ... ok
[INFO] [stdout] test avahi::avahi_util::tests::address_to_string_returns_correct_ipv4_string ... ok
[INFO] [stdout] test avahi::string_list::tests::length_success ... ok
[INFO] [stdout] test avahi::avahi_util::tests::format_service_type_returns_valid_string ... ok
[INFO] [stdout] test avahi::string_list::tests::iterate_success ... ok
[INFO] [stdout] test ffi::c_str::tests::copy_raw_success ... ok
[INFO] [stdout] test macros::tests::assert_not_null_non_null_success ... ok
[INFO] [stdout] test avahi::string_list::tests::to_string_success ... ok
[INFO] [stdout] test ffi::c_str::tests::raw_to_str_expects_non_null - should panic ... ok
[INFO] [stdout] test avahi::avahi_util::tests::sys_exec_returns_ok_for_success ... ok
[INFO] [stdout] test ffi::c_str::tests::raw_to_str_success ... ok
[INFO] [stdout] test macros::tests::c_string_success ... ok
[INFO] [stdout] test avahi::avahi_util::tests::interface_from_index_returns_index_for_avahi_index ... ok
[INFO] [stdout] test ffi::c_str::tests::copy_raw_expects_non_null - should panic ... ok
[INFO] [stdout] test macros::tests::assert_not_null_null_panics - should panic ... ok
[INFO] [stdout] test avahi::string_list::tests::equals_success ... ok
[INFO] [stdout] test service_type::tests::check_valid_characters_returns_error_if_comma ... ok
[INFO] [stdout] test txt_record::tests::contains_key_success ... ok
[INFO] [stdout] test service_type::tests::new_invalid ... ok
[INFO] [stdout] test service_type::tests::check_valid_characters_returns_error_if_dot ... ok
[INFO] [stdout] test service_type::tests::check_valid_characters_returns_error_if_empty ... ok
[INFO] [stdout] test service_type::tests::check_valid_characters_success ... ok
[INFO] [stdout] test service_type::tests::from_str_requires_two_parts ... ok
[INFO] [stdout] test service_type::tests::from_str_success ... ok
[INFO] [stdout] test tests::service_test::service_register_is_browsable ... FAILED
[INFO] [stdout] test service_type::tests::lstrip_underscore_returns_original ... ok
[INFO] [stdout] test txt_record::tests::from_hashmap_success ... ok
[INFO] [stdout] test txt_record::tests::get_miss_returns_none ... ok
[INFO] [stdout] test service_type::tests::lstrip_underscore_returns_stripped ... ok
[INFO] [stdout] test txt_record::tests::iter_success ... ok
[INFO] [stdout] test txt_record::tests::insert_get_success ... ok
[INFO] [stdout] test txt_record::tests::keys_success ... ok
[INFO] [stdout] test txt_record::tests::is_empty_success ... ok
[INFO] [stdout] test txt_record::tests::iter_works_if_empty ... ok
[INFO] [stdout] test tests::event_loop_test::event_loop_long_polls ... FAILED
[INFO] [stdout] test txt_record::tests::clone_success ... ok
[INFO] [stdout] test tests::event_loop_test::event_loop_spins_fast ... FAILED
[INFO] [stdout] test txt_record::tests::remove_returns_previous_value ... ok
[INFO] [stdout] test txt_record::tests::len_returns_zero_if_empty ... ok
[INFO] [stdout] test txt_record::tests::len_success ... ok
[INFO] [stdout] test txt_record::tests::remove_success ... ok
[INFO] [stdout] test txt_record::tests::values_success ... ok
[INFO] [stdout] test txt_record::tests::remove_returns_none_if_missing ... ok
[INFO] [stdout] 
[INFO] [stdout] failures:
[INFO] [stdout] 
[INFO] [stdout] ---- tests::service_test::service_register_is_browsable stdout ----
[INFO] [stdout] 
[INFO] [stdout] thread 'tests::service_test::service_register_is_browsable' (962) panicked at src/tests/service_test.rs:93:41:
[INFO] [stdout] called `Result::unwrap()` on an `Err` value: Error { description: "could not initialize AvahiClient" }
[INFO] [stdout] stack backtrace:
[INFO] [stdout]    0:     0x56886d3f44c1 - <<std[70759c8f55707aa4]::sys::backtrace::BacktraceLock>::print::DisplayBacktrace as core[df12db4294e9bfd3]::fmt::Display>::fmt
[INFO] [stdout]    1:     0x56886d40a33a - core[df12db4294e9bfd3]::fmt::write
[INFO] [stdout]    2:     0x56886d3f8d4c - <alloc[2182bb758b4b3781]::vec::Vec<u8> as core[df12db4294e9bfd3]::io::write::Write>::write_fmt
[INFO] [stdout]    3:     0x56886d3d0a76 - std[70759c8f55707aa4]::panicking::default_hook::{closure#0}
[INFO] [stdout]    4:     0x56886d3ecc29 - std[70759c8f55707aa4]::panicking::default_hook
[INFO] [stdout]    5:     0x56886d388ac0 - test[9d35eded1c95d3be]::test_main_inner::<test[9d35eded1c95d3be]::test_main_static::{closure#0}>::{closure#0}
[INFO] [stdout]    6:     0x56886d3ecde2 - std[70759c8f55707aa4]::panicking::panic_with_hook
[INFO] [stdout]    7:     0x56886d3d0b22 - std[70759c8f55707aa4]::panicking::panic_handler::{closure#0}
[INFO] [stdout]    8:     0x56886d3c9879 - std[70759c8f55707aa4]::sys::backtrace::__rust_end_short_backtrace::<std[70759c8f55707aa4]::panicking::panic_handler::{closure#0}, !>
[INFO] [stderr] error: test failed, to rerun pass `--lib`
[INFO] [stdout]    9:     0x56886d3d171d - __rustc[8fa7c3cbc660c2b3]::rust_begin_unwind
[INFO] [stdout]   10:     0x56886d40ab1c - core[df12db4294e9bfd3]::panicking::panic_fmt
[INFO] [stdout]   11:     0x56886d40a8f2 - core[df12db4294e9bfd3]::result::unwrap_failed
[INFO] [stdout]   12:     0x56886d2a682d - <zeroconf[de9bd1aea53422fe]::tests::service_test::service_register_is_browsable::{closure#0} as core[df12db4294e9bfd3]::ops::function::FnOnce<()>>::call_once
[INFO] [stdout]   13:     0x56886d37bdab - test[9d35eded1c95d3be]::__rust_begin_short_backtrace::<core[df12db4294e9bfd3]::result::Result<(), alloc[2182bb758b4b3781]::string::String>, fn() -> core[df12db4294e9bfd3]::result::Result<(), alloc[2182bb758b4b3781]::string::String>>
[INFO] [stdout]   14:     0x56886d389415 - test[9d35eded1c95d3be]::run_test::{closure#0}
[INFO] [stdout]   15:     0x56886d382cd4 - std[70759c8f55707aa4]::sys::backtrace::__rust_begin_short_backtrace::<test[9d35eded1c95d3be]::run_test::{closure#1}, ()>
[INFO] [stdout]   16:     0x56886d38c572 - <std[70759c8f55707aa4]::thread::lifecycle::spawn_unchecked<test[9d35eded1c95d3be]::run_test::{closure#1}, ()>::{closure#1} as core[df12db4294e9bfd3]::ops::function::FnOnce<()>>::call_once::{shim:vtable#0}
[INFO] [stdout]   17:     0x56886d3f3d99 - <std[70759c8f55707aa4]::sys::thread::unix::Thread>::new::thread_start
[INFO] [stdout]   18:     0x767f3f699dfa - <unknown>
[INFO] [stdout]   19:     0x767f3f72d3d4 - clone
[INFO] [stdout]   20:                0x0 - <unknown>
[INFO] [stdout] 
[INFO] [stdout] ---- tests::event_loop_test::event_loop_long_polls stdout ----
[INFO] [stdout] 
[INFO] [stdout] thread 'tests::event_loop_test::event_loop_long_polls' (960) panicked at src/tests/event_loop_test.rs:68:41:
[INFO] [stdout] called `Result::unwrap()` on an `Err` value: Error { description: "could not initialize AvahiClient" }
[INFO] [stdout] stack backtrace:
[INFO] [stdout]    0:     0x56886d3f44c1 - <<std[70759c8f55707aa4]::sys::backtrace::BacktraceLock>::print::DisplayBacktrace as core[df12db4294e9bfd3]::fmt::Display>::fmt
[INFO] [stdout]    1:     0x56886d40a33a - core[df12db4294e9bfd3]::fmt::write
[INFO] [stdout]    2:     0x56886d3f8d4c - <alloc[2182bb758b4b3781]::vec::Vec<u8> as core[df12db4294e9bfd3]::io::write::Write>::write_fmt
[INFO] [stdout]    3:     0x56886d3d0a76 - std[70759c8f55707aa4]::panicking::default_hook::{closure#0}
[INFO] [stdout]    4:     0x56886d3ecc29 - std[70759c8f55707aa4]::panicking::default_hook
[INFO] [stdout]    5:     0x56886d388ac0 - test[9d35eded1c95d3be]::test_main_inner::<test[9d35eded1c95d3be]::test_main_static::{closure#0}>::{closure#0}
[INFO] [stdout]    6:     0x56886d3ecde2 - std[70759c8f55707aa4]::panicking::panic_with_hook
[INFO] [stdout]    7:     0x56886d3d0b22 - std[70759c8f55707aa4]::panicking::panic_handler::{closure#0}
[INFO] [stdout]    8:     0x56886d3c9879 - std[70759c8f55707aa4]::sys::backtrace::__rust_end_short_backtrace::<std[70759c8f55707aa4]::panicking::panic_handler::{closure#0}, !>
[INFO] [stdout]    9:     0x56886d3d171d - __rustc[8fa7c3cbc660c2b3]::rust_begin_unwind
[INFO] [stdout]   10:     0x56886d40ab1c - core[df12db4294e9bfd3]::panicking::panic_fmt
[INFO] [stdout]   11:     0x56886d40a8f2 - core[df12db4294e9bfd3]::result::unwrap_failed
[INFO] [stdout]   12:     0x56886d29d98f - zeroconf[de9bd1aea53422fe]::tests::event_loop_test::event_loop_long_polls
[INFO] [stdout]   13:     0x56886d2a6ac9 - <zeroconf[de9bd1aea53422fe]::tests::event_loop_test::event_loop_long_polls::{closure#0} as core[df12db4294e9bfd3]::ops::function::FnOnce<()>>::call_once
[INFO] [stdout]   14:     0x56886d37bdab - test[9d35eded1c95d3be]::__rust_begin_short_backtrace::<core[df12db4294e9bfd3]::result::Result<(), alloc[2182bb758b4b3781]::string::String>, fn() -> core[df12db4294e9bfd3]::result::Result<(), alloc[2182bb758b4b3781]::string::String>>
[INFO] [stdout]   15:     0x56886d389415 - test[9d35eded1c95d3be]::run_test::{closure#0}
[INFO] [stdout]   16:     0x56886d382cd4 - std[70759c8f55707aa4]::sys::backtrace::__rust_begin_short_backtrace::<test[9d35eded1c95d3be]::run_test::{closure#1}, ()>
[INFO] [stdout]   17:     0x56886d38c572 - <std[70759c8f55707aa4]::thread::lifecycle::spawn_unchecked<test[9d35eded1c95d3be]::run_test::{closure#1}, ()>::{closure#1} as core[df12db4294e9bfd3]::ops::function::FnOnce<()>>::call_once::{shim:vtable#0}
[INFO] [stdout]   18:     0x56886d3f3d99 - <std[70759c8f55707aa4]::sys::thread::unix::Thread>::new::thread_start
[INFO] [stdout]   19:     0x767f3f699dfa - <unknown>
[INFO] [stdout]   20:     0x767f3f72d3d4 - clone
[INFO] [stdout]   21:                0x0 - <unknown>
[INFO] [stdout] 
[INFO] [stdout] ---- tests::event_loop_test::event_loop_spins_fast stdout ----
[INFO] [stdout] 
[INFO] [stdout] thread 'tests::event_loop_test::event_loop_spins_fast' (961) panicked at src/tests/event_loop_test.rs:31:41:
[INFO] [stdout] called `Result::unwrap()` on an `Err` value: Error { description: "could not initialize AvahiClient" }
[INFO] [stdout] stack backtrace:
[INFO] [stdout]    0:     0x56886d3f44c1 - <<std[70759c8f55707aa4]::sys::backtrace::BacktraceLock>::print::DisplayBacktrace as core[df12db4294e9bfd3]::fmt::Display>::fmt
[INFO] [stdout]    1:     0x56886d40a33a - core[df12db4294e9bfd3]::fmt::write
[INFO] [stdout]    2:     0x56886d3f8d4c - <alloc[2182bb758b4b3781]::vec::Vec<u8> as core[df12db4294e9bfd3]::io::write::Write>::write_fmt
[INFO] [stdout]    3:     0x56886d3d0a76 - std[70759c8f55707aa4]::panicking::default_hook::{closure#0}
[INFO] [stdout]    4:     0x56886d3ecc29 - std[70759c8f55707aa4]::panicking::default_hook
[INFO] [stdout]    5:     0x56886d388ac0 - test[9d35eded1c95d3be]::test_main_inner::<test[9d35eded1c95d3be]::test_main_static::{closure#0}>::{closure#0}
[INFO] [stdout]    6:     0x56886d3ecde2 - std[70759c8f55707aa4]::panicking::panic_with_hook
[INFO] [stdout]    7:     0x56886d3d0b22 - std[70759c8f55707aa4]::panicking::panic_handler::{closure#0}
[INFO] [stdout]    8:     0x56886d3c9879 - std[70759c8f55707aa4]::sys::backtrace::__rust_end_short_backtrace::<std[70759c8f55707aa4]::panicking::panic_handler::{closure#0}, !>
[INFO] [stdout]    9:     0x56886d3d171d - __rustc[8fa7c3cbc660c2b3]::rust_begin_unwind
[INFO] [stdout]   10:     0x56886d40ab1c - core[df12db4294e9bfd3]::panicking::panic_fmt
[INFO] [stdout]   11:     0x56886d40a8f2 - core[df12db4294e9bfd3]::result::unwrap_failed
[INFO] [stdout]   12:     0x56886d29de7f - zeroconf[de9bd1aea53422fe]::tests::event_loop_test::event_loop_spins_fast
[INFO] [stdout]   13:     0x56886d2a6ae9 - <zeroconf[de9bd1aea53422fe]::tests::event_loop_test::event_loop_spins_fast::{closure#0} as core[df12db4294e9bfd3]::ops::function::FnOnce<()>>::call_once
[INFO] [stdout]   14:     0x56886d37bdab - test[9d35eded1c95d3be]::__rust_begin_short_backtrace::<core[df12db4294e9bfd3]::result::Result<(), alloc[2182bb758b4b3781]::string::String>, fn() -> core[df12db4294e9bfd3]::result::Result<(), alloc[2182bb758b4b3781]::string::String>>
[INFO] [stdout]   15:     0x56886d389415 - test[9d35eded1c95d3be]::run_test::{closure#0}
[INFO] [stdout]   16:     0x56886d382cd4 - std[70759c8f55707aa4]::sys::backtrace::__rust_begin_short_backtrace::<test[9d35eded1c95d3be]::run_test::{closure#1}, ()>
[INFO] [stdout]   17:     0x56886d38c572 - <std[70759c8f55707aa4]::thread::lifecycle::spawn_unchecked<test[9d35eded1c95d3be]::run_test::{closure#1}, ()>::{closure#1} as core[df12db4294e9bfd3]::ops::function::FnOnce<()>>::call_once::{shim:vtable#0}
[INFO] [stdout]   18:     0x56886d3f3d99 - <std[70759c8f55707aa4]::sys::thread::unix::Thread>::new::thread_start
[INFO] [stdout]   19:     0x767f3f699dfa - <unknown>
[INFO] [stdout]   20:     0x767f3f72d3d4 - clone
[INFO] [stdout]   21:                0x0 - <unknown>
[INFO] [stdout] 
[INFO] [stdout] 
[INFO] [stdout] failures:
[INFO] [stdout]     tests::event_loop_test::event_loop_long_polls
[INFO] [stdout]     tests::event_loop_test::event_loop_spins_fast
[INFO] [stdout]     tests::service_test::service_register_is_browsable
[INFO] [stdout] 
[INFO] [stdout] test result: FAILED. 51 passed; 3 failed; 0 ignored; 0 measured; 0 filtered out; finished in 0.01s
[INFO] [stdout] 
[INFO] running `Command { std: "docker" "inspect" "276152ade0808cbe467bc4c5d17fefc15653602466c1bd69f47cc416d51b0a0c", kill_on_drop: false }`
[INFO] running `Command { std: "docker" "rm" "-f" "276152ade0808cbe467bc4c5d17fefc15653602466c1bd69f47cc416d51b0a0c", kill_on_drop: false }`
[INFO] [stdout] 276152ade0808cbe467bc4c5d17fefc15653602466c1bd69f47cc416d51b0a0c
