[INFO] fetching crate zeroconf-tokio 0.3.2...
[INFO] testing zeroconf-tokio-0.3.2 against 1.99.0-beta.8+cargoflags=--release for beta-release-1.100-2
[INFO] extracting crate zeroconf-tokio 0.3.2 into /workspace/builds/worker-5-tc1/source
[INFO] started tweaking crates.io crate zeroconf-tokio 0.3.2
[INFO] finished tweaking crates.io crate zeroconf-tokio 0.3.2
[INFO] tweaked toml for crates.io crate zeroconf-tokio 0.3.2 written to /workspace/builds/worker-5-tc1/source/Cargo.toml
[INFO] validating manifest of crates.io crate zeroconf-tokio 0.3.2 on toolchain 1.99.0-beta.8
[INFO] running `Command { std: CARGO_HOME="/workspace/cargo-home" RUSTUP_HOME="/workspace/rustup-home" "/workspace/cargo-home/bin/cargo" "+1.99.0-beta.8" "metadata" "--manifest-path" "Cargo.toml" "--no-deps", kill_on_drop: false }`
[INFO] crate crates.io crate zeroconf-tokio 0.3.2 already has a lockfile, it will not be regenerated
[INFO] running `Command { std: CARGO_HOME="/workspace/cargo-home" RUSTUP_HOME="/workspace/rustup-home" "/workspace/cargo-home/bin/cargo" "+1.99.0-beta.8" "fetch" "--manifest-path" "Cargo.toml", kill_on_drop: false }`
[INFO] [stderr]     Updating crates.io index
[INFO] [stderr]     Blocking waiting for file lock on package cache
[INFO] [stderr]  Downloading crates ...
[INFO] [stderr]   Downloaded zeroconf-macros v0.2.0
[INFO] [stderr]   Downloaded quote v1.0.36
[INFO] [stderr]   Downloaded unicode-ident v1.0.12
[INFO] [stderr]   Downloaded fnv v1.0.7
[INFO] [stderr]   Downloaded ntest_test_cases v0.9.3
[INFO] [stderr]   Downloaded zeroconf v0.18.0
[INFO] [stderr]   Downloaded proc-macro-crate v3.1.0
[INFO] [stderr]   Downloaded errno v0.3.9
[INFO] [stderr]   Downloaded which v4.4.2
[INFO] [stderr]   Downloaded avahi-sys v0.10.1
[INFO] [stderr]   Downloaded tokio-macros v2.4.0
[INFO] [stderr]   Downloaded windows-targets v0.52.6
[INFO] [stderr]   Downloaded ntest v0.9.3
[INFO] [stderr]   Downloaded derive-getters v0.3.0
[INFO] [stderr]   Downloaded home v0.5.9
[INFO] [stderr]   Downloaded futures-core v0.3.30
[INFO] [stderr]   Downloaded strsim v0.9.3
[INFO] [stderr]   Downloaded lazy_static v1.5.0
[INFO] [stderr]   Downloaded shlex v1.3.0
[INFO] [stderr]   Downloaded cexpr v0.6.0
[INFO] [stderr]   Downloaded rustc-hash v2.1.1
[INFO] [stderr]   Downloaded equivalent v1.0.1
[INFO] [stderr]   Downloaded cfg-if v1.0.0
[INFO] [stderr]   Downloaded lazycell v1.3.0
[INFO] [stderr]   Downloaded adler v1.0.2
[INFO] [stderr]   Downloaded ntest_timeout v0.9.3
[INFO] [stderr]   Downloaded ident_case v1.0.1
[INFO] [stderr]   Downloaded derive-new v0.5.9
[INFO] [stderr]   Downloaded futures-sink v0.3.30
[INFO] [stderr]   Downloaded toml_datetime v0.6.8
[INFO] [stderr]   Downloaded bonjour-sys v0.4.0
[INFO] [stderr]   Downloaded glob v0.3.1
[INFO] [stderr]   Downloaded log v0.4.22
[INFO] [stderr]   Downloaded bitflags v2.6.0
[INFO] [stderr]   Downloaded pin-project-lite v0.2.14
[INFO] [stderr]   Downloaded derive_builder_core v0.9.0
[INFO] [stderr]   Downloaded darling v0.10.2
[INFO] [stderr]   Downloaded darling_core v0.10.2
[INFO] [stderr]   Downloaded libloading v0.8.5
[INFO] [stderr]   Downloaded either v1.13.0
[INFO] [stderr]   Downloaded proc-macro2 v1.0.86
[INFO] [stderr]   Downloaded clang-sys v1.8.1
[INFO] [stderr]   Downloaded once_cell v1.19.0
[INFO] [stderr]   Downloaded addr2line v0.22.0
[INFO] [stderr]   Downloaded rustc-demangle v0.1.24
[INFO] [stderr]   Downloaded derive_builder v0.9.0
[INFO] [stderr]   Downloaded prettyplease v0.2.20
[INFO] [stderr]   Downloaded minimal-lexical v0.2.1
[INFO] [stderr]   Downloaded bytes v1.6.1
[INFO] [stderr]   Downloaded indexmap v2.3.0
[INFO] [stderr]   Downloaded miniz_oxide v0.7.4
[INFO] [stderr]   Downloaded cc v1.1.6
[INFO] [stderr]   Downloaded memchr v2.7.4
[INFO] [stderr]   Downloaded backtrace v0.3.73
[INFO] [stderr]   Downloaded tokio-util v0.7.11
[INFO] [stderr]   Downloaded toml_edit v0.21.1
[INFO] [stderr]   Downloaded nom v7.1.3
[INFO] [stderr]   Downloaded itertools v0.12.1
[INFO] [stderr]   Downloaded winnow v0.5.40
[INFO] [stderr]   Downloaded syn v2.0.72
[INFO] [stderr]   Downloaded aho-corasick v1.1.3
[INFO] [stderr]   Downloaded hashbrown v0.14.5
[INFO] [stderr]   Downloaded bindgen v0.69.4
[INFO] [stderr]   Downloaded bindgen v0.72.1
[INFO] [stderr]   Downloaded regex v1.10.5
[INFO] [stderr]   Downloaded syn v1.0.109
[INFO] [stderr]   Downloaded object v0.36.2
[INFO] [stderr]   Downloaded gimli v0.29.0
[INFO] [stderr]   Downloaded regex-syntax v0.8.4
[INFO] [stderr]   Downloaded rustix v0.38.34
[INFO] [stderr]   Downloaded windows_x86_64_gnullvm v0.52.6
[INFO] [stderr]   Downloaded darling_macro v0.10.2
[INFO] [stderr]   Downloaded windows_i686_gnullvm v0.52.6
[INFO] [stderr]   Downloaded regex-automata v0.4.7
[INFO] [stderr]   Downloaded tokio v1.39.2
[INFO] [stderr]   Downloaded windows_x86_64_gnu v0.52.6
[INFO] [stderr]   Downloaded windows_x86_64_msvc v0.52.6
[INFO] [stderr]   Downloaded windows_i686_msvc v0.52.6
[INFO] [stderr]   Downloaded windows_aarch64_msvc v0.52.6
[INFO] [stderr]   Downloaded windows_i686_gnu v0.52.6
[INFO] [stderr]   Downloaded libc v0.2.155
[INFO] [stderr]   Downloaded linux-raw-sys v0.4.14
[INFO] [stderr]   Downloaded windows-sys v0.52.0
[INFO] [stderr]   Downloaded windows_aarch64_gnullvm v0.52.6
[INFO] [stderr]   Downloaded rustc-hash v1.1.0
[INFO] running `Command { std: "docker" "create" "-v" "/var/lib/crater-agent-workspace/builds/worker-5-tc1/source:/opt/rustwide/workdir:ro,Z" "-v" "/var/lib/crater-agent-workspace/builds/worker-5-tc1/target:/opt/rustwide/target:rw,Z" "-v" "/var/lib/crater-agent-workspace/cargo-home:/opt/rustwide/cargo-home:ro,Z" "-v" "/var/lib/crater-agent-workspace/rustup-home:/opt/rustwide/rustup-home:ro,Z" "-m" "1610612736" "--network" "none" "ghcr.io/rust-lang/crates-build-env/linux@sha256:77db811e55d90add9212f6832c23229e3de5f1c1f9905e8cb07319ea15df73ac" "sleep" "infinity", kill_on_drop: false }`
[INFO] [stdout] 204324828df00dd114243b5f7786dc5637b6284d68ab737c4e9e35cbcd1b3a2b
[INFO] running `Command { std: "docker" "start" "204324828df00dd114243b5f7786dc5637b6284d68ab737c4e9e35cbcd1b3a2b", kill_on_drop: false }`
[INFO] running `Command { std: "docker" "inspect" "204324828df00dd114243b5f7786dc5637b6284d68ab737c4e9e35cbcd1b3a2b", kill_on_drop: false }`
[INFO] running `Command { std: "docker" "exec" "-e" "SOURCE_DIR=/opt/rustwide/workdir" "-e" "CARGO_HOME=/opt/rustwide/cargo-home" "-e" "RUSTUP_HOME=/opt/rustwide/rustup-home" "-e" "CARGO_TARGET_DIR=/opt/rustwide/target" "-w" "/opt/rustwide/workdir" "--user" "0:0" "204324828df00dd114243b5f7786dc5637b6284d68ab737c4e9e35cbcd1b3a2b" "/opt/rustwide/cargo-home/bin/cargo" "+1.99.0-beta.8" "metadata" "--no-deps" "--format-version=1", kill_on_drop: false }`
[INFO] running `Command { std: "docker" "inspect" "204324828df00dd114243b5f7786dc5637b6284d68ab737c4e9e35cbcd1b3a2b", kill_on_drop: false }`
[INFO] running `Command { std: "docker" "exec" "-e" "SOURCE_DIR=/opt/rustwide/workdir" "-e" "CARGO_HOME=/opt/rustwide/cargo-home" "-e" "RUSTUP_HOME=/opt/rustwide/rustup-home" "-e" "CARGO_TARGET_DIR=/opt/rustwide/target" "-e" "CARGO_INCREMENTAL=0" "-e" "RUST_BACKTRACE=full" "-e" "RUSTFLAGS=--cap-lints=warn" "-e" "RUSTDOCFLAGS=--cap-lints=warn" "-w" "/opt/rustwide/workdir" "--user" "0:0" "204324828df00dd114243b5f7786dc5637b6284d68ab737c4e9e35cbcd1b3a2b" "/opt/rustwide/cargo-home/bin/cargo" "+1.99.0-beta.8" "build" "--frozen" "--message-format=json" "--release", kill_on_drop: false }`
[INFO] [stderr]    Compiling proc-macro2 v1.0.86
[INFO] [stderr]    Compiling glob v0.3.1
[INFO] [stderr]    Compiling libc v0.2.155
[INFO] [stderr]    Compiling prettyplease v0.2.20
[INFO] [stderr]    Compiling rustix v0.38.34
[INFO] [stderr]    Compiling minimal-lexical v0.2.1
[INFO] [stderr]    Compiling bitflags v2.6.0
[INFO] [stderr]    Compiling either v1.13.0
[INFO] [stderr]    Compiling memchr v2.7.4
[INFO] [stderr]    Compiling regex-syntax v0.8.4
[INFO] [stderr]    Compiling linux-raw-sys v0.4.14
[INFO] [stderr]    Compiling home v0.5.9
[INFO] [stderr]    Compiling bindgen v0.69.4
[INFO] [stderr]    Compiling libloading v0.8.5
[INFO] [stderr]    Compiling strsim v0.9.3
[INFO] [stderr]    Compiling log v0.4.22
[INFO] [stderr]    Compiling lazycell v1.3.0
[INFO] [stderr]    Compiling derive_builder v0.9.0
[INFO] [stderr]    Compiling bytes v1.6.1
[INFO] [stderr]    Compiling itertools v0.12.1
[INFO] [stderr]    Compiling clang-sys v1.8.1
[INFO] [stderr]    Compiling nom v7.1.3
[INFO] [stderr]    Compiling quote v1.0.36
[INFO] [stderr]    Compiling syn v2.0.72
[INFO] [stderr]    Compiling syn v1.0.109
[INFO] [stderr]    Compiling regex-automata v0.4.7
[INFO] [stderr]    Compiling which v4.4.2
[INFO] [stderr]    Compiling cexpr v0.6.0
[INFO] [stderr]    Compiling regex v1.10.5
[INFO] [stderr]    Compiling darling_core v0.10.2
[INFO] [stderr]    Compiling derive-new v0.5.9
[INFO] [stderr]    Compiling derive-getters v0.3.0
[INFO] [stderr]    Compiling tokio-macros v2.4.0
[INFO] [stderr]    Compiling zeroconf-macros v0.2.0
[INFO] [stderr]    Compiling tokio v1.39.2
[INFO] [stderr]    Compiling darling_macro v0.10.2
[INFO] [stderr]    Compiling darling v0.10.2
[INFO] [stderr]    Compiling derive_builder_core v0.9.0
[INFO] [stderr]    Compiling tokio-util v0.7.11
[INFO] [stderr]    Compiling avahi-sys v0.10.1
[INFO] [stderr]    Compiling zeroconf v0.18.0
[INFO] [stderr]    Compiling zeroconf-tokio v0.3.2 (/opt/rustwide/workdir)
[INFO] [stderr]     Finished `release` profile [optimized] target(s) in 22.56s
[INFO] running `Command { std: "docker" "inspect" "204324828df00dd114243b5f7786dc5637b6284d68ab737c4e9e35cbcd1b3a2b", kill_on_drop: false }`
[INFO] running `Command { std: "docker" "exec" "-e" "SOURCE_DIR=/opt/rustwide/workdir" "-e" "CARGO_HOME=/opt/rustwide/cargo-home" "-e" "RUSTUP_HOME=/opt/rustwide/rustup-home" "-e" "CARGO_TARGET_DIR=/opt/rustwide/target" "-e" "CARGO_INCREMENTAL=0" "-e" "RUST_BACKTRACE=full" "-e" "RUSTFLAGS=--cap-lints=warn" "-e" "RUSTDOCFLAGS=--cap-lints=warn" "-w" "/opt/rustwide/workdir" "--user" "0:0" "204324828df00dd114243b5f7786dc5637b6284d68ab737c4e9e35cbcd1b3a2b" "/opt/rustwide/cargo-home/bin/cargo" "+1.99.0-beta.8" "test" "--frozen" "--no-run" "--message-format=json" "--release", kill_on_drop: false }`
[INFO] [stderr]    Compiling hashbrown v0.14.5
[INFO] [stderr]    Compiling equivalent v1.0.1
[INFO] [stderr]    Compiling toml_datetime v0.6.8
[INFO] [stderr]    Compiling ntest_test_cases v0.9.3
[INFO] [stderr]    Compiling indexmap v2.3.0
[INFO] [stderr]    Compiling toml_edit v0.21.1
[INFO] [stderr]    Compiling proc-macro-crate v3.1.0
[INFO] [stderr]    Compiling ntest_timeout v0.9.3
[INFO] [stderr]    Compiling ntest v0.9.3
[INFO] [stderr]    Compiling zeroconf-tokio v0.3.2 (/opt/rustwide/workdir)
[INFO] [stdout] warning: unused import: `zeroconf::prelude::*`
[INFO] [stdout]   --> src/browser.rs:96:9
[INFO] [stdout]    |
[INFO] [stdout] 96 |     use zeroconf::prelude::*;
[INFO] [stdout]    |         ^^^^^^^^^^^^^^^^^^^^
[INFO] [stdout]    |
[INFO] [stdout]    = note: `#[warn(unused_imports)]` (part of `#[warn(unused)]`) on by default
[INFO] [stdout] 
[INFO] [stdout] 
[INFO] [stderr]     Finished `release` profile [optimized] target(s) in 7.46s
[INFO] running `Command { std: "docker" "inspect" "204324828df00dd114243b5f7786dc5637b6284d68ab737c4e9e35cbcd1b3a2b", kill_on_drop: false }`
[INFO] running `Command { std: "docker" "exec" "-e" "SOURCE_DIR=/opt/rustwide/workdir" "-e" "CARGO_HOME=/opt/rustwide/cargo-home" "-e" "RUSTUP_HOME=/opt/rustwide/rustup-home" "-e" "CARGO_TARGET_DIR=/opt/rustwide/target" "-e" "CARGO_INCREMENTAL=0" "-e" "RUST_BACKTRACE=full" "-e" "RUSTFLAGS=--cap-lints=warn" "-e" "RUSTDOCFLAGS=--cap-lints=warn" "-w" "/opt/rustwide/workdir" "--user" "0:0" "204324828df00dd114243b5f7786dc5637b6284d68ab737c4e9e35cbcd1b3a2b" "/opt/rustwide/cargo-home/bin/cargo" "+1.99.0-beta.8" "test" "--frozen" "--release", kill_on_drop: false }`
[INFO] [stderr] warning: unused import: `zeroconf::prelude::*`
[INFO] [stderr]   --> src/browser.rs:96:9
[INFO] [stderr]    |
[INFO] [stderr] 96 |     use zeroconf::prelude::*;
[INFO] [stderr]    |         ^^^^^^^^^^^^^^^^^^^^
[INFO] [stderr]    |
[INFO] [stderr]    = note: `#[warn(unused_imports)]` (part of `#[warn(unused)]`) on by default
[INFO] [stderr] 
[INFO] [stderr] warning: `zeroconf-tokio` (lib test) generated 1 warning (run `cargo fix --lib -p zeroconf-tokio --tests` to apply 1 suggestion)
[INFO] [stderr]     Finished `release` profile [optimized] target(s) in 0.08s
[INFO] [stderr]      Running unittests src/lib.rs (/opt/rustwide/target/release/deps/zeroconf_tokio-27bae24c6747ee27)
[INFO] [stdout] 
[INFO] [stdout] running 8 tests
[INFO] [stdout] test event_processor::tests::it_cannot_shutdown_if_not_running ... ok
[INFO] [stdout] test browser::tests::it_cannot_start_if_already_running ... FAILED
[INFO] [stdout] test service::tests::it_registers ... FAILED
[INFO] [stdout] test service::tests::it_cannot_start_if_already_running ... FAILED
[INFO] [stdout] test browser::tests::it_discovers ... FAILED
[INFO] [stdout] test browser::tests::it_discovers_n_services ... ok
[INFO] [stdout] test browser::tests::it_cannot_discover_if_not_running ... ok
[INFO] [stdout] test browser::tests::it_discovers_multi_thread ... FAILED
[INFO] [stdout] 
[INFO] [stdout] failures:
[INFO] [stdout] 
[INFO] [stdout] ---- browser::tests::it_cannot_start_if_already_running stdout ----
[INFO] [stdout] 
[INFO] [stdout] thread 'browser::tests::it_cannot_start_if_already_running' (1299) panicked at src/browser.rs:220:31:
[INFO] [stdout] called `Result::unwrap()` on an `Err` value: Error { description: "could not initialize AvahiClient" }
[INFO] [stdout] stack backtrace:
[INFO] [stdout]    0:     0x556529204721 - <<std[70759c8f55707aa4]::sys::backtrace::BacktraceLock>::print::DisplayBacktrace as core[df12db4294e9bfd3]::fmt::Display>::fmt
[INFO] [stdout]    1:     0x55652921952a - core[df12db4294e9bfd3]::fmt::write
[INFO] [stdout]    2:     0x556529208cbc - <alloc[2182bb758b4b3781]::vec::Vec<u8> as core[df12db4294e9bfd3]::io::write::Write>::write_fmt
[INFO] [stdout]    3:     0x5565291e0846 - std[70759c8f55707aa4]::panicking::default_hook::{closure#0}
[INFO] [stdout]    4:     0x5565291fcc19 - std[70759c8f55707aa4]::panicking::default_hook
[INFO] [stdout]    5:     0x5565291771d0 - test[9d35eded1c95d3be]::test_main_inner::<test[9d35eded1c95d3be]::test_main_static::{closure#0}>::{closure#0}
[INFO] [stdout]    6:     0x5565291fcf42 - std[70759c8f55707aa4]::panicking::panic_with_hook
[INFO] [stdout]    7:     0x5565291e08f2 - std[70759c8f55707aa4]::panicking::panic_handler::{closure#0}
[INFO] [stdout]    8:     0x5565291d9649 - std[70759c8f55707aa4]::sys::backtrace::__rust_end_short_backtrace::<std[70759c8f55707aa4]::panicking::panic_handler::{closure#0}, !>
[INFO] [stdout]    9:     0x5565291e14ed - __rustc[8fa7c3cbc660c2b3]::rust_begin_unwind
[INFO] [stdout]   10:     0x556529219c8c - core[df12db4294e9bfd3]::panicking::panic_fmt
[INFO] [stdout]   11:     0x556529219a62 - core[df12db4294e9bfd3]::result::unwrap_failed
[INFO] [stdout]   12:     0x55652915312d - zeroconf_tokio[9841b24abd13a522]::browser::tests::it_cannot_start_if_already_running::{closure#0}
[INFO] [stdout]   13:     0x55652915a0e3 - <tokio[6437424d64223ef9]::runtime::scheduler::current_thread::Context>::enter::<core[df12db4294e9bfd3]::task::poll::Poll<()>, <tokio[6437424d64223ef9]::runtime::scheduler::current_thread::CoreGuard>::block_on<core[df12db4294e9bfd3]::pin::Pin<&mut core[df12db4294e9bfd3]::pin::Pin<&mut dyn core[df12db4294e9bfd3]::future::future::Future<Output = ()>>>>::{closure#0}::{closure#0}>
[INFO] [stdout]   14:     0x55652915fa52 - <tokio[6437424d64223ef9]::runtime::context::scoped::Scoped<tokio[6437424d64223ef9]::runtime::scheduler::Context>>::set::<<tokio[6437424d64223ef9]::runtime::scheduler::current_thread::CoreGuard>::enter<<tokio[6437424d64223ef9]::runtime::scheduler::current_thread::CoreGuard>::block_on<core[df12db4294e9bfd3]::pin::Pin<&mut core[df12db4294e9bfd3]::pin::Pin<&mut dyn core[df12db4294e9bfd3]::future::future::Future<Output = ()>>>>::{closure#0}, core[df12db4294e9bfd3]::option::Option<()>>::{closure#0}, (alloc[2182bb758b4b3781]::boxed::Box<tokio[6437424d64223ef9]::runtime::scheduler::current_thread::Core>, core[df12db4294e9bfd3]::option::Option<()>)>
[INFO] [stdout]   15:     0x556529159c09 - <tokio[6437424d64223ef9]::runtime::runtime::Runtime>::block_on_inner::<core[df12db4294e9bfd3]::pin::Pin<&mut dyn core[df12db4294e9bfd3]::future::future::Future<Output = ()>>>
[INFO] [stdout]   16:     0x556529154bc1 - zeroconf_tokio[9841b24abd13a522]::browser::tests::it_cannot_start_if_already_running
[INFO] [stdout]   17:     0x5565291621d9 - <zeroconf_tokio[9841b24abd13a522]::browser::tests::it_cannot_start_if_already_running::{closure#0} as core[df12db4294e9bfd3]::ops::function::FnOnce<()>>::call_once
[INFO] [stdout]   18:     0x55652916a4bb - test[9d35eded1c95d3be]::__rust_begin_short_backtrace::<core[df12db4294e9bfd3]::result::Result<(), alloc[2182bb758b4b3781]::string::String>, fn() -> core[df12db4294e9bfd3]::result::Result<(), alloc[2182bb758b4b3781]::string::String>>
[INFO] [stdout]   19:     0x556529177b25 - test[9d35eded1c95d3be]::run_test::{closure#0}
[INFO] [stdout]   20:     0x5565291713e4 - std[70759c8f55707aa4]::sys::backtrace::__rust_begin_short_backtrace::<test[9d35eded1c95d3be]::run_test::{closure#1}, ()>
[INFO] [stdout]   21:     0x55652917ac82 - <std[70759c8f55707aa4]::thread::lifecycle::spawn_unchecked<test[9d35eded1c95d3be]::run_test::{closure#1}, ()>::{closure#1} as core[df12db4294e9bfd3]::ops::function::FnOnce<()>>::call_once::{shim:vtable#0}
[INFO] [stdout]   22:     0x556529203fe9 - <std[70759c8f55707aa4]::sys::thread::unix::Thread>::new::thread_start
[INFO] [stdout]   23:     0x7b27cd5e4dfa - <unknown>
[INFO] [stdout]   24:     0x7b27cd6783d4 - clone
[INFO] [stdout]   25:                0x0 - <unknown>
[INFO] [stdout] 
[INFO] [stdout] ---- service::tests::it_registers stdout ----
[INFO] [stdout] 
[INFO] [stdout] thread 'service::tests::it_registers' (1305) panicked at src/service.rs:110:58:
[INFO] [stdout] called `Result::unwrap()` on an `Err` value: Error { description: "could not initialize AvahiClient" }
[INFO] [stdout] stack backtrace:
[INFO] [stdout]    0:     0x556529204721 - <<std[70759c8f55707aa4]::sys::backtrace::BacktraceLock>::print::DisplayBacktrace as core[df12db4294e9bfd3]::fmt::Display>::fmt
[INFO] [stdout]    1:     0x55652921952a - core[df12db4294e9bfd3]::fmt::write
[INFO] [stdout]    2:     0x556529208cbc - <alloc[2182bb758b4b3781]::vec::Vec<u8> as core[df12db4294e9bfd3]::io::write::Write>::write_fmt
[INFO] [stdout]    3:     0x5565291e0846 - std[70759c8f55707aa4]::panicking::default_hook::{closure#0}
[INFO] [stdout]    4:     0x5565291fcc19 - std[70759c8f55707aa4]::panicking::default_hook
[INFO] [stdout]    5:     0x5565291771d0 - test[9d35eded1c95d3be]::test_main_inner::<test[9d35eded1c95d3be]::test_main_static::{closure#0}>::{closure#0}
[INFO] [stdout]    6:     0x5565291fcf42 - std[70759c8f55707aa4]::panicking::panic_with_hook
[INFO] [stdout]    7:     0x5565291e08f2 - std[70759c8f55707aa4]::panicking::panic_handler::{closure#0}
[INFO] [stdout]    8:     0x5565291d9649 - std[70759c8f55707aa4]::sys::backtrace::__rust_end_short_backtrace::<std[70759c8f55707aa4]::panicking::panic_handler::{closure#0}, !>
[INFO] [stdout]    9:     0x5565291e14ed - __rustc[8fa7c3cbc660c2b3]::rust_begin_unwind
[INFO] [stdout]   10:     0x556529219c8c - core[df12db4294e9bfd3]::panicking::panic_fmt
[INFO] [stdout]   11:     0x556529219a62 - core[df12db4294e9bfd3]::result::unwrap_failed
[INFO] [stdout]   12:     0x556529168084 - zeroconf_tokio[9841b24abd13a522]::service::tests::it_registers::{closure#0}
[INFO] [stdout]   13:     0x55652915a0e3 - <tokio[6437424d64223ef9]::runtime::scheduler::current_thread::Context>::enter::<core[df12db4294e9bfd3]::task::poll::Poll<()>, <tokio[6437424d64223ef9]::runtime::scheduler::current_thread::CoreGuard>::block_on<core[df12db4294e9bfd3]::pin::Pin<&mut core[df12db4294e9bfd3]::pin::Pin<&mut dyn core[df12db4294e9bfd3]::future::future::Future<Output = ()>>>>::{closure#0}::{closure#0}>
[INFO] [stdout]   14:     0x55652915fa52 - <tokio[6437424d64223ef9]::runtime::context::scoped::Scoped<tokio[6437424d64223ef9]::runtime::scheduler::Context>>::set::<<tokio[6437424d64223ef9]::runtime::scheduler::current_thread::CoreGuard>::enter<<tokio[6437424d64223ef9]::runtime::scheduler::current_thread::CoreGuard>::block_on<core[df12db4294e9bfd3]::pin::Pin<&mut core[df12db4294e9bfd3]::pin::Pin<&mut dyn core[df12db4294e9bfd3]::future::future::Future<Output = ()>>>>::{closure#0}, core[df12db4294e9bfd3]::option::Option<()>>::{closure#0}, (alloc[2182bb758b4b3781]::boxed::Box<tokio[6437424d64223ef9]::runtime::scheduler::current_thread::Core>, core[df12db4294e9bfd3]::option::Option<()>)>
[INFO] [stdout]   15:     0x556529159c09 - <tokio[6437424d64223ef9]::runtime::runtime::Runtime>::block_on_inner::<core[df12db4294e9bfd3]::pin::Pin<&mut dyn core[df12db4294e9bfd3]::future::future::Future<Output = ()>>>
[INFO] [stdout]   16:     0x556529168a01 - zeroconf_tokio[9841b24abd13a522]::service::tests::it_registers
[INFO] [stdout]   17:     0x5565291621f9 - <zeroconf_tokio[9841b24abd13a522]::service::tests::it_registers::{closure#0} as core[df12db4294e9bfd3]::ops::function::FnOnce<()>>::call_once
[INFO] [stdout]   18:     0x55652916a4bb - test[9d35eded1c95d3be]::__rust_begin_short_backtrace::<core[df12db4294e9bfd3]::result::Result<(), alloc[2182bb758b4b3781]::string::String>, fn() -> core[df12db4294e9bfd3]::result::Result<(), alloc[2182bb758b4b3781]::string::String>>
[INFO] [stdout]   19:     0x556529177b25 - test[9d35eded1c95d3be]::run_test::{closure#0}
[INFO] [stdout]   20:     0x5565291713e4 - std[70759c8f55707aa4]::sys::backtrace::__rust_begin_short_backtrace::<test[9d35eded1c95d3be]::run_test::{closure#1}, ()>
[INFO] [stdout]   21:     0x55652917ac82 - <std[70759c8f55707aa4]::thread::lifecycle::spawn_unchecked<test[9d35eded1c95d3be]::run_test::{closure#1}, ()>::{closure#1} as core[df12db4294e9bfd3]::ops::function::FnOnce<()>>::call_once::{shim:vtable#0}
[INFO] [stdout]   22:     0x556529203fe9 - <std[70759c8f55707aa4]::sys::thread::unix::Thread>::new::thread_start
[INFO] [stdout]   23:     0x7b27cd5e4dfa - <unknown>
[INFO] [stdout]   24:     0x7b27cd6783d4 - clone
[INFO] [stdout]   25:                0x0 - <unknown>
[INFO] [stdout] 
[INFO] [stdout] ---- service::tests::it_cannot_start_if_already_running stdout ----
[INFO] [stdout] 
[INFO] [stdout] thread 'service::tests::it_cannot_start_if_already_running' (1304) panicked at src/service.rs:124:39:
[INFO] [stdout] called `Result::unwrap()` on an `Err` value: Error { description: "could not initialize AvahiClient" }
[INFO] [stdout] stack backtrace:
[INFO] [stdout]    0:     0x556529204721 - <<std[70759c8f55707aa4]::sys::backtrace::BacktraceLock>::print::DisplayBacktrace as core[df12db4294e9bfd3]::fmt::Display>::fmt
[INFO] [stdout]    1:     0x55652921952a - core[df12db4294e9bfd3]::fmt::write
[INFO] [stdout]    2:     0x556529208cbc - <alloc[2182bb758b4b3781]::vec::Vec<u8> as core[df12db4294e9bfd3]::io::write::Write>::write_fmt
[INFO] [stdout]    3:     0x5565291e0846 - std[70759c8f55707aa4]::panicking::default_hook::{closure#0}
[INFO] [stdout]    4:     0x5565291fcc19 - std[70759c8f55707aa4]::panicking::default_hook
[INFO] [stdout]    5:     0x5565291771d0 - test[9d35eded1c95d3be]::test_main_inner::<test[9d35eded1c95d3be]::test_main_static::{closure#0}>::{closure#0}
[INFO] [stdout]    6:     0x5565291fcf42 - std[70759c8f55707aa4]::panicking::panic_with_hook
[INFO] [stdout]    7:     0x5565291e08f2 - std[70759c8f55707aa4]::panicking::panic_handler::{closure#0}
[INFO] [stdout]    8:     0x5565291d9649 - std[70759c8f55707aa4]::sys::backtrace::__rust_end_short_backtrace::<std[70759c8f55707aa4]::panicking::panic_handler::{closure#0}, !>
[INFO] [stdout]    9:     0x5565291e14ed - __rustc[8fa7c3cbc660c2b3]::rust_begin_unwind
[INFO] [stdout]   10:     0x556529219c8c - core[df12db4294e9bfd3]::panicking::panic_fmt
[INFO] [stdout]   11:     0x556529219a62 - core[df12db4294e9bfd3]::result::unwrap_failed
[INFO] [stdout]   12:     0x556529168597 - zeroconf_tokio[9841b24abd13a522]::service::tests::it_cannot_start_if_already_running::{closure#0}
[INFO] [stdout]   13:     0x55652915a0e3 - <tokio[6437424d64223ef9]::runtime::scheduler::current_thread::Context>::enter::<core[df12db4294e9bfd3]::task::poll::Poll<()>, <tokio[6437424d64223ef9]::runtime::scheduler::current_thread::CoreGuard>::block_on<core[df12db4294e9bfd3]::pin::Pin<&mut core[df12db4294e9bfd3]::pin::Pin<&mut dyn core[df12db4294e9bfd3]::future::future::Future<Output = ()>>>>::{closure#0}::{closure#0}>
[INFO] [stdout]   14:     0x55652915fa52 - <tokio[6437424d64223ef9]::runtime::context::scoped::Scoped<tokio[6437424d64223ef9]::runtime::scheduler::Context>>::set::<<tokio[6437424d64223ef9]::runtime::scheduler::current_thread::CoreGuard>::enter<<tokio[6437424d64223ef9]::runtime::scheduler::current_thread::CoreGuard>::block_on<core[df12db4294e9bfd3]::pin::Pin<&mut core[df12db4294e9bfd3]::pin::Pin<&mut dyn core[df12db4294e9bfd3]::future::future::Future<Output = ()>>>>::{closure#0}, core[df12db4294e9bfd3]::option::Option<()>>::{closure#0}, (alloc[2182bb758b4b3781]::boxed::Box<tokio[6437424d64223ef9]::runtime::scheduler::current_thread::Core>, core[df12db4294e9bfd3]::option::Option<()>)>
[INFO] [stdout]   15:     0x556529159c09 - <tokio[6437424d64223ef9]::runtime::runtime::Runtime>::block_on_inner::<core[df12db4294e9bfd3]::pin::Pin<&mut dyn core[df12db4294e9bfd3]::future::future::Future<Output = ()>>>
[INFO] [stdout]   16:     0x556529168b41 - zeroconf_tokio[9841b24abd13a522]::service::tests::it_cannot_start_if_already_running
[INFO] [stdout]   17:     0x556529162219 - <zeroconf_tokio[9841b24abd13a522]::service::tests::it_cannot_start_if_already_running::{closure#0} as core[df12db4294e9bfd3]::ops::function::FnOnce<()>>::call_once
[INFO] [stdout]   18:     0x55652916a4bb - test[9d35eded1c95d3be]::__rust_begin_short_backtrace::<core[df12db4294e9bfd3]::result::Result<(), alloc[2182bb758b4b3781]::string::String>, fn() -> core[df12db4294e9bfd3]::result::Result<(), alloc[2182bb758b4b3781]::string::String>>
[INFO] [stdout]   19:     0x556529177b25 - test[9d35eded1c95d3be]::run_test::{closure#0}
[INFO] [stdout]   20:     0x5565291713e4 - std[70759c8f55707aa4]::sys::backtrace::__rust_begin_short_backtrace::<test[9d35eded1c95d3be]::run_test::{closure#1}, ()>
[INFO] [stdout]   21:     0x55652917ac82 - <std[70759c8f55707aa4]::thread::lifecycle::spawn_unchecked<test[9d35eded1c95d3be]::run_test::{closure#1}, ()>::{closure#1} as core[df12db4294e9bfd3]::ops::function::FnOnce<()>>::call_once::{shim:vtable#0}
[INFO] [stdout]   22:     0x556529203fe9 - <std[70759c8f55707aa4]::sys::thread::unix::Thread>::new::thread_start
[INFO] [stdout]   23:     0x7b27cd5e4dfa - <unknown>
[INFO] [stdout]   24:     0x7b27cd6783d4 - clone
[INFO] [stdout]   25:                0x0 - <unknown>
[INFO] [stdout] 
[INFO] [stdout] ---- browser::tests::it_discovers stdout ----
[INFO] [stdout] 
[INFO] [stdout] thread 'browser::tests::it_discovers' (1300) panicked at src/browser.rs:145:31:
[INFO] [stdout] called `Result::unwrap()` on an `Err` value: Error { description: "could not initialize AvahiClient" }
[INFO] [stdout] stack backtrace:
[INFO] [stdout]    0:     0x556529204721 - <<std[70759c8f55707aa4]::sys::backtrace::BacktraceLock>::print::DisplayBacktrace as core[df12db4294e9bfd3]::fmt::Display>::fmt
[INFO] [stdout]    1:     0x55652921952a - core[df12db4294e9bfd3]::fmt::write
[INFO] [stdout]    2:     0x556529208cbc - <alloc[2182bb758b4b3781]::vec::Vec<u8> as core[df12db4294e9bfd3]::io::write::Write>::write_fmt
[INFO] [stdout]    3:     0x5565291e0846 - std[70759c8f55707aa4]::panicking::default_hook::{closure#0}
[INFO] [stdout]    4:     0x5565291fcc19 - std[70759c8f55707aa4]::panicking::default_hook
[INFO] [stdout]    5:     0x5565291771d0 - test[9d35eded1c95d3be]::test_main_inner::<test[9d35eded1c95d3be]::test_main_static::{closure#0}>::{closure#0}
[INFO] [stdout]    6:     0x5565291fcf42 - std[70759c8f55707aa4]::panicking::panic_with_hook
[INFO] [stdout]    7:     0x5565291e08f2 - std[70759c8f55707aa4]::panicking::panic_handler::{closure#0}
[INFO] [stdout]    8:     0x5565291d9649 - std[70759c8f55707aa4]::sys::backtrace::__rust_end_short_backtrace::<std[70759c8f55707aa4]::panicking::panic_handler::{closure#0}, !>
[INFO] [stdout]    9:     0x5565291e14ed - __rustc[8fa7c3cbc660c2b3]::rust_begin_unwind
[INFO] [stdout]   10:     0x556529219c8c - core[df12db4294e9bfd3]::panicking::panic_fmt
[INFO] [stdout]   11:     0x556529219a62 - core[df12db4294e9bfd3]::result::unwrap_failed
[INFO] [stdout]   12:     0x556529152546 - zeroconf_tokio[9841b24abd13a522]::browser::tests::it_discovers::{closure#0}
[INFO] [stdout]   13:     0x55652915a0e3 - <tokio[6437424d64223ef9]::runtime::scheduler::current_thread::Context>::enter::<core[df12db4294e9bfd3]::task::poll::Poll<()>, <tokio[6437424d64223ef9]::runtime::scheduler::current_thread::CoreGuard>::block_on<core[df12db4294e9bfd3]::pin::Pin<&mut core[df12db4294e9bfd3]::pin::Pin<&mut dyn core[df12db4294e9bfd3]::future::future::Future<Output = ()>>>>::{closure#0}::{closure#0}>
[INFO] [stdout]   14:     0x55652915fa52 - <tokio[6437424d64223ef9]::runtime::context::scoped::Scoped<tokio[6437424d64223ef9]::runtime::scheduler::Context>>::set::<<tokio[6437424d64223ef9]::runtime::scheduler::current_thread::CoreGuard>::enter<<tokio[6437424d64223ef9]::runtime::scheduler::current_thread::CoreGuard>::block_on<core[df12db4294e9bfd3]::pin::Pin<&mut core[df12db4294e9bfd3]::pin::Pin<&mut dyn core[df12db4294e9bfd3]::future::future::Future<Output = ()>>>>::{closure#0}, core[df12db4294e9bfd3]::option::Option<()>>::{closure#0}, (alloc[2182bb758b4b3781]::boxed::Box<tokio[6437424d64223ef9]::runtime::scheduler::current_thread::Core>, core[df12db4294e9bfd3]::option::Option<()>)>
[INFO] [stdout]   15:     0x556529159c09 - <tokio[6437424d64223ef9]::runtime::runtime::Runtime>::block_on_inner::<core[df12db4294e9bfd3]::pin::Pin<&mut dyn core[df12db4294e9bfd3]::future::future::Future<Output = ()>>>
[INFO] [stdout]   16:     0x5565291543f1 - zeroconf_tokio[9841b24abd13a522]::browser::tests::it_discovers
[INFO] [stdout]   17:     0x556529162159 - <zeroconf_tokio[9841b24abd13a522]::browser::tests::it_discovers::{closure#0} as core[df12db4294e9bfd3]::ops::function::FnOnce<()>>::call_once
[INFO] [stdout]   18:     0x55652916a4bb - test[9d35eded1c95d3be]::__rust_begin_short_backtrace::<core[df12db4294e9bfd3]::result::Result<(), alloc[2182bb758b4b3781]::string::String>, fn() -> core[df12db4294e9bfd3]::result::Result<(), alloc[2182bb758b4b3781]::string::String>>
[INFO] [stdout]   19:     0x556529177b25 - test[9d35eded1c95d3be]::run_test::{closure#0}
[INFO] [stdout]   20:     0x5565291713e4 - std[70759c8f55707aa4]::sys::backtrace::__rust_begin_short_backtrace::<test[9d35eded1c95d3be]::run_test::{closure#1}, ()>
[INFO] [stdout]   21:     0x55652917ac82 - <std[70759c8f55707aa4]::thread::lifecycle::spawn_unchecked<test[9d35eded1c95d3be]::run_test::{closure#1}, ()>::{closure#1} as core[df12db4294e9bfd3]::ops::function::FnOnce<()>>::call_once::{shim:vtable#0}
[INFO] [stdout]   22:     0x556529203fe9 - <std[70759c8f55707aa4]::sys::thread::unix::Thread>::new::thread_start
[INFO] [stdout]   23:     0x7b27cd5e4dfa - <unknown>
[INFO] [stdout]   24:     0x7b27cd6783d4 - clone
[INFO] [stdout]   25:                0x0 - <unknown>
[INFO] [stdout] 
[INFO] [stdout] ---- browser::tests::it_discovers_multi_thread stdout ----
[INFO] [stdout] 
[INFO] [stdout] thread 'browser::tests::it_discovers_multi_thread' (1301) panicked at src/browser.rs:165:31:
[INFO] [stdout] called `Result::unwrap()` on an `Err` value: Error { description: "could not initialize AvahiClient" }
[INFO] [stdout] stack backtrace:
[INFO] [stdout]    0:     0x556529204721 - <<std[70759c8f55707aa4]::sys::backtrace::BacktraceLock>::print::DisplayBacktrace as core[df12db4294e9bfd3]::fmt::Display>::fmt
[INFO] [stdout]    1:     0x55652921952a - core[df12db4294e9bfd3]::fmt::write
[INFO] [stdout]    2:     0x556529208cbc - <alloc[2182bb758b4b3781]::vec::Vec<u8> as core[df12db4294e9bfd3]::io::write::Write>::write_fmt
[INFO] [stdout]    3:     0x5565291e0846 - std[70759c8f55707aa4]::panicking::default_hook::{closure#0}
[INFO] [stdout]    4:     0x5565291fcc19 - std[70759c8f55707aa4]::panicking::default_hook
[INFO] [stdout]    5:     0x5565291771d0 - test[9d35eded1c95d3be]::test_main_inner::<test[9d35eded1c95d3be]::test_main_static::{closure#0}>::{closure#0}
[INFO] [stdout]    6:     0x5565291fcf42 - std[70759c8f55707aa4]::panicking::panic_with_hook
[INFO] [stdout]    7:     0x5565291e08f2 - std[70759c8f55707aa4]::panicking::panic_handler::{closure#0}
[INFO] [stdout]    8:     0x5565291d9649 - std[70759c8f55707aa4]::sys::backtrace::__rust_end_short_backtrace::<std[70759c8f55707aa4]::panicking::panic_handler::{closure#0}, !>
[INFO] [stdout]    9:     0x5565291e14ed - __rustc[8fa7c3cbc660c2b3]::rust_begin_unwind
[INFO] [stdout]   10:     0x556529219c8c - core[df12db4294e9bfd3]::panicking::panic_fmt
[INFO] [stdout]   11:     0x556529219a62 - core[df12db4294e9bfd3]::result::unwrap_failed
[INFO] [stdout]   12:     0x556529152b16 - zeroconf_tokio[9841b24abd13a522]::browser::tests::it_discovers_multi_thread::{closure#0}
[INFO] [stdout]   13:     0x5565291597f3 - <tokio[6437424d64223ef9]::runtime::runtime::Runtime>::block_on_inner::<core[df12db4294e9bfd3]::pin::Pin<&mut dyn core[df12db4294e9bfd3]::future::future::Future<Output = ()>>>
[INFO] [stdout]   14:     0x556529154861 - zeroconf_tokio[9841b24abd13a522]::browser::tests::it_discovers_multi_thread
[INFO] [stdout]   15:     0x556529162199 - <zeroconf_tokio[9841b24abd13a522]::browser::tests::it_discovers_multi_thread::{closure#0} as core[df12db4294e9bfd3]::ops::function::FnOnce<()>>::call_once
[INFO] [stdout]   16:     0x55652916a4bb - test[9d35eded1c95d3be]::__rust_begin_short_backtrace::<core[df12db4294e9bfd3]::result::Result<(), alloc[2182bb758b4b3781]::string::String>, fn() -> core[df12db4294e9bfd3]::result::Result<(), alloc[2182bb758b4b3781]::string::String>>
[INFO] [stdout]   17:     0x556529177b25 - test[9d35eded1c95d3be]::run_test::{closure#0}
[INFO] [stdout]   18:     0x5565291713e4 - std[70759c8f55707aa4]::sys::backtrace::__rust_begin_short_backtrace::<test[9d35eded1c95d3be]::run_test::{closure#1}, ()>
[INFO] [stdout]   19:     0x55652917ac82 - <std[70759c8f55707aa4]::thread::lifecycle::spawn_unchecked<test[9d35eded1c95d3be]::run_test::{closure#1}, ()>::{closure#1} as core[df12db4294e9bfd3]::ops::function::FnOnce<()>>::call_once::{shim:vtable#0}
[INFO] [stdout]   20:     0x556529203fe9 - <std[70759c8f55707aa4]::sys::thread::unix::Thread>::new::thread_start
[INFO] [stdout]   21:     0x7b27cd5e4dfa - <unknown>
[INFO] [stdout]   22:     0x7b27cd6783d4 - clone
[INFO] [stdout]   23:                0x0 - <unknown>
[INFO] [stdout] 
[INFO] [stdout] 
[INFO] [stdout] failures:
[INFO] [stdout]     browser::tests::it_cannot_start_if_already_running
[INFO] [stdout]     browser::tests::it_discovers
[INFO] [stdout]     browser::tests::it_discovers_multi_thread
[INFO] [stdout]     service::tests::it_cannot_start_if_already_running
[INFO] [stdout]     service::tests::it_registers
[INFO] [stdout] 
[INFO] [stdout] test result: FAILED. 3 passed; 5 failed; 0 ignored; 0 measured; 0 filtered out; finished in 0.01s
[INFO] [stdout] 
[INFO] [stderr] error: test failed, to rerun pass `--lib`
[INFO] running `Command { std: "docker" "inspect" "204324828df00dd114243b5f7786dc5637b6284d68ab737c4e9e35cbcd1b3a2b", kill_on_drop: false }`
[INFO] running `Command { std: "docker" "rm" "-f" "204324828df00dd114243b5f7786dc5637b6284d68ab737c4e9e35cbcd1b3a2b", kill_on_drop: false }`
[INFO] [stdout] 204324828df00dd114243b5f7786dc5637b6284d68ab737c4e9e35cbcd1b3a2b
