[INFO] fetching crate zerobox-utils-pty 0.3.3...
[INFO] testing zerobox-utils-pty-0.3.3 against 1.99.0-beta.8+cargoflags=--release for beta-release-1.100-2
[INFO] extracting crate zerobox-utils-pty 0.3.3 into /workspace/builds/worker-4-tc1/source
[INFO] started tweaking crates.io crate zerobox-utils-pty 0.3.3
[INFO] finished tweaking crates.io crate zerobox-utils-pty 0.3.3
[INFO] tweaked toml for crates.io crate zerobox-utils-pty 0.3.3 written to /workspace/builds/worker-4-tc1/source/Cargo.toml
[INFO] validating manifest of crates.io crate zerobox-utils-pty 0.3.3 on toolchain 1.99.0-beta.8
[INFO] running `Command { std: CARGO_HOME="/workspace/cargo-home" RUSTUP_HOME="/workspace/rustup-home" "/workspace/cargo-home/bin/cargo" "+1.99.0-beta.8" "metadata" "--manifest-path" "Cargo.toml" "--no-deps", kill_on_drop: false }`
[INFO] crate crates.io crate zerobox-utils-pty 0.3.3 already has a lockfile, it will not be regenerated
[INFO] running `Command { std: CARGO_HOME="/workspace/cargo-home" RUSTUP_HOME="/workspace/rustup-home" "/workspace/cargo-home/bin/cargo" "+1.99.0-beta.8" "fetch" "--manifest-path" "Cargo.toml", kill_on_drop: false }`
[INFO] [stderr]     Blocking waiting for file lock on package cache
[INFO] [stderr]     Updating crates.io index
[INFO] [stderr]     Blocking waiting for file lock on package cache
[INFO] [stderr]  Downloading crates ...
[INFO] [stderr]   Downloaded portable-pty v0.9.0
[INFO] [stderr]   Downloaded serial2 v0.2.34
[INFO] running `Command { std: "docker" "create" "-v" "/var/lib/crater-agent-workspace/builds/worker-4-tc1/source:/opt/rustwide/workdir:ro,Z" "-v" "/var/lib/crater-agent-workspace/builds/worker-4-tc1/target:/opt/rustwide/target:rw,Z" "-v" "/var/lib/crater-agent-workspace/cargo-home:/opt/rustwide/cargo-home:ro,Z" "-v" "/var/lib/crater-agent-workspace/rustup-home:/opt/rustwide/rustup-home:ro,Z" "-m" "1610612736" "--network" "none" "ghcr.io/rust-lang/crates-build-env/linux@sha256:77db811e55d90add9212f6832c23229e3de5f1c1f9905e8cb07319ea15df73ac" "sleep" "infinity", kill_on_drop: false }`
[INFO] [stdout] d09ee6e724dc404f60c094fda3c2ee5026ed5be34ed39dfbdc5859fed2c13a40
[INFO] running `Command { std: "docker" "start" "d09ee6e724dc404f60c094fda3c2ee5026ed5be34ed39dfbdc5859fed2c13a40", kill_on_drop: false }`
[INFO] running `Command { std: "docker" "inspect" "d09ee6e724dc404f60c094fda3c2ee5026ed5be34ed39dfbdc5859fed2c13a40", kill_on_drop: false }`
[INFO] running `Command { std: "docker" "exec" "-e" "SOURCE_DIR=/opt/rustwide/workdir" "-e" "CARGO_HOME=/opt/rustwide/cargo-home" "-e" "RUSTUP_HOME=/opt/rustwide/rustup-home" "-e" "CARGO_TARGET_DIR=/opt/rustwide/target" "-w" "/opt/rustwide/workdir" "--user" "0:0" "d09ee6e724dc404f60c094fda3c2ee5026ed5be34ed39dfbdc5859fed2c13a40" "/opt/rustwide/cargo-home/bin/cargo" "+1.99.0-beta.8" "metadata" "--no-deps" "--format-version=1", kill_on_drop: false }`
[INFO] running `Command { std: "docker" "inspect" "d09ee6e724dc404f60c094fda3c2ee5026ed5be34ed39dfbdc5859fed2c13a40", kill_on_drop: false }`
[INFO] running `Command { std: "docker" "exec" "-e" "SOURCE_DIR=/opt/rustwide/workdir" "-e" "CARGO_HOME=/opt/rustwide/cargo-home" "-e" "RUSTUP_HOME=/opt/rustwide/rustup-home" "-e" "CARGO_TARGET_DIR=/opt/rustwide/target" "-e" "CARGO_INCREMENTAL=0" "-e" "RUST_BACKTRACE=full" "-e" "RUSTFLAGS=--cap-lints=warn" "-e" "RUSTDOCFLAGS=--cap-lints=warn" "-w" "/opt/rustwide/workdir" "--user" "0:0" "d09ee6e724dc404f60c094fda3c2ee5026ed5be34ed39dfbdc5859fed2c13a40" "/opt/rustwide/cargo-home/bin/cargo" "+1.99.0-beta.8" "build" "--frozen" "--message-format=json" "--release", kill_on_drop: false }`
[INFO] [stderr]    Compiling libc v0.2.183
[INFO] [stderr]    Compiling cfg_aliases v0.1.1
[INFO] [stderr]    Compiling bitflags v2.11.0
[INFO] [stderr]    Compiling downcast-rs v1.2.1
[INFO] [stderr]    Compiling thiserror-impl v1.0.69
[INFO] [stderr]    Compiling tokio-macros v2.6.1
[INFO] [stderr]    Compiling nix v0.28.0
[INFO] [stderr]    Compiling thiserror v1.0.69
[INFO] [stderr]    Compiling errno v0.3.14
[INFO] [stderr]    Compiling filedescriptor v0.8.3
[INFO] [stderr]    Compiling serial2 v0.2.34
[INFO] [stderr]    Compiling mio v1.2.0
[INFO] [stderr]    Compiling signal-hook-registry v1.4.8
[INFO] [stderr]    Compiling tokio v1.50.0
[INFO] [stderr]    Compiling portable-pty v0.9.0
[INFO] [stderr]    Compiling zerobox-utils-pty v0.3.3 (/opt/rustwide/workdir)
[INFO] [stderr]     Finished `release` profile [optimized] target(s) in 14.68s
[INFO] running `Command { std: "docker" "inspect" "d09ee6e724dc404f60c094fda3c2ee5026ed5be34ed39dfbdc5859fed2c13a40", kill_on_drop: false }`
[INFO] running `Command { std: "docker" "exec" "-e" "SOURCE_DIR=/opt/rustwide/workdir" "-e" "CARGO_HOME=/opt/rustwide/cargo-home" "-e" "RUSTUP_HOME=/opt/rustwide/rustup-home" "-e" "CARGO_TARGET_DIR=/opt/rustwide/target" "-e" "CARGO_INCREMENTAL=0" "-e" "RUST_BACKTRACE=full" "-e" "RUSTFLAGS=--cap-lints=warn" "-e" "RUSTDOCFLAGS=--cap-lints=warn" "-w" "/opt/rustwide/workdir" "--user" "0:0" "d09ee6e724dc404f60c094fda3c2ee5026ed5be34ed39dfbdc5859fed2c13a40" "/opt/rustwide/cargo-home/bin/cargo" "+1.99.0-beta.8" "test" "--frozen" "--no-run" "--message-format=json" "--release", kill_on_drop: false }`
[INFO] [stderr]    Compiling zerobox-utils-pty v0.3.3 (/opt/rustwide/workdir)
[INFO] [stderr]     Finished `release` profile [optimized] target(s) in 8.62s
[INFO] running `Command { std: "docker" "inspect" "d09ee6e724dc404f60c094fda3c2ee5026ed5be34ed39dfbdc5859fed2c13a40", kill_on_drop: false }`
[INFO] running `Command { std: "docker" "exec" "-e" "SOURCE_DIR=/opt/rustwide/workdir" "-e" "CARGO_HOME=/opt/rustwide/cargo-home" "-e" "RUSTUP_HOME=/opt/rustwide/rustup-home" "-e" "CARGO_TARGET_DIR=/opt/rustwide/target" "-e" "CARGO_INCREMENTAL=0" "-e" "RUST_BACKTRACE=full" "-e" "RUSTFLAGS=--cap-lints=warn" "-e" "RUSTDOCFLAGS=--cap-lints=warn" "-w" "/opt/rustwide/workdir" "--user" "0:0" "d09ee6e724dc404f60c094fda3c2ee5026ed5be34ed39dfbdc5859fed2c13a40" "/opt/rustwide/cargo-home/bin/cargo" "+1.99.0-beta.8" "test" "--frozen" "--release", kill_on_drop: false }`
[INFO] [stderr]     Finished `release` profile [optimized] target(s) in 0.06s
[INFO] [stderr]      Running unittests src/lib.rs (/opt/rustwide/target/release/deps/zerobox_utils_pty-d05587c5ea04718b)
[INFO] [stdout] 
[INFO] [stdout] running 16 tests
[INFO] [stdout] test tests::driver_backed_process_can_resize_via_resizer_hook ... ok
[INFO] [stdout] test tests::pty_spawn_with_inherited_fds_reports_exec_failures ... ok
[INFO] [stdout] test tests::driver_backed_process_can_expose_split_stdout_and_stderr ... ok
[INFO] [stdout] test tests::pipe_process_can_expose_split_stdout_and_stderr ... ok
[INFO] [stdout] test tests::pipe_spawn_no_stdin_can_preserve_inherited_fds ... ok
[INFO] [stdout] test tests::pipe_terminate_aborts_detached_readers ... ok
[INFO] [stdout] test tests::driver_backed_process_drains_output_that_arrives_after_exit_signal ... ok
[INFO] [stdout] test tests::pty_spawn_can_preserve_inherited_fds ... ok
[INFO] [stdout] test tests::pty_spawn_with_inherited_fds_supports_resize ... ok
[INFO] [stdout] test tests::pipe_and_pty_share_interface ... ok
[INFO] [stdout] test tests::pipe_process_round_trips_stdin ... ok
[INFO] [stdout] test tests::pipe_drains_stderr_without_stdout_activity ... ok
[INFO] [stdout] test tests::pipe_process_detaches_from_parent_session ... ok
[INFO] [stdout] test tests::pty_preserving_inherited_fds_keeps_python_repl_running ... ok
[INFO] [stdout] test tests::pty_python_repl_emits_output_and_exits ... ok
[INFO] [stderr] error: test failed, to rerun pass `--lib`
[INFO] [stdout] test tests::pty_terminate_kills_background_children_in_same_process_group ... FAILED
[INFO] [stdout] 
[INFO] [stdout] failures:
[INFO] [stdout] 
[INFO] [stdout] ---- tests::pty_terminate_kills_background_children_in_same_process_group stdout ----
[INFO] [stdout] 
[INFO] [stdout] thread 'tests::pty_terminate_kills_background_children_in_same_process_group' (535) panicked at src/tests.rs:810:5:
[INFO] [stdout] background child pid 565 survived PTY terminate()
[INFO] [stdout] stack backtrace:
[INFO] [stdout]    0:     0x583429603e31 - <<std[70759c8f55707aa4]::sys::backtrace::BacktraceLock>::print::DisplayBacktrace as core[df12db4294e9bfd3]::fmt::Display>::fmt
[INFO] [stdout]    1:     0x58342961940a - core[df12db4294e9bfd3]::fmt::write
[INFO] [stdout]    2:     0x5834296092dc - <alloc[2182bb758b4b3781]::vec::Vec<u8> as core[df12db4294e9bfd3]::io::write::Write>::write_fmt
[INFO] [stdout]    3:     0x5834295de8b6 - std[70759c8f55707aa4]::panicking::default_hook::{closure#0}
[INFO] [stdout]    4:     0x5834295fbfc9 - std[70759c8f55707aa4]::panicking::default_hook
[INFO] [stdout]    5:     0x58342955b790 - test[9d35eded1c95d3be]::test_main_inner::<test[9d35eded1c95d3be]::test_main_static::{closure#0}>::{closure#0}
[INFO] [stdout]    6:     0x5834295fc2f2 - std[70759c8f55707aa4]::panicking::panic_with_hook
[INFO] [stdout]    7:     0x5834295de962 - std[70759c8f55707aa4]::panicking::panic_handler::{closure#0}
[INFO] [stdout]    8:     0x5834295d7089 - std[70759c8f55707aa4]::sys::backtrace::__rust_end_short_backtrace::<std[70759c8f55707aa4]::panicking::panic_handler::{closure#0}, !>
[INFO] [stdout]    9:     0x5834295df66d - __rustc[8fa7c3cbc660c2b3]::rust_begin_unwind
[INFO] [stdout]   10:     0x583429619b6c - core[df12db4294e9bfd3]::panicking::panic_fmt
[INFO] [stdout]   11:     0x583429515818 - zerobox_utils_pty[3136c2b33a8ad5ed]::tests::pty_terminate_kills_background_children_in_same_process_group::{closure#0}
[INFO] [stdout]   12:     0x58342954b9d5 - <tokio[b245f0b268fbf6ae]::runtime::park::CachedParkThread>::block_on::<core[df12db4294e9bfd3]::pin::Pin<&mut dyn core[df12db4294e9bfd3]::future::future::Future<Output = core[df12db4294e9bfd3]::result::Result<(), anyhow[8c81983cc1d9b933]::Error>>>>
[INFO] [stdout]   13:     0x5834295398cc - <tokio[b245f0b268fbf6ae]::runtime::runtime::Runtime>::block_on::<core[df12db4294e9bfd3]::pin::Pin<&mut dyn core[df12db4294e9bfd3]::future::future::Future<Output = core[df12db4294e9bfd3]::result::Result<(), anyhow[8c81983cc1d9b933]::Error>>>>
[INFO] [stdout]   14:     0x58342951861f - zerobox_utils_pty[3136c2b33a8ad5ed]::tests::pty_terminate_kills_background_children_in_same_process_group
[INFO] [stdout]   15:     0x58342954664f - <zerobox_utils_pty[3136c2b33a8ad5ed]::tests::pty_terminate_kills_background_children_in_same_process_group::{closure#0} as core[df12db4294e9bfd3]::ops::function::FnOnce<()>>::call_once
[INFO] [stdout]   16:     0x58342954ea7b - test[9d35eded1c95d3be]::__rust_begin_short_backtrace::<core[df12db4294e9bfd3]::result::Result<(), alloc[2182bb758b4b3781]::string::String>, fn() -> core[df12db4294e9bfd3]::result::Result<(), alloc[2182bb758b4b3781]::string::String>>
[INFO] [stdout]   17:     0x58342955c0e5 - test[9d35eded1c95d3be]::run_test::{closure#0}
[INFO] [stdout]   18:     0x5834295559a4 - std[70759c8f55707aa4]::sys::backtrace::__rust_begin_short_backtrace::<test[9d35eded1c95d3be]::run_test::{closure#1}, ()>
[INFO] [stdout]   19:     0x58342955f242 - <std[70759c8f55707aa4]::thread::lifecycle::spawn_unchecked<test[9d35eded1c95d3be]::run_test::{closure#1}, ()>::{closure#1} as core[df12db4294e9bfd3]::ops::function::FnOnce<()>>::call_once::{shim:vtable#0}
[INFO] [stdout]   20:     0x5834296036f9 - <std[70759c8f55707aa4]::sys::thread::unix::Thread>::new::thread_start
[INFO] [stdout]   21:     0x76aa3aec4dfa - <unknown>
[INFO] [stdout]   22:     0x76aa3af583d4 - clone
[INFO] [stdout]   23:                0x0 - <unknown>
[INFO] [stdout] 
[INFO] [stdout] 
[INFO] [stdout] failures:
[INFO] [stdout]     tests::pty_terminate_kills_background_children_in_same_process_group
[INFO] [stdout] 
[INFO] [stdout] test result: FAILED. 15 passed; 1 failed; 0 ignored; 0 measured; 0 filtered out; finished in 3.05s
[INFO] [stdout] 
[INFO] running `Command { std: "docker" "inspect" "d09ee6e724dc404f60c094fda3c2ee5026ed5be34ed39dfbdc5859fed2c13a40", kill_on_drop: false }`
[INFO] running `Command { std: "docker" "rm" "-f" "d09ee6e724dc404f60c094fda3c2ee5026ed5be34ed39dfbdc5859fed2c13a40", kill_on_drop: false }`
[INFO] [stdout] d09ee6e724dc404f60c094fda3c2ee5026ed5be34ed39dfbdc5859fed2c13a40
