[INFO] fetching crate zero-engine-client 0.1.2...
[INFO] testing zero-engine-client-0.1.2 against 1.99.0-beta.8+cargoflags=--release for beta-release-1.100-2
[INFO] extracting crate zero-engine-client 0.1.2 into /workspace/builds/worker-4-tc1/source
[INFO] started tweaking crates.io crate zero-engine-client 0.1.2
[INFO] removed 0 missing tests
[INFO] finished tweaking crates.io crate zero-engine-client 0.1.2
[INFO] tweaked toml for crates.io crate zero-engine-client 0.1.2 written to /workspace/builds/worker-4-tc1/source/Cargo.toml
[INFO] validating manifest of crates.io crate zero-engine-client 0.1.2 on toolchain 1.99.0-beta.8
[INFO] running `Command { std: CARGO_HOME="/workspace/cargo-home" RUSTUP_HOME="/workspace/rustup-home" "/workspace/cargo-home/bin/cargo" "+1.99.0-beta.8" "metadata" "--manifest-path" "Cargo.toml" "--no-deps", kill_on_drop: false }`
[INFO] crate crates.io crate zero-engine-client 0.1.2 already has a lockfile, it will not be regenerated
[INFO] running `Command { std: CARGO_HOME="/workspace/cargo-home" RUSTUP_HOME="/workspace/rustup-home" "/workspace/cargo-home/bin/cargo" "+1.99.0-beta.8" "fetch" "--manifest-path" "Cargo.toml", kill_on_drop: false }`
[INFO] [stderr]     Updating crates.io index
[INFO] [stderr]  Downloading crates ...
[INFO] [stderr]   Downloaded data-encoding v2.10.0
[INFO] [stderr]   Downloaded zero-testkit v0.1.2
[INFO] [stderr]   Downloaded zero-operator-state v0.1.2
[INFO] [stderr]   Downloaded rustls-webpki v0.103.12
[INFO] [stderr]   Downloaded rustls v0.23.38
[INFO] running `Command { std: "docker" "create" "-v" "/var/lib/crater-agent-workspace/builds/worker-4-tc1/source:/opt/rustwide/workdir:ro,Z" "-v" "/var/lib/crater-agent-workspace/builds/worker-4-tc1/target:/opt/rustwide/target:rw,Z" "-v" "/var/lib/crater-agent-workspace/cargo-home:/opt/rustwide/cargo-home:ro,Z" "-v" "/var/lib/crater-agent-workspace/rustup-home:/opt/rustwide/rustup-home:ro,Z" "-m" "1610612736" "--network" "none" "ghcr.io/rust-lang/crates-build-env/linux@sha256:77db811e55d90add9212f6832c23229e3de5f1c1f9905e8cb07319ea15df73ac" "sleep" "infinity", kill_on_drop: false }`
[INFO] [stdout] ef1df67f39120c04cf4af537149a446f90a2e27c10f98523557f65253bd65eb5
[INFO] running `Command { std: "docker" "start" "ef1df67f39120c04cf4af537149a446f90a2e27c10f98523557f65253bd65eb5", kill_on_drop: false }`
[INFO] running `Command { std: "docker" "inspect" "ef1df67f39120c04cf4af537149a446f90a2e27c10f98523557f65253bd65eb5", kill_on_drop: false }`
[INFO] running `Command { std: "docker" "exec" "-e" "SOURCE_DIR=/opt/rustwide/workdir" "-e" "CARGO_HOME=/opt/rustwide/cargo-home" "-e" "RUSTUP_HOME=/opt/rustwide/rustup-home" "-e" "CARGO_TARGET_DIR=/opt/rustwide/target" "-w" "/opt/rustwide/workdir" "--user" "0:0" "ef1df67f39120c04cf4af537149a446f90a2e27c10f98523557f65253bd65eb5" "/opt/rustwide/cargo-home/bin/cargo" "+1.99.0-beta.8" "metadata" "--no-deps" "--format-version=1", kill_on_drop: false }`
[INFO] running `Command { std: "docker" "inspect" "ef1df67f39120c04cf4af537149a446f90a2e27c10f98523557f65253bd65eb5", kill_on_drop: false }`
[INFO] running `Command { std: "docker" "exec" "-e" "SOURCE_DIR=/opt/rustwide/workdir" "-e" "CARGO_HOME=/opt/rustwide/cargo-home" "-e" "RUSTUP_HOME=/opt/rustwide/rustup-home" "-e" "CARGO_TARGET_DIR=/opt/rustwide/target" "-e" "CARGO_INCREMENTAL=0" "-e" "RUST_BACKTRACE=full" "-e" "RUSTFLAGS=--cap-lints=warn" "-e" "RUSTDOCFLAGS=--cap-lints=warn" "-w" "/opt/rustwide/workdir" "--user" "0:0" "ef1df67f39120c04cf4af537149a446f90a2e27c10f98523557f65253bd65eb5" "/opt/rustwide/cargo-home/bin/cargo" "+1.99.0-beta.8" "build" "--frozen" "--message-format=json" "--release", kill_on_drop: false }`
[INFO] [stderr]    Compiling syn v2.0.117
[INFO] [stderr]    Compiling libc v0.2.185
[INFO] [stderr]    Compiling cc v1.2.60
[INFO] [stderr]    Compiling futures-channel v0.3.32
[INFO] [stderr]    Compiling futures-io v0.3.32
[INFO] [stderr]    Compiling rustls v0.23.38
[INFO] [stderr]    Compiling typenum v1.20.0
[INFO] [stderr]    Compiling getrandom v0.4.2
[INFO] [stderr]    Compiling chacha20 v0.10.0
[INFO] [stderr]    Compiling serde_json v1.0.149
[INFO] [stderr]    Compiling webpki-roots v1.0.7
[INFO] [stderr]    Compiling openssl-probe v0.2.1
[INFO] [stderr]    Compiling iri-string v0.7.12
[INFO] [stderr]    Compiling data-encoding v2.10.0
[INFO] [stderr]    Compiling hashbrown v0.14.5
[INFO] [stderr]    Compiling rustls-native-certs v0.8.3
[INFO] [stderr]    Compiling generic-array v0.14.7
[INFO] [stderr]    Compiling parking_lot_core v0.9.12
[INFO] [stderr]    Compiling errno v0.3.14
[INFO] [stderr]    Compiling getrandom v0.2.17
[INFO] [stderr]    Compiling socket2 v0.6.3
[INFO] [stderr]    Compiling mio v1.2.0
[INFO] [stderr]    Compiling block-buffer v0.10.4
[INFO] [stderr]    Compiling crypto-common v0.1.7
[INFO] [stderr]    Compiling signal-hook-registry v1.4.8
[INFO] [stderr]    Compiling rand v0.10.1
[INFO] [stderr]    Compiling digest v0.10.7
[INFO] [stderr]    Compiling rand_core v0.6.4
[INFO] [stderr]    Compiling ring v0.17.14
[INFO] [stderr]    Compiling parking_lot v0.12.5
[INFO] [stderr]    Compiling dashmap v6.1.0
[INFO] [stderr]    Compiling sha1 v0.10.6
[INFO] [stderr]    Compiling rand_chacha v0.3.1
[INFO] [stderr]    Compiling rand v0.8.6
[INFO] [stderr]    Compiling uuid v1.23.1
[INFO] [stderr]    Compiling synstructure v0.13.2
[INFO] [stderr]    Compiling zerovec-derive v0.11.3
[INFO] [stderr]    Compiling displaydoc v0.2.5
[INFO] [stderr]    Compiling tokio-macros v2.7.0
[INFO] [stderr]    Compiling futures-macro v0.3.32
[INFO] [stderr]    Compiling serde_derive v1.0.228
[INFO] [stderr]    Compiling tracing-attributes v0.1.31
[INFO] [stderr]    Compiling thiserror-impl v1.0.69
[INFO] [stderr]    Compiling thiserror-impl v2.0.18
[INFO] [stderr]    Compiling zerofrom-derive v0.1.7
[INFO] [stderr]    Compiling yoke-derive v0.8.2
[INFO] [stderr]    Compiling tokio v1.52.1
[INFO] [stderr]    Compiling futures-util v0.3.32
[INFO] [stderr]    Compiling zerofrom v0.1.7
[INFO] [stderr]    Compiling yoke v0.8.2
[INFO] [stderr]    Compiling tracing v0.1.44
[INFO] [stderr]    Compiling zerovec v0.11.6
[INFO] [stderr]    Compiling zerotrie v0.2.4
[INFO] [stderr]    Compiling thiserror v1.0.69
[INFO] [stderr]    Compiling thiserror v2.0.18
[INFO] [stderr]    Compiling tinystr v0.8.3
[INFO] [stderr]    Compiling potential_utf v0.1.5
[INFO] [stderr]    Compiling icu_collections v2.2.0
[INFO] [stderr]    Compiling icu_locale_core v2.2.0
[INFO] [stderr]    Compiling serde v1.0.228
[INFO] [stderr]    Compiling chrono v0.4.44
[INFO] [stderr]    Compiling serde_urlencoded v0.7.1
[INFO] [stderr]    Compiling icu_provider v2.2.0
[INFO] [stderr]    Compiling icu_normalizer v2.2.0
[INFO] [stderr]    Compiling icu_properties v2.2.0
[INFO] [stderr]    Compiling futures-executor v0.3.32
[INFO] [stderr]    Compiling futures v0.3.32
[INFO] [stderr]    Compiling zero-operator-state v0.1.2
[INFO] [stderr]    Compiling idna_adapter v1.2.1
[INFO] [stderr]    Compiling idna v1.1.0
[INFO] [stderr]    Compiling url v2.5.8
[INFO] [stderr]    Compiling hyper v1.9.0
[INFO] [stderr]    Compiling tower v0.5.3
[INFO] [stderr]    Compiling tokio-util v0.7.18
[INFO] [stderr]    Compiling tower-http v0.6.8
[INFO] [stderr]    Compiling hyper-util v0.1.20
[INFO] [stderr]    Compiling rustls-webpki v0.103.12
[INFO] [stderr]    Compiling tokio-rustls v0.26.4
[INFO] [stderr]    Compiling tungstenite v0.24.0
[INFO] [stderr]    Compiling hyper-rustls v0.27.9
[INFO] [stderr]    Compiling reqwest v0.12.28
[INFO] [stderr]    Compiling tokio-tungstenite v0.24.0
[INFO] [stderr]    Compiling zero-engine-client v0.1.2 (/opt/rustwide/workdir)
[INFO] [stderr]     Finished `release` profile [optimized] target(s) in 1m 33s
[INFO] running `Command { std: "docker" "inspect" "ef1df67f39120c04cf4af537149a446f90a2e27c10f98523557f65253bd65eb5", kill_on_drop: false }`
[INFO] running `Command { std: "docker" "exec" "-e" "SOURCE_DIR=/opt/rustwide/workdir" "-e" "CARGO_HOME=/opt/rustwide/cargo-home" "-e" "RUSTUP_HOME=/opt/rustwide/rustup-home" "-e" "CARGO_TARGET_DIR=/opt/rustwide/target" "-e" "CARGO_INCREMENTAL=0" "-e" "RUST_BACKTRACE=full" "-e" "RUSTFLAGS=--cap-lints=warn" "-e" "RUSTDOCFLAGS=--cap-lints=warn" "-w" "/opt/rustwide/workdir" "--user" "0:0" "ef1df67f39120c04cf4af537149a446f90a2e27c10f98523557f65253bd65eb5" "/opt/rustwide/cargo-home/bin/cargo" "+1.99.0-beta.8" "test" "--frozen" "--no-run" "--message-format=json" "--release", kill_on_drop: false }`
[INFO] [stderr]    Compiling tokio v1.52.1
[INFO] [stderr]    Compiling tracing v0.1.44
[INFO] [stderr]    Compiling serde v1.0.228
[INFO] [stderr]    Compiling serde_json v1.0.149
[INFO] [stderr]    Compiling async-trait v0.1.89
[INFO] [stderr]    Compiling serde_path_to_error v0.1.20
[INFO] [stderr]    Compiling matchit v0.7.3
[INFO] [stderr]    Compiling uuid v1.23.1
[INFO] [stderr]    Compiling axum-core v0.4.5
[INFO] [stderr]    Compiling serde_urlencoded v0.7.1
[INFO] [stderr]    Compiling chrono v0.4.44
[INFO] [stderr]    Compiling zero-operator-state v0.1.2
[INFO] [stderr]    Compiling tokio-rustls v0.26.4
[INFO] [stderr]    Compiling hyper v1.9.0
[INFO] [stderr]    Compiling tower v0.5.3
[INFO] [stderr]    Compiling tokio-util v0.7.18
[INFO] [stderr]    Compiling tokio-tungstenite v0.24.0
[INFO] [stderr]    Compiling tower-http v0.6.8
[INFO] [stderr]    Compiling hyper-util v0.1.20
[INFO] [stderr]    Compiling hyper-rustls v0.27.9
[INFO] [stderr]    Compiling axum v0.7.9
[INFO] [stderr]    Compiling reqwest v0.12.28
[INFO] [stderr]    Compiling zero-engine-client v0.1.2 (/opt/rustwide/workdir)
[INFO] [stderr]    Compiling zero-testkit v0.1.2
[INFO] [stderr]     Finished `release` profile [optimized] target(s) in 1m 08s
[INFO] running `Command { std: "docker" "inspect" "ef1df67f39120c04cf4af537149a446f90a2e27c10f98523557f65253bd65eb5", kill_on_drop: false }`
[INFO] running `Command { std: "docker" "exec" "-e" "SOURCE_DIR=/opt/rustwide/workdir" "-e" "CARGO_HOME=/opt/rustwide/cargo-home" "-e" "RUSTUP_HOME=/opt/rustwide/rustup-home" "-e" "CARGO_TARGET_DIR=/opt/rustwide/target" "-e" "CARGO_INCREMENTAL=0" "-e" "RUST_BACKTRACE=full" "-e" "RUSTFLAGS=--cap-lints=warn" "-e" "RUSTDOCFLAGS=--cap-lints=warn" "-w" "/opt/rustwide/workdir" "--user" "0:0" "ef1df67f39120c04cf4af537149a446f90a2e27c10f98523557f65253bd65eb5" "/opt/rustwide/cargo-home/bin/cargo" "+1.99.0-beta.8" "test" "--frozen" "--release", kill_on_drop: false }`
[INFO] [stderr]     Finished `release` profile [optimized] target(s) in 0.22s
[INFO] [stderr]      Running unittests src/lib.rs (/opt/rustwide/target/release/deps/zero_engine_client-3449083adb99b6e2)
[INFO] [stdout] 
[INFO] [stdout] running 43 tests
[INFO] [stdout] test http::tests::retry_after_clamps_past_date_to_zero ... ok
[INFO] [stdout] test models::wire_compat_tests::positions_bus_file_shape_parses_with_aliases ... ok
[INFO] [stdout] test http::tests::rate_budget_exhausted_display_is_terse_and_seconds ... ok
[INFO] [stdout] test http::tests::retry_after_unparseable_returns_none ... ok
[INFO] [stdout] test http::tests::operator_context_attaches_audit_headers ... ok
[INFO] [stdout] test models::wire_compat_tests::risk_bus_file_shape_parses ... ok
[INFO] [stdout] test rate_budget::tests::consume_debits_tokens ... ok
[INFO] [stdout] test http::tests::retry_after_parses_http_date_in_the_future ... ok
[INFO] [stdout] test http::tests::with_mode_attaches_header_on_auth_headers ... ok
[INFO] [stdout] test rate_budget::tests::consume_exhaustion_countdown_rounds_up ... ok
[INFO] [stdout] test rate_budget::tests::consume_exhaustion_returns_floored_retry_after ... ok
[INFO] [stdout] test rate_budget::tests::cost_above_capacity_returns_permanent_exhaustion ... ok
[INFO] [stdout] test rate_budget::tests::consume_exhaustion_fractional_deficit_rounds_up ... ok
[INFO] [stdout] test rate_budget::tests::costs_follow_spec_table ... ok
[INFO] [stdout] test http::tests::is_retryable_never_retries_rate_budget_exhausted ... ok
[INFO] [stdout] test rate_budget::tests::new_bucket_is_full ... ok
[INFO] [stdout] test rate_budget::tests::refill_accrues_over_clock_advance ... ok
[INFO] [stdout] test rate_budget::tests::refill_caps_at_capacity ... ok
[INFO] [stdout] test http::tests::mint_idempotency_key_is_unique_per_call ... ok
[INFO] [stdout] test http::tests::retry_after_parses_plain_seconds ... ok
[INFO] [stdout] test http::tests::mode_header_value_is_stable ... ok
[INFO] [stdout] test http::tests::rate_limit_source_display_is_stable ... ok
[INFO] [stdout] test rate_budget::tests::headroom_bands_are_legible ... ok
[INFO] [stdout] test rate_budget::tests::refund_restores_tokens_without_exceeding_capacity ... ok
[INFO] [stdout] test rate_budget::tests::sub_second_accrual_does_not_floor_to_zero ... ok
[INFO] [stdout] test rate_budget::tests::negative_refill_panics_at_construction - should panic ... ok
[INFO] [stdout] test rate_budget::tests::reset_to_full_refills_the_bucket ... ok
[INFO] [stdout] test state::tests::reconnect_counter_ticks_and_resets ... ok
[INFO] [stdout] test rate_budget::tests::zero_capacity_panics_at_construction - should panic ... ok
[INFO] [stdout] test state::tests::heartbeat_updates_feed_age ... ok
[INFO] [stdout] test ws::tests::exp_backoff_cap_doubles_each_attempt_until_max ... ok
[INFO] [stdout] test ws::tests::exp_backoff_cap_saturates_on_runaway_attempt ... ok
[INFO] [stdout] test ws::tests::exp_backoff_cap_with_multiplier_one_stays_at_initial ... ok
[INFO] [stdout] test ws::tests::exp_backoff_cap_starts_at_initial_on_attempt_zero ... ok
[INFO] [stdout] test ws::tests::jitter_full_is_bounded_by_cap ... ok
[INFO] [stdout] test ws::tests::jitter_full_varies_across_draws ... ok
[INFO] [stdout] test ws::tests::xorshift_is_deterministic_and_non_trivial ... ok
[INFO] [stdout] test ws::tests::jitter_none_returns_cap_unchanged ... ok
[INFO] [stdout] test ws::tests::jitter_full_with_zero_cap_returns_zero ... ok
[INFO] [stdout] test poll::tests::backfill_populates_all_tracked_fields ... ok
[INFO] [stdout] test poll::tests::poller_writes_snapshot_on_first_tick ... ok
[INFO] [stdout] test poll::tests::poller_picks_up_label_changes ... ok
[INFO] [stdout] test poll::tests::backfill_survives_transient_503_via_retry ... ok
[INFO] [stdout] 
[INFO] [stdout] test result: ok. 43 passed; 0 failed; 0 ignored; 0 measured; 0 filtered out; finished in 0.53s
[INFO] [stdout] 
[INFO] [stderr]      Running tests/http_breadth.rs (/opt/rustwide/target/release/deps/http_breadth-141fcf88d0a3d9ef)
[INFO] [stdout] 
[INFO] [stdout] running 21 tests
[INFO] [stdout] test live_canary_policy_decodes_null_request_from_runtime_readiness ... ok
[INFO] [stdout] test approaching_decodes ... ok
[INFO] [stdout] test hyperliquid_status_decodes_read_only_shape ... ok
[INFO] [stdout] test market_quote_decodes_active_quote_source ... ok
[INFO] [stdout] test immune_decodes_risk_blocking_breakers ... ok
[INFO] [stdout] test rejections_decodes_no_filter ... ok
[INFO] [stdout] test regime_decodes_without_coin ... ok
[INFO] [stdout] test positions_decodes_two ... ok
[INFO] [stdout] test live_certification_decodes_dry_run_harness ... ok
[INFO] [stdout] test live_receipts_decode_public_safe_receipt_bundle ... ok
[INFO] [stdout] test live_evidence_decodes_hash_only_canary_bundle ... ok
[INFO] [stdout] test live_cockpit_decodes_operator_readiness_packet ... ok
[INFO] [stdout] test evaluate_decodes_layers_and_derives_verdict ... ok
[INFO] [stdout] test brief_decodes_real_shape ... ok
[INFO] [stdout] test regime_decodes_with_coin_query ... ok
[INFO] [stdout] test live_canary_policy_decodes_public_claim_boundary ... ok
[INFO] [stdout] test pulse_decodes_with_clamp ... ok
[INFO] [stdout] test rejections_decodes_with_filter ... ok
[INFO] [stdout] test runtime_parity_decodes_production_ooda_boundary ... ok
[INFO] [stdout] test v2_status_decodes_nested_shape ... ok
[INFO] [stdout] test risk_decodes_and_is_not_halted ... ok
[INFO] [stdout] 
[INFO] [stdout] test result: ok. 21 passed; 0 failed; 0 ignored; 0 measured; 0 filtered out; finished in 0.04s
[INFO] [stdout] 
[INFO] [stderr]      Running tests/http_composition.rs (/opt/rustwide/target/release/deps/http_composition-244e1c2844cfe612)
[INFO] [stdout] 
[INFO] [stdout] running 12 tests
[INFO] [stdout] test post_execute_never_retries_on_timeout ... ok
[INFO] [stdout] test post_execute_never_retries_on_500 ... ok
[INFO] [stdout] test post_execute_emits_unique_idempotency_key_per_call ... ok
[INFO] [stdout] test post_auto_toggle_honors_paper_mode_header ... ok
[INFO] [stdout] test post_execute_round_trips_typed_body_and_response ... ok
[INFO] [stdout] test post_execute_honors_paper_mode_header ... ok
[INFO] [stdout] test post_auto_toggle_never_retries_on_503 ... ok
[INFO] [stdout] test post_execute_honors_live_mode_header ... ok
[INFO] [stdout] test execute_simulated_flag_is_engine_asserted_not_locally_guessed ... ok
[INFO] [stdout] test live_control_endpoints_post_without_retry_surface ... ok
[INFO] [stdout] test post_auto_toggle_surfaces_engine_refusal_verbatim ... ok
[INFO] [stdout] test post_execute_never_retries_on_503 ... ok
[INFO] [stdout] 
[INFO] [stdout] test result: ok. 12 passed; 0 failed; 0 ignored; 0 measured; 0 filtered out; finished in 0.02s
[INFO] [stdout] 
[INFO] [stderr]      Running tests/http_integration.rs (/opt/rustwide/target/release/deps/http_integration-7d364c08c55bce3a)
[INFO] [stdout] 
[INFO] [stdout] running 10 tests
[INFO] [stdout] test health_decodes_components ... ok
[INFO] [stdout] test unauthorized_status_maps_to_typed_error ... ok
[INFO] [stdout] test live_preflight_decodes_readiness_gate ... ok
[INFO] [stdout] test health_degraded_surfaces ... ok
[INFO] [stdout] test non_retryable_500_fails_without_second_attempt ... ok
[INFO] [stdout] test not_found_maps_to_typed_error_with_path ... ok
[INFO] [stdout] test root_decodes_version_probe ... ok
[INFO] [stdout] test unreachable_host_is_typed ... ok
[INFO] [stdout] test retry_gives_up_after_second_transient_failure ... ok
[INFO] [stdout] test retry_recovers_after_one_transient_failure ... ok
[INFO] [stdout] 
[INFO] [stdout] test result: ok. 10 passed; 0 failed; 0 ignored; 0 measured; 0 filtered out; finished in 0.52s
[INFO] [stdout] 
[INFO] [stderr]      Running tests/paper_api_contract.rs (/opt/rustwide/target/release/deps/paper_api_contract-7a2f48bfdda9d663)
[INFO] [stdout] 
[INFO] [stdout] running 6 tests
[INFO] [stdout] test paper_execute_contract_decodes ... FAILED
[INFO] [stdout] test paper_rejections_contract_decodes ... FAILED
[INFO] [stdout] test paper_brief_contract_decodes ... FAILED
[INFO] [stdout] test paper_positions_contract_decodes ... FAILED
[INFO] [stdout] test paper_v2_status_contract_decodes ... FAILED
[INFO] [stdout] test paper_risk_contract_decodes ... FAILED
[INFO] [stdout] 
[INFO] [stdout] failures:
[INFO] [stdout] 
[INFO] [stdout] ---- paper_execute_contract_decodes stdout ----
[INFO] [stdout] 
[INFO] [stdout] thread 'paper_execute_contract_decodes' (2623) panicked at tests/paper_api_contract.rs:15:44:
[INFO] [stdout] paper API contract fixture should be readable: Os { code: 2, kind: NotFound, message: "No such file or directory" }
[INFO] [stdout] stack backtrace:
[INFO] [stdout]    0:     0x5950c24b4c31 - <<std[70759c8f55707aa4]::sys::backtrace::BacktraceLock>::print::DisplayBacktrace as core[df12db4294e9bfd3]::fmt::Display>::fmt
[INFO] [stdout]    1:     0x5950c24c987a - core[df12db4294e9bfd3]::fmt::write
[INFO] [stdout]    2:     0x5950c24b90cc - <alloc[2182bb758b4b3781]::vec::Vec<u8> as core[df12db4294e9bfd3]::io::write::Write>::write_fmt
[INFO] [stdout]    3:     0x5950c2490d26 - std[70759c8f55707aa4]::panicking::default_hook::{closure#0}
[INFO] [stdout]    4:     0x5950c24ad029 - std[70759c8f55707aa4]::panicking::default_hook
[INFO] [stdout]    5:     0x5950c24426f0 - test[9d35eded1c95d3be]::test_main_inner::<test[9d35eded1c95d3be]::test_main_static::{closure#0}>::{closure#0}
[INFO] [stdout]    6:     0x5950c24ad1e2 - std[70759c8f55707aa4]::panicking::panic_with_hook
[INFO] [stdout]    7:     0x5950c2490dd2 - std[70759c8f55707aa4]::panicking::panic_handler::{closure#0}
[INFO] [stdout]    8:     0x5950c24899c9 - std[70759c8f55707aa4]::sys::backtrace::__rust_end_short_backtrace::<std[70759c8f55707aa4]::panicking::panic_handler::{closure#0}, !>
[INFO] [stdout]    9:     0x5950c24919cd - __rustc[8fa7c3cbc660c2b3]::rust_begin_unwind
[INFO] [stdout]   10:     0x5950c24c9fac - core[df12db4294e9bfd3]::panicking::panic_fmt
[INFO] [stdout]   11:     0x5950c24c9d82 - core[df12db4294e9bfd3]::result::unwrap_failed
[INFO] [stdout]   12:     0x5950c2431528 - paper_api_contract[ac97979693a98e8e]::fixture
[INFO] [stdout]   13:     0x5950c2431e6a - <paper_api_contract[ac97979693a98e8e]::paper_execute_contract_decodes::{closure#0} as core[df12db4294e9bfd3]::ops::function::FnOnce<()>>::call_once
[INFO] [stdout]   14:     0x5950c24359db - test[9d35eded1c95d3be]::__rust_begin_short_backtrace::<core[df12db4294e9bfd3]::result::Result<(), alloc[2182bb758b4b3781]::string::String>, fn() -> core[df12db4294e9bfd3]::result::Result<(), alloc[2182bb758b4b3781]::string::String>>
[INFO] [stdout]   15:     0x5950c2443045 - test[9d35eded1c95d3be]::run_test::{closure#0}
[INFO] [stdout]   16:     0x5950c243c904 - std[70759c8f55707aa4]::sys::backtrace::__rust_begin_short_backtrace::<test[9d35eded1c95d3be]::run_test::{closure#1}, ()>
[INFO] [stdout]   17:     0x5950c24461a2 - <std[70759c8f55707aa4]::thread::lifecycle::spawn_unchecked<test[9d35eded1c95d3be]::run_test::{closure#1}, ()>::{closure#1} as core[df12db4294e9bfd3]::ops::function::FnOnce<()>>::call_once::{shim:vtable#0}
[INFO] [stdout]   18:     0x5950c24b4199 - <std[70759c8f55707aa4]::sys::thread::unix::Thread>::new::thread_start
[INFO] [stdout]   19:     0x70bb98d9ddfa - <unknown>
[INFO] [stdout]   20:     0x70bb98e313d4 - clone
[INFO] [stdout]   21:                0x0 - <unknown>
[INFO] [stdout] 
[INFO] [stdout] ---- paper_rejections_contract_decodes stdout ----
[INFO] [stdout] 
[INFO] [stdout] thread 'paper_rejections_contract_decodes' (2625) panicked at tests/paper_api_contract.rs:15:44:
[INFO] [stdout] paper API contract fixture should be readable: Os { code: 2, kind: NotFound, message: "No such file or directory" }
[INFO] [stdout] stack backtrace:
[INFO] [stdout]    0:     0x5950c24b4c31 - <<std[70759c8f55707aa4]::sys::backtrace::BacktraceLock>::print::DisplayBacktrace as core[df12db4294e9bfd3]::fmt::Display>::fmt
[INFO] [stdout]    1:     0x5950c24c987a - core[df12db4294e9bfd3]::fmt::write
[INFO] [stdout]    2:     0x5950c24b90cc - <alloc[2182bb758b4b3781]::vec::Vec<u8> as core[df12db4294e9bfd3]::io::write::Write>::write_fmt
[INFO] [stdout]    3:     0x5950c2490d26 - std[70759c8f55707aa4]::panicking::default_hook::{closure#0}
[INFO] [stdout]    4:     0x5950c24ad029 - std[70759c8f55707aa4]::panicking::default_hook
[INFO] [stdout]    5:     0x5950c24426f0 - test[9d35eded1c95d3be]::test_main_inner::<test[9d35eded1c95d3be]::test_main_static::{closure#0}>::{closure#0}
[INFO] [stdout]    6:     0x5950c24ad1e2 - std[70759c8f55707aa4]::panicking::panic_with_hook
[INFO] [stdout]    7:     0x5950c2490dd2 - std[70759c8f55707aa4]::panicking::panic_handler::{closure#0}
[INFO] [stdout]    8:     0x5950c24899c9 - std[70759c8f55707aa4]::sys::backtrace::__rust_end_short_backtrace::<std[70759c8f55707aa4]::panicking::panic_handler::{closure#0}, !>
[INFO] [stdout]    9:     0x5950c24919cd - __rustc[8fa7c3cbc660c2b3]::rust_begin_unwind
[INFO] [stdout]   10:     0x5950c24c9fac - core[df12db4294e9bfd3]::panicking::panic_fmt
[INFO] [stdout]   11:     0x5950c24c9d82 - core[df12db4294e9bfd3]::result::unwrap_failed
[INFO] [stdout]   12:     0x5950c2431528 - paper_api_contract[ac97979693a98e8e]::fixture
[INFO] [stdout]   13:     0x5950c2432d37 - <paper_api_contract[ac97979693a98e8e]::paper_rejections_contract_decodes::{closure#0} as core[df12db4294e9bfd3]::ops::function::FnOnce<()>>::call_once
[INFO] [stdout]   14:     0x5950c24359db - test[9d35eded1c95d3be]::__rust_begin_short_backtrace::<core[df12db4294e9bfd3]::result::Result<(), alloc[2182bb758b4b3781]::string::String>, fn() -> core[df12db4294e9bfd3]::result::Result<(), alloc[2182bb758b4b3781]::string::String>>
[INFO] [stdout]   15:     0x5950c2443045 - test[9d35eded1c95d3be]::run_test::{closure#0}
[INFO] [stdout]   16:     0x5950c243c904 - std[70759c8f55707aa4]::sys::backtrace::__rust_begin_short_backtrace::<test[9d35eded1c95d3be]::run_test::{closure#1}, ()>
[INFO] [stdout]   17:     0x5950c24461a2 - <std[70759c8f55707aa4]::thread::lifecycle::spawn_unchecked<test[9d35eded1c95d3be]::run_test::{closure#1}, ()>::{closure#1} as core[df12db4294e9bfd3]::ops::function::FnOnce<()>>::call_once::{shim:vtable#0}
[INFO] [stdout]   18:     0x5950c24b4199 - <std[70759c8f55707aa4]::sys::thread::unix::Thread>::new::thread_start
[INFO] [stdout]   19:     0x70bb98d9ddfa - <unknown>
[INFO] [stdout]   20:     0x70bb98e313d4 - clone
[INFO] [stdout]   21:                0x0 - <unknown>
[INFO] [stdout] 
[INFO] [stdout] ---- paper_brief_contract_decodes stdout ----
[INFO] [stdout] 
[INFO] [stdout] thread 'paper_brief_contract_decodes' (2622) panicked at tests/paper_api_contract.rs:15:44:
[INFO] [stdout] paper API contract fixture should be readable: Os { code: 2, kind: NotFound, message: "No such file or directory" }
[INFO] [stdout] stack backtrace:
[INFO] [stdout]    0:     0x5950c24b4c31 - <<std[70759c8f55707aa4]::sys::backtrace::BacktraceLock>::print::DisplayBacktrace as core[df12db4294e9bfd3]::fmt::Display>::fmt
[INFO] [stdout]    1:     0x5950c24c987a - core[df12db4294e9bfd3]::fmt::write
[INFO] [stdout]    2:     0x5950c24b90cc - <alloc[2182bb758b4b3781]::vec::Vec<u8> as core[df12db4294e9bfd3]::io::write::Write>::write_fmt
[INFO] [stdout]    3:     0x5950c2490d26 - std[70759c8f55707aa4]::panicking::default_hook::{closure#0}
[INFO] [stdout]    4:     0x5950c24ad029 - std[70759c8f55707aa4]::panicking::default_hook
[INFO] [stdout]    5:     0x5950c24426f0 - test[9d35eded1c95d3be]::test_main_inner::<test[9d35eded1c95d3be]::test_main_static::{closure#0}>::{closure#0}
[INFO] [stdout]    6:     0x5950c24ad1e2 - std[70759c8f55707aa4]::panicking::panic_with_hook
[INFO] [stdout]    7:     0x5950c2490dd2 - std[70759c8f55707aa4]::panicking::panic_handler::{closure#0}
[INFO] [stdout]    8:     0x5950c24899c9 - std[70759c8f55707aa4]::sys::backtrace::__rust_end_short_backtrace::<std[70759c8f55707aa4]::panicking::panic_handler::{closure#0}, !>
[INFO] [stdout]    9:     0x5950c24919cd - __rustc[8fa7c3cbc660c2b3]::rust_begin_unwind
[INFO] [stdout]   10:     0x5950c24c9fac - core[df12db4294e9bfd3]::panicking::panic_fmt
[INFO] [stdout]   11:     0x5950c24c9d82 - core[df12db4294e9bfd3]::result::unwrap_failed
[INFO] [stdout]   12:     0x5950c2431528 - paper_api_contract[ac97979693a98e8e]::fixture
[INFO] [stdout]   13:     0x5950c2431b31 - <paper_api_contract[ac97979693a98e8e]::paper_brief_contract_decodes::{closure#0} as core[df12db4294e9bfd3]::ops::function::FnOnce<()>>::call_once
[INFO] [stdout]   14:     0x5950c24359db - test[9d35eded1c95d3be]::__rust_begin_short_backtrace::<core[df12db4294e9bfd3]::result::Result<(), alloc[2182bb758b4b3781]::string::String>, fn() -> core[df12db4294e9bfd3]::result::Result<(), alloc[2182bb758b4b3781]::string::String>>
[INFO] [stdout]   15:     0x5950c2443045 - test[9d35eded1c95d3be]::run_test::{closure#0}
[INFO] [stdout]   16:     0x5950c243c904 - std[70759c8f55707aa4]::sys::backtrace::__rust_begin_short_backtrace::<test[9d35eded1c95d3be]::run_test::{closure#1}, ()>
[INFO] [stdout]   17:     0x5950c24461a2 - <std[70759c8f55707aa4]::thread::lifecycle::spawn_unchecked<test[9d35eded1c95d3be]::run_test::{closure#1}, ()>::{closure#1} as core[df12db4294e9bfd3]::ops::function::FnOnce<()>>::call_once::{shim:vtable#0}
[INFO] [stdout]   18:     0x5950c24b4199 - <std[70759c8f55707aa4]::sys::thread::unix::Thread>::new::thread_start
[INFO] [stdout]   19:     0x70bb98d9ddfa - <unknown>
[INFO] [stdout]   20:     0x70bb98e313d4 - clone
[INFO] [stdout]   21:                0x0 - <unknown>
[INFO] [stdout] 
[INFO] [stdout] ---- paper_positions_contract_decodes stdout ----
[INFO] [stdout] 
[INFO] [stdout] thread 'paper_positions_contract_decodes' (2624) panicked at tests/paper_api_contract.rs:15:44:
[INFO] [stdout] paper API contract fixture should be readable: Os { code: 2, kind: NotFound, message: "No such file or directory" }
[INFO] [stdout] stack backtrace:
[INFO] [stdout]    0:     0x5950c24b4c31 - <<std[70759c8f55707aa4]::sys::backtrace::BacktraceLock>::print::DisplayBacktrace as core[df12db4294e9bfd3]::fmt::Display>::fmt
[INFO] [stdout]    1:     0x5950c24c987a - core[df12db4294e9bfd3]::fmt::write
[INFO] [stdout]    2:     0x5950c24b90cc - <alloc[2182bb758b4b3781]::vec::Vec<u8> as core[df12db4294e9bfd3]::io::write::Write>::write_fmt
[INFO] [stdout]    3:     0x5950c2490d26 - std[70759c8f55707aa4]::panicking::default_hook::{closure#0}
[INFO] [stdout]    4:     0x5950c24ad029 - std[70759c8f55707aa4]::panicking::default_hook
[INFO] [stdout]    5:     0x5950c24426f0 - test[9d35eded1c95d3be]::test_main_inner::<test[9d35eded1c95d3be]::test_main_static::{closure#0}>::{closure#0}
[INFO] [stdout]    6:     0x5950c24ad1e2 - std[70759c8f55707aa4]::panicking::panic_with_hook
[INFO] [stdout]    7:     0x5950c2490dd2 - std[70759c8f55707aa4]::panicking::panic_handler::{closure#0}
[INFO] [stdout]    8:     0x5950c24899c9 - std[70759c8f55707aa4]::sys::backtrace::__rust_end_short_backtrace::<std[70759c8f55707aa4]::panicking::panic_handler::{closure#0}, !>
[INFO] [stdout]    9:     0x5950c24919cd - __rustc[8fa7c3cbc660c2b3]::rust_begin_unwind
[INFO] [stdout]   10:     0x5950c24c9fac - core[df12db4294e9bfd3]::panicking::panic_fmt
[INFO] [stdout]   11:     0x5950c24c9d82 - core[df12db4294e9bfd3]::result::unwrap_failed
[INFO] [stdout]   12:     0x5950c2431528 - paper_api_contract[ac97979693a98e8e]::fixture
[INFO] [stdout]   13:     0x5950c24325da - <paper_api_contract[ac97979693a98e8e]::paper_positions_contract_decodes::{closure#0} as core[df12db4294e9bfd3]::ops::function::FnOnce<()>>::call_once
[INFO] [stdout]   14:     0x5950c24359db - test[9d35eded1c95d3be]::__rust_begin_short_backtrace::<core[df12db4294e9bfd3]::result::Result<(), alloc[2182bb758b4b3781]::string::String>, fn() -> core[df12db4294e9bfd3]::result::Result<(), alloc[2182bb758b4b3781]::string::String>>
[INFO] [stdout]   15:     0x5950c2443045 - test[9d35eded1c95d3be]::run_test::{closure#0}
[INFO] [stdout]   16:     0x5950c243c904 - std[70759c8f55707aa4]::sys::backtrace::__rust_begin_short_backtrace::<test[9d35eded1c95d3be]::run_test::{closure#1}, ()>
[INFO] [stdout]   17:     0x5950c24461a2 - <std[70759c8f55707aa4]::thread::lifecycle::spawn_unchecked<test[9d35eded1c95d3be]::run_test::{closure#1}, ()>::{closure#1} as core[df12db4294e9bfd3]::ops::function::FnOnce<()>>::call_once::{shim:vtable#0}
[INFO] [stdout]   18:     0x5950c24b4199 - <std[70759c8f55707aa4]::sys::thread::unix::Thread>::new::thread_start
[INFO] [stdout]   19:     0x70bb98d9ddfa - <unknown>
[INFO] [stdout]   20:     0x70bb98e313d4 - clone
[INFO] [stdout]   21:                0x0 - <unknown>
[INFO] [stdout] 
[INFO] [stdout] ---- paper_v2_status_contract_decodes stdout ----
[INFO] [stdout] 
[INFO] [stdout] thread 'paper_v2_status_contract_decodes' (2627) panicked at tests/paper_api_contract.rs:15:44:
[INFO] [stdout] paper API contract fixture should be readable: Os { code: 2, kind: NotFound, message: "No such file or directory" }
[INFO] [stdout] stack backtrace:
[INFO] [stdout]    0:     0x5950c24b4c31 - <<std[70759c8f55707aa4]::sys::backtrace::BacktraceLock>::print::DisplayBacktrace as core[df12db4294e9bfd3]::fmt::Display>::fmt
[INFO] [stdout]    1:     0x5950c24c987a - core[df12db4294e9bfd3]::fmt::write
[INFO] [stdout]    2:     0x5950c24b90cc - <alloc[2182bb758b4b3781]::vec::Vec<u8> as core[df12db4294e9bfd3]::io::write::Write>::write_fmt
[INFO] [stdout]    3:     0x5950c2490d26 - std[70759c8f55707aa4]::panicking::default_hook::{closure#0}
[INFO] [stdout]    4:     0x5950c24ad029 - std[70759c8f55707aa4]::panicking::default_hook
[INFO] [stdout]    5:     0x5950c24426f0 - test[9d35eded1c95d3be]::test_main_inner::<test[9d35eded1c95d3be]::test_main_static::{closure#0}>::{closure#0}
[INFO] [stdout]    6:     0x5950c24ad1e2 - std[70759c8f55707aa4]::panicking::panic_with_hook
[INFO] [stdout]    7:     0x5950c2490dd2 - std[70759c8f55707aa4]::panicking::panic_handler::{closure#0}
[INFO] [stdout]    8:     0x5950c24899c9 - std[70759c8f55707aa4]::sys::backtrace::__rust_end_short_backtrace::<std[70759c8f55707aa4]::panicking::panic_handler::{closure#0}, !>
[INFO] [stdout]    9:     0x5950c24919cd - __rustc[8fa7c3cbc660c2b3]::rust_begin_unwind
[INFO] [stdout]   10:     0x5950c24c9fac - core[df12db4294e9bfd3]::panicking::panic_fmt
[INFO] [stdout]   11:     0x5950c24c9d82 - core[df12db4294e9bfd3]::result::unwrap_failed
[INFO] [stdout]   12:     0x5950c2431528 - paper_api_contract[ac97979693a98e8e]::fixture
[INFO] [stdout]   13:     0x5950c243290c - <paper_api_contract[ac97979693a98e8e]::paper_v2_status_contract_decodes::{closure#0} as core[df12db4294e9bfd3]::ops::function::FnOnce<()>>::call_once
[INFO] [stdout]   14:     0x5950c24359db - test[9d35eded1c95d3be]::__rust_begin_short_backtrace::<core[df12db4294e9bfd3]::result::Result<(), alloc[2182bb758b4b3781]::string::String>, fn() -> core[df12db4294e9bfd3]::result::Result<(), alloc[2182bb758b4b3781]::string::String>>
[INFO] [stdout]   15:     0x5950c2443045 - test[9d35eded1c95d3be]::run_test::{closure#0}
[INFO] [stdout]   16:     0x5950c243c904 - std[70759c8f55707aa4]::sys::backtrace::__rust_begin_short_backtrace::<test[9d35eded1c95d3be]::run_test::{closure#1}, ()>
[INFO] [stdout]   17:     0x5950c24461a2 - <std[70759c8f55707aa4]::thread::lifecycle::spawn_unchecked<test[9d35eded1c95d3be]::run_test::{closure#1}, ()>::{closure#1} as core[df12db4294e9bfd3]::ops::function::FnOnce<()>>::call_once::{shim:vtable#0}
[INFO] [stdout]   18:     0x5950c24b4199 - <std[70759c8f55707aa4]::sys::thread::unix::Thread>::new::thread_start
[INFO] [stdout]   19:     0x70bb98d9ddfa - <unknown>
[INFO] [stdout]   20:     0x70bb98e313d4 - clone
[INFO] [stdout]   21:                0x0 - <unknown>
[INFO] [stdout] 
[INFO] [stdout] ---- paper_risk_contract_decodes stdout ----
[INFO] [stdout] 
[INFO] [stdout] thread 'paper_risk_contract_decodes' (2626) panicked at tests/paper_api_contract.rs:15:44:
[INFO] [stdout] paper API contract fixture should be readable: Os { code: 2, kind: NotFound, message: "No such file or directory" }
[INFO] [stdout] stack backtrace:
[INFO] [stdout]    0:     0x5950c24b4c31 - <<std[70759c8f55707aa4]::sys::backtrace::BacktraceLock>::print::DisplayBacktrace as core[df12db4294e9bfd3]::fmt::Display>::fmt
[INFO] [stdout]    1:     0x5950c24c987a - core[df12db4294e9bfd3]::fmt::write
[INFO] [stdout]    2:     0x5950c24b90cc - <alloc[2182bb758b4b3781]::vec::Vec<u8> as core[df12db4294e9bfd3]::io::write::Write>::write_fmt
[INFO] [stdout]    3:     0x5950c2490d26 - std[70759c8f55707aa4]::panicking::default_hook::{closure#0}
[INFO] [stdout]    4:     0x5950c24ad029 - std[70759c8f55707aa4]::panicking::default_hook
[INFO] [stdout]    5:     0x5950c24426f0 - test[9d35eded1c95d3be]::test_main_inner::<test[9d35eded1c95d3be]::test_main_static::{closure#0}>::{closure#0}
[INFO] [stdout]    6:     0x5950c24ad1e2 - std[70759c8f55707aa4]::panicking::panic_with_hook
[INFO] [stdout]    7:     0x5950c2490dd2 - std[70759c8f55707aa4]::panicking::panic_handler::{closure#0}
[INFO] [stdout]    8:     0x5950c24899c9 - std[70759c8f55707aa4]::sys::backtrace::__rust_end_short_backtrace::<std[70759c8f55707aa4]::panicking::panic_handler::{closure#0}, !>
[INFO] [stdout]    9:     0x5950c24919cd - __rustc[8fa7c3cbc660c2b3]::rust_begin_unwind
[INFO] [stdout]   10:     0x5950c24c9fac - core[df12db4294e9bfd3]::panicking::panic_fmt
[INFO] [stdout]   11:     0x5950c24c9d82 - core[df12db4294e9bfd3]::result::unwrap_failed
[INFO] [stdout]   12:     0x5950c2431528 - paper_api_contract[ac97979693a98e8e]::fixture
[INFO] [stdout]   13:     0x5950c2431816 - <paper_api_contract[ac97979693a98e8e]::paper_risk_contract_decodes::{closure#0} as core[df12db4294e9bfd3]::ops::function::FnOnce<()>>::call_once
[INFO] [stdout]   14:     0x5950c24359db - test[9d35eded1c95d3be]::__rust_begin_short_backtrace::<core[df12db4294e9bfd3]::result::Result<(), alloc[2182bb758b4b3781]::string::String>, fn() -> core[df12db4294e9bfd3]::result::Result<(), alloc[2182bb758b4b3781]::string::String>>
[INFO] [stdout]   15:     0x5950c2443045 - test[9d35eded1c95d3be]::run_test::{closure#0}
[INFO] [stdout]   16:     0x5950c243c904 - std[70759c8f55707aa4]::sys::backtrace::__rust_begin_short_backtrace::<test[9d35eded1c95d3be]::run_test::{closure#1}, ()>
[INFO] [stdout]   17:     0x5950c24461a2 - <std[70759c8f55707aa4]::thread::lifecycle::spawn_unchecked<test[9d35eded1c95d3be]::run_test::{closure#1}, ()>::{closure#1} as core[df12db4294e9bfd3]::ops::function::FnOnce<()>>::call_once::{shim:vtable#0}
[INFO] [stdout]   18:     0x5950c24b4199 - <std[70759c8f55707aa4]::sys::thread::unix::Thread>::new::thread_start
[INFO] [stdout]   19:     0x70bb98d9ddfa - <unknown>
[INFO] [stdout]   20:     0x70bb98e313d4 - clone
[INFO] [stdout]   21:                0x0 - <unknown>
[INFO] [stdout] 
[INFO] [stdout] 
[INFO] [stdout] failures:
[INFO] [stdout]     paper_brief_contract_decodes
[INFO] [stdout]     paper_execute_contract_decodes
[INFO] [stdout]     paper_positions_contract_decodes
[INFO] [stdout]     paper_rejections_contract_decodes
[INFO] [stdout]     paper_risk_contract_decodes
[INFO] [stdout]     paper_v2_status_contract_decodes
[INFO] [stdout] 
[INFO] [stdout] test result: FAILED. 0 passed; 6 failed; 0 ignored; 0 measured; 0 filtered out; finished in 0.01s
[INFO] [stdout] 
[INFO] [stderr] error: test failed, to rerun pass `--test paper_api_contract`
[INFO] running `Command { std: "docker" "inspect" "ef1df67f39120c04cf4af537149a446f90a2e27c10f98523557f65253bd65eb5", kill_on_drop: false }`
[INFO] running `Command { std: "docker" "rm" "-f" "ef1df67f39120c04cf4af537149a446f90a2e27c10f98523557f65253bd65eb5", kill_on_drop: false }`
[INFO] [stdout] ef1df67f39120c04cf4af537149a446f90a2e27c10f98523557f65253bd65eb5
