[INFO] fetching crate zero-conf-mesh 0.1.4...
[INFO] testing zero-conf-mesh-0.1.4 against 1.99.0-beta.8+cargoflags=--release for beta-release-1.100-2
[INFO] extracting crate zero-conf-mesh 0.1.4 into /workspace/builds/worker-6-tc1/source
[INFO] started tweaking crates.io crate zero-conf-mesh 0.1.4
[INFO] removed 0 missing examples
[INFO] removed 0 missing tests
[INFO] finished tweaking crates.io crate zero-conf-mesh 0.1.4
[INFO] tweaked toml for crates.io crate zero-conf-mesh 0.1.4 written to /workspace/builds/worker-6-tc1/source/Cargo.toml
[INFO] validating manifest of crates.io crate zero-conf-mesh 0.1.4 on toolchain 1.99.0-beta.8
[INFO] running `Command { std: CARGO_HOME="/workspace/cargo-home" RUSTUP_HOME="/workspace/rustup-home" "/workspace/cargo-home/bin/cargo" "+1.99.0-beta.8" "metadata" "--manifest-path" "Cargo.toml" "--no-deps", kill_on_drop: false }`
[INFO] crate crates.io crate zero-conf-mesh 0.1.4 already has a lockfile, it will not be regenerated
[INFO] running `Command { std: CARGO_HOME="/workspace/cargo-home" RUSTUP_HOME="/workspace/rustup-home" "/workspace/cargo-home/bin/cargo" "+1.99.0-beta.8" "fetch" "--manifest-path" "Cargo.toml", kill_on_drop: false }`
[INFO] [stderr]     Blocking waiting for file lock on package cache
[INFO] [stderr]     Updating crates.io index
[INFO] [stderr]     Blocking waiting for file lock on package cache
[INFO] [stderr]  Downloading crates ...
[INFO] [stderr]   Downloaded socket-pktinfo v0.3.2
[INFO] [stderr]   Downloaded if-addrs v0.15.0
[INFO] [stderr]   Downloaded flume v0.11.1
[INFO] [stderr]   Downloaded clap_complete v4.6.0
[INFO] [stderr]   Downloaded mdns-sd v0.18.2
[INFO] running `Command { std: "docker" "create" "-v" "/var/lib/crater-agent-workspace/builds/worker-6-tc1/source:/opt/rustwide/workdir:ro,Z" "-v" "/var/lib/crater-agent-workspace/builds/worker-6-tc1/target:/opt/rustwide/target:rw,Z" "-v" "/var/lib/crater-agent-workspace/cargo-home:/opt/rustwide/cargo-home:ro,Z" "-v" "/var/lib/crater-agent-workspace/rustup-home:/opt/rustwide/rustup-home:ro,Z" "-m" "1610612736" "--network" "none" "ghcr.io/rust-lang/crates-build-env/linux@sha256:77db811e55d90add9212f6832c23229e3de5f1c1f9905e8cb07319ea15df73ac" "sleep" "infinity", kill_on_drop: false }`
[INFO] [stdout] 71d47507b47ceb5a20ebc3d4dbe930e21ee6105309a5efc8bed113283817463f
[INFO] running `Command { std: "docker" "start" "71d47507b47ceb5a20ebc3d4dbe930e21ee6105309a5efc8bed113283817463f", kill_on_drop: false }`
[INFO] running `Command { std: "docker" "inspect" "71d47507b47ceb5a20ebc3d4dbe930e21ee6105309a5efc8bed113283817463f", kill_on_drop: false }`
[INFO] running `Command { std: "docker" "exec" "-e" "SOURCE_DIR=/opt/rustwide/workdir" "-e" "CARGO_HOME=/opt/rustwide/cargo-home" "-e" "RUSTUP_HOME=/opt/rustwide/rustup-home" "-e" "CARGO_TARGET_DIR=/opt/rustwide/target" "-w" "/opt/rustwide/workdir" "--user" "0:0" "71d47507b47ceb5a20ebc3d4dbe930e21ee6105309a5efc8bed113283817463f" "/opt/rustwide/cargo-home/bin/cargo" "+1.99.0-beta.8" "metadata" "--no-deps" "--format-version=1", kill_on_drop: false }`
[INFO] running `Command { std: "docker" "inspect" "71d47507b47ceb5a20ebc3d4dbe930e21ee6105309a5efc8bed113283817463f", kill_on_drop: false }`
[INFO] running `Command { std: "docker" "exec" "-e" "SOURCE_DIR=/opt/rustwide/workdir" "-e" "CARGO_HOME=/opt/rustwide/cargo-home" "-e" "RUSTUP_HOME=/opt/rustwide/rustup-home" "-e" "CARGO_TARGET_DIR=/opt/rustwide/target" "-e" "CARGO_INCREMENTAL=0" "-e" "RUST_BACKTRACE=full" "-e" "RUSTFLAGS=--cap-lints=warn" "-e" "RUSTDOCFLAGS=--cap-lints=warn" "-w" "/opt/rustwide/workdir" "--user" "0:0" "71d47507b47ceb5a20ebc3d4dbe930e21ee6105309a5efc8bed113283817463f" "/opt/rustwide/cargo-home/bin/cargo" "+1.99.0-beta.8" "build" "--frozen" "--message-format=json" "--release", kill_on_drop: false }`
[INFO] [stderr]    Compiling libc v0.2.184
[INFO] [stderr]    Compiling log v0.4.29
[INFO] [stderr]    Compiling http-body v1.0.1
[INFO] [stderr]    Compiling futures-channel v0.3.32
[INFO] [stderr]    Compiling sync_wrapper v1.0.2
[INFO] [stderr]    Compiling slab v0.4.12
[INFO] [stderr]    Compiling futures-task v0.3.32
[INFO] [stderr]    Compiling tokio-macros v2.6.1
[INFO] [stderr]    Compiling digest v0.10.7
[INFO] [stderr]    Compiling clap_derive v4.6.0
[INFO] [stderr]    Compiling serde v1.0.228
[INFO] [stderr]    Compiling spin v0.9.8
[INFO] [stderr]    Compiling futures-sink v0.3.32
[INFO] [stderr]    Compiling regex-syntax v0.8.10
[INFO] [stderr]    Compiling serde_json v1.0.149
[INFO] [stderr]    Compiling async-stream-impl v0.3.6
[INFO] [stderr]    Compiling serde_path_to_error v0.1.20
[INFO] [stderr]    Compiling matchit v0.8.4
[INFO] [stderr]    Compiling tracing v0.1.44
[INFO] [stderr]    Compiling http-body-util v0.1.3
[INFO] [stderr]    Compiling futures-util v0.3.32
[INFO] [stderr]    Compiling hmac v0.12.1
[INFO] [stderr]    Compiling sha2 v0.10.9
[INFO] [stderr]    Compiling flume v0.11.1
[INFO] [stderr]    Compiling axum-core v0.5.6
[INFO] [stderr]    Compiling async-stream v0.3.6
[INFO] [stderr]    Compiling serde_urlencoded v0.7.1
[INFO] [stderr]    Compiling clap v4.6.0
[INFO] [stderr]    Compiling clap_complete v4.6.0
[INFO] [stderr]    Compiling socket2 v0.6.3
[INFO] [stderr]    Compiling errno v0.3.14
[INFO] [stderr]    Compiling mio v1.2.0
[INFO] [stderr]    Compiling if-addrs v0.15.0
[INFO] [stderr]    Compiling getrandom v0.4.2
[INFO] [stderr]    Compiling signal-hook-registry v1.4.8
[INFO] [stderr]    Compiling regex-automata v0.4.14
[INFO] [stderr]    Compiling uuid v1.23.0
[INFO] [stderr]    Compiling tokio v1.50.0
[INFO] [stderr]    Compiling socket-pktinfo v0.3.2
[INFO] [stderr]    Compiling mdns-sd v0.18.2
[INFO] [stderr]    Compiling regex v1.12.3
[INFO] [stderr]    Compiling hyper v1.9.0
[INFO] [stderr]    Compiling tower v0.5.3
[INFO] [stderr]    Compiling hyper-util v0.1.20
[INFO] [stderr]    Compiling axum v0.8.8
[INFO] [stderr]    Compiling zero-conf-mesh v0.1.4 (/opt/rustwide/workdir)
[INFO] [stderr]     Finished `release` profile [optimized] target(s) in 49.18s
[INFO] running `Command { std: "docker" "inspect" "71d47507b47ceb5a20ebc3d4dbe930e21ee6105309a5efc8bed113283817463f", kill_on_drop: false }`
[INFO] running `Command { std: "docker" "exec" "-e" "SOURCE_DIR=/opt/rustwide/workdir" "-e" "CARGO_HOME=/opt/rustwide/cargo-home" "-e" "RUSTUP_HOME=/opt/rustwide/rustup-home" "-e" "CARGO_TARGET_DIR=/opt/rustwide/target" "-e" "CARGO_INCREMENTAL=0" "-e" "RUST_BACKTRACE=full" "-e" "RUSTFLAGS=--cap-lints=warn" "-e" "RUSTDOCFLAGS=--cap-lints=warn" "-w" "/opt/rustwide/workdir" "--user" "0:0" "71d47507b47ceb5a20ebc3d4dbe930e21ee6105309a5efc8bed113283817463f" "/opt/rustwide/cargo-home/bin/cargo" "+1.99.0-beta.8" "test" "--frozen" "--no-run" "--message-format=json" "--release", kill_on_drop: false }`
[INFO] [stderr]    Compiling mio v1.2.0
[INFO] [stderr]    Compiling tracing v0.1.44
[INFO] [stderr]    Compiling regex-automata v0.4.14
[INFO] [stderr]    Compiling tracing-log v0.2.0
[INFO] [stderr]    Compiling sharded-slab v0.1.7
[INFO] [stderr]    Compiling thread_local v1.1.9
[INFO] [stderr]    Compiling nu-ansi-term v0.50.3
[INFO] [stderr]    Compiling axum-core v0.5.6
[INFO] [stderr]    Compiling tokio v1.50.0
[INFO] [stderr]    Compiling mdns-sd v0.18.2
[INFO] [stderr]    Compiling regex v1.12.3
[INFO] [stderr]    Compiling matchers v0.2.0
[INFO] [stderr]    Compiling tracing-subscriber v0.3.23
[INFO] [stderr]    Compiling hyper v1.9.0
[INFO] [stderr]    Compiling tower v0.5.3
[INFO] [stderr]    Compiling hyper-util v0.1.20
[INFO] [stderr]    Compiling axum v0.8.8
[INFO] [stderr]    Compiling zero-conf-mesh v0.1.4 (/opt/rustwide/workdir)
[INFO] [stderr]     Finished `release` profile [optimized] target(s) in 46.56s
[INFO] running `Command { std: "docker" "inspect" "71d47507b47ceb5a20ebc3d4dbe930e21ee6105309a5efc8bed113283817463f", kill_on_drop: false }`
[INFO] running `Command { std: "docker" "exec" "-e" "SOURCE_DIR=/opt/rustwide/workdir" "-e" "CARGO_HOME=/opt/rustwide/cargo-home" "-e" "RUSTUP_HOME=/opt/rustwide/rustup-home" "-e" "CARGO_TARGET_DIR=/opt/rustwide/target" "-e" "CARGO_INCREMENTAL=0" "-e" "RUST_BACKTRACE=full" "-e" "RUSTFLAGS=--cap-lints=warn" "-e" "RUSTDOCFLAGS=--cap-lints=warn" "-w" "/opt/rustwide/workdir" "--user" "0:0" "71d47507b47ceb5a20ebc3d4dbe930e21ee6105309a5efc8bed113283817463f" "/opt/rustwide/cargo-home/bin/cargo" "+1.99.0-beta.8" "test" "--frozen" "--release", kill_on_drop: false }`
[INFO] [stderr]     Finished `release` profile [optimized] target(s) in 0.08s
[INFO] [stderr]      Running unittests src/lib.rs (/opt/rustwide/target/release/deps/zero_conf_mesh-a6120821f58d69ad)
[INFO] [stdout] 
[INFO] [stdout] running 50 tests
[INFO] [stdout] test builder::tests::builder_should_embed_rotation_aware_shared_secret_auth_in_config ... ok
[INFO] [stdout] test builder::tests::builder_should_embed_shared_secret_auth_in_config ... ok
[INFO] [stdout] test builder::tests::builder_should_embed_typed_capabilities_and_interface_policies_in_config ... ok
[INFO] [stdout] test builder::tests::builder_should_reject_empty_shared_secret ... ok
[INFO] [stdout] test builder::tests::builder_should_reject_invalid_capabilities ... ok
[INFO] [stdout] test builder::tests::builder_should_reject_reserved_metadata_keys ... ok
[INFO] [stdout] test builder::tests::builder_should_reject_missing_port ... ok
[INFO] [stdout] test builder::tests::builder_should_support_discovery_only_mode ... ok
[INFO] [stdout] test builder::tests::builder_should_reject_zero_event_capacity ... ok
[INFO] [stdout] test config::tests::config_should_reject_ttl_not_greater_than_heartbeat ... ok
[INFO] [stdout] test config::tests::config_should_reject_zero_event_capacity ... ok
[INFO] [stdout] test config::tests::config_should_reject_zero_mdns_port ... ok
[INFO] [stdout] test config::tests::config_should_reject_zero_port ... ok
[INFO] [stdout] test events::tests::agent_event_helpers_should_expose_common_fields ... ok
[INFO] [stdout] test registry::tests::registry_should_distinguish_insert_update_and_refresh ... ok
[INFO] [stdout] test mesh::tests::mesh_should_reject_reserved_metadata_updates ... ok
[INFO] [stdout] test registry::tests::registry_should_emit_origin_and_reason_metadata ... ok
[INFO] [stdout] test mesh::tests::mesh_should_expose_high_level_agent_queries ... ok
[INFO] [stdout] test registry::tests::registry_should_evict_stale_agents ... ok
[INFO] [stdout] test builder::tests::builder_should_generate_agent_id_when_missing ... ok
[INFO] [stdout] test mesh::tests::mesh_should_apply_interface_policy_from_builder ... ok
[INFO] [stdout] test mesh::tests::mesh_shutdown_should_emit_local_update_then_local_left_in_order ... ok
[INFO] [stdout] test mesh::tests::mesh_should_manage_typed_capabilities ... ok
[INFO] [stdout] test mesh::tests::mesh_should_remove_runtime_metadata ... ok
[INFO] [stdout] test mesh::tests::mesh_should_support_discovery_only_mode_without_local_registry_entry ... ok
[INFO] [stdout] test registry::tests::registry_should_reject_invalid_metadata_regex ... ok
[INFO] [stdout] test mesh::tests::mesh_should_update_local_project_branch_and_metadata ... ok
[INFO] [stdout] test registry::tests::registry_should_filter_by_branch_and_status ... ok
[INFO] [stdout] test mesh::tests::mesh_should_update_local_status ... ok
[INFO] [stdout] test types::tests::agent_announcement_should_convert_to_service_info ... ok
[INFO] [stdout] test registry::tests::registry_should_filter_by_role_and_metadata ... ok
[INFO] [stdout] test types::tests::agent_announcement_should_accept_rotated_verification_secret ... ok
[INFO] [stdout] test types::tests::agent_announcement_should_apply_and_verify_shared_secret_auth ... ok
[INFO] [stdout] test types::tests::agent_announcement_should_reject_invalid_capability_names ... ok
[INFO] [stdout] test types::tests::agent_announcement_should_manage_typed_capabilities ... ok
[INFO] [stdout] test registry::tests::registry_should_insert_and_filter_by_project ... ok
[INFO] [stdout] test types::tests::agent_announcement_should_reject_invalid_shared_secret_signature ... ok
[INFO] [stdout] test types::tests::agent_announcement_should_reject_invalid_auth_scheme ... ok
[INFO] [stdout] test types::tests::agent_announcement_should_reject_invalid_utf8_txt_property ... ok
[INFO] [stdout] test registry::tests::registry_should_remove_by_instance_name ... ok
[INFO] [stdout] test types::tests::agent_announcement_should_reject_invalid_status_txt_property ... ok
[INFO] [stdout] test types::tests::agent_announcement_should_reject_missing_required_txt_property ... ok
[INFO] [stdout] test types::tests::agent_announcement_should_reject_reserved_metadata_keys ... ok
[INFO] [stdout] test types::tests::agent_announcement_should_remove_non_canonical_metadata ... ok
[INFO] [stdout] test types::tests::agent_announcement_should_round_trip_from_resolved_service ... ok
[INFO] [stdout] test types::tests::agent_announcement_should_update_project_branch_and_metadata ... ok
[INFO] [stdout] test mesh::tests::mesh_shutdown_should_remove_local_agent ... ok
[INFO] [stdout] test mesh::tests::mesh_should_propagate_custom_metadata_across_discovery ... ok
[INFO] [stdout] test mesh::tests::mesh_should_discover_peer_on_custom_mdns_port ... ok
[INFO] [stdout] test mesh::tests::mesh_startup_should_cleanup_local_registration_when_listener_fails ... ok
[INFO] [stdout] 
[INFO] [stdout] test result: ok. 50 passed; 0 failed; 0 ignored; 0 measured; 0 filtered out; finished in 2.02s
[INFO] [stdout] 
[INFO] [stderr]      Running unittests src/bin/mes.rs (/opt/rustwide/target/release/deps/mes-927b9df093195509)
[INFO] [stdout] 
[INFO] [stdout] running 6 tests
[INFO] [stdout] test tests::temporary_state_path_should_stay_next_to_target_file ... ok
[INFO] [stdout] test tests::key_value_parser_should_accept_equals_form ... ok
[INFO] [stdout] test tests::key_value_parser_should_reject_missing_separator ... ok
[INFO] [stdout] test tests::append_json_line_should_write_jsonl ... ok
[INFO] [stdout] test tests::network_interface_parser_should_handle_named_and_special_values ... ok
[INFO] [stderr]      Running tests/runtime_mesh.rs (/opt/rustwide/target/release/deps/runtime_mesh-9b46884faa469c25)
[INFO] [stdout] test tests::run_exec_hook_should_pipe_json_to_stdin ... ok
[INFO] [stdout] 
[INFO] [stdout] test result: ok. 6 passed; 0 failed; 0 ignored; 0 measured; 0 filtered out; finished in 0.05s
[INFO] [stdout] 
[INFO] [stdout] 
[INFO] [stdout] running 10 tests
[INFO] [stdout] test mesh_should_discover_multiple_peers_on_same_mdns_port ... ok
[INFO] [stdout] test mesh_should_propagate_capabilities_and_support_advanced_queries ... ok
[INFO] [stdout] test mesh_should_discover_signed_peers_with_shared_secret_verification ... ok
[INFO] [stdout] test mesh_should_filter_projects_independently_on_shared_lan ... ok
[INFO] [stdout] test mesh_should_accept_rotated_shared_secret_during_transition ... ok
[INFO] [stdout] test mesh_should_propagate_status_updates_to_remote_peers ... ok
[INFO] [stdout] test mesh_should_propagate_project_branch_and_metadata_updates ... ok
[INFO] [stdout] test mesh_should_propagate_metadata_removals_and_role_queries ... ok
[INFO] [stdout] test mesh_should_ignore_unsigned_peers_when_shared_secret_verification_is_enabled ... ok
[INFO] [stdout] test mesh_should_ignore_remote_services_with_malformed_txt_payloads ... FAILED
[INFO] [stdout] 
[INFO] [stdout] failures:
[INFO] [stdout] 
[INFO] [stdout] ---- mesh_should_ignore_remote_services_with_malformed_txt_payloads stdout ----
[INFO] [stdout] 
[INFO] [stdout] thread 'mesh_should_ignore_remote_services_with_malformed_txt_payloads' (1691) panicked at tests/runtime_mesh.rs:399:5:
[INFO] [stdout] assertion `left == right` failed
[INFO] [stdout]   left: ["agent-listener"]
[INFO] [stdout]  right: ["agent-listener", "agent-valid"]
[INFO] [stdout] stack backtrace:
[INFO] [stdout]    0:     0x5cc379b4fb11 - <<std[70759c8f55707aa4]::sys::backtrace::BacktraceLock>::print::DisplayBacktrace as core[df12db4294e9bfd3]::fmt::Display>::fmt
[INFO] [stdout]    1:     0x5cc379b6730a - core[df12db4294e9bfd3]::fmt::write
[INFO] [stdout]    2:     0x5cc379b5417c - <alloc[2182bb758b4b3781]::vec::Vec<u8> as core[df12db4294e9bfd3]::io::write::Write>::write_fmt
[INFO] [stdout]    3:     0x5cc379b2b246 - std[70759c8f55707aa4]::panicking::default_hook::{closure#0}
[INFO] [stdout]    4:     0x5cc379b47b69 - std[70759c8f55707aa4]::panicking::default_hook
[INFO] [stdout]    5:     0x5cc37992e8e0 - test[9d35eded1c95d3be]::test_main_inner::<test[9d35eded1c95d3be]::test_main_static::{closure#0}>::{closure#0}
[INFO] [stdout]    6:     0x5cc379b47e92 - std[70759c8f55707aa4]::panicking::panic_with_hook
[INFO] [stdout]    7:     0x5cc379b2b2f2 - std[70759c8f55707aa4]::panicking::panic_handler::{closure#0}
[INFO] [stdout]    8:     0x5cc379b24079 - std[70759c8f55707aa4]::sys::backtrace::__rust_end_short_backtrace::<std[70759c8f55707aa4]::panicking::panic_handler::{closure#0}, !>
[INFO] [stdout]    9:     0x5cc379b2beed - __rustc[8fa7c3cbc660c2b3]::rust_begin_unwind
[INFO] [stdout]   10:     0x5cc379b67aec - core[df12db4294e9bfd3]::panicking::panic_fmt
[INFO] [stdout]   11:     0x5cc379b67a03 - core[df12db4294e9bfd3]::panicking::assert_failed_inner
[INFO] [stdout]   12:     0x5cc37991faf7 - core[df12db4294e9bfd3]::panicking::assert_failed::<alloc[2182bb758b4b3781]::vec::Vec<&str>, alloc[2182bb758b4b3781]::vec::Vec<&str>>
[INFO] [stdout]   13:     0x5cc3798efea0 - runtime_mesh[8d02d7317b0e0b71]::mesh_should_ignore_remote_services_with_malformed_txt_payloads::{closure#0}
[INFO] [stdout]   14:     0x5cc37990d1f1 - <tokio[c85b7f444b5c4410]::runtime::context::scoped::Scoped<tokio[c85b7f444b5c4410]::runtime::scheduler::Context>>::set::<<tokio[c85b7f444b5c4410]::runtime::scheduler::current_thread::CoreGuard>::enter<<tokio[c85b7f444b5c4410]::runtime::scheduler::current_thread::CoreGuard>::block_on<core[df12db4294e9bfd3]::pin::Pin<&mut core[df12db4294e9bfd3]::pin::Pin<&mut dyn core[df12db4294e9bfd3]::future::future::Future<Output = core[df12db4294e9bfd3]::result::Result<(), alloc[2182bb758b4b3781]::boxed::Box<dyn core[df12db4294e9bfd3]::error::Error>>>>>>::{closure#0}, core[df12db4294e9bfd3]::option::Option<core[df12db4294e9bfd3]::result::Result<(), alloc[2182bb758b4b3781]::boxed::Box<dyn core[df12db4294e9bfd3]::error::Error>>>>::{closure#0}, (alloc[2182bb758b4b3781]::boxed::Box<tokio[c85b7f444b5c4410]::runtime::scheduler::current_thread::Core>, core[df12db4294e9bfd3]::option::Option<core[df12db4294e9bfd3]::result::Result<(), alloc[2182bb758b4b3781]::boxed::Box<dyn core[df12db4294e9bfd3]::error::Error>>>)>
[INFO] [stdout]   15:     0x5cc37990cc11 - <tokio[c85b7f444b5c4410]::runtime::runtime::Runtime>::block_on::<core[df12db4294e9bfd3]::pin::Pin<&mut dyn core[df12db4294e9bfd3]::future::future::Future<Output = core[df12db4294e9bfd3]::result::Result<(), alloc[2182bb758b4b3781]::boxed::Box<dyn core[df12db4294e9bfd3]::error::Error>>>>>
[INFO] [stdout]   16:     0x5cc3798fc284 - <runtime_mesh[8d02d7317b0e0b71]::mesh_should_ignore_remote_services_with_malformed_txt_payloads::{closure#0} as core[df12db4294e9bfd3]::ops::function::FnOnce<()>>::call_once
[INFO] [stdout]   17:     0x5cc379921bcb - test[9d35eded1c95d3be]::__rust_begin_short_backtrace::<core[df12db4294e9bfd3]::result::Result<(), alloc[2182bb758b4b3781]::string::String>, fn() -> core[df12db4294e9bfd3]::result::Result<(), alloc[2182bb758b4b3781]::string::String>>
[INFO] [stdout]   18:     0x5cc37992f235 - test[9d35eded1c95d3be]::run_test::{closure#0}
[INFO] [stdout]   19:     0x5cc379928af4 - std[70759c8f55707aa4]::sys::backtrace::__rust_begin_short_backtrace::<test[9d35eded1c95d3be]::run_test::{closure#1}, ()>
[INFO] [stdout]   20:     0x5cc379932392 - <std[70759c8f55707aa4]::thread::lifecycle::spawn_unchecked<test[9d35eded1c95d3be]::run_test::{closure#1}, ()>::{closure#1} as core[df12db4294e9bfd3]::ops::function::FnOnce<()>>::call_once::{shim:vtable#0}
[INFO] [stdout]   21:     0x5cc379b4f239 - <std[70759c8f55707aa4]::sys::thread::unix::Thread>::new::thread_start
[INFO] [stdout]   22:     0x7df7e2c8fdfa - <unknown>
[INFO] [stdout]   23:     0x7df7e2d233d4 - clone
[INFO] [stdout]   24:                0x0 - <unknown>
[INFO] [stdout] 
[INFO] [stdout] 
[INFO] [stdout] failures:
[INFO] [stdout]     mesh_should_ignore_remote_services_with_malformed_txt_payloads
[INFO] [stdout] 
[INFO] [stdout] test result: FAILED. 9 passed; 1 failed; 0 ignored; 0 measured; 0 filtered out; finished in 2.84s
[INFO] [stdout] 
[INFO] [stderr] error: test failed, to rerun pass `--test runtime_mesh`
[INFO] running `Command { std: "docker" "inspect" "71d47507b47ceb5a20ebc3d4dbe930e21ee6105309a5efc8bed113283817463f", kill_on_drop: false }`
[INFO] running `Command { std: "docker" "rm" "-f" "71d47507b47ceb5a20ebc3d4dbe930e21ee6105309a5efc8bed113283817463f", kill_on_drop: false }`
[INFO] [stdout] 71d47507b47ceb5a20ebc3d4dbe930e21ee6105309a5efc8bed113283817463f
